93.35.222.202 - - [25/Jan/2011:10:48:34 +0100] "GET /img/layout/menubar.gif HTTP/1.1" 304 - "http://www.aziendaitalia.com/" "Mozilla/4.0 (compatible; MSIE 7.0; Windows NT 6.0; Trident/4.0; GTB6.6; SLCC1; .NET CLR 2.0.50727; Media Center PC 5.0; .NET CLR 3.5.30729; .NET CLR 3.0.30729; OfficeLiveConnector.1.5; OfficeLivePatch.1.3; .NET4.0C)"
93.35.222.202 - - [25/Jan/2011:10:48:34 +0100] "GET /img/layout/content_bg.gif HTTP/1.1" 304 - "http://www.aziendaitalia.com/" "Mozilla/4.0 (compatible; MSIE 7.0; Windows NT 6.0; Trident/4.0; GTB6.6; SLCC1; .NET CLR 2.0.50727; Media Center PC 5.0; .NET CLR 3.5.30729; .NET CLR 3.0.30729; OfficeLiveConnector.1.5; OfficeLivePatch.1.3; .NET4.0C)"
93.35.222.202 - - [25/Jan/2011:10:48:35 +0100] "GET /img/layout/header.gif HTTP/1.1" 304 - "http://www.aziendaitalia.com/" "Mozilla/4.0 (compatible; MSIE 7.0; Windows NT 6.0; Trident/4.0; GTB6.6; SLCC1; .NET CLR 2.0.50727; Media Center PC 5.0; .NET CLR 3.5.30729; .NET CLR 3.0.30729; OfficeLiveConnector.1.5; OfficeLivePatch.1.3; .NET4.0C)"
93.35.222.202 - - [25/Jan/2011:10:48:35 +0100] "GET /img/layout/bg_button_search.gif HTTP/1.1" 304 - "http://www.aziendaitalia.com/" "Mozilla/4.0 (compatible; MSIE 7.0; Windows NT 6.0; Trident/4.0; GTB6.6; SLCC1; .NET CLR 2.0.50727; Media Center PC 5.0; .NET CLR 3.5.30729; .NET CLR 3.0.30729; OfficeLiveConnector.1.5; OfficeLivePatch.1.3; .NET4.0C)"
93.35.222.202 - - [25/Jan/2011:10:48:35 +0100] "GET /img/layout/tooltip.png HTTP/1.1" 304 - "http://www.aziendaitalia.com/" "Mozilla/4.0 (compatible; MSIE 7.0; Windows NT 6.0; Trident/4.0; GTB6.6; SLCC1; .NET CLR 2.0.50727; Media Center PC 5.0; .NET CLR 3.5.30729; .NET CLR 3.0.30729; OfficeLiveConnector.1.5; OfficeLivePatch.1.3; .NET4.0C)"
87.11.82.201 - - [25/Jan/2011:10:48:37 +0100] "GET /attivita-in-vendita/rivendita-negozi_a-firenze_m2_p62.html HTTP/1.1" 200 3550 "http://www.aziendaitalia.com/attivita-in-vendita/rivendita-negozi_a-firenze_m2_p62.html" "Mozilla/4.0 (compatible; MSIE 7.0; Windows NT 6.0; FunWebProducts; SLCC1; .NET CLR 2.0.50727; Media Center PC 5.0; .NET CLR 3.0.04506; OfficeLiveConnector.1.3; OfficeLivePatch.0.0)"
93.35.222.202 - - [25/Jan/2011:10:48:39 +0100] "GET /img/layout/bg_homepage_category_buttons.gif HTTP/1.1" 304 - "http://www.aziendaitalia.com/" "Mozilla/4.0 (compatible; MSIE 7.0; Windows NT 6.0; Trident/4.0; GTB6.6; SLCC1; .NET CLR 2.0.50727; Media Center PC 5.0; .NET CLR 3.5.30729; .NET CLR 3.0.30729; OfficeLiveConnector.1.5; OfficeLivePatch.1.3; .NET4.0C)"
93.35.222.202 - - [25/Jan/2011:10:48:40 +0100] "GET /favicon.ico HTTP/1.1" 200 1406 "-" "Mozilla/4.0 (compatible; MSIE 8.0; Windows NT 6.0; Trident/4.0; GTB6.6; SLCC1; .NET CLR 2.0.50727; Media Center PC 5.0; .NET CLR 3.5.30729; .NET CLR 3.0.30729; OfficeLiveConnector.1.5; OfficeLivePatch.1.3; .NET4.0C)"
217.133.60.232 - - [25/Jan/2011:10:48:40 +0100] "GET /attivita-in-vendita/a-roma_p53.html?page=8 HTTP/1.1" 200 4201 "http://www.aziendaitalia.com/attivita-in-vendita/a-roma_p53.html?page=7" "Mozilla/4.0 (compatible; MSIE 8.0; Windows NT 6.1; Trident/4.0; OfficeLiveConnector.1.5; OfficeLivePatch.1.3; .NET4.0C; .NET4.0E)"
87.24.142.131 - - [25/Jan/2011:10:48:40 +0100] "GET /index.htm?id_link=MTAwMi0tLTE3 HTTP/1.1" 404 270 "http://www.acquista-attivita.com/acquisto-contatto.asp?link=0" "Mozilla/4.0 (compatible; MSIE 8.0; Windows NT 5.1; Trident/4.0; .NET CLR 1.1.4322; .NET CLR 2.0.50727; .NET CLR 3.0.4506.2152; .NET CLR 3.5.30729; InfoPath.2)"
217.133.60.232 - - [25/Jan/2011:10:48:46 +0100] "GET /attivita-in-vendita/a-roma_p53.html?page=9 HTTP/1.1" 200 4191 "http://www.aziendaitalia.com/attivita-in-vendita/a-roma_p53.html?page=8" "Mozilla/4.0 (compatible; MSIE 8.0; Windows NT 6.1; Trident/4.0; OfficeLiveConnector.1.5; OfficeLivePatch.1.3; .NET4.0C; .NET4.0E)"
193.47.80.42 - - [25/Jan/2011:10:48:47 +0100] "GET /attivita/attivita-commerciali-a-lucca.htm HTTP/1.1" 304 - "-" "Mozilla/5.0 (compatible; Exabot/3.0; +http://www.exabot.com/go/robot)"
217.133.60.232 - - [25/Jan/2011:10:48:52 +0100] "GET /attivita-in-vendita/a-roma_p53.html?page=10 HTTP/1.1" 200 4545 "http://www.aziendaitalia.com/attivita-in-vendita/a-roma_p53.html?page=9" "Mozilla/4.0 (compatible; MSIE 8.0; Windows NT 6.1; Trident/4.0; OfficeLiveConnector.1.5; OfficeLivePatch.1.3; .NET4.0C; .NET4.0E)"
82.90.24.61 - - [25/Jan/2011:10:48:56 +0100] "GET /vendere-negozi-bologna.php?gclid=CJfgx4CK1aYCFUQTfAodaDq2zQ HTTP/1.1" 200 3973 "http://ricerca.virgilio.it/ricerca?qs=vendita+negozio+bologna+provincia&Cerca=&lr=&f=us" "Mozilla/4.0 (compatible; MSIE 6.0; Windows NT 5.0; Virgilio6pc; .NET CLR 1.1.4322)"
82.90.24.61 - - [25/Jan/2011:10:48:57 +0100] "GET /css/style.css HTTP/1.1" 200 3366 "http://www.aziendaitalia.com/vendere-negozi-bologna.php?gclid=CJfgx4CK1aYCFUQTfAodaDq2zQ" "Mozilla/4.0 (compatible; MSIE 6.0; Windows NT 5.0; Virgilio6pc; .NET CLR 1.1.4322)"
82.90.24.61 - - [25/Jan/2011:10:48:57 +0100] "GET /js/jquery-1.4.2.min.js HTTP/1.1" 200 72174 "http://www.aziendaitalia.com/vendere-negozi-bologna.php?gclid=CJfgx4CK1aYCFUQTfAodaDq2zQ" "Mozilla/4.0 (compatible; MSIE 6.0; Windows NT 5.0; Virgilio6pc; .NET CLR 1.1.4322)"
82.90.24.61 - - [25/Jan/2011:10:48:57 +0100] "GET /js/general.js HTTP/1.1" 200 5776 "http://www.aziendaitalia.com/vendere-negozi-bologna.php?gclid=CJfgx4CK1aYCFUQTfAodaDq2zQ" "Mozilla/4.0 (compatible; MSIE 6.0; Windows NT 5.0; Virgilio6pc; .NET CLR 1.1.4322)"
82.90.24.61 - - [25/Jan/2011:10:48:58 +0100] "GET /img/layout/menubar.gif HTTP/1.1" 200 1302 "http://www.aziendaitalia.com/vendere-negozi-bologna.php?gclid=CJfgx4CK1aYCFUQTfAodaDq2zQ" "Mozilla/4.0 (compatible; MSIE 6.0; Windows NT 5.0; Virgilio6pc; .NET CLR 1.1.4322)"
82.90.24.61 - - [25/Jan/2011:10:48:58 +0100] "GET /img/layout/bg_wrapper_sub.gif HTTP/1.1" 200 102 "http://www.aziendaitalia.com/vendere-negozi-bologna.php?gclid=CJfgx4CK1aYCFUQTfAodaDq2zQ" "Mozilla/4.0 (compatible; MSIE 6.0; Windows NT 5.0; Virgilio6pc; .NET CLR 1.1.4322)"
82.90.24.61 - - [25/Jan/2011:10:48:58 +0100] "GET /img/icona-negozi.jpg HTTP/1.1" 200 69156 "http://www.aziendaitalia.com/vendere-negozi-bologna.php?gclid=CJfgx4CK1aYCFUQTfAodaDq2zQ" "Mozilla/4.0 (compatible; MSIE 6.0; Windows NT 5.0; Virgilio6pc; .NET CLR 1.1.4322)"
67.195.115.117 - - [25/Jan/2011:10:48:58 +0100] "GET /immobili-in-vendita/i72.html HTTP/1.0" 200 2543 "-" "Mozilla/5.0 (compatible; Yahoo! Slurp; http://help.yahoo.com/help/us/ysearch/slurp)"
82.90.24.61 - - [25/Jan/2011:10:48:58 +0100] "GET /img/layout/bg_sidebar_separator.gif HTTP/1.1" 200 106 "http://www.aziendaitalia.com/vendere-negozi-bologna.php?gclid=CJfgx4CK1aYCFUQTfAodaDq2zQ" "Mozilla/4.0 (compatible; MSIE 6.0; Windows NT 5.0; Virgilio6pc; .NET CLR 1.1.4322)"
82.90.24.61 - - [25/Jan/2011:10:48:58 +0100] "GET /img/layout/header.gif HTTP/1.1" 200 15655 "http://www.aziendaitalia.com/vendere-negozi-bologna.php?gclid=CJfgx4CK1aYCFUQTfAodaDq2zQ" "Mozilla/4.0 (compatible; MSIE 6.0; Windows NT 5.0; Virgilio6pc; .NET CLR 1.1.4322)"
217.133.60.232 - - [25/Jan/2011:10:48:59 +0100] "GET /attivita-in-vendita/a-roma_p53.html?page=11 HTTP/1.1" 200 3923 "http://www.aziendaitalia.com/attivita-in-vendita/a-roma_p53.html?page=10" "Mozilla/4.0 (compatible; MSIE 8.0; Windows NT 6.1; Trident/4.0; OfficeLiveConnector.1.5; OfficeLivePatch.1.3; .NET4.0C; .NET4.0E)"
93.45.85.3 - - [25/Jan/2011:10:48:59 +0100] "GET /cedere-attivita/?gclid=CILQgoKK1aYCFdERfAodcjTrMw HTTP/1.1" 200 3991 "http://www.google.it/aclk?sa=l&ai=CO2Oth5w-TYKhJof9sgbY8bk5w_qa1AH72oawF6HjqjUIABABKANQid-qtv7_____AWD9iqKE1BKgAYOcof4DyAEBqQLsEyUBqPK2PqoEG0_Qt40b4SDQUUHb_bEQKYqoZjMxRAFKBQ-V8g&sig=AGiWqtxJOD992t8Ia-M7krqvz7_UZgP14w&adurl=http://www.aziendaitalia.com/cedere-attivita/&rct=j&q=cedere%20l'attivita'" "Mozilla/5.0 (Windows; U; Windows NT 5.1; en-US) AppleWebKit/534.10 (KHTML, like Gecko) Chrome/8.0.552.237 Safari/534.10"
93.45.85.3 - - [25/Jan/2011:10:48:59 +0100] "GET /css/style.css HTTP/1.1" 200 3366 "http://www.aziendaitalia.com/cedere-attivita/?gclid=CILQgoKK1aYCFdERfAodcjTrMw" "Mozilla/5.0 (Windows; U; Windows NT 5.1; en-US) AppleWebKit/534.10 (KHTML, like Gecko) Chrome/8.0.552.237 Safari/534.10"
93.45.85.3 - - [25/Jan/2011:10:48:59 +0100] "GET /js/general.js HTTP/1.1" 200 5776 "http://www.aziendaitalia.com/cedere-attivita/?gclid=CILQgoKK1aYCFdERfAodcjTrMw" "Mozilla/5.0 (Windows; U; Windows NT 5.1; en-US) AppleWebKit/534.10 (KHTML, like Gecko) Chrome/8.0.552.237 Safari/534.10"
93.45.85.3 - - [25/Jan/2011:10:48:59 +0100] "GET /js/jquery-1.4.2.min.js HTTP/1.1" 200 72174 "http://www.aziendaitalia.com/cedere-attivita/?gclid=CILQgoKK1aYCFdERfAodcjTrMw" "Mozilla/5.0 (Windows; U; Windows NT 5.1; en-US) AppleWebKit/534.10 (KHTML, like Gecko) Chrome/8.0.552.237 Safari/534.10"
93.45.85.3 - - [25/Jan/2011:10:48:59 +0100] "GET /img/layout/header.gif HTTP/1.1" 200 15655 "http://www.aziendaitalia.com/cedere-attivita/?gclid=CILQgoKK1aYCFdERfAodcjTrMw" "Mozilla/5.0 (Windows; U; Windows NT 5.1; en-US) AppleWebKit/534.10 (KHTML, like Gecko) Chrome/8.0.552.237 Safari/534.10"
93.45.85.3 - - [25/Jan/2011:10:48:59 +0100] "GET /img/layout/menubar.gif HTTP/1.1" 200 1302 "http://www.aziendaitalia.com/cedere-attivita/?gclid=CILQgoKK1aYCFdERfAodcjTrMw" "Mozilla/5.0 (Windows; U; Windows NT 5.1; en-US) AppleWebKit/534.10 (KHTML, like Gecko) Chrome/8.0.552.237 Safari/534.10"
93.45.85.3 - - [25/Jan/2011:10:48:59 +0100] "GET /img/layout/bg_wrapper_sub.gif HTTP/1.1" 200 102 "http://www.aziendaitalia.com/cedere-attivita/?gclid=CILQgoKK1aYCFdERfAodcjTrMw" "Mozilla/5.0 (Windows; U; Windows NT 5.1; en-US) AppleWebKit/534.10 (KHTML, like Gecko) Chrome/8.0.552.237 Safari/534.10"
93.45.85.3 - - [25/Jan/2011:10:49:00 +0100] "GET /img/layout/bg_sidebar_separator.gif HTTP/1.1" 200 106 "http://www.aziendaitalia.com/cedere-attivita/?gclid=CILQgoKK1aYCFdERfAodcjTrMw" "Mozilla/5.0 (Windows; U; Windows NT 5.1; en-US) AppleWebKit/534.10 (KHTML, like Gecko) Chrome/8.0.552.237 Safari/534.10"
93.45.85.3 - - [25/Jan/2011:10:49:00 +0100] "GET /favicon.ico HTTP/1.1" 200 1406 "-" "Mozilla/5.0 (Windows; U; Windows NT 5.1; en-US) AppleWebKit/534.10 (KHTML, like Gecko) Chrome/8.0.552.237 Safari/534.10"
87.23.147.51 - - [25/Jan/2011:10:49:00 +0100] "GET /vendere-immobili-terreni-firenze.php?gclid=CKrkgYKK1aYCFUkhfAodiVHyMw HTTP/1.1" 200 3976 "http://ricerca.virgilio.it/ricerca?qs=agenzie+immobiliari+a+firenze&lr=&f=us" "Mozilla/4.0 (compatible; MSIE 8.0; Windows NT 6.1; Trident/4.0; SLCC2; .NET CLR 2.0.50727; .NET CLR 3.5.30729; .NET CLR 3.0.30729; Media Center PC 6.0)"
151.1.220.217 - - [25/Jan/2011:10:49:01 +0100] "GET /immobili-in-vendita/terreni-a-coltivazione_s10.html HTTP/1.1" 200 5403 "http://www.aziendaitalia.com/immobili-in-vendita/" "Mozilla/4.0 (compatible; MSIE 6.0; Windows NT 5.1; SV1; .NET CLR 1.1.4322; .NET CLR 2.0.50727)"
87.23.147.51 - - [25/Jan/2011:10:49:01 +0100] "GET /css/style.css HTTP/1.1" 200 3366 "http://www.aziendaitalia.com/vendere-immobili-terreni-firenze.php?gclid=CKrkgYKK1aYCFUkhfAodiVHyMw" "Mozilla/4.0 (compatible; MSIE 8.0; Windows NT 6.1; Trident/4.0; SLCC2; .NET CLR 2.0.50727; .NET CLR 3.5.30729; .NET CLR 3.0.30729; Media Center PC 6.0)"
87.23.147.51 - - [25/Jan/2011:10:49:00 +0100] "GET /js/jquery-1.4.2.min.js HTTP/1.1" 200 72174 "http://www.aziendaitalia.com/vendere-immobili-terreni-firenze.php?gclid=CKrkgYKK1aYCFUkhfAodiVHyMw" "Mozilla/4.0 (compatible; MSIE 8.0; Windows NT 6.1; Trident/4.0; SLCC2; .NET CLR 2.0.50727; .NET CLR 3.5.30729; .NET CLR 3.0.30729; Media Center PC 6.0)"
72.5.230.111 - - [25/Jan/2011:10:49:04 +0100] "HEAD / HTTP/1.1" 200 - "-" "Site 24 X 7"
87.23.147.51 - - [25/Jan/2011:10:49:04 +0100] "GET /js/general.js HTTP/1.1" 200 5776 "http://www.aziendaitalia.com/vendere-immobili-terreni-firenze.php?gclid=CKrkgYKK1aYCFUkhfAodiVHyMw" "Mozilla/4.0 (compatible; MSIE 8.0; Windows NT 6.1; Trident/4.0; SLCC2; .NET CLR 2.0.50727; .NET CLR 3.5.30729; .NET CLR 3.0.30729; Media Center PC 6.0)"
87.23.147.51 - - [25/Jan/2011:10:49:06 +0100] "GET /img/icona-terreni.jpg HTTP/1.1" 200 71829 "http://www.aziendaitalia.com/vendere-immobili-terreni-firenze.php?gclid=CKrkgYKK1aYCFUkhfAodiVHyMw" "Mozilla/4.0 (compatible; MSIE 8.0; Windows NT 6.1; Trident/4.0; SLCC2; .NET CLR 2.0.50727; .NET CLR 3.5.30729; .NET CLR 3.0.30729; Media Center PC 6.0)"
87.23.147.51 - - [25/Jan/2011:10:49:06 +0100] "GET /img/layout/menubar.gif HTTP/1.1" 200 1302 "http://www.aziendaitalia.com/vendere-immobili-terreni-firenze.php?gclid=CKrkgYKK1aYCFUkhfAodiVHyMw" "Mozilla/4.0 (compatible; MSIE 8.0; Windows NT 6.1; Trident/4.0; SLCC2; .NET CLR 2.0.50727; .NET CLR 3.5.30729; .NET CLR 3.0.30729; Media Center PC 6.0)"
79.29.146.36 - - [25/Jan/2011:10:49:07 +0100] "GET /attivita-in-vendita/?gclid=CIn0z4WK1aYCFcomfAodu0nsGw HTTP/1.1" 200 2323 "http://www.google.it/aclk?sa=l&ai=Cl2KIhZw-TeXWHMj6sgaO0swzw_qa1AG7iIawF9nmqjUIABABIJ3jogtQ1oiduwZg_YKAgPwRoAGDnKH-A8gBAakC7BMlAajytj6qBBtP0OiLUYpBt4c8yxJeGeSI2jNC7KKhmcGCJiyABZBO&sig=AGiWqtxXZ6ne-k8p83bzoqC89gg1vyaupQ&adurl=http://www.aziendaitalia.com/attivita-in-vendita/&rct=j&q=procida%20attivit%C3%A0%20in%20vendita" "Mozilla/4.0 (compatible; MSIE 8.0; Windows NT 6.1; WOW64; Trident/4.0; GTB6.6; SLCC2; .NET CLR 2.0.50727; .NET CLR 3.5.30729; .NET CLR 3.0.30729; Media Center PC 6.0; .NET4.0C)"
79.29.146.36 - - [25/Jan/2011:10:49:07 +0100] "GET /css/style.css HTTP/1.1" 200 3366 "http://www.aziendaitalia.com/attivita-in-vendita/?gclid=CIn0z4WK1aYCFcomfAodu0nsGw" "Mozilla/4.0 (compatible; MSIE 8.0; Windows NT 6.1; WOW64; Trident/4.0; GTB6.6; SLCC2; .NET CLR 2.0.50727; .NET CLR 3.5.30729; .NET CLR 3.0.30729; Media Center PC 6.0; .NET4.0C)"
87.23.147.51 - - [25/Jan/2011:10:49:07 +0100] "GET /img/layout/bg_wrapper_sub.gif HTTP/1.1" 200 102 "http://www.aziendaitalia.com/vendere-immobili-terreni-firenze.php?gclid=CKrkgYKK1aYCFUkhfAodiVHyMw" "Mozilla/4.0 (compatible; MSIE 8.0; Windows NT 6.1; Trident/4.0; SLCC2; .NET CLR 2.0.50727; .NET CLR 3.5.30729; .NET CLR 3.0.30729; Media Center PC 6.0)"
87.23.147.51 - - [25/Jan/2011:10:49:07 +0100] "GET /img/layout/bg_sidebar_separator.gif HTTP/1.1" 200 106 "http://www.aziendaitalia.com/vendere-immobili-terreni-firenze.php?gclid=CKrkgYKK1aYCFUkhfAodiVHyMw" "Mozilla/4.0 (compatible; MSIE 8.0; Windows NT 6.1; Trident/4.0; SLCC2; .NET CLR 2.0.50727; .NET CLR 3.5.30729; .NET CLR 3.0.30729; Media Center PC 6.0)"
87.23.147.51 - - [25/Jan/2011:10:49:07 +0100] "GET /img/layout/header.gif HTTP/1.1" 200 15655 "http://www.aziendaitalia.com/vendere-immobili-terreni-firenze.php?gclid=CKrkgYKK1aYCFUkhfAodiVHyMw" "Mozilla/4.0 (compatible; MSIE 8.0; Windows NT 6.1; Trident/4.0; SLCC2; .NET CLR 2.0.50727; .NET CLR 3.5.30729; .NET CLR 3.0.30729; Media Center PC 6.0)"
79.29.146.36 - - [25/Jan/2011:10:49:07 +0100] "GET /js/jquery-1.4.2.min.js HTTP/1.1" 200 72174 "http://www.aziendaitalia.com/attivita-in-vendita/?gclid=CIn0z4WK1aYCFcomfAodu0nsGw" "Mozilla/4.0 (compatible; MSIE 8.0; Windows NT 6.1; WOW64; Trident/4.0; GTB6.6; SLCC2; .NET CLR 2.0.50727; .NET CLR 3.5.30729; .NET CLR 3.0.30729; Media Center PC 6.0; .NET4.0C)"
79.29.146.36 - - [25/Jan/2011:10:49:07 +0100] "GET /js/general.js HTTP/1.1" 200 5776 "http://www.aziendaitalia.com/attivita-in-vendita/?gclid=CIn0z4WK1aYCFcomfAodu0nsGw" "Mozilla/4.0 (compatible; MSIE 8.0; Windows NT 6.1; WOW64; Trident/4.0; GTB6.6; SLCC2; .NET CLR 2.0.50727; .NET CLR 3.5.30729; .NET CLR 3.0.30729; Media Center PC 6.0; .NET4.0C)"
79.29.146.36 - - [25/Jan/2011:10:49:08 +0100] "GET /img/layout/menubar.gif HTTP/1.1" 200 1302 "http://www.aziendaitalia.com/attivita-in-vendita/?gclid=CIn0z4WK1aYCFcomfAodu0nsGw" "Mozilla/4.0 (compatible; MSIE 8.0; Windows NT 6.1; WOW64; Trident/4.0; GTB6.6; SLCC2; .NET CLR 2.0.50727; .NET CLR 3.5.30729; .NET CLR 3.0.30729; Media Center PC 6.0; .NET4.0C)"
79.29.146.36 - - [25/Jan/2011:10:49:08 +0100] "GET /img/layout/bg_wrapper_sub.gif HTTP/1.1" 200 102 "http://www.aziendaitalia.com/attivita-in-vendita/?gclid=CIn0z4WK1aYCFcomfAodu0nsGw" "Mozilla/4.0 (compatible; MSIE 8.0; Windows NT 6.1; WOW64; Trident/4.0; GTB6.6; SLCC2; .NET CLR 2.0.50727; .NET CLR 3.5.30729; .NET CLR 3.0.30729; Media Center PC 6.0; .NET4.0C)"
79.29.146.36 - - [25/Jan/2011:10:49:08 +0100] "GET /img/thumb/phpThumb.php?src=/admin/img/1283511116_5135-4001Y-A.JPG&w=148&h=138&zc=1&q=90 HTTP/1.1" 200 9692 "http://www.aziendaitalia.com/attivita-in-vendita/?gclid=CIn0z4WK1aYCFcomfAodu0nsGw" "Mozilla/4.0 (compatible; MSIE 8.0; Windows NT 6.1; WOW64; Trident/4.0; GTB6.6; SLCC2; .NET CLR 2.0.50727; .NET CLR 3.5.30729; .NET CLR 3.0.30729; Media Center PC 6.0; .NET4.0C)"
79.29.146.36 - - [25/Jan/2011:10:49:08 +0100] "GET /img/layout/bg_sidebar_separator.gif HTTP/1.1" 200 106 "http://www.aziendaitalia.com/attivita-in-vendita/?gclid=CIn0z4WK1aYCFcomfAodu0nsGw" "Mozilla/4.0 (compatible; MSIE 8.0; Windows NT 6.1; WOW64; Trident/4.0; GTB6.6; SLCC2; .NET CLR 2.0.50727; .NET CLR 3.5.30729; .NET CLR 3.0.30729; Media Center PC 6.0; .NET4.0C)"
79.29.146.36 - - [25/Jan/2011:10:49:08 +0100] "GET /img/thumb/phpThumb.php?src=/admin/img/1295368730_5945-6289D-A.JPG&w=148&h=138&zc=1&q=90 HTTP/1.1" 200 9397 "http://www.aziendaitalia.com/attivita-in-vendita/?gclid=CIn0z4WK1aYCFcomfAodu0nsGw" "Mozilla/4.0 (compatible; MSIE 8.0; Windows NT 6.1; WOW64; Trident/4.0; GTB6.6; SLCC2; .NET CLR 2.0.50727; .NET CLR 3.5.30729; .NET CLR 3.0.30729; Media Center PC 6.0; .NET4.0C)"
79.29.146.36 - - [25/Jan/2011:10:49:08 +0100] "GET /img/layout/header.gif HTTP/1.1" 200 15655 "http://www.aziendaitalia.com/attivita-in-vendita/?gclid=CIn0z4WK1aYCFcomfAodu0nsGw" "Mozilla/4.0 (compatible; MSIE 8.0; Windows NT 6.1; WOW64; Trident/4.0; GTB6.6; SLCC2; .NET CLR 2.0.50727; .NET CLR 3.5.30729; .NET CLR 3.0.30729; Media Center PC 6.0; .NET4.0C)"
79.29.146.36 - - [25/Jan/2011:10:49:08 +0100] "GET /img/layout/dot.png HTTP/1.1" 200 2899 "http://www.aziendaitalia.com/attivita-in-vendita/?gclid=CIn0z4WK1aYCFcomfAodu0nsGw" "Mozilla/4.0 (compatible; MSIE 8.0; Windows NT 6.1; WOW64; Trident/4.0; GTB6.6; SLCC2; .NET CLR 2.0.50727; .NET CLR 3.5.30729; .NET CLR 3.0.30729; Media Center PC 6.0; .NET4.0C)"
79.29.146.36 - - [25/Jan/2011:10:49:08 +0100] "GET /img/thumb/phpThumb.php?src=/admin/img/1284121274_8018-5308G-A.JPG&w=148&h=138&zc=1&q=90 HTTP/1.1" 200 7134 "http://www.aziendaitalia.com/attivita-in-vendita/?gclid=CIn0z4WK1aYCFcomfAodu0nsGw" "Mozilla/4.0 (compatible; MSIE 8.0; Windows NT 6.1; WOW64; Trident/4.0; GTB6.6; SLCC2; .NET CLR 2.0.50727; .NET CLR 3.5.30729; .NET CLR 3.0.30729; Media Center PC 6.0; .NET4.0C)"
79.29.146.36 - - [25/Jan/2011:10:49:08 +0100] "GET /favicon.ico HTTP/1.1" 200 1406 "-" "Mozilla/4.0 (compatible; MSIE 8.0; Windows NT 6.1; WOW64; Trident/4.0; GTB6.6; SLCC2; .NET CLR 2.0.50727; .NET CLR 3.5.30729; .NET CLR 3.0.30729; Media Center PC 6.0; .NET4.0C)"
151.1.220.217 - - [25/Jan/2011:10:49:12 +0100] "GET /attivita-in-vendita/industria-produzione-installatori-lavorazione_m6.html HTTP/1.1" 200 15602 "http://www.aziendaitalia.com/attivita-in-vendita/" "Mozilla/4.0 (compatible; MSIE 6.0; Windows NT 5.1; SV1; .NET CLR 1.1.4322; .NET CLR 2.0.50727)"
79.29.146.36 - - [25/Jan/2011:10:49:13 +0100] "GET /attivita-in-vendita/a-napoli_p85.html HTTP/1.1" 200 3530 "http://www.aziendaitalia.com/attivita-in-vendita/?gclid=CIn0z4WK1aYCFcomfAodu0nsGw" "Mozilla/4.0 (compatible; MSIE 8.0; Windows NT 6.1; WOW64; Trident/4.0; GTB6.6; SLCC2; .NET CLR 2.0.50727; .NET CLR 3.5.30729; .NET CLR 3.0.30729; Media Center PC 6.0; .NET4.0C)"
79.29.146.36 - - [25/Jan/2011:10:49:13 +0100] "GET /css/style.css HTTP/1.1" 200 3366 "http://www.aziendaitalia.com/attivita-in-vendita/a-napoli_p85.html" "Mozilla/4.0 (compatible; MSIE 8.0; Windows NT 6.1; WOW64; Trident/4.0; GTB6.6; SLCC2; .NET CLR 2.0.50727; .NET CLR 3.5.30729; .NET CLR 3.0.30729; Media Center PC 6.0; .NET4.0C)"
79.29.146.36 - - [25/Jan/2011:10:49:13 +0100] "GET /img/layout/italia/italysouth.gif HTTP/1.1" 200 3901 "http://www.aziendaitalia.com/attivita-in-vendita/a-napoli_p85.html" "Mozilla/4.0 (compatible; MSIE 8.0; Windows NT 6.1; WOW64; Trident/4.0; GTB6.6; SLCC2; .NET CLR 2.0.50727; .NET CLR 3.5.30729; .NET CLR 3.0.30729; Media Center PC 6.0; .NET4.0C)"
151.1.220.217 - - [25/Jan/2011:10:49:13 +0100] "GET /img/thumb/phpThumb.php?src=/admin/img/1288949049_1831-9506J-A.jpg&w=148&h=138&zc=1&q=90 HTTP/1.1" 200 8812 "http://www.aziendaitalia.com/attivita-in-vendita/industria-produzione-installatori-lavorazione_m6.html" "Mozilla/4.0 (compatible; MSIE 6.0; Windows NT 5.1; SV1; .NET CLR 1.1.4322; .NET CLR 2.0.50727)"
217.133.60.232 - - [25/Jan/2011:10:49:13 +0100] "GET /attivita-in-vendita/a194.html HTTP/1.1" 200 2906 "http://www.aziendaitalia.com/attivita-in-vendita/a-roma_p53.html?page=11" "Mozilla/4.0 (compatible; MSIE 8.0; Windows NT 6.1; Trident/4.0; OfficeLiveConnector.1.5; OfficeLivePatch.1.3; .NET4.0C; .NET4.0E)"
151.1.220.217 - - [25/Jan/2011:10:49:14 +0100] "GET /img/thumb/phpThumb.php?src=/admin/img/1286828115_16237098Xa.jpg&w=148&h=138&zc=1&q=90 HTTP/1.1" 200 8801 "http://www.aziendaitalia.com/attivita-in-vendita/industria-produzione-installatori-lavorazione_m6.html" "Mozilla/4.0 (compatible; MSIE 6.0; Windows NT 5.1; SV1; .NET CLR 1.1.4322; .NET CLR 2.0.50727)"
151.1.220.217 - - [25/Jan/2011:10:49:14 +0100] "GET /img/thumb/phpThumb.php?src=/admin/img/1295368513_2790-7100S-A.jpg&w=148&h=138&zc=1&q=90 HTTP/1.1" 200 8043 "http://www.aziendaitalia.com/attivita-in-vendita/industria-produzione-installatori-lavorazione_m6.html" "Mozilla/4.0 (compatible; MSIE 6.0; Windows NT 5.1; SV1; .NET CLR 1.1.4322; .NET CLR 2.0.50727)"
151.1.220.217 - - [25/Jan/2011:10:49:15 +0100] "GET /attivita-in-vendita/industrie-alimentari_c72.html HTTP/1.1" 200 7235 "http://www.aziendaitalia.com/attivita-in-vendita/industria-produzione-installatori-lavorazione_m6.html" "Mozilla/4.0 (compatible; MSIE 6.0; Windows NT 5.1; SV1; .NET CLR 1.1.4322; .NET CLR 2.0.50727)"
79.29.146.36 - - [25/Jan/2011:10:49:18 +0100] "GET /attivita-in-vendita/alberghi-ristoranti-bar-agriturismo-aziende-agricole_a-napoli_m1_p85.html HTTP/1.1" 200 3062 "http://www.aziendaitalia.com/attivita-in-vendita/a-napoli_p85.html" "Mozilla/4.0 (compatible; MSIE 8.0; Windows NT 6.1; WOW64; Trident/4.0; GTB6.6; SLCC2; .NET CLR 2.0.50727; .NET CLR 3.5.30729; .NET CLR 3.0.30729; Media Center PC 6.0; .NET4.0C)"
151.1.220.217 - - [25/Jan/2011:10:49:23 +0100] "GET /attivita-in-vendita/a2459.html HTTP/1.1" 200 7599 "http://www.aziendaitalia.com/attivita-in-vendita/industrie-alimentari_c72.html" "Mozilla/4.0 (compatible; MSIE 6.0; Windows NT 5.1; SV1; .NET CLR 1.1.4322; .NET CLR 2.0.50727)"
79.29.146.36 - - [25/Jan/2011:10:49:32 +0100] "GET /img/layout/italia/italynorth.gif HTTP/1.1" 200 3837 "http://www.aziendaitalia.com/attivita-in-vendita/alberghi-ristoranti-bar-agriturismo-aziende-agricole_a-napoli_m1_p85.html" "Mozilla/4.0 (compatible; MSIE 8.0; Windows NT 6.1; WOW64; Trident/4.0; GTB6.6; SLCC2; .NET CLR 2.0.50727; .NET CLR 3.5.30729; .NET CLR 3.0.30729; Media Center PC 6.0; .NET4.0C)"
79.29.146.36 - - [25/Jan/2011:10:49:32 +0100] "GET /img/layout/italia/italycenter.gif HTTP/1.1" 200 3933 "http://www.aziendaitalia.com/attivita-in-vendita/alberghi-ristoranti-bar-agriturismo-aziende-agricole_a-napoli_m1_p85.html" "Mozilla/4.0 (compatible; MSIE 8.0; Windows NT 6.1; WOW64; Trident/4.0; GTB6.6; SLCC2; .NET CLR 2.0.50727; .NET CLR 3.5.30729; .NET CLR 3.0.30729; Media Center PC 6.0; .NET4.0C)"
79.29.146.36 - - [25/Jan/2011:10:49:36 +0100] "GET /attivita-in-vendita/servizi-ricreativi_a-napoli_c23_p85.html HTTP/1.1" 200 2593 "http://www.aziendaitalia.com/attivita-in-vendita/alberghi-ristoranti-bar-agriturismo-aziende-agricole_a-napoli_m1_p85.html" "Mozilla/4.0 (compatible; MSIE 8.0; Windows NT 6.1; WOW64; Trident/4.0; GTB6.6; SLCC2; .NET CLR 2.0.50727; .NET CLR 3.5.30729; .NET CLR 3.0.30729; Media Center PC 6.0; .NET4.0C)"
178.154.161.29 - - [25/Jan/2011:10:49:42 +0100] "GET /annunci/nord-italia/savona/9108.htm HTTP/1.1" 200 2959 "-" "Mozilla/5.0 (compatible; YandexBot/3.0; +http://yandex.com/bots)"
79.29.146.36 - - [25/Jan/2011:10:49:44 +0100] "GET /rilevare-attivita/ HTTP/1.1" 200 3679 "http://www.aziendaitalia.com/attivita-in-vendita/?gclid=CIn0z4WK1aYCFcomfAodu0nsGw" "Mozilla/4.0 (compatible; MSIE 8.0; Windows NT 6.1; WOW64; Trident/4.0; GTB6.6; SLCC2; .NET CLR 2.0.50727; .NET CLR 3.5.30729; .NET CLR 3.0.30729; Media Center PC 6.0; .NET4.0C)"
65.52.110.66 - - [25/Jan/2011:10:49:48 +0100] "GET /bancadati-scheda.php?idazienda=12367 HTTP/1.1" 404 277 "-" "Mozilla/5.0 (compatible; bingbot/2.0; +http://www.bing.com/bingbot.htm)"
62.48.54.140 - - [25/Jan/2011:10:49:58 +0100] "GET /vendere-negozi-firenze.php?gclid=COqF5p2K1aYCFcwmfAodaA2KKg HTTP/1.1" 200 3972 "http://www.google.it/search?source=ig&hl=it&rlz=&q=negozi+in+vendita+centro+firenze&btnG=Cerca+con+Google&aq=f&oq=" "Mozilla/5.0 (Windows; U; Windows NT 6.0; en-US) AppleWebKit/534.10 (KHTML, like Gecko) Chrome/8.0.552.237 Safari/534.10"
62.48.54.140 - - [25/Jan/2011:10:49:59 +0100] "GET /css/style.css HTTP/1.1" 200 3366 "http://www.aziendaitalia.com/vendere-negozi-firenze.php?gclid=COqF5p2K1aYCFcwmfAodaA2KKg" "Mozilla/5.0 (Windows; U; Windows NT 6.0; en-US) AppleWebKit/534.10 (KHTML, like Gecko) Chrome/8.0.552.237 Safari/534.10"
193.47.80.42 - - [25/Jan/2011:10:49:59 +0100] "GET /attivita/cessione-attivita-turistica-italia.htm HTTP/1.1" 304 - "-" "Mozilla/5.0 (compatible; Exabot/3.0; +http://www.exabot.com/go/robot)"
62.48.54.140 - - [25/Jan/2011:10:49:59 +0100] "GET /js/general.js HTTP/1.1" 200 5776 "http://www.aziendaitalia.com/vendere-negozi-firenze.php?gclid=COqF5p2K1aYCFcwmfAodaA2KKg" "Mozilla/5.0 (Windows; U; Windows NT 6.0; en-US) AppleWebKit/534.10 (KHTML, like Gecko) Chrome/8.0.552.237 Safari/534.10"
62.48.54.140 - - [25/Jan/2011:10:49:59 +0100] "GET /js/jquery-1.4.2.min.js HTTP/1.1" 200 72174 "http://www.aziendaitalia.com/vendere-negozi-firenze.php?gclid=COqF5p2K1aYCFcwmfAodaA2KKg" "Mozilla/5.0 (Windows; U; Windows NT 6.0; en-US) AppleWebKit/534.10 (KHTML, like Gecko) Chrome/8.0.552.237 Safari/534.10"
62.48.54.140 - - [25/Jan/2011:10:50:02 +0100] "GET /img/layout/menubar.gif HTTP/1.1" 200 1302 "http://www.aziendaitalia.com/vendere-negozi-firenze.php?gclid=COqF5p2K1aYCFcwmfAodaA2KKg" "Mozilla/5.0 (Windows; U; Windows NT 6.0; en-US) AppleWebKit/534.10 (KHTML, like Gecko) Chrome/8.0.552.237 Safari/534.10"
62.48.54.140 - - [25/Jan/2011:10:50:02 +0100] "GET /img/layout/bg_wrapper_sub.gif HTTP/1.1" 200 102 "http://www.aziendaitalia.com/vendere-negozi-firenze.php?gclid=COqF5p2K1aYCFcwmfAodaA2KKg" "Mozilla/5.0 (Windows; U; Windows NT 6.0; en-US) AppleWebKit/534.10 (KHTML, like Gecko) Chrome/8.0.552.237 Safari/534.10"
62.48.54.140 - - [25/Jan/2011:10:50:02 +0100] "GET /img/layout/header.gif HTTP/1.1" 200 15655 "http://www.aziendaitalia.com/vendere-negozi-firenze.php?gclid=COqF5p2K1aYCFcwmfAodaA2KKg" "Mozilla/5.0 (Windows; U; Windows NT 6.0; en-US) AppleWebKit/534.10 (KHTML, like Gecko) Chrome/8.0.552.237 Safari/534.10"
62.48.54.140 - - [25/Jan/2011:10:50:02 +0100] "GET /img/layout/bg_sidebar_separator.gif HTTP/1.1" 200 106 "http://www.aziendaitalia.com/vendere-negozi-firenze.php?gclid=COqF5p2K1aYCFcwmfAodaA2KKg" "Mozilla/5.0 (Windows; U; Windows NT 6.0; en-US) AppleWebKit/534.10 (KHTML, like Gecko) Chrome/8.0.552.237 Safari/534.10"
72.5.230.111 - - [25/Jan/2011:10:50:04 +0100] "HEAD / HTTP/1.1" 200 - "-" "Site 24 X 7"
87.24.142.131 - - [25/Jan/2011:10:50:06 +0100] "GET /?gclid=CIToi6KK1aYCFcwmfAodaA2KKg HTTP/1.1" 200 2668 "http://www.google.it/aclk?sa=l&ai=CIfvmppw-TcnWI8bG-AaspKGtA8P6mtQB443IkhjvlNiGDwgAEAFQxba8oAFg_dqAhOwQoAGDnKH-A8gBAakC7BMlAajytj6qBBlP0KYWkCUwh9vEq5A_B2FdFQFlDL7cTxWc&sig=AGiWqtwTOKBhVd13eg--xkbAOQClzOG5qA&adurl=http://www.aziendaitalia.com&rct=j&q=azienda%20italia%20" "Mozilla/4.0 (compatible; MSIE 8.0; Windows NT 5.1; Trident/4.0; .NET CLR 1.1.4322; .NET CLR 2.0.50727; .NET CLR 3.0.4506.2152; .NET CLR 3.5.30729; InfoPath.2)"
87.24.142.131 - - [25/Jan/2011:10:50:07 +0100] "GET /js/jquery-1.4.2.min.js HTTP/1.1" 200 72174 "http://www.aziendaitalia.com/?gclid=CIToi6KK1aYCFcwmfAodaA2KKg" "Mozilla/4.0 (compatible; MSIE 8.0; Windows NT 5.1; Trident/4.0; .NET CLR 1.1.4322; .NET CLR 2.0.50727; .NET CLR 3.0.4506.2152; .NET CLR 3.5.30729; InfoPath.2)"
87.24.142.131 - - [25/Jan/2011:10:50:07 +0100] "GET /css/style.css HTTP/1.1" 200 3366 "http://www.aziendaitalia.com/?gclid=CIToi6KK1aYCFcwmfAodaA2KKg" "Mozilla/4.0 (compatible; MSIE 8.0; Windows NT 5.1; Trident/4.0; .NET CLR 1.1.4322; .NET CLR 2.0.50727; .NET CLR 3.0.4506.2152; .NET CLR 3.5.30729; InfoPath.2)"
87.24.142.131 - - [25/Jan/2011:10:50:07 +0100] "GET /js/jquery-1.4.2.min.js HTTP/1.1" 200 72174 "http://www.aziendaitalia.com/?gclid=CIToi6KK1aYCFcwmfAodaA2KKg" "Mozilla/4.0 (compatible; MSIE 8.0; Windows NT 5.1; Trident/4.0; .NET CLR 1.1.4322; .NET CLR 2.0.50727; .NET CLR 3.0.4506.2152; .NET CLR 3.5.30729; InfoPath.2)"
87.24.142.131 - - [25/Jan/2011:10:50:08 +0100] "GET /js/jquery.pngfix.pack.js HTTP/1.1" 200 2485 "http://www.aziendaitalia.com/?gclid=CIToi6KK1aYCFcwmfAodaA2KKg" "Mozilla/4.0 (compatible; MSIE 8.0; Windows NT 5.1; Trident/4.0; .NET CLR 1.1.4322; .NET CLR 2.0.50727; .NET CLR 3.0.4506.2152; .NET CLR 3.5.30729; InfoPath.2)"
87.24.142.131 - - [25/Jan/2011:10:50:08 +0100] "GET /js/general.js HTTP/1.1" 200 5776 "http://www.aziendaitalia.com/?gclid=CIToi6KK1aYCFcwmfAodaA2KKg" "Mozilla/4.0 (compatible; MSIE 8.0; Windows NT 5.1; Trident/4.0; .NET CLR 1.1.4322; .NET CLR 2.0.50727; .NET CLR 3.0.4506.2152; .NET CLR 3.5.30729; InfoPath.2)"
87.24.142.131 - - [25/Jan/2011:10:50:08 +0100] "GET /img/layout/menubar.gif HTTP/1.1" 200 1302 "http://www.aziendaitalia.com/?gclid=CIToi6KK1aYCFcwmfAodaA2KKg" "Mozilla/4.0 (compatible; MSIE 8.0; Windows NT 5.1; Trident/4.0; .NET CLR 1.1.4322; .NET CLR 2.0.50727; .NET CLR 3.0.4506.2152; .NET CLR 3.5.30729; InfoPath.2)"
87.24.142.131 - - [25/Jan/2011:10:50:08 +0100] "GET /img/layout/content_bg.gif HTTP/1.1" 200 238 "http://www.aziendaitalia.com/?gclid=CIToi6KK1aYCFcwmfAodaA2KKg" "Mozilla/4.0 (compatible; MSIE 8.0; Windows NT 5.1; Trident/4.0; .NET CLR 1.1.4322; .NET CLR 2.0.50727; .NET CLR 3.0.4506.2152; .NET CLR 3.5.30729; InfoPath.2)"
87.24.142.131 - - [25/Jan/2011:10:50:08 +0100] "GET /img/layout/bg_button_search.gif HTTP/1.1" 200 614 "http://www.aziendaitalia.com/?gclid=CIToi6KK1aYCFcwmfAodaA2KKg" "Mozilla/4.0 (compatible; MSIE 8.0; Windows NT 5.1; Trident/4.0; .NET CLR 1.1.4322; .NET CLR 2.0.50727; .NET CLR 3.0.4506.2152; .NET CLR 3.5.30729; InfoPath.2)"
87.24.142.131 - - [25/Jan/2011:10:50:08 +0100] "GET /img/layout/header.gif HTTP/1.1" 200 15655 "http://www.aziendaitalia.com/?gclid=CIToi6KK1aYCFcwmfAodaA2KKg" "Mozilla/4.0 (compatible; MSIE 8.0; Windows NT 5.1; Trident/4.0; .NET CLR 1.1.4322; .NET CLR 2.0.50727; .NET CLR 3.0.4506.2152; .NET CLR 3.5.30729; InfoPath.2)"
87.24.142.131 - - [25/Jan/2011:10:50:08 +0100] "GET /img/layout/tooltip.png HTTP/1.1" 200 3337 "http://www.aziendaitalia.com/?gclid=CIToi6KK1aYCFcwmfAodaA2KKg" "Mozilla/4.0 (compatible; MSIE 8.0; Windows NT 5.1; Trident/4.0; .NET CLR 1.1.4322; .NET CLR 2.0.50727; .NET CLR 3.0.4506.2152; .NET CLR 3.5.30729; InfoPath.2)"
87.24.142.131 - - [25/Jan/2011:10:50:08 +0100] "GET /img/layout/bg_homepage_category_buttons.gif HTTP/1.1" 200 23956 "http://www.aziendaitalia.com/?gclid=CIToi6KK1aYCFcwmfAodaA2KKg" "Mozilla/4.0 (compatible; MSIE 8.0; Windows NT 5.1; Trident/4.0; .NET CLR 1.1.4322; .NET CLR 2.0.50727; .NET CLR 3.0.4506.2152; .NET CLR 3.5.30729; InfoPath.2)"
62.48.54.140 - - [25/Jan/2011:10:50:03 +0100] "GET /img/icona-negozi.jpg HTTP/1.1" 200 69156 "http://www.aziendaitalia.com/vendere-negozi-firenze.php?gclid=COqF5p2K1aYCFcwmfAodaA2KKg" "Mozilla/5.0 (Windows; U; Windows NT 6.0; en-US) AppleWebKit/534.10 (KHTML, like Gecko) Chrome/8.0.552.237 Safari/534.10"
62.48.54.140 - - [25/Jan/2011:10:50:10 +0100] "GET /favicon.ico HTTP/1.1" 200 1406 "-" "Mozilla/5.0 (Windows; U; Windows NT 6.0; en-US) AppleWebKit/534.10 (KHTML, like Gecko) Chrome/8.0.552.237 Safari/534.10"
79.2.202.160 - - [25/Jan/2011:10:50:22 +0100] "GET /rilevare-attivita/?gclid=COexxamK1aYCFYMTfAod81fvMw HTTP/1.1" 200 3711 "http://ricerca.virgilio.it/ricerca?qs=ATTIVITA%27+COMMERCIALI+IN+VENDITA+A+CAGLIARI&Cerca=&lr=&f=us" "Mozilla/4.0 (compatible; MSIE 8.0; Windows NT 5.1; Trident/4.0; GTB5; InfoPath.1; .NET CLR 2.0.50727; .NET CLR 3.0.4506.2152; .NET CLR 3.5.30729)"
79.2.202.160 - - [25/Jan/2011:10:50:22 +0100] "GET /css/style.css HTTP/1.1" 200 3366 "http://www.aziendaitalia.com/rilevare-attivita/?gclid=COexxamK1aYCFYMTfAod81fvMw" "Mozilla/4.0 (compatible; MSIE 8.0; Windows NT 5.1; Trident/4.0; GTB5; InfoPath.1; .NET CLR 2.0.50727; .NET CLR 3.0.4506.2152; .NET CLR 3.5.30729)"
65.52.110.56 - - [25/Jan/2011:10:50:23 +0100] "GET /bancadati-scheda.php?idreg=1&idind=1&idcat=&idazienda=13583 HTTP/1.1" 404 277 "-" "Mozilla/5.0 (compatible; bingbot/2.0; +http://www.bing.com/bingbot.htm)"
79.2.202.160 - - [25/Jan/2011:10:50:23 +0100] "GET /js/jquery-1.4.2.min.js HTTP/1.1" 200 72174 "http://www.aziendaitalia.com/rilevare-attivita/?gclid=COexxamK1aYCFYMTfAod81fvMw" "Mozilla/4.0 (compatible; MSIE 8.0; Windows NT 5.1; Trident/4.0; GTB5; InfoPath.1; .NET CLR 2.0.50727; .NET CLR 3.0.4506.2152; .NET CLR 3.5.30729)"
62.48.54.140 - - [25/Jan/2011:10:50:23 +0100] "GET /attivita-in-vendita/rivendita-negozi_a-firenze_m2_p62.html HTTP/1.1" 200 3550 "http://www.aziendaitalia.com/vendere-negozi-firenze.php?gclid=COqF5p2K1aYCFcwmfAodaA2KKg" "Mozilla/5.0 (Windows; U; Windows NT 6.0; en-US) AppleWebKit/534.10 (KHTML, like Gecko) Chrome/8.0.552.237 Safari/534.10"
79.2.202.160 - - [25/Jan/2011:10:50:23 +0100] "GET /js/general.js HTTP/1.1" 200 5776 "http://www.aziendaitalia.com/rilevare-attivita/?gclid=COexxamK1aYCFYMTfAod81fvMw" "Mozilla/4.0 (compatible; MSIE 8.0; Windows NT 5.1; Trident/4.0; GTB5; InfoPath.1; .NET CLR 2.0.50727; .NET CLR 3.0.4506.2152; .NET CLR 3.5.30729)"
79.2.202.160 - - [25/Jan/2011:10:50:24 +0100] "GET /img/layout/menubar.gif HTTP/1.1" 200 1302 "http://www.aziendaitalia.com/rilevare-attivita/?gclid=COexxamK1aYCFYMTfAod81fvMw" "Mozilla/4.0 (compatible; MSIE 8.0; Windows NT 5.1; Trident/4.0; GTB5; InfoPath.1; .NET CLR 2.0.50727; .NET CLR 3.0.4506.2152; .NET CLR 3.5.30729)"
62.48.54.140 - - [25/Jan/2011:10:50:24 +0100] "GET /css/style.css HTTP/1.1" 200 3366 "http://www.aziendaitalia.com/attivita-in-vendita/rivendita-negozi_a-firenze_m2_p62.html" "Mozilla/5.0 (Windows; U; Windows NT 6.0; en-US) AppleWebKit/534.10 (KHTML, like Gecko) Chrome/8.0.552.237 Safari/534.10"
79.2.202.160 - - [25/Jan/2011:10:50:24 +0100] "GET /img/layout/bg_wrapper_sub.gif HTTP/1.1" 200 102 "http://www.aziendaitalia.com/rilevare-attivita/?gclid=COexxamK1aYCFYMTfAod81fvMw" "Mozilla/4.0 (compatible; MSIE 8.0; Windows NT 5.1; Trident/4.0; GTB5; InfoPath.1; .NET CLR 2.0.50727; .NET CLR 3.0.4506.2152; .NET CLR 3.5.30729)"
79.2.202.160 - - [25/Jan/2011:10:50:24 +0100] "GET /img/layout/header.gif HTTP/1.1" 200 15655 "http://www.aziendaitalia.com/rilevare-attivita/?gclid=COexxamK1aYCFYMTfAod81fvMw" "Mozilla/4.0 (compatible; MSIE 8.0; Windows NT 5.1; Trident/4.0; GTB5; InfoPath.1; .NET CLR 2.0.50727; .NET CLR 3.0.4506.2152; .NET CLR 3.5.30729)"
79.2.202.160 - - [25/Jan/2011:10:50:24 +0100] "GET /img/layout/bg_sidebar_separator.gif HTTP/1.1" 200 106 "http://www.aziendaitalia.com/rilevare-attivita/?gclid=COexxamK1aYCFYMTfAod81fvMw" "Mozilla/4.0 (compatible; MSIE 8.0; Windows NT 5.1; Trident/4.0; GTB5; InfoPath.1; .NET CLR 2.0.50727; .NET CLR 3.0.4506.2152; .NET CLR 3.5.30729)"
62.48.54.140 - - [25/Jan/2011:10:50:24 +0100] "GET /img/layout/italia/italycenter.gif HTTP/1.1" 200 3933 "http://www.aziendaitalia.com/attivita-in-vendita/rivendita-negozi_a-firenze_m2_p62.html" "Mozilla/5.0 (Windows; U; Windows NT 6.0; en-US) AppleWebKit/534.10 (KHTML, like Gecko) Chrome/8.0.552.237 Safari/534.10"
79.2.202.160 - - [25/Jan/2011:10:50:24 +0100] "GET /favicon.ico HTTP/1.1" 200 1406 "-" "Mozilla/4.0 (compatible; MSIE 8.0; Windows NT 5.1; Trident/4.0; GTB5; InfoPath.1; .NET CLR 2.0.50727; .NET CLR 3.0.4506.2152; .NET CLR 3.5.30729)"
62.48.54.140 - - [25/Jan/2011:10:50:25 +0100] "GET /img/layout/dot.png HTTP/1.1" 200 2899 "http://www.aziendaitalia.com/attivita-in-vendita/rivendita-negozi_a-firenze_m2_p62.html" "Mozilla/5.0 (Windows; U; Windows NT 6.0; en-US) AppleWebKit/534.10 (KHTML, like Gecko) Chrome/8.0.552.237 Safari/534.10"
62.48.54.140 - - [25/Jan/2011:10:50:29 +0100] "GET /attivita-in-vendita/rivendita-negozi_toscana_m2_r16.html HTTP/1.1" 200 4406 "http://www.aziendaitalia.com/attivita-in-vendita/rivendita-negozi_a-firenze_m2_p62.html" "Mozilla/5.0 (Windows; U; Windows NT 6.0; en-US) AppleWebKit/534.10 (KHTML, like Gecko) Chrome/8.0.552.237 Safari/534.10"
62.48.54.140 - - [25/Jan/2011:10:50:30 +0100] "GET /css/style.css HTTP/1.1" 200 3366 "http://www.aziendaitalia.com/attivita-in-vendita/rivendita-negozi_toscana_m2_r16.html" "Mozilla/5.0 (Windows; U; Windows NT 6.0; en-US) AppleWebKit/534.10 (KHTML, like Gecko) Chrome/8.0.552.237 Safari/534.10"
157.55.16.230 - - [25/Jan/2011:10:50:38 +0100] "GET /attivita-in-vendita/calabria_r3.html HTTP/1.1" 200 2606 "-" "Mozilla/5.0 (compatible; bingbot/2.0; +http://www.bing.com/bingbot.htm)"
62.48.54.140 - - [25/Jan/2011:10:50:42 +0100] "GET /attivita-in-vendita/commercio-abbigliamento-ed-accessori_toscana_c5_r16.html HTTP/1.1" 200 3202 "http://www.aziendaitalia.com/attivita-in-vendita/rivendita-negozi_toscana_m2_r16.html" "Mozilla/5.0 (Windows; U; Windows NT 6.0; en-US) AppleWebKit/534.10 (KHTML, like Gecko) Chrome/8.0.552.237 Safari/534.10"
62.48.54.140 - - [25/Jan/2011:10:50:44 +0100] "GET /css/style.css HTTP/1.1" 200 3366 "http://www.aziendaitalia.com/attivita-in-vendita/commercio-abbigliamento-ed-accessori_toscana_c5_r16.html" "Mozilla/5.0 (Windows; U; Windows NT 6.0; en-US) AppleWebKit/534.10 (KHTML, like Gecko) Chrome/8.0.552.237 Safari/534.10"
79.2.202.160 - - [25/Jan/2011:10:50:45 +0100] "GET /rilevare-attivita/?gclid=CN63x7SK1aYCFcomfAodu0nsGw HTTP/1.1" 200 3711 "http://ricerca.virgilio.it/ricerca?qs=ATTIVITA%27+COMMERCIALI+IN+VENDITA+A+CAGLIARI&Cerca=&lr=&f=us" "Mozilla/4.0 (compatible; MSIE 8.0; Windows NT 5.1; Trident/4.0; GTB5; InfoPath.1; .NET CLR 2.0.50727; .NET CLR 3.0.4506.2152; .NET CLR 3.5.30729)"
79.2.202.160 - - [25/Jan/2011:10:50:45 +0100] "GET /js/jquery-1.4.2.min.js HTTP/1.1" 304 - "http://www.aziendaitalia.com/rilevare-attivita/?gclid=CN63x7SK1aYCFcomfAodu0nsGw" "Mozilla/4.0 (compatible; MSIE 8.0; Windows NT 5.1; Trident/4.0; GTB5; InfoPath.1; .NET CLR 2.0.50727; .NET CLR 3.0.4506.2152; .NET CLR 3.5.30729)"
79.2.202.160 - - [25/Jan/2011:10:50:46 +0100] "GET /css/style.css HTTP/1.1" 200 3366 "http://www.aziendaitalia.com/rilevare-attivita/?gclid=CN63x7SK1aYCFcomfAodu0nsGw" "Mozilla/4.0 (compatible; MSIE 8.0; Windows NT 5.1; Trident/4.0; GTB5; InfoPath.1; .NET CLR 2.0.50727; .NET CLR 3.0.4506.2152; .NET CLR 3.5.30729)"
79.2.202.160 - - [25/Jan/2011:10:50:46 +0100] "GET /js/general.js HTTP/1.1" 304 - "http://www.aziendaitalia.com/rilevare-attivita/?gclid=CN63x7SK1aYCFcomfAodu0nsGw" "Mozilla/4.0 (compatible; MSIE 8.0; Windows NT 5.1; Trident/4.0; GTB5; InfoPath.1; .NET CLR 2.0.50727; .NET CLR 3.0.4506.2152; .NET CLR 3.5.30729)"
79.2.202.160 - - [25/Jan/2011:10:50:46 +0100] "GET /img/layout/menubar.gif HTTP/1.1" 304 - "http://www.aziendaitalia.com/rilevare-attivita/?gclid=CN63x7SK1aYCFcomfAodu0nsGw" "Mozilla/4.0 (compatible; MSIE 8.0; Windows NT 5.1; Trident/4.0; GTB5; InfoPath.1; .NET CLR 2.0.50727; .NET CLR 3.0.4506.2152; .NET CLR 3.5.30729)"
79.2.202.160 - - [25/Jan/2011:10:50:46 +0100] "GET /img/layout/bg_wrapper_sub.gif HTTP/1.1" 304 - "http://www.aziendaitalia.com/rilevare-attivita/?gclid=CN63x7SK1aYCFcomfAodu0nsGw" "Mozilla/4.0 (compatible; MSIE 8.0; Windows NT 5.1; Trident/4.0; GTB5; InfoPath.1; .NET CLR 2.0.50727; .NET CLR 3.0.4506.2152; .NET CLR 3.5.30729)"
79.2.202.160 - - [25/Jan/2011:10:50:46 +0100] "GET /img/layout/header.gif HTTP/1.1" 304 - "http://www.aziendaitalia.com/rilevare-attivita/?gclid=CN63x7SK1aYCFcomfAodu0nsGw" "Mozilla/4.0 (compatible; MSIE 8.0; Windows NT 5.1; Trident/4.0; GTB5; InfoPath.1; .NET CLR 2.0.50727; .NET CLR 3.0.4506.2152; .NET CLR 3.5.30729)"
79.2.202.160 - - [25/Jan/2011:10:50:46 +0100] "GET /img/layout/bg_sidebar_separator.gif HTTP/1.1" 304 - "http://www.aziendaitalia.com/rilevare-attivita/?gclid=CN63x7SK1aYCFcomfAodu0nsGw" "Mozilla/4.0 (compatible; MSIE 8.0; Windows NT 5.1; Trident/4.0; GTB5; InfoPath.1; .NET CLR 2.0.50727; .NET CLR 3.0.4506.2152; .NET CLR 3.5.30729)"
66.249.71.212 - - [25/Jan/2011:10:50:49 +0100] "GET /attivita-in-vendita/pubblicazioni-varie-guide-telefoniche-atlanti-tipografiche-litografiche_isole_s389_mr4.html?page=34 HTTP/1.1" 200 2396 "-" "Mozilla/5.0 (compatible; Googlebot/2.1; +http://www.google.com/bot.html)"
67.195.115.117 - - [25/Jan/2011:10:50:59 +0100] "GET /rilevare-attivita/la-giusta-rappresentanza.html HTTP/1.0" 200 2285 "-" "Mozilla/5.0 (compatible; Yahoo! Slurp; http://help.yahoo.com/help/us/ysearch/slurp)"
67.195.115.117 - - [25/Jan/2011:10:50:59 +0100] "GET /css/style.css HTTP/1.0" 200 3366 "http://www.aziendaitalia.com/rilevare-attivita/la-giusta-rappresentanza.html" "Mozilla/5.0 (compatible; Yahoo! Slurp; http://help.yahoo.com/help/us/ysearch/slurp)"
62.48.54.140 - - [25/Jan/2011:10:50:59 +0100] "GET /attivita-in-vendita/commercio-abbigliamento-ed-accessori_toscana_c5_r16.html HTTP/1.1" 200 3202 "http://www.aziendaitalia.com/attivita-in-vendita/commercio-abbigliamento-ed-accessori_toscana_c5_r16.html" "Mozilla/5.0 (Windows; U; Windows NT 6.0; en-US) AppleWebKit/534.10 (KHTML, like Gecko) Chrome/8.0.552.237 Safari/534.10"
62.48.54.140 - - [25/Jan/2011:10:51:00 +0100] "GET /css/style.css HTTP/1.1" 200 3366 "http://www.aziendaitalia.com/attivita-in-vendita/commercio-abbigliamento-ed-accessori_toscana_c5_r16.html" "Mozilla/5.0 (Windows; U; Windows NT 6.0; en-US) AppleWebKit/534.10 (KHTML, like Gecko) Chrome/8.0.552.237 Safari/534.10"
95.250.123.121 - - [25/Jan/2011:10:51:04 +0100] "GET /vendere-negozi-firenze.php?gclid=CKPG172K1aYCFUoKfAodIx7wMw HTTP/1.1" 200 3973 "http://www.google.it/aclk?sa=l&ai=CmsFFAp0-Tb70J4awtAaagME7w_qa1AHD_rKuGNv1tcJQCAAQASgCUIq407wGYP3Ch4SkEaABg5yh_gPIAQGpAuwTJQGo8rY-qgQbT9BzpILEAqYzg_D9bZ14Sp_9QTrNSHlrUjsJ&sig=AGiWqtzznCj98Fa0NFdlahP4KMbyn9JGEA&adurl=http://www.aziendaitalia.com/vendere-negozi-firenze.php&rct=j&q=cessione%20attivit%C3%A0%20commerciali%20firenze" "Mozilla/4.0 (compatible; MSIE 8.0; Windows NT 6.0; Trident/4.0; SLCC1; .NET CLR 2.0.50727; Media Center PC 5.0; .NET CLR 3.5.30729; .NET CLR 3.0.30729)"
95.250.123.121 - - [25/Jan/2011:10:51:04 +0100] "GET /css/style.css HTTP/1.1" 200 3366 "http://www.aziendaitalia.com/vendere-negozi-firenze.php?gclid=CKPG172K1aYCFUoKfAodIx7wMw" "Mozilla/4.0 (compatible; MSIE 8.0; Windows NT 6.0; Trident/4.0; SLCC1; .NET CLR 2.0.50727; Media Center PC 5.0; .NET CLR 3.5.30729; .NET CLR 3.0.30729)"
72.5.230.111 - - [25/Jan/2011:10:51:05 +0100] "HEAD / HTTP/1.1" 200 - "-" "Site 24 X 7"
95.250.123.121 - - [25/Jan/2011:10:51:04 +0100] "GET /js/jquery-1.4.2.min.js HTTP/1.1" 200 72174 "http://www.aziendaitalia.com/vendere-negozi-firenze.php?gclid=CKPG172K1aYCFUoKfAodIx7wMw" "Mozilla/4.0 (compatible; MSIE 8.0; Windows NT 6.0; Trident/4.0; SLCC1; .NET CLR 2.0.50727; Media Center PC 5.0; .NET CLR 3.5.30729; .NET CLR 3.0.30729)"
95.250.123.121 - - [25/Jan/2011:10:51:05 +0100] "GET /js/general.js HTTP/1.1" 200 5776 "http://www.aziendaitalia.com/vendere-negozi-firenze.php?gclid=CKPG172K1aYCFUoKfAodIx7wMw" "Mozilla/4.0 (compatible; MSIE 8.0; Windows NT 6.0; Trident/4.0; SLCC1; .NET CLR 2.0.50727; Media Center PC 5.0; .NET CLR 3.5.30729; .NET CLR 3.0.30729)"
95.250.123.121 - - [25/Jan/2011:10:51:06 +0100] "GET /img/layout/menubar.gif HTTP/1.1" 200 1302 "http://www.aziendaitalia.com/vendere-negozi-firenze.php?gclid=CKPG172K1aYCFUoKfAodIx7wMw" "Mozilla/4.0 (compatible; MSIE 8.0; Windows NT 6.0; Trident/4.0; SLCC1; .NET CLR 2.0.50727; Media Center PC 5.0; .NET CLR 3.5.30729; .NET CLR 3.0.30729)"
95.250.123.121 - - [25/Jan/2011:10:51:06 +0100] "GET /img/layout/bg_wrapper_sub.gif HTTP/1.1" 200 102 "http://www.aziendaitalia.com/vendere-negozi-firenze.php?gclid=CKPG172K1aYCFUoKfAodIx7wMw" "Mozilla/4.0 (compatible; MSIE 8.0; Windows NT 6.0; Trident/4.0; SLCC1; .NET CLR 2.0.50727; Media Center PC 5.0; .NET CLR 3.5.30729; .NET CLR 3.0.30729)"
95.250.123.121 - - [25/Jan/2011:10:51:06 +0100] "GET /img/icona-negozi.jpg HTTP/1.1" 200 69156 "http://www.aziendaitalia.com/vendere-negozi-firenze.php?gclid=CKPG172K1aYCFUoKfAodIx7wMw" "Mozilla/4.0 (compatible; MSIE 8.0; Windows NT 6.0; Trident/4.0; SLCC1; .NET CLR 2.0.50727; Media Center PC 5.0; .NET CLR 3.5.30729; .NET CLR 3.0.30729)"
95.250.123.121 - - [25/Jan/2011:10:51:06 +0100] "GET /img/layout/header.gif HTTP/1.1" 200 15655 "http://www.aziendaitalia.com/vendere-negozi-firenze.php?gclid=CKPG172K1aYCFUoKfAodIx7wMw" "Mozilla/4.0 (compatible; MSIE 8.0; Windows NT 6.0; Trident/4.0; SLCC1; .NET CLR 2.0.50727; Media Center PC 5.0; .NET CLR 3.5.30729; .NET CLR 3.0.30729)"
95.250.123.121 - - [25/Jan/2011:10:51:06 +0100] "GET /img/layout/bg_sidebar_separator.gif HTTP/1.1" 200 106 "http://www.aziendaitalia.com/vendere-negozi-firenze.php?gclid=CKPG172K1aYCFUoKfAodIx7wMw" "Mozilla/4.0 (compatible; MSIE 8.0; Windows NT 6.0; Trident/4.0; SLCC1; .NET CLR 2.0.50727; Media Center PC 5.0; .NET CLR 3.5.30729; .NET CLR 3.0.30729)"
95.250.123.121 - - [25/Jan/2011:10:51:06 +0100] "GET /favicon.ico HTTP/1.1" 200 1406 "-" "Mozilla/4.0 (compatible; MSIE 8.0; Windows NT 6.0; Trident/4.0; SLCC1; .NET CLR 2.0.50727; Media Center PC 5.0; .NET CLR 3.5.30729; .NET CLR 3.0.30729)"
93.48.40.87 - - [25/Jan/2011:10:51:10 +0100] "GET /attivita-in-vendita/?gclid=COvGy8CK1aYCFYVjfAoduQj1Mw HTTP/1.1" 200 2324 "http://www.google.it/aclk?sa=l&ai=CLRBGDJ0-TdKzE4Hhswbxm7Uyw_qa1AG7iIawF52O08cpCAAQASDalNAGKAJQ1oiduwZg_dKGhJwRoAGDnKH-A8gBAakC7BMlAajytj6qBBtP0KeaVmKH4XZnQoH2IdYHUaosWSy5IZC2u-yABZBO&sig=AGiWqtzy2e8PGWdEKTEy8dSimSb5dFsUaQ&adurl=http://www.aziendaitalia.com/attivita-in-vendita/&rct=j&q=cedesi%20attivit%C3%A0%20ferrara" "Mozilla/4.0 (compatible; MSIE 8.0; Windows NT 5.1; Trident/4.0; GTB6.5; .NET CLR 2.0.50727; .NET CLR 3.0.4506.2152; .NET CLR 3.5.30729) chromeframe/8.0.552.237"
93.48.40.87 - - [25/Jan/2011:10:51:11 +0100] "GET /css/style.css HTTP/1.1" 200 3366 "http://www.aziendaitalia.com/attivita-in-vendita/?gclid=COvGy8CK1aYCFYVjfAoduQj1Mw" "Mozilla/4.0 (compatible; MSIE 8.0; Windows NT 5.1; Trident/4.0; GTB6.5; .NET CLR 2.0.50727; .NET CLR 3.0.4506.2152; .NET CLR 3.5.30729)"
93.48.40.87 - - [25/Jan/2011:10:51:11 +0100] "GET /js/jquery-1.4.2.min.js HTTP/1.1" 200 72174 "http://www.aziendaitalia.com/attivita-in-vendita/?gclid=COvGy8CK1aYCFYVjfAoduQj1Mw" "Mozilla/4.0 (compatible; MSIE 8.0; Windows NT 5.1; Trident/4.0; GTB6.5; .NET CLR 2.0.50727; .NET CLR 3.0.4506.2152; .NET CLR 3.5.30729)"
93.48.40.87 - - [25/Jan/2011:10:51:11 +0100] "GET /js/jquery-1.4.2.min.js HTTP/1.1" 200 72174 "http://www.aziendaitalia.com/attivita-in-vendita/?gclid=COvGy8CK1aYCFYVjfAoduQj1Mw" "Mozilla/4.0 (compatible; MSIE 8.0; Windows NT 5.1; Trident/4.0; GTB6.5; .NET CLR 2.0.50727; .NET CLR 3.0.4506.2152; .NET CLR 3.5.30729)"
93.48.40.87 - - [25/Jan/2011:10:51:11 +0100] "GET /js/general.js HTTP/1.1" 200 5776 "http://www.aziendaitalia.com/attivita-in-vendita/?gclid=COvGy8CK1aYCFYVjfAoduQj1Mw" "Mozilla/4.0 (compatible; MSIE 8.0; Windows NT 5.1; Trident/4.0; GTB6.5; .NET CLR 2.0.50727; .NET CLR 3.0.4506.2152; .NET CLR 3.5.30729)"
93.48.40.87 - - [25/Jan/2011:10:51:11 +0100] "GET /img/layout/menubar.gif HTTP/1.1" 200 1302 "http://www.aziendaitalia.com/attivita-in-vendita/?gclid=COvGy8CK1aYCFYVjfAoduQj1Mw" "Mozilla/4.0 (compatible; MSIE 8.0; Windows NT 5.1; Trident/4.0; GTB6.5; .NET CLR 2.0.50727; .NET CLR 3.0.4506.2152; .NET CLR 3.5.30729)"
93.48.40.87 - - [25/Jan/2011:10:51:11 +0100] "GET /img/thumb/phpThumb.php?src=/admin/img/1283511116_5135-4001Y-A.JPG&w=148&h=138&zc=1&q=90 HTTP/1.1" 200 9692 "http://www.aziendaitalia.com/attivita-in-vendita/?gclid=COvGy8CK1aYCFYVjfAoduQj1Mw" "Mozilla/4.0 (compatible; MSIE 8.0; Windows NT 5.1; Trident/4.0; GTB6.5; .NET CLR 2.0.50727; .NET CLR 3.0.4506.2152; .NET CLR 3.5.30729)"
93.48.40.87 - - [25/Jan/2011:10:51:11 +0100] "GET /img/layout/bg_wrapper_sub.gif HTTP/1.1" 200 102 "http://www.aziendaitalia.com/attivita-in-vendita/?gclid=COvGy8CK1aYCFYVjfAoduQj1Mw" "Mozilla/4.0 (compatible; MSIE 8.0; Windows NT 5.1; Trident/4.0; GTB6.5; .NET CLR 2.0.50727; .NET CLR 3.0.4506.2152; .NET CLR 3.5.30729)"
93.48.40.87 - - [25/Jan/2011:10:51:11 +0100] "GET /img/layout/bg_sidebar_separator.gif HTTP/1.1" 200 106 "http://www.aziendaitalia.com/attivita-in-vendita/?gclid=COvGy8CK1aYCFYVjfAoduQj1Mw" "Mozilla/4.0 (compatible; MSIE 8.0; Windows NT 5.1; Trident/4.0; GTB6.5; .NET CLR 2.0.50727; .NET CLR 3.0.4506.2152; .NET CLR 3.5.30729)"
93.48.40.87 - - [25/Jan/2011:10:51:11 +0100] "GET /img/thumb/phpThumb.php?src=/admin/img/1295368730_5945-6289D-A.JPG&w=148&h=138&zc=1&q=90 HTTP/1.1" 200 9397 "http://www.aziendaitalia.com/attivita-in-vendita/?gclid=COvGy8CK1aYCFYVjfAoduQj1Mw" "Mozilla/4.0 (compatible; MSIE 8.0; Windows NT 5.1; Trident/4.0; GTB6.5; .NET CLR 2.0.50727; .NET CLR 3.0.4506.2152; .NET CLR 3.5.30729)"
93.48.40.87 - - [25/Jan/2011:10:51:11 +0100] "GET /img/layout/header.gif HTTP/1.1" 200 15655 "http://www.aziendaitalia.com/attivita-in-vendita/?gclid=COvGy8CK1aYCFYVjfAoduQj1Mw" "Mozilla/4.0 (compatible; MSIE 8.0; Windows NT 5.1; Trident/4.0; GTB6.5; .NET CLR 2.0.50727; .NET CLR 3.0.4506.2152; .NET CLR 3.5.30729)"
93.48.40.87 - - [25/Jan/2011:10:51:11 +0100] "GET /img/layout/dot.png HTTP/1.1" 200 2899 "http://www.aziendaitalia.com/attivita-in-vendita/?gclid=COvGy8CK1aYCFYVjfAoduQj1Mw" "Mozilla/4.0 (compatible; MSIE 8.0; Windows NT 5.1; Trident/4.0; GTB6.5; .NET CLR 2.0.50727; .NET CLR 3.0.4506.2152; .NET CLR 3.5.30729)"
93.48.40.87 - - [25/Jan/2011:10:51:11 +0100] "GET /img/thumb/phpThumb.php?src=/admin/img/1284121274_8018-5308G-A.JPG&w=148&h=138&zc=1&q=90 HTTP/1.1" 200 7134 "http://www.aziendaitalia.com/attivita-in-vendita/?gclid=COvGy8CK1aYCFYVjfAoduQj1Mw" "Mozilla/4.0 (compatible; MSIE 8.0; Windows NT 5.1; Trident/4.0; GTB6.5; .NET CLR 2.0.50727; .NET CLR 3.0.4506.2152; .NET CLR 3.5.30729)"
