95.244.75.205 - - [25/Jan/2011:10:04:42 +0100] "GET /img/layout/menubar.gif HTTP/1.1" 200 1302 "http://www.aziendaitalia.com/attivita-in-vendita/alberghi-ristoranti-bar-agriturismo-aziende-agricole_a-verbano-cusio-ossola_m1_p22.html" "Mozilla/4.0 (compatible; MSIE 8.0; Windows NT 6.0; Trident/4.0; SLCC1; .NET CLR 2.0.50727; .NET CLR 3.5.30729; .NET CLR 3.0.30729)"
95.244.75.205 - - [25/Jan/2011:10:04:42 +0100] "GET /img/layout/bg_wrapper_sub.gif HTTP/1.1" 200 102 "http://www.aziendaitalia.com/attivita-in-vendita/alberghi-ristoranti-bar-agriturismo-aziende-agricole_a-verbano-cusio-ossola_m1_p22.html" "Mozilla/4.0 (compatible; MSIE 8.0; Windows NT 6.0; Trident/4.0; SLCC1; .NET CLR 2.0.50727; .NET CLR 3.5.30729; .NET CLR 3.0.30729)"
95.244.75.205 - - [25/Jan/2011:10:04:42 +0100] "GET /img/layout/dot.png HTTP/1.1" 200 2899 "http://www.aziendaitalia.com/attivita-in-vendita/alberghi-ristoranti-bar-agriturismo-aziende-agricole_a-verbano-cusio-ossola_m1_p22.html" "Mozilla/4.0 (compatible; MSIE 8.0; Windows NT 6.0; Trident/4.0; SLCC1; .NET CLR 2.0.50727; .NET CLR 3.5.30729; .NET CLR 3.0.30729)"
95.244.75.205 - - [25/Jan/2011:10:04:42 +0100] "GET /img/layout/header.gif HTTP/1.1" 200 15655 "http://www.aziendaitalia.com/attivita-in-vendita/alberghi-ristoranti-bar-agriturismo-aziende-agricole_a-verbano-cusio-ossola_m1_p22.html" "Mozilla/4.0 (compatible; MSIE 8.0; Windows NT 6.0; Trident/4.0; SLCC1; .NET CLR 2.0.50727; .NET CLR 3.5.30729; .NET CLR 3.0.30729)"
95.244.75.205 - - [25/Jan/2011:10:04:42 +0100] "GET /img/layout/bg_sidebar_separator.gif HTTP/1.1" 200 106 "http://www.aziendaitalia.com/attivita-in-vendita/alberghi-ristoranti-bar-agriturismo-aziende-agricole_a-verbano-cusio-ossola_m1_p22.html" "Mozilla/4.0 (compatible; MSIE 8.0; Windows NT 6.0; Trident/4.0; SLCC1; .NET CLR 2.0.50727; .NET CLR 3.5.30729; .NET CLR 3.0.30729)"
95.244.75.205 - - [25/Jan/2011:10:04:43 +0100] "GET /favicon.ico HTTP/1.1" 200 1406 "-" "Mozilla/4.0 (compatible; MSIE 8.0; Windows NT 6.0; Trident/4.0; SLCC1; .NET CLR 2.0.50727; .NET CLR 3.5.30729; .NET CLR 3.0.30729)"
87.11.169.152 - - [25/Jan/2011:10:04:46 +0100] "GET /attivita-in-vendita/italia_n1.html HTTP/1.1" 200 4336 "http://www.aziendaitalia.com/attivita-in-vendita/?gclid=COW2r4iA1aYCFUoKfAodIx7wMw" "Mozilla/4.0 (compatible; MSIE 6.0; Windows NT 5.1; SV1; GTB6.6; InfoPath.1; .NET CLR 2.0.50727; OfficeLiveConnector.1.3; OfficeLivePatch.0.0; .NET CLR 3.0.4506.2152; .NET CLR 3.5.30729)"
87.11.169.152 - - [25/Jan/2011:10:04:46 +0100] "GET /img/layout/italia/italyoff.gif HTTP/1.1" 200 3852 "http://www.aziendaitalia.com/attivita-in-vendita/italia_n1.html" "Mozilla/4.0 (compatible; MSIE 6.0; Windows NT 5.1; SV1; GTB6.6; InfoPath.1; .NET CLR 2.0.50727; OfficeLiveConnector.1.3; OfficeLivePatch.0.0; .NET CLR 3.0.4506.2152; .NET CLR 3.5.30729)"
87.11.169.152 - - [25/Jan/2011:10:04:50 +0100] "GET /attivita-in-vendita/suditalia_mr3.html HTTP/1.1" 200 4598 "http://www.aziendaitalia.com/attivita-in-vendita/italia_n1.html" "Mozilla/4.0 (compatible; MSIE 6.0; Windows NT 5.1; SV1; GTB6.6; InfoPath.1; .NET CLR 2.0.50727; OfficeLiveConnector.1.3; OfficeLivePatch.0.0; .NET CLR 3.0.4506.2152; .NET CLR 3.5.30729)"
87.11.169.152 - - [25/Jan/2011:10:04:50 +0100] "GET /img/layout/italia/italysouth.gif HTTP/1.1" 200 3901 "http://www.aziendaitalia.com/attivita-in-vendita/suditalia_mr3.html" "Mozilla/4.0 (compatible; MSIE 6.0; Windows NT 5.1; SV1; GTB6.6; InfoPath.1; .NET CLR 2.0.50727; OfficeLiveConnector.1.3; OfficeLivePatch.0.0; .NET CLR 3.0.4506.2152; .NET CLR 3.5.30729)"
72.5.230.111 - - [25/Jan/2011:10:04:54 +0100] "HEAD / HTTP/1.1" 200 - "-" "Site 24 X 7"
79.51.85.160 - - [25/Jan/2011:10:04:56 +0100] "GET /attivita-in-vendita/a3256.html HTTP/1.1" 200 3021 "http://www.aziendaitalia.com/attivita-in-vendita/ristoranti-bar_a-milano_c21_p6.html" "Mozilla/5.0 (Macintosh; U; Intel Mac OS X 10_6_4; it-it) AppleWebKit/533.16 (KHTML, like Gecko) Version/5.0 Safari/533.16"
79.51.85.160 - - [25/Jan/2011:10:04:56 +0100] "GET /css/style.css HTTP/1.1" 200 3366 "http://www.aziendaitalia.com/attivita-in-vendita/a3256.html" "Mozilla/5.0 (Macintosh; U; Intel Mac OS X 10_6_4; it-it) AppleWebKit/533.16 (KHTML, like Gecko) Version/5.0 Safari/533.16"
151.90.254.207 - - [25/Jan/2011:10:04:58 +0100] "GET /attivita-in-vendita/a2328.html HTTP/1.0" 200 2626 "http://www.aziendaitalia.com/attivita-in-vendita/lazio_r7.html?page=7" "Mozilla/4.0 (compatible; MSIE 8.0; Windows NT 5.1; Trident/4.0; .NET CLR 1.1.4322; .NET CLR 2.0.50727; .NET CLR 3.0.4506.2152; .NET CLR 3.5.30729)"
95.244.75.205 - - [25/Jan/2011:10:05:02 +0100] "GET /attivita-in-vendita/alberghi-ristoranti-bar-agriturismo-aziende-agricole_a-verbano-cusio-ossola_m1_p22.html?page=2 HTTP/1.1" 200 3925 "http://www.aziendaitalia.com/attivita-in-vendita/alberghi-ristoranti-bar-agriturismo-aziende-agricole_a-verbano-cusio-ossola_m1_p22.html" "Mozilla/4.0 (compatible; MSIE 8.0; Windows NT 6.0; Trident/4.0; SLCC1; .NET CLR 2.0.50727; .NET CLR 3.5.30729; .NET CLR 3.0.30729)"
87.11.169.152 - - [25/Jan/2011:10:05:06 +0100] "GET /attivita-in-vendita/suditalia_mr3.html?page=2 HTTP/1.1" 200 4591 "http://www.aziendaitalia.com/attivita-in-vendita/suditalia_mr3.html" "Mozilla/4.0 (compatible; MSIE 6.0; Windows NT 5.1; SV1; GTB6.6; InfoPath.1; .NET CLR 2.0.50727; OfficeLiveConnector.1.3; OfficeLivePatch.0.0; .NET CLR 3.0.4506.2152; .NET CLR 3.5.30729)"
178.154.161.29 - - [25/Jan/2011:10:05:08 +0100] "GET /annunci/nord-italia/lecco/9651.htm HTTP/1.1" 200 2883 "-" "Mozilla/5.0 (compatible; YandexBot/3.0; +http://yandex.com/bots)"
87.11.169.152 - - [25/Jan/2011:10:05:09 +0100] "GET /attivita-in-vendita/suditalia_mr3.html?page=3 HTTP/1.1" 200 4697 "http://www.aziendaitalia.com/attivita-in-vendita/suditalia_mr3.html?page=2" "Mozilla/4.0 (compatible; MSIE 6.0; Windows NT 5.1; SV1; GTB6.6; InfoPath.1; .NET CLR 2.0.50727; OfficeLiveConnector.1.3; OfficeLivePatch.0.0; .NET CLR 3.0.4506.2152; .NET CLR 3.5.30729)"
95.244.75.205 - - [25/Jan/2011:10:05:20 +0100] "GET /attivita-in-vendita/a1903.html HTTP/1.1" 200 2662 "http://www.aziendaitalia.com/attivita-in-vendita/alberghi-ristoranti-bar-agriturismo-aziende-agricole_a-verbano-cusio-ossola_m1_p22.html?page=2" "Mozilla/4.0 (compatible; MSIE 8.0; Windows NT 6.0; Trident/4.0; SLCC1; .NET CLR 2.0.50727; .NET CLR 3.5.30729; .NET CLR 3.0.30729)"
95.244.75.205 - - [25/Jan/2011:10:05:20 +0100] "GET /img/thumb/phpThumb.php?src=/admin/img/1280411041_3802-8177I-a.gif&w=148&h=138&zc=1&q=90 HTTP/1.1" 200 9803 "http://www.aziendaitalia.com/attivita-in-vendita/a1903.html" "Mozilla/4.0 (compatible; MSIE 8.0; Windows NT 6.0; Trident/4.0; SLCC1; .NET CLR 2.0.50727; .NET CLR 3.5.30729; .NET CLR 3.0.30729)"
95.244.75.205 - - [25/Jan/2011:10:05:20 +0100] "GET /img/thumb/phpThumb.php?src=/admin/img/1280411056_3802-8177I-c.gif&w=148&h=138&zc=1&q=90 HTTP/1.1" 200 5266 "http://www.aziendaitalia.com/attivita-in-vendita/a1903.html" "Mozilla/4.0 (compatible; MSIE 8.0; Windows NT 6.0; Trident/4.0; SLCC1; .NET CLR 2.0.50727; .NET CLR 3.5.30729; .NET CLR 3.0.30729)"
95.244.75.205 - - [25/Jan/2011:10:05:20 +0100] "GET /img/thumb/phpThumb.php?src=/admin/img/1280411051_3802-8177I-b.gif&w=148&h=138&zc=1&q=90 HTTP/1.1" 200 7945 "http://www.aziendaitalia.com/attivita-in-vendita/a1903.html" "Mozilla/4.0 (compatible; MSIE 8.0; Windows NT 6.0; Trident/4.0; SLCC1; .NET CLR 2.0.50727; .NET CLR 3.5.30729; .NET CLR 3.0.30729)"
95.244.75.205 - - [25/Jan/2011:10:05:20 +0100] "GET /img/thumb/phpThumb.php?src=/admin/img/1280411061_3802-8177I-d.gif&w=148&h=138&zc=1&q=90 HTTP/1.1" 200 7567 "http://www.aziendaitalia.com/attivita-in-vendita/a1903.html" "Mozilla/4.0 (compatible; MSIE 8.0; Windows NT 6.0; Trident/4.0; SLCC1; .NET CLR 2.0.50727; .NET CLR 3.5.30729; .NET CLR 3.0.30729)"
151.90.254.207 - - [25/Jan/2011:10:05:21 +0100] "GET /attivita-in-vendita/a2311.html HTTP/1.0" 200 2707 "http://www.aziendaitalia.com/attivita-in-vendita/lazio_r7.html?page=7" "Mozilla/4.0 (compatible; MSIE 8.0; Windows NT 5.1; Trident/4.0; .NET CLR 1.1.4322; .NET CLR 2.0.50727; .NET CLR 3.0.4506.2152; .NET CLR 3.5.30729)"
87.11.169.152 - - [25/Jan/2011:10:05:23 +0100] "GET /img/layout/italia/italynorth.gif HTTP/1.1" 200 3837 "http://www.aziendaitalia.com/attivita-in-vendita/suditalia_mr3.html?page=3" "Mozilla/4.0 (compatible; MSIE 6.0; Windows NT 5.1; SV1; GTB6.6; InfoPath.1; .NET CLR 2.0.50727; OfficeLiveConnector.1.3; OfficeLivePatch.0.0; .NET CLR 3.0.4506.2152; .NET CLR 3.5.30729)"
87.11.169.152 - - [25/Jan/2011:10:05:23 +0100] "GET /img/layout/italia/italyisles.gif HTTP/1.1" 200 3919 "http://www.aziendaitalia.com/attivita-in-vendita/suditalia_mr3.html?page=3" "Mozilla/4.0 (compatible; MSIE 6.0; Windows NT 5.1; SV1; GTB6.6; InfoPath.1; .NET CLR 2.0.50727; OfficeLiveConnector.1.3; OfficeLivePatch.0.0; .NET CLR 3.0.4506.2152; .NET CLR 3.5.30729)"
87.11.169.152 - - [25/Jan/2011:10:05:24 +0100] "GET /attivita-in-vendita/isole_mr4.html HTTP/1.1" 200 4463 "http://www.aziendaitalia.com/attivita-in-vendita/suditalia_mr3.html?page=3" "Mozilla/4.0 (compatible; MSIE 6.0; Windows NT 5.1; SV1; GTB6.6; InfoPath.1; .NET CLR 2.0.50727; OfficeLiveConnector.1.3; OfficeLivePatch.0.0; .NET CLR 3.0.4506.2152; .NET CLR 3.5.30729)"
88.49.99.187 - - [25/Jan/2011:10:05:24 +0100] "GET /rilevare-attivita/?gclid=CJWYkqOA1aYCFQsTfAodag9LXA HTTP/1.1" 200 3711 "http://www.google.it/aclk?sa=l&ai=CvE3KU5I-TfjeC4Gb-QaesZGtA8P6mtQBw6n-rxfs_r4JCAAQASgDUIKDzvL9_____wFg_ZKlhPASoAGDnKH-A8gBAakC7BMlAajytj6qBBtP0IITw2kIXD0zNJEXNEbo4zm4CGLJaIN6RQ4&sig=AGiWqtzlJJxrGbaVfMmXW7EYfGclQuew7Q&adurl=http://www.aziendaitalia.com/rilevare-attivita/&rct=j&q=nuove%20attivit%C3%A0%20commerciali" "Mozilla/4.0 (compatible; MSIE 8.0; Windows NT 5.1; Trident/4.0)"
88.49.99.187 - - [25/Jan/2011:10:05:24 +0100] "GET /css/style.css HTTP/1.1" 200 3366 "http://www.aziendaitalia.com/rilevare-attivita/?gclid=CJWYkqOA1aYCFQsTfAodag9LXA" "Mozilla/4.0 (compatible; MSIE 8.0; Windows NT 5.1; Trident/4.0)"
88.49.99.187 - - [25/Jan/2011:10:05:24 +0100] "GET /js/general.js HTTP/1.1" 200 5776 "http://www.aziendaitalia.com/rilevare-attivita/?gclid=CJWYkqOA1aYCFQsTfAodag9LXA" "Mozilla/4.0 (compatible; MSIE 8.0; Windows NT 5.1; Trident/4.0)"
88.49.99.187 - - [25/Jan/2011:10:05:24 +0100] "GET /js/jquery-1.4.2.min.js HTTP/1.1" 200 72174 "http://www.aziendaitalia.com/rilevare-attivita/?gclid=CJWYkqOA1aYCFQsTfAodag9LXA" "Mozilla/4.0 (compatible; MSIE 8.0; Windows NT 5.1; Trident/4.0)"
88.49.99.187 - - [25/Jan/2011:10:05:25 +0100] "GET /img/layout/menubar.gif HTTP/1.1" 200 1302 "http://www.aziendaitalia.com/rilevare-attivita/?gclid=CJWYkqOA1aYCFQsTfAodag9LXA" "Mozilla/4.0 (compatible; MSIE 8.0; Windows NT 5.1; Trident/4.0)"
88.49.99.187 - - [25/Jan/2011:10:05:25 +0100] "GET /img/layout/bg_wrapper_sub.gif HTTP/1.1" 200 102 "http://www.aziendaitalia.com/rilevare-attivita/?gclid=CJWYkqOA1aYCFQsTfAodag9LXA" "Mozilla/4.0 (compatible; MSIE 8.0; Windows NT 5.1; Trident/4.0)"
88.49.99.187 - - [25/Jan/2011:10:05:25 +0100] "GET /img/layout/header.gif HTTP/1.1" 200 15655 "http://www.aziendaitalia.com/rilevare-attivita/?gclid=CJWYkqOA1aYCFQsTfAodag9LXA" "Mozilla/4.0 (compatible; MSIE 8.0; Windows NT 5.1; Trident/4.0)"
88.49.99.187 - - [25/Jan/2011:10:05:25 +0100] "GET /img/layout/bg_sidebar_separator.gif HTTP/1.1" 200 106 "http://www.aziendaitalia.com/rilevare-attivita/?gclid=CJWYkqOA1aYCFQsTfAodag9LXA" "Mozilla/4.0 (compatible; MSIE 8.0; Windows NT 5.1; Trident/4.0)"
88.49.99.187 - - [25/Jan/2011:10:05:26 +0100] "GET /favicon.ico HTTP/1.1" 200 1406 "-" "Mozilla/4.0 (compatible; MSIE 8.0; Windows NT 5.1; Trident/4.0)"
82.188.152.163 - - [25/Jan/2011:10:05:26 +0100] "GET / HTTP/1.1" 200 2648 "-" "Mozilla/4.0 (compatible; MSIE 6.0; Windows NT 5.1; SV1; GTB6.6; .NET CLR 2.0.50727)"
87.11.169.152 - - [25/Jan/2011:10:05:30 +0100] "GET /attivita-in-vendita/sicilia_r15.html HTTP/1.1" 200 4067 "http://www.aziendaitalia.com/attivita-in-vendita/isole_mr4.html" "Mozilla/4.0 (compatible; MSIE 6.0; Windows NT 5.1; SV1; GTB6.6; InfoPath.1; .NET CLR 2.0.50727; OfficeLiveConnector.1.3; OfficeLivePatch.0.0; .NET CLR 3.0.4506.2152; .NET CLR 3.5.30729)"
151.90.254.207 - - [25/Jan/2011:10:05:31 +0100] "GET /attivita-in-vendita/a2310.html HTTP/1.0" 200 2728 "http://www.aziendaitalia.com/attivita-in-vendita/lazio_r7.html?page=7" "Mozilla/4.0 (compatible; MSIE 8.0; Windows NT 5.1; Trident/4.0; .NET CLR 1.1.4322; .NET CLR 2.0.50727; .NET CLR 3.0.4506.2152; .NET CLR 3.5.30729)"
151.90.254.207 - - [25/Jan/2011:10:05:31 +0100] "GET /css/style.css HTTP/1.0" 200 3366 "http://www.aziendaitalia.com/attivita-in-vendita/a2310.html" "Mozilla/4.0 (compatible; MSIE 8.0; Windows NT 5.1; Trident/4.0; .NET CLR 1.1.4322; .NET CLR 2.0.50727; .NET CLR 3.0.4506.2152; .NET CLR 3.5.30729)"
79.51.85.160 - - [25/Jan/2011:10:05:33 +0100] "GET /attivita-in-vendita/a3263.html HTTP/1.1" 200 2570 "http://www.aziendaitalia.com/attivita-in-vendita/ristoranti-bar_a-milano_c21_p6.html" "Mozilla/5.0 (Macintosh; U; Intel Mac OS X 10_6_4; it-it) AppleWebKit/533.16 (KHTML, like Gecko) Version/5.0 Safari/533.16"
82.188.152.163 - - [25/Jan/2011:10:05:34 +0100] "GET /css/style.css HTTP/1.1" 200 3366 "http://www.aziendaitalia.com/" "Mozilla/4.0 (compatible; MSIE 6.0; Windows NT 5.1; SV1; GTB6.6; .NET CLR 2.0.50727)"
79.51.85.160 - - [25/Jan/2011:10:05:34 +0100] "GET /css/style.css HTTP/1.1" 200 3366 "http://www.aziendaitalia.com/attivita-in-vendita/a3263.html" "Mozilla/5.0 (Macintosh; U; Intel Mac OS X 10_6_4; it-it) AppleWebKit/533.16 (KHTML, like Gecko) Version/5.0 Safari/533.16"
82.188.152.163 - - [25/Jan/2011:10:05:34 +0100] "GET /js/jquery-1.4.2.min.js HTTP/1.1" 304 - "http://www.aziendaitalia.com/" "Mozilla/4.0 (compatible; MSIE 6.0; Windows NT 5.1; SV1; GTB6.6; .NET CLR 2.0.50727)"
82.188.152.163 - - [25/Jan/2011:10:05:37 +0100] "GET /js/jquery.pngfix.pack.js HTTP/1.1" 304 - "http://www.aziendaitalia.com/" "Mozilla/4.0 (compatible; MSIE 6.0; Windows NT 5.1; SV1; GTB6.6; .NET CLR 2.0.50727)"
82.188.152.163 - - [25/Jan/2011:10:05:38 +0100] "GET /js/general.js HTTP/1.1" 304 - "http://www.aziendaitalia.com/" "Mozilla/4.0 (compatible; MSIE 6.0; Windows NT 5.1; SV1; GTB6.6; .NET CLR 2.0.50727)"
79.51.85.160 - - [25/Jan/2011:10:05:42 +0100] "GET /attivita-in-vendita/a3286.html HTTP/1.1" 200 2959 "http://www.aziendaitalia.com/attivita-in-vendita/ristoranti-bar_a-milano_c21_p6.html" "Mozilla/5.0 (Macintosh; U; Intel Mac OS X 10_6_4; it-it) AppleWebKit/533.16 (KHTML, like Gecko) Version/5.0 Safari/533.16"
79.51.85.160 - - [25/Jan/2011:10:05:42 +0100] "GET /css/style.css HTTP/1.1" 200 3366 "http://www.aziendaitalia.com/attivita-in-vendita/a3286.html" "Mozilla/5.0 (Macintosh; U; Intel Mac OS X 10_6_4; it-it) AppleWebKit/533.16 (KHTML, like Gecko) Version/5.0 Safari/533.16"
79.51.85.160 - - [25/Jan/2011:10:05:42 +0100] "GET /img/thumb/phpThumb.php?src=/admin/img/1284037098_2071-4665V-A1.jpg&w=148&h=138&zc=1&q=90 HTTP/1.1" 200 7700 "http://www.aziendaitalia.com/attivita-in-vendita/a3286.html" "Mozilla/5.0 (Macintosh; U; Intel Mac OS X 10_6_4; it-it) AppleWebKit/533.16 (KHTML, like Gecko) Version/5.0 Safari/533.16"
79.51.85.160 - - [25/Jan/2011:10:05:42 +0100] "GET /img/thumb/phpThumb.php?src=/admin/img/1284037116_2071-4665V-C1.jpg&w=148&h=138&zc=1&q=90 HTTP/1.1" 200 5457 "http://www.aziendaitalia.com/attivita-in-vendita/a3286.html" "Mozilla/5.0 (Macintosh; U; Intel Mac OS X 10_6_4; it-it) AppleWebKit/533.16 (KHTML, like Gecko) Version/5.0 Safari/533.16"
79.51.85.160 - - [25/Jan/2011:10:05:42 +0100] "GET /img/thumb/phpThumb.php?src=/admin/img/1284037103_2071-4665V-B1.jpg&w=148&h=138&zc=1&q=90 HTTP/1.1" 200 6640 "http://www.aziendaitalia.com/attivita-in-vendita/a3286.html" "Mozilla/5.0 (Macintosh; U; Intel Mac OS X 10_6_4; it-it) AppleWebKit/533.16 (KHTML, like Gecko) Version/5.0 Safari/533.16"
151.90.254.207 - - [25/Jan/2011:10:05:43 +0100] "GET /attivita-in-vendita/lazio_r7.html?page=8 HTTP/1.0" 200 4164 "http://www.aziendaitalia.com/attivita-in-vendita/lazio_r7.html?page=7" "Mozilla/4.0 (compatible; MSIE 8.0; Windows NT 5.1; Trident/4.0; .NET CLR 1.1.4322; .NET CLR 2.0.50727; .NET CLR 3.0.4506.2152; .NET CLR 3.5.30729)"
151.90.254.207 - - [25/Jan/2011:10:05:53 +0100] "GET /attivita-in-vendita/a2218.html HTTP/1.0" 200 2715 "http://www.aziendaitalia.com/attivita-in-vendita/lazio_r7.html?page=8" "Mozilla/4.0 (compatible; MSIE 8.0; Windows NT 5.1; Trident/4.0; .NET CLR 1.1.4322; .NET CLR 2.0.50727; .NET CLR 3.0.4506.2152; .NET CLR 3.5.30729)"
72.5.230.111 - - [25/Jan/2011:10:05:54 +0100] "HEAD / HTTP/1.1" 200 - "-" "Site 24 X 7"
208.80.194.26 - - [25/Jan/2011:10:06:17 +0100] "GET /bancadati-scheda.php HTTP/1.0" 404 342 "-" "Mozilla/4.0 (compatible; MSIE 7.0; Windows NT 5.1; .NET CLR 1.0.3705; .NET CLR 1.1.4322; Media Center PC 4.0; InfoPath.2; MSN 9.0;MSN 9.1; MSNbMSNI; MSNmen-us; MSNcOTH)"
79.51.85.160 - - [25/Jan/2011:10:06:20 +0100] "GET /attivita-in-vendita/a3287.html HTTP/1.1" 200 2934 "http://www.aziendaitalia.com/attivita-in-vendita/ristoranti-bar_a-milano_c21_p6.html" "Mozilla/5.0 (Macintosh; U; Intel Mac OS X 10_6_4; it-it) AppleWebKit/533.16 (KHTML, like Gecko) Version/5.0 Safari/533.16"
79.51.85.160 - - [25/Jan/2011:10:06:20 +0100] "GET /css/style.css HTTP/1.1" 200 3366 "http://www.aziendaitalia.com/attivita-in-vendita/a3287.html" "Mozilla/5.0 (Macintosh; U; Intel Mac OS X 10_6_4; it-it) AppleWebKit/533.16 (KHTML, like Gecko) Version/5.0 Safari/533.16"
79.51.85.160 - - [25/Jan/2011:10:06:20 +0100] "GET /img/thumb/phpThumb.php?src=/admin/img/1284037121_2071-4665V-A1.jpg&w=148&h=138&zc=1&q=90 HTTP/1.1" 200 7700 "http://www.aziendaitalia.com/attivita-in-vendita/a3287.html" "Mozilla/5.0 (Macintosh; U; Intel Mac OS X 10_6_4; it-it) AppleWebKit/533.16 (KHTML, like Gecko) Version/5.0 Safari/533.16"
79.51.85.160 - - [25/Jan/2011:10:06:20 +0100] "GET /img/thumb/phpThumb.php?src=/admin/img/1284037126_2071-4665V-B1.jpg&w=148&h=138&zc=1&q=90 HTTP/1.1" 200 6640 "http://www.aziendaitalia.com/attivita-in-vendita/a3287.html" "Mozilla/5.0 (Macintosh; U; Intel Mac OS X 10_6_4; it-it) AppleWebKit/533.16 (KHTML, like Gecko) Version/5.0 Safari/533.16"
79.51.85.160 - - [25/Jan/2011:10:06:20 +0100] "GET /img/thumb/phpThumb.php?src=/admin/img/1284037146_2071-4665V-C1.jpg&w=148&h=138&zc=1&q=90 HTTP/1.1" 200 5457 "http://www.aziendaitalia.com/attivita-in-vendita/a3287.html" "Mozilla/5.0 (Macintosh; U; Intel Mac OS X 10_6_4; it-it) AppleWebKit/533.16 (KHTML, like Gecko) Version/5.0 Safari/533.16"
151.90.254.207 - - [25/Jan/2011:10:06:24 +0100] "GET /attivita-in-vendita/lazio_r7.html?page=9 HTTP/1.0" 200 4129 "http://www.aziendaitalia.com/attivita-in-vendita/lazio_r7.html?page=8" "Mozilla/4.0 (compatible; MSIE 8.0; Windows NT 5.1; Trident/4.0; .NET CLR 1.1.4322; .NET CLR 2.0.50727; .NET CLR 3.0.4506.2152; .NET CLR 3.5.30729)"
79.51.85.160 - - [25/Jan/2011:10:06:29 +0100] "GET /attivita-in-vendita/a3329.html HTTP/1.1" 200 2650 "http://www.aziendaitalia.com/attivita-in-vendita/ristoranti-bar_a-milano_c21_p6.html" "Mozilla/5.0 (Macintosh; U; Intel Mac OS X 10_6_4; it-it) AppleWebKit/533.16 (KHTML, like Gecko) Version/5.0 Safari/533.16"
79.51.85.160 - - [25/Jan/2011:10:06:29 +0100] "GET /css/style.css HTTP/1.1" 200 3366 "http://www.aziendaitalia.com/attivita-in-vendita/a3329.html" "Mozilla/5.0 (Macintosh; U; Intel Mac OS X 10_6_4; it-it) AppleWebKit/533.16 (KHTML, like Gecko) Version/5.0 Safari/533.16"
79.51.85.160 - - [25/Jan/2011:10:06:29 +0100] "GET /img/thumb/phpThumb.php?src=/admin/img/1284106738_2499-6362J-C.jpg&w=148&h=138&zc=1&q=90 HTTP/1.1" 200 6971 "http://www.aziendaitalia.com/attivita-in-vendita/a3329.html" "Mozilla/5.0 (Macintosh; U; Intel Mac OS X 10_6_4; it-it) AppleWebKit/533.16 (KHTML, like Gecko) Version/5.0 Safari/533.16"
79.51.85.160 - - [25/Jan/2011:10:06:29 +0100] "GET /img/thumb/phpThumb.php?src=/admin/img/1284106734_2499-6362J-B.jpg&w=148&h=138&zc=1&q=90 HTTP/1.1" 200 5832 "http://www.aziendaitalia.com/attivita-in-vendita/a3329.html" "Mozilla/5.0 (Macintosh; U; Intel Mac OS X 10_6_4; it-it) AppleWebKit/533.16 (KHTML, like Gecko) Version/5.0 Safari/533.16"
79.51.85.160 - - [25/Jan/2011:10:06:29 +0100] "GET /img/thumb/phpThumb.php?src=/admin/img/1284106730_2499-6362J-A.jpg&w=148&h=138&zc=1&q=90 HTTP/1.1" 200 6729 "http://www.aziendaitalia.com/attivita-in-vendita/a3329.html" "Mozilla/5.0 (Macintosh; U; Intel Mac OS X 10_6_4; it-it) AppleWebKit/533.16 (KHTML, like Gecko) Version/5.0 Safari/533.16"
151.90.254.207 - - [25/Jan/2011:10:06:41 +0100] "GET /attivita-in-vendita/a2099.html HTTP/1.0" 200 2687 "http://www.aziendaitalia.com/attivita-in-vendita/lazio_r7.html?page=9" "Mozilla/4.0 (compatible; MSIE 8.0; Windows NT 5.1; Trident/4.0; .NET CLR 1.1.4322; .NET CLR 2.0.50727; .NET CLR 3.0.4506.2152; .NET CLR 3.5.30729)"
151.90.254.207 - - [25/Jan/2011:10:06:48 +0100] "GET /attivita-in-vendita/a2068.html HTTP/1.0" 200 2736 "http://www.aziendaitalia.com/attivita-in-vendita/lazio_r7.html?page=9" "Mozilla/4.0 (compatible; MSIE 8.0; Windows NT 5.1; Trident/4.0; .NET CLR 1.1.4322; .NET CLR 2.0.50727; .NET CLR 3.0.4506.2152; .NET CLR 3.5.30729)"
151.90.254.207 - - [25/Jan/2011:10:06:48 +0100] "GET /css/style.css HTTP/1.0" 200 3366 "http://www.aziendaitalia.com/attivita-in-vendita/a2068.html" "Mozilla/4.0 (compatible; MSIE 8.0; Windows NT 5.1; Trident/4.0; .NET CLR 1.1.4322; .NET CLR 2.0.50727; .NET CLR 3.0.4506.2152; .NET CLR 3.5.30729)"
151.90.254.207 - - [25/Jan/2011:10:06:48 +0100] "GET /img/thumb/phpThumb.php?src=/admin/img/1281003081_3036-3296E-A8.jpg&w=148&h=138&zc=1&q=90 HTTP/1.0" 200 7336 "http://www.aziendaitalia.com/attivita-in-vendita/a2068.html" "Mozilla/4.0 (compatible; MSIE 8.0; Windows NT 5.1; Trident/4.0; .NET CLR 1.1.4322; .NET CLR 2.0.50727; .NET CLR 3.0.4506.2152; .NET CLR 3.5.30729)"
151.90.254.207 - - [25/Jan/2011:10:06:48 +0100] "GET /img/thumb/phpThumb.php?src=/admin/img/1281003086_3036-3296E-B8.jpg&w=148&h=138&zc=1&q=90 HTTP/1.0" 200 7832 "http://www.aziendaitalia.com/attivita-in-vendita/a2068.html" "Mozilla/4.0 (compatible; MSIE 8.0; Windows NT 5.1; Trident/4.0; .NET CLR 1.1.4322; .NET CLR 2.0.50727; .NET CLR 3.0.4506.2152; .NET CLR 3.5.30729)"
151.90.254.207 - - [25/Jan/2011:10:06:48 +0100] "GET /img/thumb/phpThumb.php?src=/admin/img/1281003092_3036-3296E-C8.jpg&w=148&h=138&zc=1&q=90 HTTP/1.0" 200 8061 "http://www.aziendaitalia.com/attivita-in-vendita/a2068.html" "Mozilla/4.0 (compatible; MSIE 8.0; Windows NT 5.1; Trident/4.0; .NET CLR 1.1.4322; .NET CLR 2.0.50727; .NET CLR 3.0.4506.2152; .NET CLR 3.5.30729)"
151.90.254.207 - - [25/Jan/2011:10:06:49 +0100] "GET /img/thumb/phpThumb.php?src=/admin/img/1281003113_3036-3296E-D8.jpg&w=148&h=138&zc=1&q=90 HTTP/1.0" 200 7151 "http://www.aziendaitalia.com/attivita-in-vendita/a2068.html" "Mozilla/4.0 (compatible; MSIE 8.0; Windows NT 5.1; Trident/4.0; .NET CLR 1.1.4322; .NET CLR 2.0.50727; .NET CLR 3.0.4506.2152; .NET CLR 3.5.30729)"
79.51.85.160 - - [25/Jan/2011:10:06:54 +0100] "GET /attivita-in-vendita/a3342.html HTTP/1.1" 200 2759 "http://www.aziendaitalia.com/attivita-in-vendita/ristoranti-bar_a-milano_c21_p6.html" "Mozilla/5.0 (Macintosh; U; Intel Mac OS X 10_6_4; it-it) AppleWebKit/533.16 (KHTML, like Gecko) Version/5.0 Safari/533.16"
79.51.85.160 - - [25/Jan/2011:10:06:54 +0100] "GET /css/style.css HTTP/1.1" 200 3366 "http://www.aziendaitalia.com/attivita-in-vendita/a3342.html" "Mozilla/5.0 (Macintosh; U; Intel Mac OS X 10_6_4; it-it) AppleWebKit/533.16 (KHTML, like Gecko) Version/5.0 Safari/533.16"
72.5.230.111 - - [25/Jan/2011:10:06:55 +0100] "HEAD / HTTP/1.1" 200 - "-" "Site 24 X 7"
79.51.85.160 - - [25/Jan/2011:10:07:05 +0100] "GET /attivita-in-vendita/a3350.html HTTP/1.1" 200 2616 "http://www.aziendaitalia.com/attivita-in-vendita/ristoranti-bar_a-milano_c21_p6.html" "Mozilla/5.0 (Macintosh; U; Intel Mac OS X 10_6_4; it-it) AppleWebKit/533.16 (KHTML, like Gecko) Version/5.0 Safari/533.16"
79.51.85.160 - - [25/Jan/2011:10:07:05 +0100] "GET /css/style.css HTTP/1.1" 200 3366 "http://www.aziendaitalia.com/attivita-in-vendita/a3350.html" "Mozilla/5.0 (Macintosh; U; Intel Mac OS X 10_6_4; it-it) AppleWebKit/533.16 (KHTML, like Gecko) Version/5.0 Safari/533.16"
95.239.11.254 - - [25/Jan/2011:10:07:07 +0100] "GET /?gclid=CI2qoNSA1aYCFRIRfAodDhH4gA HTTP/1.1" 200 2667 "http://www.google.it/aclk?sa=l&ai=CfssatpI-TcDIIMX8sgag3uE5w_qa1AHThYawF7nWqjUIABABUMW2vKABYP36hISMEaABg5yh_gPIAQGpAuwTJQGo8rY-qgQbT9BUQ6YiDX1b2eeEAxLdaTNmebVk9078iCbW&sig=AGiWqtwM_61edywmKDEhbb9TobcdrK2g9g&adurl=http://www.aziendaitalia.com&rct=j&q=chi%20deve%20dichiarare%20alcomune%20un%20negozio%20in%20affitto" "Mozilla/4.0 (compatible; MSIE 8.0; Windows NT 6.0; Trident/4.0; BTRS28059; SLCC1; .NET CLR 2.0.50727; eSobiSubscriber 2.0.4.16; .NET CLR 3.5.30729; .NET CLR 3.0.30618; InfoPath.2; .NET4.0C)"
95.239.11.254 - - [25/Jan/2011:10:07:08 +0100] "GET /css/style.css HTTP/1.1" 200 3366 "http://www.aziendaitalia.com/?gclid=CI2qoNSA1aYCFRIRfAodDhH4gA" "Mozilla/4.0 (compatible; MSIE 8.0; Windows NT 6.0; Trident/4.0; BTRS28059; SLCC1; .NET CLR 2.0.50727; eSobiSubscriber 2.0.4.16; .NET CLR 3.5.30729; .NET CLR 3.0.30618; InfoPath.2; .NET4.0C)"
95.239.11.254 - - [25/Jan/2011:10:07:08 +0100] "GET /js/jquery-1.4.2.min.js HTTP/1.1" 200 72174 "http://www.aziendaitalia.com/?gclid=CI2qoNSA1aYCFRIRfAodDhH4gA" "Mozilla/4.0 (compatible; MSIE 8.0; Windows NT 6.0; Trident/4.0; BTRS28059; SLCC1; .NET CLR 2.0.50727; eSobiSubscriber 2.0.4.16; .NET CLR 3.5.30729; .NET CLR 3.0.30618; InfoPath.2; .NET4.0C)"
95.239.11.254 - - [25/Jan/2011:10:07:08 +0100] "GET /js/jquery.pngfix.pack.js HTTP/1.1" 200 2485 "http://www.aziendaitalia.com/?gclid=CI2qoNSA1aYCFRIRfAodDhH4gA" "Mozilla/4.0 (compatible; MSIE 8.0; Windows NT 6.0; Trident/4.0; BTRS28059; SLCC1; .NET CLR 2.0.50727; eSobiSubscriber 2.0.4.16; .NET CLR 3.5.30729; .NET CLR 3.0.30618; InfoPath.2; .NET4.0C)"
95.239.11.254 - - [25/Jan/2011:10:07:08 +0100] "GET /js/general.js HTTP/1.1" 200 5776 "http://www.aziendaitalia.com/?gclid=CI2qoNSA1aYCFRIRfAodDhH4gA" "Mozilla/4.0 (compatible; MSIE 8.0; Windows NT 6.0; Trident/4.0; BTRS28059; SLCC1; .NET CLR 2.0.50727; eSobiSubscriber 2.0.4.16; .NET CLR 3.5.30729; .NET CLR 3.0.30618; InfoPath.2; .NET4.0C)"
95.239.11.254 - - [25/Jan/2011:10:07:08 +0100] "GET /img/layout/menubar.gif HTTP/1.1" 200 1302 "http://www.aziendaitalia.com/?gclid=CI2qoNSA1aYCFRIRfAodDhH4gA" "Mozilla/4.0 (compatible; MSIE 8.0; Windows NT 6.0; Trident/4.0; BTRS28059; SLCC1; .NET CLR 2.0.50727; eSobiSubscriber 2.0.4.16; .NET CLR 3.5.30729; .NET CLR 3.0.30618; InfoPath.2; .NET4.0C)"
95.239.11.254 - - [25/Jan/2011:10:07:08 +0100] "GET /img/layout/content_bg.gif HTTP/1.1" 200 238 "http://www.aziendaitalia.com/?gclid=CI2qoNSA1aYCFRIRfAodDhH4gA" "Mozilla/4.0 (compatible; MSIE 8.0; Windows NT 6.0; Trident/4.0; BTRS28059; SLCC1; .NET CLR 2.0.50727; eSobiSubscriber 2.0.4.16; .NET CLR 3.5.30729; .NET CLR 3.0.30618; InfoPath.2; .NET4.0C)"
95.239.11.254 - - [25/Jan/2011:10:07:08 +0100] "GET /img/layout/bg_button_search.gif HTTP/1.1" 200 614 "http://www.aziendaitalia.com/?gclid=CI2qoNSA1aYCFRIRfAodDhH4gA" "Mozilla/4.0 (compatible; MSIE 8.0; Windows NT 6.0; Trident/4.0; BTRS28059; SLCC1; .NET CLR 2.0.50727; eSobiSubscriber 2.0.4.16; .NET CLR 3.5.30729; .NET CLR 3.0.30618; InfoPath.2; .NET4.0C)"
95.239.11.254 - - [25/Jan/2011:10:07:08 +0100] "GET /img/layout/header.gif HTTP/1.1" 200 15655 "http://www.aziendaitalia.com/?gclid=CI2qoNSA1aYCFRIRfAodDhH4gA" "Mozilla/4.0 (compatible; MSIE 8.0; Windows NT 6.0; Trident/4.0; BTRS28059; SLCC1; .NET CLR 2.0.50727; eSobiSubscriber 2.0.4.16; .NET CLR 3.5.30729; .NET CLR 3.0.30618; InfoPath.2; .NET4.0C)"
95.239.11.254 - - [25/Jan/2011:10:07:08 +0100] "GET /img/layout/tooltip.png HTTP/1.1" 200 3337 "http://www.aziendaitalia.com/?gclid=CI2qoNSA1aYCFRIRfAodDhH4gA" "Mozilla/4.0 (compatible; MSIE 8.0; Windows NT 6.0; Trident/4.0; BTRS28059; SLCC1; .NET CLR 2.0.50727; eSobiSubscriber 2.0.4.16; .NET CLR 3.5.30729; .NET CLR 3.0.30618; InfoPath.2; .NET4.0C)"
95.239.11.254 - - [25/Jan/2011:10:07:08 +0100] "GET /img/layout/bg_homepage_category_buttons.gif HTTP/1.1" 200 23956 "http://www.aziendaitalia.com/?gclid=CI2qoNSA1aYCFRIRfAodDhH4gA" "Mozilla/4.0 (compatible; MSIE 8.0; Windows NT 6.0; Trident/4.0; BTRS28059; SLCC1; .NET CLR 2.0.50727; eSobiSubscriber 2.0.4.16; .NET CLR 3.5.30729; .NET CLR 3.0.30618; InfoPath.2; .NET4.0C)"
95.239.11.254 - - [25/Jan/2011:10:07:09 +0100] "GET /favicon.ico HTTP/1.1" 200 1406 "-" "Mozilla/4.0 (compatible; MSIE 8.0; Windows NT 6.0; Trident/4.0; BTRS28059; SLCC1; .NET CLR 2.0.50727; eSobiSubscriber 2.0.4.16; .NET CLR 3.5.30729; .NET CLR 3.0.30618; InfoPath.2; .NET4.0C)"
79.51.85.160 - - [25/Jan/2011:10:07:12 +0100] "GET /attivita-in-vendita/a3357.html HTTP/1.1" 200 2678 "http://www.aziendaitalia.com/attivita-in-vendita/ristoranti-bar_a-milano_c21_p6.html" "Mozilla/5.0 (Macintosh; U; Intel Mac OS X 10_6_4; it-it) AppleWebKit/533.16 (KHTML, like Gecko) Version/5.0 Safari/533.16"
79.51.85.160 - - [25/Jan/2011:10:07:13 +0100] "GET /css/style.css HTTP/1.1" 200 3366 "http://www.aziendaitalia.com/attivita-in-vendita/a3357.html" "Mozilla/5.0 (Macintosh; U; Intel Mac OS X 10_6_4; it-it) AppleWebKit/533.16 (KHTML, like Gecko) Version/5.0 Safari/533.16"
79.51.85.160 - - [25/Jan/2011:10:07:13 +0100] "GET /img/thumb/phpThumb.php?src=/admin/img/1284111119_9246-9577H-D.jpg&w=148&h=138&zc=1&q=90 HTTP/1.1" 200 7139 "http://www.aziendaitalia.com/attivita-in-vendita/a3357.html" "Mozilla/5.0 (Macintosh; U; Intel Mac OS X 10_6_4; it-it) AppleWebKit/533.16 (KHTML, like Gecko) Version/5.0 Safari/533.16"
79.51.85.160 - - [25/Jan/2011:10:07:13 +0100] "GET /img/thumb/phpThumb.php?src=/admin/img/1284111106_9246-9577H-A.jpg&w=148&h=138&zc=1&q=90 HTTP/1.1" 200 7980 "http://www.aziendaitalia.com/attivita-in-vendita/a3357.html" "Mozilla/5.0 (Macintosh; U; Intel Mac OS X 10_6_4; it-it) AppleWebKit/533.16 (KHTML, like Gecko) Version/5.0 Safari/533.16"
79.51.85.160 - - [25/Jan/2011:10:07:13 +0100] "GET /img/thumb/phpThumb.php?src=/admin/img/1284111109_9246-9577H-B.jpg&w=148&h=138&zc=1&q=90 HTTP/1.1" 200 7708 "http://www.aziendaitalia.com/attivita-in-vendita/a3357.html" "Mozilla/5.0 (Macintosh; U; Intel Mac OS X 10_6_4; it-it) AppleWebKit/533.16 (KHTML, like Gecko) Version/5.0 Safari/533.16"
79.51.85.160 - - [25/Jan/2011:10:07:13 +0100] "GET /img/thumb/phpThumb.php?src=/admin/img/1284111113_9246-9577H-C.jpg&w=148&h=138&zc=1&q=90 HTTP/1.1" 200 7501 "http://www.aziendaitalia.com/attivita-in-vendita/a3357.html" "Mozilla/5.0 (Macintosh; U; Intel Mac OS X 10_6_4; it-it) AppleWebKit/533.16 (KHTML, like Gecko) Version/5.0 Safari/533.16"
151.90.254.207 - - [25/Jan/2011:10:07:16 +0100] "GET /attivita-in-vendita/lazio_r7.html?page=10 HTTP/1.0" 200 4219 "http://www.aziendaitalia.com/attivita-in-vendita/lazio_r7.html?page=9" "Mozilla/4.0 (compatible; MSIE 8.0; Windows NT 5.1; Trident/4.0; .NET CLR 1.1.4322; .NET CLR 2.0.50727; .NET CLR 3.0.4506.2152; .NET CLR 3.5.30729)"
151.90.254.207 - - [25/Jan/2011:10:07:21 +0100] "GET /attivita-in-vendita/a1668.html HTTP/1.0" 200 2707 "http://www.aziendaitalia.com/attivita-in-vendita/lazio_r7.html?page=10" "Mozilla/4.0 (compatible; MSIE 8.0; Windows NT 5.1; Trident/4.0; .NET CLR 1.1.4322; .NET CLR 2.0.50727; .NET CLR 3.0.4506.2152; .NET CLR 3.5.30729)"
178.154.161.29 - - [25/Jan/2011:10:07:21 +0100] "GET /attivita-in-vendita/commercio-ferramenta-materiale-costruzioni-giardinaggio_a-avellino_c2_p88.html HTTP/1.1" 200 2700 "-" "Mozilla/5.0 (compatible; YandexBot/3.0; +http://yandex.com/bots)"
151.90.254.207 - - [25/Jan/2011:10:07:34 +0100] "GET /attivita-in-vendita/a1496.html HTTP/1.0" 200 2730 "http://www.aziendaitalia.com/attivita-in-vendita/lazio_r7.html?page=10" "Mozilla/4.0 (compatible; MSIE 8.0; Windows NT 5.1; Trident/4.0; .NET CLR 1.1.4322; .NET CLR 2.0.50727; .NET CLR 3.0.4506.2152; .NET CLR 3.5.30729)"
151.90.254.207 - - [25/Jan/2011:10:07:35 +0100] "GET /img/thumb/phpThumb.php?src=/admin/img/1279876525_569-2974D-b.gif&w=148&h=138&zc=1&q=90 HTTP/1.0" 200 9414 "http://www.aziendaitalia.com/attivita-in-vendita/a1496.html" "Mozilla/4.0 (compatible; MSIE 8.0; Windows NT 5.1; Trident/4.0; .NET CLR 1.1.4322; .NET CLR 2.0.50727; .NET CLR 3.0.4506.2152; .NET CLR 3.5.30729)"
151.90.254.207 - - [25/Jan/2011:10:07:35 +0100] "GET /img/thumb/phpThumb.php?src=/admin/img/1279876533_569-2974D-d.gif&w=148&h=138&zc=1&q=90 HTTP/1.0" 200 8705 "http://www.aziendaitalia.com/attivita-in-vendita/a1496.html" "Mozilla/4.0 (compatible; MSIE 8.0; Windows NT 5.1; Trident/4.0; .NET CLR 1.1.4322; .NET CLR 2.0.50727; .NET CLR 3.0.4506.2152; .NET CLR 3.5.30729)"
151.90.254.207 - - [25/Jan/2011:10:07:35 +0100] "GET /img/thumb/phpThumb.php?src=/admin/img/1279876520_569-2974D-a.gif&w=148&h=138&zc=1&q=90 HTTP/1.0" 200 8216 "http://www.aziendaitalia.com/attivita-in-vendita/a1496.html" "Mozilla/4.0 (compatible; MSIE 8.0; Windows NT 5.1; Trident/4.0; .NET CLR 1.1.4322; .NET CLR 2.0.50727; .NET CLR 3.0.4506.2152; .NET CLR 3.5.30729)"
151.90.254.207 - - [25/Jan/2011:10:07:35 +0100] "GET /img/thumb/phpThumb.php?src=/admin/img/1279876529_569-2974D-c.gif&w=148&h=138&zc=1&q=90 HTTP/1.0" 200 8254 "http://www.aziendaitalia.com/attivita-in-vendita/a1496.html" "Mozilla/4.0 (compatible; MSIE 8.0; Windows NT 5.1; Trident/4.0; .NET CLR 1.1.4322; .NET CLR 2.0.50727; .NET CLR 3.0.4506.2152; .NET CLR 3.5.30729)"
194.20.78.32 - - [25/Jan/2011:10:07:37 +0100] "GET /js/general.js HTTP/1.1" 304 - "-" "Mozilla/4.0 (compatible;)"
79.51.85.160 - - [25/Jan/2011:10:07:40 +0100] "GET /attivita-in-vendita/a3448.html HTTP/1.1" 200 2674 "http://www.aziendaitalia.com/attivita-in-vendita/ristoranti-bar_a-milano_c21_p6.html" "Mozilla/5.0 (Macintosh; U; Intel Mac OS X 10_6_4; it-it) AppleWebKit/533.16 (KHTML, like Gecko) Version/5.0 Safari/533.16"
79.51.85.160 - - [25/Jan/2011:10:07:41 +0100] "GET /css/style.css HTTP/1.1" 200 3366 "http://www.aziendaitalia.com/attivita-in-vendita/a3448.html" "Mozilla/5.0 (Macintosh; U; Intel Mac OS X 10_6_4; it-it) AppleWebKit/533.16 (KHTML, like Gecko) Version/5.0 Safari/533.16"
109.115.162.221 - - [25/Jan/2011:10:07:53 +0100] "GET /attivita-in-vendita/?gclid=CNHB_-mA1aYCFUEOfAod7Vj_Mw HTTP/1.1" 200 2323 "http://www.google.com/aclk?sa=l&ai=CgKnns5I-TfTbPIKMOpnrnSPD-prUAbuIhrAXnY7TxykIABABIIyT9hEoA1DWiJ27BmD9opqElBKgAYOcof4DyAEBqQJHlDRGfee2PqoEG0_QlLSfQuvWJW7sQKXuGUFJjsh2BUP0GtmcwYAFkE4&sig=AGiWqtxcPA7gPwCfdSuqrQ9MHVLHymT35A&adurl=http://www.aziendaitalia.com/attivita-in-vendita/&rct=j&q=compro%20aziende%20che%20cedono%20attivit%C3%A0" "Mozilla/5.0 (Windows; U; Windows NT 6.1; en-US) AppleWebKit/534.10 (KHTML, like Gecko) Chrome/8.0.552.237 Safari/534.10"
109.115.162.221 - - [25/Jan/2011:10:07:54 +0100] "GET /css/style.css HTTP/1.1" 200 3366 "http://www.aziendaitalia.com/attivita-in-vendita/?gclid=CNHB_-mA1aYCFUEOfAod7Vj_Mw" "Mozilla/5.0 (Windows; U; Windows NT 6.1; en-US) AppleWebKit/534.10 (KHTML, like Gecko) Chrome/8.0.552.237 Safari/534.10"
109.115.162.221 - - [25/Jan/2011:10:07:54 +0100] "GET /js/general.js HTTP/1.1" 200 5776 "http://www.aziendaitalia.com/attivita-in-vendita/?gclid=CNHB_-mA1aYCFUEOfAod7Vj_Mw" "Mozilla/5.0 (Windows; U; Windows NT 6.1; en-US) AppleWebKit/534.10 (KHTML, like Gecko) Chrome/8.0.552.237 Safari/534.10"
109.115.162.221 - - [25/Jan/2011:10:07:54 +0100] "GET /js/jquery-1.4.2.min.js HTTP/1.1" 200 72174 "http://www.aziendaitalia.com/attivita-in-vendita/?gclid=CNHB_-mA1aYCFUEOfAod7Vj_Mw" "Mozilla/5.0 (Windows; U; Windows NT 6.1; en-US) AppleWebKit/534.10 (KHTML, like Gecko) Chrome/8.0.552.237 Safari/534.10"
72.5.230.111 - - [25/Jan/2011:10:07:55 +0100] "HEAD / HTTP/1.1" 200 - "-" "Site 24 X 7"
84.227.40.215 - - [25/Jan/2011:10:07:56 +0100] "GET /cedere-ristoranti.php?gclid=CLfBgeuA1aYCFUYifAodO3vwMw HTTP/1.1" 200 3922 "http://www.google.ch/aclk?sa=l&ai=C9jre2pI-TfavF8eKOt7OjR7D-prUAeP7kbAYovy-CQgAEAIoA1Cd8KaL-_____8BYPW9xoHMBKABg5yh_gPIAQGpAkeUNEZ957Y-qgQbT9CAFSmdDRYqMQA1PzxvLUwiaxQexHHMm3dU&sig=AGiWqtzmAdSVMg5JdwKKTSt9_3YyOaVDnA&adurl=http://www.aziendaitalia.com/cedere-ristoranti.php&rct=j&q=ristoranti%20pizzeria%20in%20vendita%20in%20lugano%20ticino" "Mozilla/4.0 (compatible; MSIE 8.0; Windows NT 5.1; Trident/4.0; GTB6.6)"
109.115.162.221 - - [25/Jan/2011:10:07:56 +0100] "GET /img/layout/header.gif HTTP/1.1" 200 15655 "http://www.aziendaitalia.com/attivita-in-vendita/?gclid=CNHB_-mA1aYCFUEOfAod7Vj_Mw" "Mozilla/5.0 (Windows; U; Windows NT 6.1; en-US) AppleWebKit/534.10 (KHTML, like Gecko) Chrome/8.0.552.237 Safari/534.10"
109.115.162.221 - - [25/Jan/2011:10:07:56 +0100] "GET /img/layout/menubar.gif HTTP/1.1" 200 1302 "http://www.aziendaitalia.com/attivita-in-vendita/?gclid=CNHB_-mA1aYCFUEOfAod7Vj_Mw" "Mozilla/5.0 (Windows; U; Windows NT 6.1; en-US) AppleWebKit/534.10 (KHTML, like Gecko) Chrome/8.0.552.237 Safari/534.10"
109.115.162.221 - - [25/Jan/2011:10:07:56 +0100] "GET /img/layout/bg_wrapper_sub.gif HTTP/1.1" 200 102 "http://www.aziendaitalia.com/attivita-in-vendita/?gclid=CNHB_-mA1aYCFUEOfAod7Vj_Mw" "Mozilla/5.0 (Windows; U; Windows NT 6.1; en-US) AppleWebKit/534.10 (KHTML, like Gecko) Chrome/8.0.552.237 Safari/534.10"
84.227.40.215 - - [25/Jan/2011:10:07:56 +0100] "GET /css/style.css HTTP/1.1" 200 3366 "http://www.aziendaitalia.com/cedere-ristoranti.php?gclid=CLfBgeuA1aYCFUYifAodO3vwMw" "Mozilla/4.0 (compatible; MSIE 8.0; Windows NT 5.1; Trident/4.0; GTB6.6)"
109.115.162.221 - - [25/Jan/2011:10:07:56 +0100] "GET /img/layout/bg_sidebar_separator.gif HTTP/1.1" 200 106 "http://www.aziendaitalia.com/attivita-in-vendita/?gclid=CNHB_-mA1aYCFUEOfAod7Vj_Mw" "Mozilla/5.0 (Windows; U; Windows NT 6.1; en-US) AppleWebKit/534.10 (KHTML, like Gecko) Chrome/8.0.552.237 Safari/534.10"
109.115.162.221 - - [25/Jan/2011:10:07:56 +0100] "GET /img/layout/dot.png HTTP/1.1" 200 2899 "http://www.aziendaitalia.com/attivita-in-vendita/?gclid=CNHB_-mA1aYCFUEOfAod7Vj_Mw" "Mozilla/5.0 (Windows; U; Windows NT 6.1; en-US) AppleWebKit/534.10 (KHTML, like Gecko) Chrome/8.0.552.237 Safari/534.10"
109.115.162.221 - - [25/Jan/2011:10:07:56 +0100] "GET /img/thumb/phpThumb.php?src=/admin/img/1295368730_5945-6289D-A.JPG&w=148&h=138&zc=1&q=90 HTTP/1.1" 200 9397 "http://www.aziendaitalia.com/attivita-in-vendita/?gclid=CNHB_-mA1aYCFUEOfAod7Vj_Mw" "Mozilla/5.0 (Windows; U; Windows NT 6.1; en-US) AppleWebKit/534.10 (KHTML, like Gecko) Chrome/8.0.552.237 Safari/534.10"
84.227.40.215 - - [25/Jan/2011:10:07:56 +0100] "GET /js/jquery-1.4.2.min.js HTTP/1.1" 200 72174 "http://www.aziendaitalia.com/cedere-ristoranti.php?gclid=CLfBgeuA1aYCFUYifAodO3vwMw" "Mozilla/4.0 (compatible; MSIE 8.0; Windows NT 5.1; Trident/4.0; GTB6.6)"
109.115.162.221 - - [25/Jan/2011:10:07:56 +0100] "GET /img/thumb/phpThumb.php?src=/admin/img/1284121274_8018-5308G-A.JPG&w=148&h=138&zc=1&q=90 HTTP/1.1" 200 7134 "http://www.aziendaitalia.com/attivita-in-vendita/?gclid=CNHB_-mA1aYCFUEOfAod7Vj_Mw" "Mozilla/5.0 (Windows; U; Windows NT 6.1; en-US) AppleWebKit/534.10 (KHTML, like Gecko) Chrome/8.0.552.237 Safari/534.10"
109.115.162.221 - - [25/Jan/2011:10:07:56 +0100] "GET /img/thumb/phpThumb.php?src=/admin/img/1283511116_5135-4001Y-A.JPG&w=148&h=138&zc=1&q=90 HTTP/1.1" 200 9692 "http://www.aziendaitalia.com/attivita-in-vendita/?gclid=CNHB_-mA1aYCFUEOfAod7Vj_Mw" "Mozilla/5.0 (Windows; U; Windows NT 6.1; en-US) AppleWebKit/534.10 (KHTML, like Gecko) Chrome/8.0.552.237 Safari/534.10"
84.227.40.215 - - [25/Jan/2011:10:07:57 +0100] "GET /js/general.js HTTP/1.1" 200 5776 "http://www.aziendaitalia.com/cedere-ristoranti.php?gclid=CLfBgeuA1aYCFUYifAodO3vwMw" "Mozilla/4.0 (compatible; MSIE 8.0; Windows NT 5.1; Trident/4.0; GTB6.6)"
84.227.40.215 - - [25/Jan/2011:10:07:57 +0100] "GET /img/icona-ristoranti-bar.jpg HTTP/1.1" 200 74379 "http://www.aziendaitalia.com/cedere-ristoranti.php?gclid=CLfBgeuA1aYCFUYifAodO3vwMw" "Mozilla/4.0 (compatible; MSIE 8.0; Windows NT 5.1; Trident/4.0; GTB6.6)"
84.227.40.215 - - [25/Jan/2011:10:07:57 +0100] "GET /img/layout/menubar.gif HTTP/1.1" 200 1302 "http://www.aziendaitalia.com/cedere-ristoranti.php?gclid=CLfBgeuA1aYCFUYifAodO3vwMw" "Mozilla/4.0 (compatible; MSIE 8.0; Windows NT 5.1; Trident/4.0; GTB6.6)"
109.115.162.221 - - [25/Jan/2011:10:07:57 +0100] "GET /favicon.ico HTTP/1.1" 200 1406 "-" "Mozilla/5.0 (Windows; U; Windows NT 6.1; en-US) AppleWebKit/534.10 (KHTML, like Gecko) Chrome/8.0.552.237 Safari/534.10"
84.227.40.215 - - [25/Jan/2011:10:07:57 +0100] "GET /img/layout/header.gif HTTP/1.1" 200 15655 "http://www.aziendaitalia.com/cedere-ristoranti.php?gclid=CLfBgeuA1aYCFUYifAodO3vwMw" "Mozilla/4.0 (compatible; MSIE 8.0; Windows NT 5.1; Trident/4.0; GTB6.6)"
84.227.40.215 - - [25/Jan/2011:10:07:57 +0100] "GET /img/layout/bg_sidebar_separator.gif HTTP/1.1" 200 106 "http://www.aziendaitalia.com/cedere-ristoranti.php?gclid=CLfBgeuA1aYCFUYifAodO3vwMw" "Mozilla/4.0 (compatible; MSIE 8.0; Windows NT 5.1; Trident/4.0; GTB6.6)"
84.227.40.215 - - [25/Jan/2011:10:07:57 +0100] "GET /img/layout/bg_wrapper_sub.gif HTTP/1.1" 200 102 "http://www.aziendaitalia.com/cedere-ristoranti.php?gclid=CLfBgeuA1aYCFUYifAodO3vwMw" "Mozilla/4.0 (compatible; MSIE 8.0; Windows NT 5.1; Trident/4.0; GTB6.6)"
84.227.40.215 - - [25/Jan/2011:10:07:58 +0100] "GET /favicon.ico HTTP/1.1" 200 1406 "-" "Mozilla/4.0 (compatible; MSIE 8.0; Windows NT 5.1; Trident/4.0; GTB6.6)"
79.51.85.160 - - [25/Jan/2011:10:08:01 +0100] "GET /attivita-in-vendita/a3641.html HTTP/1.1" 200 2547 "http://www.aziendaitalia.com/attivita-in-vendita/ristoranti-bar_a-milano_c21_p6.html" "Mozilla/5.0 (Macintosh; U; Intel Mac OS X 10_6_4; it-it) AppleWebKit/533.16 (KHTML, like Gecko) Version/5.0 Safari/533.16"
79.51.85.160 - - [25/Jan/2011:10:08:01 +0100] "GET /css/style.css HTTP/1.1" 200 3366 "http://www.aziendaitalia.com/attivita-in-vendita/a3641.html" "Mozilla/5.0 (Macintosh; U; Intel Mac OS X 10_6_4; it-it) AppleWebKit/533.16 (KHTML, like Gecko) Version/5.0 Safari/533.16"
109.115.162.221 - - [25/Jan/2011:10:08:07 +0100] "GET /attivita-in-vendita/rivendita-negozi_m2.html HTTP/1.1" 200 3793 "http://www.aziendaitalia.com/attivita-in-vendita/?gclid=CNHB_-mA1aYCFUEOfAod7Vj_Mw" "Mozilla/5.0 (Windows; U; Windows NT 6.1; en-US) AppleWebKit/534.10 (KHTML, like Gecko) Chrome/8.0.552.237 Safari/534.10"
151.90.254.207 - - [25/Jan/2011:10:08:08 +0100] "GET /img/layout/italia/italyisles.gif HTTP/1.0" 200 3919 "http://www.aziendaitalia.com/attivita-in-vendita/lazio_r7.html" "Mozilla/4.0 (compatible; MSIE 8.0; Windows NT 5.1; Trident/4.0; .NET CLR 1.1.4322; .NET CLR 2.0.50727; .NET CLR 3.0.4506.2152; .NET CLR 3.5.30729)"
109.115.162.221 - - [25/Jan/2011:10:08:11 +0100] "GET /attivita-in-vendita/commercio-arredamento-articoli-per-la-casa_c6.html HTTP/1.1" 200 4013 "http://www.aziendaitalia.com/attivita-in-vendita/rivendita-negozi_m2.html" "Mozilla/5.0 (Windows; U; Windows NT 6.1; en-US) AppleWebKit/534.10 (KHTML, like Gecko) Chrome/8.0.552.237 Safari/534.10"
88.49.99.187 - - [25/Jan/2011:10:08:13 +0100] "GET /rilevare-attivita/?gclid=CPTPwvOA1aYCFQUTfAodkE3sMw HTTP/1.1" 200 3709 "http://www.google.it/aclk?sa=l&ai=CfU8Wt5I-TZGuOoib-QaF2bGtA8P6mtQBw6n-rxfs_r4JCAAQASgDUIKDzvL9_____wFg_ZKlhPASoAGDnKH-A8gBAakC7BMlAajytj6qBBtP0FqouaoD7Frd0A1b3fEIZRXBQqZx8VIQxJc&sig=AGiWqtwU4FGY4UczZ7-DPjDDNX0GiTVLXQ&adurl=http://www.aziendaitalia.com/rilevare-attivita/&rct=j&q=nuove%20attivit%C3%A0%20" "Mozilla/4.0 (compatible; MSIE 8.0; Windows NT 5.1; Trident/4.0)"
159.213.90.51 - - [25/Jan/2011:10:08:15 +0100] "GET / HTTP/1.1" 200 2648 "http://www.google.it/search?q=aziendaitalia&ie=utf-8&oe=utf-8&aq=t&rls=org.mozilla:it:official&client=firefox-a" "Mozilla/5.0 (Windows; U; Windows NT 6.1; it; rv:1.9.1.16) Gecko/20101130 Firefox/3.5.16"
217.12.177.94 - - [25/Jan/2011:10:08:16 +0100] "GET /rilevare-attivita/?gclid=CNbe_PSA1aYCFYIlfAod_grLOQ HTTP/1.1" 200 3710 "http://www.google.com/aclk?sa=l&ai=C8WqU-5I-TbafL8L7sgbRyuk_w_qa1AHDqf6vF-z-vgkIABABKANQgoPO8v3_____AWD90rGEsBOgAYOcof4DyAEBqQLsEyUBqPK2PqoEG0_Qe3oIP0W-RowHUUiCiIbayHJP7Pn_0CNDUA&sig=AGiWqtxCO2fXJ0wrZnzXYsb3uG3SnuB10g&adurl=http://www.aziendaitalia.com/rilevare-attivita/&rct=j&q=attivita%27commerciali%20in%20vendita%20vicenza%20e%20provincia" "Mozilla/5.0 (Windows; U; Windows NT 5.1; it; rv:1.9.2.13) Gecko/20101203 Firefox/3.6.13"
217.12.177.94 - - [25/Jan/2011:10:08:16 +0100] "GET /css/style.css HTTP/1.1" 200 3366 "http://www.aziendaitalia.com/rilevare-attivita/?gclid=CNbe_PSA1aYCFYIlfAod_grLOQ" "Mozilla/5.0 (Windows; U; Windows NT 5.1; it; rv:1.9.2.13) Gecko/20101203 Firefox/3.6.13"
217.12.177.94 - - [25/Jan/2011:10:08:16 +0100] "GET /js/jquery-1.4.2.min.js HTTP/1.1" 200 72174 "http://www.aziendaitalia.com/rilevare-attivita/?gclid=CNbe_PSA1aYCFYIlfAod_grLOQ" "Mozilla/5.0 (Windows; U; Windows NT 5.1; it; rv:1.9.2.13) Gecko/20101203 Firefox/3.6.13"
217.12.177.94 - - [25/Jan/2011:10:08:19 +0100] "GET /js/general.js HTTP/1.1" 200 5776 "http://www.aziendaitalia.com/rilevare-attivita/?gclid=CNbe_PSA1aYCFYIlfAod_grLOQ" "Mozilla/5.0 (Windows; U; Windows NT 5.1; it; rv:1.9.2.13) Gecko/20101203 Firefox/3.6.13"
217.12.177.94 - - [25/Jan/2011:10:08:20 +0100] "GET /img/layout/bg_wrapper_sub.gif HTTP/1.1" 200 102 "http://www.aziendaitalia.com/css/style.css" "Mozilla/5.0 (Windows; U; Windows NT 5.1; it; rv:1.9.2.13) Gecko/20101203 Firefox/3.6.13"
217.12.177.94 - - [25/Jan/2011:10:08:20 +0100] "GET /img/layout/header.gif HTTP/1.1" 200 15655 "http://www.aziendaitalia.com/css/style.css" "Mozilla/5.0 (Windows; U; Windows NT 5.1; it; rv:1.9.2.13) Gecko/20101203 Firefox/3.6.13"
217.12.177.94 - - [25/Jan/2011:10:08:20 +0100] "GET /img/layout/menubar.gif HTTP/1.1" 200 1302 "http://www.aziendaitalia.com/css/style.css" "Mozilla/5.0 (Windows; U; Windows NT 5.1; it; rv:1.9.2.13) Gecko/20101203 Firefox/3.6.13"
217.12.177.94 - - [25/Jan/2011:10:08:20 +0100] "GET /img/layout/bg_sidebar_separator.gif HTTP/1.1" 200 106 "http://www.aziendaitalia.com/css/style.css" "Mozilla/5.0 (Windows; U; Windows NT 5.1; it; rv:1.9.2.13) Gecko/20101203 Firefox/3.6.13"
217.12.177.94 - - [25/Jan/2011:10:08:21 +0100] "GET /favicon.ico HTTP/1.1" 200 1406 "-" "Mozilla/5.0 (Windows; U; Windows NT 5.1; it; rv:1.9.2.13) Gecko/20101203 Firefox/3.6.13"
79.20.214.124 - - [25/Jan/2011:10:08:48 +0100] "GET /attivita/affiliati-tecnocasa-attivita-commerciali.htm HTTP/1.1" 200 2284 "http://www.google.it/url?sa=t&source=web&cd=3&sqi=2&ved=0CEAQFjAC&url=http%3A%2F%2Fwww.aziendaitalia.com%2Fattivita%2Faffiliati-tecnocasa-attivita-commerciali.htm&rct=j&q=tecnocasa%20attivit%C3%A0%20commerciali&ei=DJM-TZa7K5GVswaM6snaBA&usg=AFQjCNEgCnSzv7cCzHXP2ABkdta8MQJsyw&sig2=Z6CXTW1lY044ASttMl5RQA" "Mozilla/5.0 (Windows; U; Windows NT 6.0; it; rv:1.9.2.13) Gecko/20101203 Firefox/3.6.13 ( .NET CLR 3.5.30729; .NET4.0C)"
79.20.214.124 - - [25/Jan/2011:10:08:49 +0100] "GET /attivita/images/rigasopra.gif HTTP/1.1" 200 171 "http://www.aziendaitalia.com/attivita/affiliati-tecnocasa-attivita-commerciali.htm" "Mozilla/5.0 (Windows; U; Windows NT 6.0; it; rv:1.9.2.13) Gecko/20101203 Firefox/3.6.13 ( .NET CLR 3.5.30729; .NET4.0C)"
79.20.214.124 - - [25/Jan/2011:10:08:49 +0100] "GET /attivita/images/barrona2.gif HTTP/1.1" 200 19345 "http://www.aziendaitalia.com/attivita/affiliati-tecnocasa-attivita-commerciali.htm" "Mozilla/5.0 (Windows; U; Windows NT 6.0; it; rv:1.9.2.13) Gecko/20101203 Firefox/3.6.13 ( .NET CLR 3.5.30729; .NET4.0C)"
79.20.214.124 - - [25/Jan/2011:10:08:49 +0100] "GET /attivita/images/indirizzo.gif HTTP/1.1" 200 4022 "http://www.aziendaitalia.com/attivita/affiliati-tecnocasa-attivita-commerciali.htm" "Mozilla/5.0 (Windows; U; Windows NT 6.0; it; rv:1.9.2.13) Gecko/20101203 Firefox/3.6.13 ( .NET CLR 3.5.30729; .NET4.0C)"
79.20.214.124 - - [25/Jan/2011:10:08:49 +0100] "GET /attivita/images/loghetto.gif HTTP/1.1" 200 6105 "http://www.aziendaitalia.com/attivita/affiliati-tecnocasa-attivita-commerciali.htm" "Mozilla/5.0 (Windows; U; Windows NT 6.0; it; rv:1.9.2.13) Gecko/20101203 Firefox/3.6.13 ( .NET CLR 3.5.30729; .NET4.0C)"
79.20.214.124 - - [25/Jan/2011:10:08:49 +0100] "GET /attivita/images/barrona1.gif HTTP/1.1" 200 25108 "http://www.aziendaitalia.com/attivita/affiliati-tecnocasa-attivita-commerciali.htm" "Mozilla/5.0 (Windows; U; Windows NT 6.0; it; rv:1.9.2.13) Gecko/20101203 Firefox/3.6.13 ( .NET CLR 3.5.30729; .NET4.0C)"
79.20.214.124 - - [25/Jan/2011:10:08:50 +0100] "GET /attivita/images/bg.gif HTTP/1.1" 200 48 "http://www.aziendaitalia.com/attivita/affiliati-tecnocasa-attivita-commerciali.htm" "Mozilla/5.0 (Windows; U; Windows NT 6.0; it; rv:1.9.2.13) Gecko/20101203 Firefox/3.6.13 ( .NET CLR 3.5.30729; .NET4.0C)"
79.20.214.124 - - [25/Jan/2011:10:08:50 +0100] "GET /favicon.ico HTTP/1.1" 200 1406 "-" "Mozilla/5.0 (Windows; U; Windows NT 6.0; it; rv:1.9.2.13) Gecko/20101203 Firefox/3.6.13 ( .NET CLR 3.5.30729; .NET4.0C)"
87.5.255.224 - - [25/Jan/2011:10:08:52 +0100] "GET /attivita-in-vendita/?gclid=CKGfpYaB1aYCFYMTfAod81fvMw HTTP/1.1" 200 2323 "http://www.google.it/search?sourceid=navclient&aq=0h&oq=vende&hl=it&ie=UTF-8&rlz=1T4ADSA_itIT382IT383&q=vendere+attivita" "Mozilla/4.0 (compatible; MSIE 7.0; Windows NT 6.0; FunWebProducts; GTB6.6; SIMBAR={9A71AA84-A9C9-4367-BB4C-621E386A60F1}; SLCC1; .NET CLR 2.0.50727; Media Center PC 5.0; InfoPath.2; .NET CLR 3.5.30729; .NET CLR 3.0.30618; AskTbBT5/5.9.1.14019)"
87.5.255.224 - - [25/Jan/2011:10:08:52 +0100] "GET /css/style.css HTTP/1.1" 200 3366 "http://www.aziendaitalia.com/attivita-in-vendita/?gclid=CKGfpYaB1aYCFYMTfAod81fvMw" "Mozilla/4.0 (compatible; MSIE 7.0; Windows NT 6.0; FunWebProducts; GTB6.6; SIMBAR={9A71AA84-A9C9-4367-BB4C-621E386A60F1}; SLCC1; .NET CLR 2.0.50727; Media Center PC 5.0; InfoPath.2; .NET CLR 3.5.30729; .NET CLR 3.0.30618; AskTbBT5/5.9.1.14019)"
87.5.255.224 - - [25/Jan/2011:10:08:52 +0100] "GET /js/jquery-1.4.2.min.js HTTP/1.1" 200 72174 "http://www.aziendaitalia.com/attivita-in-vendita/?gclid=CKGfpYaB1aYCFYMTfAod81fvMw" "Mozilla/4.0 (compatible; MSIE 7.0; Windows NT 6.0; FunWebProducts; GTB6.6; SIMBAR={9A71AA84-A9C9-4367-BB4C-621E386A60F1}; SLCC1; .NET CLR 2.0.50727; Media Center PC 5.0; InfoPath.2; .NET CLR 3.5.30729; .NET CLR 3.0.30618; AskTbBT5/5.9.1.14019)"
