66.249.71.212 - - [25/Jan/2011:10:40:40 +0100] "GET /attivita-in-vendita/bed-breakfast_isole_s153_mr4.html?page=31 HTTP/1.1" 200 2362 "-" "Mozilla/5.0 (compatible; Googlebot/2.1; +http://www.google.com/bot.html)"
178.154.161.29 - - [25/Jan/2011:10:40:48 +0100] "GET /attivita-in-vendita/industria-maglieria-produzione-ingrosso_italia_s364_n1.html HTTP/1.1" 200 3366 "-" "Mozilla/5.0 (compatible; YandexBot/3.0; +http://yandex.com/bots)"
72.5.230.111 - - [25/Jan/2011:10:41:00 +0100] "HEAD / HTTP/1.1" 200 - "-" "Site 24 X 7"
95.225.47.224 - - [25/Jan/2011:10:41:04 +0100] "GET /attivita-in-vendita/cerca-tabaccherie.html HTTP/1.1" 200 1467 "-" "Mozilla/4.0 (compatible; MSIE 6.0; Windows NT 5.1; SV1)"
67.195.115.117 - - [25/Jan/2011:10:41:36 +0100] "GET /attivita-in-vendita/a3715.html HTTP/1.0" 200 2632 "-" "Mozilla/5.0 (compatible; Yahoo! Slurp; http://help.yahoo.com/help/us/ysearch/slurp)"
87.15.127.225 - - [25/Jan/2011:10:41:47 +0100] "GET /cedere-attivita/?gclid=CMmCn7SI1aYCFUEOfAod7Vj_Mw HTTP/1.1" 200 3991 "http://www.google.it/aclk?sa=l&ai=Ch4ofzZo-TfadAYmGOuK9tCDD-prUAfvahrAX-eeqNQgAEAIoA1CJ36q2_v____8BYP2SiYSwEaABg5yh_gPIAQGpAkeUNEZ957Y-qgQbT9DJCqOjZv3YX1WFqvXmnRyXLCdBEFODPRgO&sig=AGiWqtyWSl5n7WvnQCewXCadvLY0n13uQw&adurl=http://www.aziendaitalia.com/cedere-attivita/&rct=j&q=agnzia%20immobiliare%20genova" "Mozilla/4.0 (compatible; MSIE 8.0; Windows NT 5.1; Trident/4.0; .NET CLR 2.0.50727; .NET CLR 3.0.04506.590; .NET CLR 3.5.20706; InfoPath.2; .NET CLR 3.0.4506.2152; .NET CLR 3.5.30729)"
72.5.230.111 - - [25/Jan/2011:10:42:00 +0100] "HEAD / HTTP/1.1" 200 - "-" "Site 24 X 7"
151.1.220.217 - - [25/Jan/2011:10:42:05 +0100] "GET / HTTP/1.1" 200 7495 "http://www.google.it/search?hl=it&source=hp&q=aziende+in+vendita&meta=&aq=f&aqi=&aql=&oq=" "Mozilla/4.0 (compatible; MSIE 6.0; Windows NT 5.1; SV1; .NET CLR 1.1.4322; .NET CLR 2.0.50727)"
66.249.71.212 - - [25/Jan/2011:10:42:05 +0100] "GET /attivita-in-vendita/a1109.html HTTP/1.1" 200 2538 "-" "Mozilla/5.0 (compatible; Googlebot/2.1; +http://www.google.com/bot.html)"
151.1.220.217 - - [25/Jan/2011:10:42:06 +0100] "GET /css/style.css HTTP/1.1" 200 13313 "http://www.aziendaitalia.com/" "Mozilla/4.0 (compatible; MSIE 6.0; Windows NT 5.1; SV1; .NET CLR 1.1.4322; .NET CLR 2.0.50727)"
151.1.220.217 - - [25/Jan/2011:10:42:06 +0100] "GET /js/jquery-1.4.2.min.js HTTP/1.1" 200 72174 "http://www.aziendaitalia.com/" "Mozilla/4.0 (compatible; MSIE 6.0; Windows NT 5.1; SV1; .NET CLR 1.1.4322; .NET CLR 2.0.50727)"
151.1.220.217 - - [25/Jan/2011:10:42:09 +0100] "GET /js/jquery.pngfix.pack.js HTTP/1.1" 304 - "http://www.aziendaitalia.com/" "Mozilla/4.0 (compatible; MSIE 6.0; Windows NT 5.1; SV1; .NET CLR 1.1.4322; .NET CLR 2.0.50727)"
151.1.220.217 - - [25/Jan/2011:10:42:09 +0100] "GET /js/general.js HTTP/1.1" 304 - "http://www.aziendaitalia.com/" "Mozilla/4.0 (compatible; MSIE 6.0; Windows NT 5.1; SV1; .NET CLR 1.1.4322; .NET CLR 2.0.50727)"
151.1.220.217 - - [25/Jan/2011:10:42:09 +0100] "GET /img/layout/content_bg.gif HTTP/1.1" 304 - "http://www.aziendaitalia.com/" "Mozilla/4.0 (compatible; MSIE 6.0; Windows NT 5.1; SV1; .NET CLR 1.1.4322; .NET CLR 2.0.50727)"
151.1.220.217 - - [25/Jan/2011:10:42:09 +0100] "GET /img/layout/menubar.gif HTTP/1.1" 304 - "http://www.aziendaitalia.com/" "Mozilla/4.0 (compatible; MSIE 6.0; Windows NT 5.1; SV1; .NET CLR 1.1.4322; .NET CLR 2.0.50727)"
151.1.220.217 - - [25/Jan/2011:10:42:10 +0100] "GET /img/layout/bg_button_search.gif HTTP/1.1" 304 - "http://www.aziendaitalia.com/" "Mozilla/4.0 (compatible; MSIE 6.0; Windows NT 5.1; SV1; .NET CLR 1.1.4322; .NET CLR 2.0.50727)"
151.1.220.217 - - [25/Jan/2011:10:42:10 +0100] "GET /img/layout/header.gif HTTP/1.1" 304 - "http://www.aziendaitalia.com/" "Mozilla/4.0 (compatible; MSIE 6.0; Windows NT 5.1; SV1; .NET CLR 1.1.4322; .NET CLR 2.0.50727)"
151.1.220.217 - - [25/Jan/2011:10:42:10 +0100] "GET /img/layout/tooltip.png HTTP/1.1" 304 - "http://www.aziendaitalia.com/" "Mozilla/4.0 (compatible; MSIE 6.0; Windows NT 5.1; SV1; .NET CLR 1.1.4322; .NET CLR 2.0.50727)"
151.1.220.217 - - [25/Jan/2011:10:42:10 +0100] "GET /img/layout/bg_homepage_category_buttons.gif HTTP/1.1" 304 - "http://www.aziendaitalia.com/" "Mozilla/4.0 (compatible; MSIE 6.0; Windows NT 5.1; SV1; .NET CLR 1.1.4322; .NET CLR 2.0.50727)"
151.1.220.217 - - [25/Jan/2011:10:42:17 +0100] "GET /attivita-in-vendita/ HTTP/1.1" 200 6498 "http://www.aziendaitalia.com/" "Mozilla/4.0 (compatible; MSIE 6.0; Windows NT 5.1; SV1; .NET CLR 1.1.4322; .NET CLR 2.0.50727)"
151.1.220.217 - - [25/Jan/2011:10:42:18 +0100] "GET /img/thumb/phpThumb.php?src=/admin/img/1283511116_5135-4001Y-A.JPG&w=148&h=138&zc=1&q=90 HTTP/1.1" 200 9692 "http://www.aziendaitalia.com/attivita-in-vendita/" "Mozilla/4.0 (compatible; MSIE 6.0; Windows NT 5.1; SV1; .NET CLR 1.1.4322; .NET CLR 2.0.50727)"
151.1.220.217 - - [25/Jan/2011:10:42:19 +0100] "GET /img/thumb/phpThumb.php?src=/admin/img/1295368730_5945-6289D-A.JPG&w=148&h=138&zc=1&q=90 HTTP/1.1" 200 9397 "http://www.aziendaitalia.com/attivita-in-vendita/" "Mozilla/4.0 (compatible; MSIE 6.0; Windows NT 5.1; SV1; .NET CLR 1.1.4322; .NET CLR 2.0.50727)"
151.1.220.217 - - [25/Jan/2011:10:42:19 +0100] "GET /img/thumb/phpThumb.php?src=/admin/img/1284121274_8018-5308G-A.JPG&w=148&h=138&zc=1&q=90 HTTP/1.1" 200 7134 "http://www.aziendaitalia.com/attivita-in-vendita/" "Mozilla/4.0 (compatible; MSIE 6.0; Windows NT 5.1; SV1; .NET CLR 1.1.4322; .NET CLR 2.0.50727)"
151.1.220.217 - - [25/Jan/2011:10:42:19 +0100] "GET /img/layout/bg_wrapper_sub.gif HTTP/1.1" 304 - "http://www.aziendaitalia.com/attivita-in-vendita/" "Mozilla/4.0 (compatible; MSIE 6.0; Windows NT 5.1; SV1; .NET CLR 1.1.4322; .NET CLR 2.0.50727)"
151.1.220.217 - - [25/Jan/2011:10:42:19 +0100] "GET /img/layout/bg_sidebar_separator.gif HTTP/1.1" 304 - "http://www.aziendaitalia.com/attivita-in-vendita/" "Mozilla/4.0 (compatible; MSIE 6.0; Windows NT 5.1; SV1; .NET CLR 1.1.4322; .NET CLR 2.0.50727)"
151.1.220.217 - - [25/Jan/2011:10:42:19 +0100] "GET /img/layout/dot.png HTTP/1.1" 304 - "http://www.aziendaitalia.com/attivita-in-vendita/" "Mozilla/4.0 (compatible; MSIE 6.0; Windows NT 5.1; SV1; .NET CLR 1.1.4322; .NET CLR 2.0.50727)"
151.1.220.217 - - [25/Jan/2011:10:42:46 +0100] "GET /immobili-in-vendita/ HTTP/1.1" 200 5500 "http://www.aziendaitalia.com/attivita-in-vendita/" "Mozilla/4.0 (compatible; MSIE 6.0; Windows NT 5.1; SV1; .NET CLR 1.1.4322; .NET CLR 2.0.50727)"
151.1.220.217 - - [25/Jan/2011:10:42:47 +0100] "GET /img/thumb/phpThumb.php?src=/admin/img/1286828696_70279453za.jpg&w=148&h=138&zc=1&q=90 HTTP/1.1" 200 11340 "http://www.aziendaitalia.com/immobili-in-vendita/" "Mozilla/4.0 (compatible; MSIE 6.0; Windows NT 5.1; SV1; .NET CLR 1.1.4322; .NET CLR 2.0.50727)"
151.1.220.217 - - [25/Jan/2011:10:42:47 +0100] "GET /img/thumb/phpThumb.php?src=/admin/img/1285335951_7335-4350X-A.JPG&w=148&h=138&zc=1&q=90 HTTP/1.1" 200 8495 "http://www.aziendaitalia.com/immobili-in-vendita/" "Mozilla/4.0 (compatible; MSIE 6.0; Windows NT 5.1; SV1; .NET CLR 1.1.4322; .NET CLR 2.0.50727)"
151.1.220.217 - - [25/Jan/2011:10:42:47 +0100] "GET /img/thumb/phpThumb.php?src=/admin/img/1284037420_5234-9196A-A.jpg&w=148&h=138&zc=1&q=90 HTTP/1.1" 200 7470 "http://www.aziendaitalia.com/immobili-in-vendita/" "Mozilla/4.0 (compatible; MSIE 6.0; Windows NT 5.1; SV1; .NET CLR 1.1.4322; .NET CLR 2.0.50727)"
67.195.115.117 - - [25/Jan/2011:10:42:57 +0100] "GET /attivita-in-vendita/a3334.html HTTP/1.0" 200 2524 "-" "Mozilla/5.0 (compatible; Yahoo! Slurp; http://help.yahoo.com/help/us/ysearch/slurp)"
151.1.220.217 - - [25/Jan/2011:10:42:59 +0100] "GET /immobili-in-vendita/complessi-industriali-depositi-autonomi_s2.html HTTP/1.1" 200 12170 "http://www.aziendaitalia.com/immobili-in-vendita/" "Mozilla/4.0 (compatible; MSIE 6.0; Windows NT 5.1; SV1; .NET CLR 1.1.4322; .NET CLR 2.0.50727)"
72.5.230.111 - - [25/Jan/2011:10:43:01 +0100] "HEAD / HTTP/1.1" 200 - "-" "Site 24 X 7"
178.154.161.29 - - [25/Jan/2011:10:43:01 +0100] "GET /annunci/nord-italia/novara/5317.htm HTTP/1.1" 200 2721 "-" "Mozilla/5.0 (compatible; YandexBot/3.0; +http://yandex.com/bots)"
66.249.71.212 - - [25/Jan/2011:10:43:20 +0100] "GET /attivita-in-vendita/bed-breakfast_norditalia_s153_mr1.html?page=32 HTTP/1.1" 200 2744 "-" "Mozilla/5.0 (compatible; Googlebot/2.1; +http://www.google.com/bot.html)"
79.28.235.144 - - [25/Jan/2011:10:43:24 +0100] "GET /attivita-in-vendita/?gclid=CJyKuOKI1aYCFUkhfAodiVHyMw HTTP/1.0" 200 2323 "http://www.google.it/search?hl=it&source=hp&q=cedesi+attivit%C3%A0+milano&aq=1&aqi=g10&aql=&oq=cedesi+a" "Mozilla/4.0 (compatible; MSIE 7.0; Windows NT 5.1; .NET CLR 1.1.4322; .NET CLR 2.0.50727)"
79.28.235.144 - - [25/Jan/2011:10:43:25 +0100] "GET /css/style.css HTTP/1.0" 200 3366 "http://www.aziendaitalia.com/attivita-in-vendita/?gclid=CJyKuOKI1aYCFUkhfAodiVHyMw" "Mozilla/4.0 (compatible; MSIE 7.0; Windows NT 5.1; .NET CLR 1.1.4322; .NET CLR 2.0.50727)"
79.28.235.144 - - [25/Jan/2011:10:43:25 +0100] "GET /js/jquery-1.4.2.min.js HTTP/1.0" 200 72174 "http://www.aziendaitalia.com/attivita-in-vendita/?gclid=CJyKuOKI1aYCFUkhfAodiVHyMw" "Mozilla/4.0 (compatible; MSIE 7.0; Windows NT 5.1; .NET CLR 1.1.4322; .NET CLR 2.0.50727)"
79.28.235.144 - - [25/Jan/2011:10:43:25 +0100] "GET /js/general.js HTTP/1.0" 200 5776 "http://www.aziendaitalia.com/attivita-in-vendita/?gclid=CJyKuOKI1aYCFUkhfAodiVHyMw" "Mozilla/4.0 (compatible; MSIE 7.0; Windows NT 5.1; .NET CLR 1.1.4322; .NET CLR 2.0.50727)"
79.28.235.144 - - [25/Jan/2011:10:43:25 +0100] "GET /img/layout/menubar.gif HTTP/1.0" 200 1302 "http://www.aziendaitalia.com/attivita-in-vendita/?gclid=CJyKuOKI1aYCFUkhfAodiVHyMw" "Mozilla/4.0 (compatible; MSIE 7.0; Windows NT 5.1; .NET CLR 1.1.4322; .NET CLR 2.0.50727)"
79.28.235.144 - - [25/Jan/2011:10:43:25 +0100] "GET /img/thumb/phpThumb.php?src=/admin/img/1283511116_5135-4001Y-A.JPG&w=148&h=138&zc=1&q=90 HTTP/1.0" 200 9692 "http://www.aziendaitalia.com/attivita-in-vendita/?gclid=CJyKuOKI1aYCFUkhfAodiVHyMw" "Mozilla/4.0 (compatible; MSIE 7.0; Windows NT 5.1; .NET CLR 1.1.4322; .NET CLR 2.0.50727)"
79.28.235.144 - - [25/Jan/2011:10:43:25 +0100] "GET /img/layout/bg_wrapper_sub.gif HTTP/1.0" 200 102 "http://www.aziendaitalia.com/attivita-in-vendita/?gclid=CJyKuOKI1aYCFUkhfAodiVHyMw" "Mozilla/4.0 (compatible; MSIE 7.0; Windows NT 5.1; .NET CLR 1.1.4322; .NET CLR 2.0.50727)"
79.28.235.144 - - [25/Jan/2011:10:43:25 +0100] "GET /img/thumb/phpThumb.php?src=/admin/img/1295368730_5945-6289D-A.JPG&w=148&h=138&zc=1&q=90 HTTP/1.0" 200 9397 "http://www.aziendaitalia.com/attivita-in-vendita/?gclid=CJyKuOKI1aYCFUkhfAodiVHyMw" "Mozilla/4.0 (compatible; MSIE 7.0; Windows NT 5.1; .NET CLR 1.1.4322; .NET CLR 2.0.50727)"
79.28.235.144 - - [25/Jan/2011:10:43:25 +0100] "GET /img/thumb/phpThumb.php?src=/admin/img/1284121274_8018-5308G-A.JPG&w=148&h=138&zc=1&q=90 HTTP/1.0" 200 7134 "http://www.aziendaitalia.com/attivita-in-vendita/?gclid=CJyKuOKI1aYCFUkhfAodiVHyMw" "Mozilla/4.0 (compatible; MSIE 7.0; Windows NT 5.1; .NET CLR 1.1.4322; .NET CLR 2.0.50727)"
79.28.235.144 - - [25/Jan/2011:10:43:25 +0100] "GET /img/layout/bg_sidebar_separator.gif HTTP/1.0" 200 106 "http://www.aziendaitalia.com/attivita-in-vendita/?gclid=CJyKuOKI1aYCFUkhfAodiVHyMw" "Mozilla/4.0 (compatible; MSIE 7.0; Windows NT 5.1; .NET CLR 1.1.4322; .NET CLR 2.0.50727)"
79.28.235.144 - - [25/Jan/2011:10:43:25 +0100] "GET /img/layout/dot.png HTTP/1.0" 200 2899 "http://www.aziendaitalia.com/attivita-in-vendita/?gclid=CJyKuOKI1aYCFUkhfAodiVHyMw" "Mozilla/4.0 (compatible; MSIE 7.0; Windows NT 5.1; .NET CLR 1.1.4322; .NET CLR 2.0.50727)"
79.28.235.144 - - [25/Jan/2011:10:43:26 +0100] "GET /img/layout/header.gif HTTP/1.0" 200 15655 "http://www.aziendaitalia.com/attivita-in-vendita/?gclid=CJyKuOKI1aYCFUkhfAodiVHyMw" "Mozilla/4.0 (compatible; MSIE 7.0; Windows NT 5.1; .NET CLR 1.1.4322; .NET CLR 2.0.50727)"
79.28.235.144 - - [25/Jan/2011:10:43:26 +0100] "GET /favicon.ico HTTP/1.0" 200 1406 "-" "Mozilla/4.0 (compatible; MSIE 7.0; Windows NT 5.1; .NET CLR 1.1.4322; .NET CLR 2.0.50727)"
79.28.235.144 - - [25/Jan/2011:10:43:32 +0100] "GET /attivita-in-vendita/a-milano_p6.html HTTP/1.0" 200 4640 "http://www.aziendaitalia.com/attivita-in-vendita/?gclid=CJyKuOKI1aYCFUkhfAodiVHyMw" "Mozilla/4.0 (compatible; MSIE 7.0; Windows NT 5.1; .NET CLR 1.1.4322; .NET CLR 2.0.50727)"
79.28.235.144 - - [25/Jan/2011:10:43:32 +0100] "GET /img/layout/italia/italynorth.gif HTTP/1.0" 200 3837 "http://www.aziendaitalia.com/attivita-in-vendita/a-milano_p6.html" "Mozilla/4.0 (compatible; MSIE 7.0; Windows NT 5.1; .NET CLR 1.1.4322; .NET CLR 2.0.50727)"
207.46.13.86 - - [25/Jan/2011:10:43:53 +0100] "GET /attivita-in-vendita/commercio-ferramenta-materiale-costruzioni-giardinaggio_c2.html HTTP/1.1" 200 4108 "-" "Mozilla/5.0 (compatible; bingbot/2.0; +http://www.bing.com/bingbot.htm)"
79.28.235.144 - - [25/Jan/2011:10:43:53 +0100] "GET /attivita-in-vendita/a3676.html HTTP/1.0" 200 2641 "http://www.aziendaitalia.com/attivita-in-vendita/a-milano_p6.html" "Mozilla/4.0 (compatible; MSIE 7.0; Windows NT 5.1; .NET CLR 1.1.4322; .NET CLR 2.0.50727)"
207.46.13.100 - - [25/Jan/2011:10:43:53 +0100] "GET /bancadati-scheda.php?idreg=1&idind=&idcat=&idazienda=9664 HTTP/1.1" 404 277 "-" "Mozilla/5.0 (compatible; bingbot/2.0; +http://www.bing.com/bingbot.htm)"
207.46.13.100 - - [25/Jan/2011:10:43:55 +0100] "GET /attivita-in-vendita/a3744.html HTTP/1.1" 200 2626 "-" "Mozilla/5.0 (compatible; bingbot/2.0; +http://www.bing.com/bingbot.htm)"
72.5.230.111 - - [25/Jan/2011:10:44:02 +0100] "HEAD / HTTP/1.1" 200 - "-" "Site 24 X 7"
67.195.115.117 - - [25/Jan/2011:10:44:03 +0100] "GET /attivita-in-vendita/a3684.html HTTP/1.0" 200 2667 "-" "Mozilla/5.0 (compatible; Yahoo! Slurp; http://help.yahoo.com/help/us/ysearch/slurp)"
151.1.220.217 - - [25/Jan/2011:10:44:11 +0100] "GET /immobili-in-vendita/i186.html HTTP/1.1" 200 7137 "http://www.aziendaitalia.com/immobili-in-vendita/complessi-industriali-depositi-autonomi_s2.html" "Mozilla/4.0 (compatible; MSIE 6.0; Windows NT 5.1; SV1; .NET CLR 1.1.4322; .NET CLR 2.0.50727)"
79.28.235.144 - - [25/Jan/2011:10:44:16 +0100] "GET /attivita-in-vendita/a3642.html HTTP/1.0" 200 2556 "http://www.aziendaitalia.com/attivita-in-vendita/a-milano_p6.html" "Mozilla/4.0 (compatible; MSIE 7.0; Windows NT 5.1; .NET CLR 1.1.4322; .NET CLR 2.0.50727)"
79.28.235.144 - - [25/Jan/2011:10:44:26 +0100] "GET /img/layout/italia/italysouth.gif HTTP/1.0" 200 3901 "http://www.aziendaitalia.com/attivita-in-vendita/a-milano_p6.html" "Mozilla/4.0 (compatible; MSIE 7.0; Windows NT 5.1; .NET CLR 1.1.4322; .NET CLR 2.0.50727)"
79.28.235.144 - - [25/Jan/2011:10:44:26 +0100] "GET /attivita-in-vendita/a3653.html HTTP/1.0" 200 2779 "-" "Mozilla/4.0 (compatible; MSIE 7.0; Windows NT 5.1; .NET CLR 1.1.4322; .NET CLR 2.0.50727)"
79.28.235.144 - - [25/Jan/2011:10:44:30 +0100] "GET /img/layout/italia/italycenter.gif HTTP/1.0" 200 3933 "http://www.aziendaitalia.com/attivita-in-vendita/a-milano_p6.html" "Mozilla/4.0 (compatible; MSIE 7.0; Windows NT 5.1; .NET CLR 1.1.4322; .NET CLR 2.0.50727)"
93.147.191.214 - - [25/Jan/2011:10:44:30 +0100] "GET /vendere-negozi-napoli.php?gclid=CPPk6YGJ1aYCFUQTfAodaDq2zQ HTTP/1.1" 200 3966 "http://www.google.it/search?hl=it&source=hp&q=NEGOZIO+A+NAPOLI+IN+MERCATINO&rlz=1W1GPEA_it&aq=f&aqi=&aql=&oq=" "Mozilla/4.0 (compatible; MSIE 7.0; Windows NT 5.1; GTB6.6; .NET CLR 2.0.50727; InfoPath.2; .NET CLR 1.1.4322; .NET CLR 3.0.4506.2152; .NET CLR 3.5.30729)"
93.147.191.214 - - [25/Jan/2011:10:44:30 +0100] "GET /css/style.css HTTP/1.1" 200 3366 "http://www.aziendaitalia.com/vendere-negozi-napoli.php?gclid=CPPk6YGJ1aYCFUQTfAodaDq2zQ" "Mozilla/4.0 (compatible; MSIE 7.0; Windows NT 5.1; GTB6.6; .NET CLR 2.0.50727; InfoPath.2; .NET CLR 1.1.4322; .NET CLR 3.0.4506.2152; .NET CLR 3.5.30729)"
93.147.191.214 - - [25/Jan/2011:10:44:30 +0100] "GET /js/jquery-1.4.2.min.js HTTP/1.1" 200 72174 "http://www.aziendaitalia.com/vendere-negozi-napoli.php?gclid=CPPk6YGJ1aYCFUQTfAodaDq2zQ" "Mozilla/4.0 (compatible; MSIE 7.0; Windows NT 5.1; GTB6.6; .NET CLR 2.0.50727; InfoPath.2; .NET CLR 1.1.4322; .NET CLR 3.0.4506.2152; .NET CLR 3.5.30729)"
93.147.191.214 - - [25/Jan/2011:10:44:31 +0100] "GET /js/general.js HTTP/1.1" 200 5776 "http://www.aziendaitalia.com/vendere-negozi-napoli.php?gclid=CPPk6YGJ1aYCFUQTfAodaDq2zQ" "Mozilla/4.0 (compatible; MSIE 7.0; Windows NT 5.1; GTB6.6; .NET CLR 2.0.50727; InfoPath.2; .NET CLR 1.1.4322; .NET CLR 3.0.4506.2152; .NET CLR 3.5.30729)"
93.147.191.214 - - [25/Jan/2011:10:44:31 +0100] "GET /img/icona-negozi.jpg HTTP/1.1" 200 69156 "http://www.aziendaitalia.com/vendere-negozi-napoli.php?gclid=CPPk6YGJ1aYCFUQTfAodaDq2zQ" "Mozilla/4.0 (compatible; MSIE 7.0; Windows NT 5.1; GTB6.6; .NET CLR 2.0.50727; InfoPath.2; .NET CLR 1.1.4322; .NET CLR 3.0.4506.2152; .NET CLR 3.5.30729)"
93.147.191.214 - - [25/Jan/2011:10:44:31 +0100] "GET /img/layout/menubar.gif HTTP/1.1" 200 1302 "http://www.aziendaitalia.com/vendere-negozi-napoli.php?gclid=CPPk6YGJ1aYCFUQTfAodaDq2zQ" "Mozilla/4.0 (compatible; MSIE 7.0; Windows NT 5.1; GTB6.6; .NET CLR 2.0.50727; InfoPath.2; .NET CLR 1.1.4322; .NET CLR 3.0.4506.2152; .NET CLR 3.5.30729)"
93.147.191.214 - - [25/Jan/2011:10:44:31 +0100] "GET /img/layout/bg_wrapper_sub.gif HTTP/1.1" 200 102 "http://www.aziendaitalia.com/vendere-negozi-napoli.php?gclid=CPPk6YGJ1aYCFUQTfAodaDq2zQ" "Mozilla/4.0 (compatible; MSIE 7.0; Windows NT 5.1; GTB6.6; .NET CLR 2.0.50727; InfoPath.2; .NET CLR 1.1.4322; .NET CLR 3.0.4506.2152; .NET CLR 3.5.30729)"
93.147.191.214 - - [25/Jan/2011:10:44:31 +0100] "GET /img/layout/bg_sidebar_separator.gif HTTP/1.1" 200 106 "http://www.aziendaitalia.com/vendere-negozi-napoli.php?gclid=CPPk6YGJ1aYCFUQTfAodaDq2zQ" "Mozilla/4.0 (compatible; MSIE 7.0; Windows NT 5.1; GTB6.6; .NET CLR 2.0.50727; InfoPath.2; .NET CLR 1.1.4322; .NET CLR 3.0.4506.2152; .NET CLR 3.5.30729)"
93.147.191.214 - - [25/Jan/2011:10:44:31 +0100] "GET /img/layout/header.gif HTTP/1.1" 200 15655 "http://www.aziendaitalia.com/vendere-negozi-napoli.php?gclid=CPPk6YGJ1aYCFUQTfAodaDq2zQ" "Mozilla/4.0 (compatible; MSIE 7.0; Windows NT 5.1; GTB6.6; .NET CLR 2.0.50727; InfoPath.2; .NET CLR 1.1.4322; .NET CLR 3.0.4506.2152; .NET CLR 3.5.30729)"
93.147.191.214 - - [25/Jan/2011:10:44:32 +0100] "GET /favicon.ico HTTP/1.1" 200 1406 "-" "Mozilla/4.0 (compatible; MSIE 7.0; Windows NT 5.1; GTB6.6; .NET CLR 2.0.50727; InfoPath.2; .NET CLR 1.1.4322; .NET CLR 3.0.4506.2152; .NET CLR 3.5.30729)"
79.28.235.144 - - [25/Jan/2011:10:44:34 +0100] "GET /attivita-in-vendita/a3641.html HTTP/1.0" 200 2547 "http://www.aziendaitalia.com/attivita-in-vendita/a-milano_p6.html" "Mozilla/4.0 (compatible; MSIE 7.0; Windows NT 5.1; .NET CLR 1.1.4322; .NET CLR 2.0.50727)"
87.24.142.131 - - [25/Jan/2011:10:44:36 +0100] "GET /attivita/azienda-italia-rivista.htm HTTP/1.1" 200 2088 "http://www.google.it/url?sa=t&source=web&cd=1&ved=0CB8QFjAA&url=http%3A%2F%2Fwww.aziendaitalia.com%2Fattivita%2Fazienda-italia-rivista.htm&rct=j&q=azienda%20italia%20rivista&ei=gJs-TbWmIYzqObLwkfkO&usg=AFQjCNEvDAyzfDgn1VmFq-p7aaIDzAUNtQ" "Mozilla/4.0 (compatible; MSIE 8.0; Windows NT 5.1; Trident/4.0; .NET CLR 1.1.4322; .NET CLR 2.0.50727; .NET CLR 3.0.4506.2152; .NET CLR 3.5.30729; InfoPath.2)"
87.24.142.131 - - [25/Jan/2011:10:44:36 +0100] "GET /attivita/images/bg.gif HTTP/1.1" 200 48 "http://www.aziendaitalia.com/attivita/azienda-italia-rivista.htm" "Mozilla/4.0 (compatible; MSIE 8.0; Windows NT 5.1; Trident/4.0; .NET CLR 1.1.4322; .NET CLR 2.0.50727; .NET CLR 3.0.4506.2152; .NET CLR 3.5.30729; InfoPath.2)"
87.24.142.131 - - [25/Jan/2011:10:44:36 +0100] "GET /attivita/images/rigasopra.gif HTTP/1.1" 200 171 "http://www.aziendaitalia.com/attivita/azienda-italia-rivista.htm" "Mozilla/4.0 (compatible; MSIE 8.0; Windows NT 5.1; Trident/4.0; .NET CLR 1.1.4322; .NET CLR 2.0.50727; .NET CLR 3.0.4506.2152; .NET CLR 3.5.30729; InfoPath.2)"
87.24.142.131 - - [25/Jan/2011:10:44:36 +0100] "GET /attivita/images/barrona1.gif HTTP/1.1" 200 25108 "http://www.aziendaitalia.com/attivita/azienda-italia-rivista.htm" "Mozilla/4.0 (compatible; MSIE 8.0; Windows NT 5.1; Trident/4.0; .NET CLR 1.1.4322; .NET CLR 2.0.50727; .NET CLR 3.0.4506.2152; .NET CLR 3.5.30729; InfoPath.2)"
87.24.142.131 - - [25/Jan/2011:10:44:36 +0100] "GET /attivita/images/barrona2.gif HTTP/1.1" 200 19345 "http://www.aziendaitalia.com/attivita/azienda-italia-rivista.htm" "Mozilla/4.0 (compatible; MSIE 8.0; Windows NT 5.1; Trident/4.0; .NET CLR 1.1.4322; .NET CLR 2.0.50727; .NET CLR 3.0.4506.2152; .NET CLR 3.5.30729; InfoPath.2)"
87.24.142.131 - - [25/Jan/2011:10:44:36 +0100] "GET /attivita/images/indirizzo.gif HTTP/1.1" 200 4022 "http://www.aziendaitalia.com/attivita/azienda-italia-rivista.htm" "Mozilla/4.0 (compatible; MSIE 8.0; Windows NT 5.1; Trident/4.0; .NET CLR 1.1.4322; .NET CLR 2.0.50727; .NET CLR 3.0.4506.2152; .NET CLR 3.5.30729; InfoPath.2)"
87.24.142.131 - - [25/Jan/2011:10:44:36 +0100] "GET /attivita/images/loghetto.gif HTTP/1.1" 200 6105 "http://www.aziendaitalia.com/attivita/azienda-italia-rivista.htm" "Mozilla/4.0 (compatible; MSIE 8.0; Windows NT 5.1; Trident/4.0; .NET CLR 1.1.4322; .NET CLR 2.0.50727; .NET CLR 3.0.4506.2152; .NET CLR 3.5.30729; InfoPath.2)"
87.24.142.131 - - [25/Jan/2011:10:44:37 +0100] "GET /favicon.ico HTTP/1.1" 200 1406 "-" "Mozilla/4.0 (compatible; MSIE 8.0; Windows NT 5.1; Trident/4.0; .NET CLR 1.1.4322; .NET CLR 2.0.50727; .NET CLR 3.0.4506.2152; .NET CLR 3.5.30729; InfoPath.2)"
79.28.235.144 - - [25/Jan/2011:10:44:42 +0100] "GET /attivita-in-vendita/a-milano_p6.html?page=2 HTTP/1.0" 200 4728 "http://www.aziendaitalia.com/attivita-in-vendita/a-milano_p6.html" "Mozilla/4.0 (compatible; MSIE 7.0; Windows NT 5.1; .NET CLR 1.1.4322; .NET CLR 2.0.50727)"
66.249.71.212 - - [25/Jan/2011:10:44:46 +0100] "GET /attivita-in-vendita/grande-distribuzione_centroitalia_c12_mr2.html?page=28 HTTP/1.1" 200 2598 "-" "Mozilla/5.0 (compatible; Googlebot/2.1; +http://www.google.com/bot.html)"
151.1.220.217 - - [25/Jan/2011:10:44:47 +0100] "GET /immobili-in-vendita/complessi-industriali-depositi-autonomi_s2.html?page=2 HTTP/1.1" 200 9315 "http://www.aziendaitalia.com/immobili-in-vendita/complessi-industriali-depositi-autonomi_s2.html" "Mozilla/4.0 (compatible; MSIE 6.0; Windows NT 5.1; SV1; .NET CLR 1.1.4322; .NET CLR 2.0.50727)"
93.147.191.214 - - [25/Jan/2011:10:44:50 +0100] "GET /attivita-in-vendita/ HTTP/1.1" 200 2294 "http://www.aziendaitalia.com/vendere-negozi-napoli.php?gclid=CPPk6YGJ1aYCFUQTfAodaDq2zQ" "Mozilla/4.0 (compatible; MSIE 7.0; Windows NT 5.1; GTB6.6; .NET CLR 2.0.50727; InfoPath.2; .NET CLR 1.1.4322; .NET CLR 3.0.4506.2152; .NET CLR 3.5.30729)"
93.147.191.214 - - [25/Jan/2011:10:44:51 +0100] "GET /img/thumb/phpThumb.php?src=/admin/img/1283511116_5135-4001Y-A.JPG&w=148&h=138&zc=1&q=90 HTTP/1.1" 200 9692 "http://www.aziendaitalia.com/attivita-in-vendita/" "Mozilla/4.0 (compatible; MSIE 7.0; Windows NT 5.1; GTB6.6; .NET CLR 2.0.50727; InfoPath.2; .NET CLR 1.1.4322; .NET CLR 3.0.4506.2152; .NET CLR 3.5.30729)"
93.147.191.214 - - [25/Jan/2011:10:44:51 +0100] "GET /img/thumb/phpThumb.php?src=/admin/img/1295368730_5945-6289D-A.JPG&w=148&h=138&zc=1&q=90 HTTP/1.1" 200 9397 "http://www.aziendaitalia.com/attivita-in-vendita/" "Mozilla/4.0 (compatible; MSIE 7.0; Windows NT 5.1; GTB6.6; .NET CLR 2.0.50727; InfoPath.2; .NET CLR 1.1.4322; .NET CLR 3.0.4506.2152; .NET CLR 3.5.30729)"
93.147.191.214 - - [25/Jan/2011:10:44:51 +0100] "GET /img/thumb/phpThumb.php?src=/admin/img/1284121274_8018-5308G-A.JPG&w=148&h=138&zc=1&q=90 HTTP/1.1" 200 7134 "http://www.aziendaitalia.com/attivita-in-vendita/" "Mozilla/4.0 (compatible; MSIE 7.0; Windows NT 5.1; GTB6.6; .NET CLR 2.0.50727; InfoPath.2; .NET CLR 1.1.4322; .NET CLR 3.0.4506.2152; .NET CLR 3.5.30729)"
93.147.191.214 - - [25/Jan/2011:10:44:51 +0100] "GET /img/layout/dot.png HTTP/1.1" 200 2899 "http://www.aziendaitalia.com/attivita-in-vendita/" "Mozilla/4.0 (compatible; MSIE 7.0; Windows NT 5.1; GTB6.6; .NET CLR 2.0.50727; InfoPath.2; .NET CLR 1.1.4322; .NET CLR 3.0.4506.2152; .NET CLR 3.5.30729)"
94.36.253.246 - - [25/Jan/2011:10:44:56 +0100] "GET /attivita-in-vendita/?gclid=CJH69Y2J1aYCFcoifAod2FLpMw HTTP/1.1" 200 2324 "http://www.google.it/search?sourceid=navclient&hl=it&ie=UTF-8&rlz=1T4ACAW_itIT415IT407&q=vendere+un+negozio+a+milano+" "Mozilla/4.0 (compatible; MSIE 8.0; Windows NT 6.1; WOW64; Trident/4.0; GTB6.6; SLCC2; .NET CLR 2.0.50727; .NET CLR 3.5.30729; .NET CLR 3.0.30729; Media Center PC 6.0; eSobiSubscriber 2.0.4.16; .NET4.0C)"
94.36.253.246 - - [25/Jan/2011:10:44:56 +0100] "GET /css/style.css HTTP/1.1" 200 3366 "http://www.aziendaitalia.com/attivita-in-vendita/?gclid=CJH69Y2J1aYCFcoifAod2FLpMw" "Mozilla/4.0 (compatible; MSIE 8.0; Windows NT 6.1; WOW64; Trident/4.0; GTB6.6; SLCC2; .NET CLR 2.0.50727; .NET CLR 3.5.30729; .NET CLR 3.0.30729; Media Center PC 6.0; eSobiSubscriber 2.0.4.16; .NET4.0C)"
94.36.253.246 - - [25/Jan/2011:10:44:57 +0100] "GET /js/jquery-1.4.2.min.js HTTP/1.1" 200 72174 "http://www.aziendaitalia.com/attivita-in-vendita/?gclid=CJH69Y2J1aYCFcoifAod2FLpMw" "Mozilla/4.0 (compatible; MSIE 8.0; Windows NT 6.1; WOW64; Trident/4.0; GTB6.6; SLCC2; .NET CLR 2.0.50727; .NET CLR 3.5.30729; .NET CLR 3.0.30729; Media Center PC 6.0; eSobiSubscriber 2.0.4.16; .NET4.0C)"
94.36.253.246 - - [25/Jan/2011:10:44:57 +0100] "GET /js/general.js HTTP/1.1" 200 5776 "http://www.aziendaitalia.com/attivita-in-vendita/?gclid=CJH69Y2J1aYCFcoifAod2FLpMw" "Mozilla/4.0 (compatible; MSIE 8.0; Windows NT 6.1; WOW64; Trident/4.0; GTB6.6; SLCC2; .NET CLR 2.0.50727; .NET CLR 3.5.30729; .NET CLR 3.0.30729; Media Center PC 6.0; eSobiSubscriber 2.0.4.16; .NET4.0C)"
94.36.253.246 - - [25/Jan/2011:10:44:58 +0100] "GET /img/thumb/phpThumb.php?src=/admin/img/1295368730_5945-6289D-A.JPG&w=148&h=138&zc=1&q=90 HTTP/1.1" 200 9397 "http://www.aziendaitalia.com/attivita-in-vendita/?gclid=CJH69Y2J1aYCFcoifAod2FLpMw" "Mozilla/4.0 (compatible; MSIE 8.0; Windows NT 6.1; WOW64; Trident/4.0; GTB6.6; SLCC2; .NET CLR 2.0.50727; .NET CLR 3.5.30729; .NET CLR 3.0.30729; Media Center PC 6.0; eSobiSubscriber 2.0.4.16; .NET4.0C)"
94.36.253.246 - - [25/Jan/2011:10:44:58 +0100] "GET /img/layout/bg_wrapper_sub.gif HTTP/1.1" 200 102 "http://www.aziendaitalia.com/attivita-in-vendita/?gclid=CJH69Y2J1aYCFcoifAod2FLpMw" "Mozilla/4.0 (compatible; MSIE 8.0; Windows NT 6.1; WOW64; Trident/4.0; GTB6.6; SLCC2; .NET CLR 2.0.50727; .NET CLR 3.5.30729; .NET CLR 3.0.30729; Media Center PC 6.0; eSobiSubscriber 2.0.4.16; .NET4.0C)"
94.36.253.246 - - [25/Jan/2011:10:44:58 +0100] "GET /img/thumb/phpThumb.php?src=/admin/img/1283511116_5135-4001Y-A.JPG&w=148&h=138&zc=1&q=90 HTTP/1.1" 200 9692 "http://www.aziendaitalia.com/attivita-in-vendita/?gclid=CJH69Y2J1aYCFcoifAod2FLpMw" "Mozilla/4.0 (compatible; MSIE 8.0; Windows NT 6.1; WOW64; Trident/4.0; GTB6.6; SLCC2; .NET CLR 2.0.50727; .NET CLR 3.5.30729; .NET CLR 3.0.30729; Media Center PC 6.0; eSobiSubscriber 2.0.4.16; .NET4.0C)"
94.36.253.246 - - [25/Jan/2011:10:44:58 +0100] "GET /img/layout/menubar.gif HTTP/1.1" 200 1302 "http://www.aziendaitalia.com/attivita-in-vendita/?gclid=CJH69Y2J1aYCFcoifAod2FLpMw" "Mozilla/4.0 (compatible; MSIE 8.0; Windows NT 6.1; WOW64; Trident/4.0; GTB6.6; SLCC2; .NET CLR 2.0.50727; .NET CLR 3.5.30729; .NET CLR 3.0.30729; Media Center PC 6.0; eSobiSubscriber 2.0.4.16; .NET4.0C)"
94.36.253.246 - - [25/Jan/2011:10:44:58 +0100] "GET /img/thumb/phpThumb.php?src=/admin/img/1284121274_8018-5308G-A.JPG&w=148&h=138&zc=1&q=90 HTTP/1.1" 200 7134 "http://www.aziendaitalia.com/attivita-in-vendita/?gclid=CJH69Y2J1aYCFcoifAod2FLpMw" "Mozilla/4.0 (compatible; MSIE 8.0; Windows NT 6.1; WOW64; Trident/4.0; GTB6.6; SLCC2; .NET CLR 2.0.50727; .NET CLR 3.5.30729; .NET CLR 3.0.30729; Media Center PC 6.0; eSobiSubscriber 2.0.4.16; .NET4.0C)"
94.36.253.246 - - [25/Jan/2011:10:44:58 +0100] "GET /img/layout/header.gif HTTP/1.1" 200 15655 "http://www.aziendaitalia.com/attivita-in-vendita/?gclid=CJH69Y2J1aYCFcoifAod2FLpMw" "Mozilla/4.0 (compatible; MSIE 8.0; Windows NT 6.1; WOW64; Trident/4.0; GTB6.6; SLCC2; .NET CLR 2.0.50727; .NET CLR 3.5.30729; .NET CLR 3.0.30729; Media Center PC 6.0; eSobiSubscriber 2.0.4.16; .NET4.0C)"
94.36.253.246 - - [25/Jan/2011:10:44:58 +0100] "GET /img/layout/bg_sidebar_separator.gif HTTP/1.1" 200 106 "http://www.aziendaitalia.com/attivita-in-vendita/?gclid=CJH69Y2J1aYCFcoifAod2FLpMw" "Mozilla/4.0 (compatible; MSIE 8.0; Windows NT 6.1; WOW64; Trident/4.0; GTB6.6; SLCC2; .NET CLR 2.0.50727; .NET CLR 3.5.30729; .NET CLR 3.0.30729; Media Center PC 6.0; eSobiSubscriber 2.0.4.16; .NET4.0C)"
94.36.253.246 - - [25/Jan/2011:10:44:58 +0100] "GET /img/layout/dot.png HTTP/1.1" 200 2899 "http://www.aziendaitalia.com/attivita-in-vendita/?gclid=CJH69Y2J1aYCFcoifAod2FLpMw" "Mozilla/4.0 (compatible; MSIE 8.0; Windows NT 6.1; WOW64; Trident/4.0; GTB6.6; SLCC2; .NET CLR 2.0.50727; .NET CLR 3.5.30729; .NET CLR 3.0.30729; Media Center PC 6.0; eSobiSubscriber 2.0.4.16; .NET4.0C)"
94.36.253.246 - - [25/Jan/2011:10:44:59 +0100] "GET /favicon.ico HTTP/1.1" 200 1406 "-" "Mozilla/4.0 (compatible; MSIE 8.0; Windows NT 6.1; WOW64; Trident/4.0; GTB6.6; SLCC2; .NET CLR 2.0.50727; .NET CLR 3.5.30729; .NET CLR 3.0.30729; Media Center PC 6.0; eSobiSubscriber 2.0.4.16; .NET4.0C)"
72.5.230.111 - - [25/Jan/2011:10:45:02 +0100] "HEAD / HTTP/1.1" 200 - "-" "Site 24 X 7"
79.28.235.144 - - [25/Jan/2011:10:45:04 +0100] "GET /attivita-in-vendita/a-milano_p6.html?page=3 HTTP/1.0" 200 4599 "http://www.aziendaitalia.com/attivita-in-vendita/a-milano_p6.html?page=2" "Mozilla/4.0 (compatible; MSIE 7.0; Windows NT 5.1; .NET CLR 1.1.4322; .NET CLR 2.0.50727)"
93.147.191.214 - - [25/Jan/2011:10:45:05 +0100] "GET /attivita-in-vendita/italia_n1.html HTTP/1.1" 200 4336 "http://www.aziendaitalia.com/attivita-in-vendita/" "Mozilla/4.0 (compatible; MSIE 7.0; Windows NT 5.1; GTB6.6; .NET CLR 2.0.50727; InfoPath.2; .NET CLR 1.1.4322; .NET CLR 3.0.4506.2152; .NET CLR 3.5.30729)"
93.147.191.214 - - [25/Jan/2011:10:45:05 +0100] "GET /img/layout/italia/italyoff.gif HTTP/1.1" 200 3852 "http://www.aziendaitalia.com/attivita-in-vendita/italia_n1.html" "Mozilla/4.0 (compatible; MSIE 7.0; Windows NT 5.1; GTB6.6; .NET CLR 2.0.50727; InfoPath.2; .NET CLR 1.1.4322; .NET CLR 3.0.4506.2152; .NET CLR 3.5.30729)"
79.28.235.144 - - [25/Jan/2011:10:45:08 +0100] "GET /attivita-in-vendita/a3350.html HTTP/1.0" 200 2616 "http://www.aziendaitalia.com/attivita-in-vendita/a-milano_p6.html?page=3" "Mozilla/4.0 (compatible; MSIE 7.0; Windows NT 5.1; .NET CLR 1.1.4322; .NET CLR 2.0.50727)"
93.147.191.214 - - [25/Jan/2011:10:45:08 +0100] "GET /attivita-in-vendita/suditalia_mr3.html HTTP/1.1" 200 4598 "http://www.aziendaitalia.com/attivita-in-vendita/italia_n1.html" "Mozilla/4.0 (compatible; MSIE 7.0; Windows NT 5.1; GTB6.6; .NET CLR 2.0.50727; InfoPath.2; .NET CLR 1.1.4322; .NET CLR 3.0.4506.2152; .NET CLR 3.5.30729)"
93.147.191.214 - - [25/Jan/2011:10:45:08 +0100] "GET /img/layout/italia/italysouth.gif HTTP/1.1" 200 3901 "http://www.aziendaitalia.com/attivita-in-vendita/suditalia_mr3.html" "Mozilla/4.0 (compatible; MSIE 7.0; Windows NT 5.1; GTB6.6; .NET CLR 2.0.50727; InfoPath.2; .NET CLR 1.1.4322; .NET CLR 3.0.4506.2152; .NET CLR 3.5.30729)"
93.147.191.214 - - [25/Jan/2011:10:45:10 +0100] "GET /attivita-in-vendita/a-napoli_p85.html HTTP/1.1" 200 3530 "http://www.aziendaitalia.com/attivita-in-vendita/suditalia_mr3.html" "Mozilla/4.0 (compatible; MSIE 7.0; Windows NT 5.1; GTB6.6; .NET CLR 2.0.50727; InfoPath.2; .NET CLR 1.1.4322; .NET CLR 3.0.4506.2152; .NET CLR 3.5.30729)"
79.52.19.94 - - [25/Jan/2011:10:45:10 +0100] "GET /cedere-ristoranti.php?gclid=CMHY25SJ1aYCFQsTfAodag9LXA HTTP/1.1" 200 3920 "http://www.google.it/search?hl=it&source=hp&q=cessioni+attivita+ristorativa+salerno+e+provincia&aq=f&aqi=&aql=&oq=" "Mozilla/4.0 (compatible; MSIE 7.0; Windows NT 5.1; .NET CLR 2.0.50727; .NET CLR 3.0.4506.2152; .NET CLR 3.5.30729; InfoPath.1)"
79.52.19.94 - - [25/Jan/2011:10:45:10 +0100] "GET /css/style.css HTTP/1.1" 200 3366 "http://www.aziendaitalia.com/cedere-ristoranti.php?gclid=CMHY25SJ1aYCFQsTfAodag9LXA" "Mozilla/4.0 (compatible; MSIE 7.0; Windows NT 5.1; .NET CLR 2.0.50727; .NET CLR 3.0.4506.2152; .NET CLR 3.5.30729; InfoPath.1)"
79.52.19.94 - - [25/Jan/2011:10:45:10 +0100] "GET /js/jquery-1.4.2.min.js HTTP/1.1" 200 72174 "http://www.aziendaitalia.com/cedere-ristoranti.php?gclid=CMHY25SJ1aYCFQsTfAodag9LXA" "Mozilla/4.0 (compatible; MSIE 7.0; Windows NT 5.1; .NET CLR 2.0.50727; .NET CLR 3.0.4506.2152; .NET CLR 3.5.30729; InfoPath.1)"
79.52.19.94 - - [25/Jan/2011:10:45:11 +0100] "GET /js/general.js HTTP/1.1" 200 5776 "http://www.aziendaitalia.com/cedere-ristoranti.php?gclid=CMHY25SJ1aYCFQsTfAodag9LXA" "Mozilla/4.0 (compatible; MSIE 7.0; Windows NT 5.1; .NET CLR 2.0.50727; .NET CLR 3.0.4506.2152; .NET CLR 3.5.30729; InfoPath.1)"
79.52.19.94 - - [25/Jan/2011:10:45:11 +0100] "GET /img/layout/menubar.gif HTTP/1.1" 200 1302 "http://www.aziendaitalia.com/cedere-ristoranti.php?gclid=CMHY25SJ1aYCFQsTfAodag9LXA" "Mozilla/4.0 (compatible; MSIE 7.0; Windows NT 5.1; .NET CLR 2.0.50727; .NET CLR 3.0.4506.2152; .NET CLR 3.5.30729; InfoPath.1)"
79.52.19.94 - - [25/Jan/2011:10:45:11 +0100] "GET /img/layout/bg_wrapper_sub.gif HTTP/1.1" 200 102 "http://www.aziendaitalia.com/cedere-ristoranti.php?gclid=CMHY25SJ1aYCFQsTfAodag9LXA" "Mozilla/4.0 (compatible; MSIE 7.0; Windows NT 5.1; .NET CLR 2.0.50727; .NET CLR 3.0.4506.2152; .NET CLR 3.5.30729; InfoPath.1)"
79.52.19.94 - - [25/Jan/2011:10:45:11 +0100] "GET /img/layout/bg_sidebar_separator.gif HTTP/1.1" 200 106 "http://www.aziendaitalia.com/cedere-ristoranti.php?gclid=CMHY25SJ1aYCFQsTfAodag9LXA" "Mozilla/4.0 (compatible; MSIE 7.0; Windows NT 5.1; .NET CLR 2.0.50727; .NET CLR 3.0.4506.2152; .NET CLR 3.5.30729; InfoPath.1)"
79.52.19.94 - - [25/Jan/2011:10:45:11 +0100] "GET /img/layout/header.gif HTTP/1.1" 200 15655 "http://www.aziendaitalia.com/cedere-ristoranti.php?gclid=CMHY25SJ1aYCFQsTfAodag9LXA" "Mozilla/4.0 (compatible; MSIE 7.0; Windows NT 5.1; .NET CLR 2.0.50727; .NET CLR 3.0.4506.2152; .NET CLR 3.5.30729; InfoPath.1)"
79.52.19.94 - - [25/Jan/2011:10:45:11 +0100] "GET /img/icona-ristoranti-bar.jpg HTTP/1.1" 200 74379 "http://www.aziendaitalia.com/cedere-ristoranti.php?gclid=CMHY25SJ1aYCFQsTfAodag9LXA" "Mozilla/4.0 (compatible; MSIE 7.0; Windows NT 5.1; .NET CLR 2.0.50727; .NET CLR 3.0.4506.2152; .NET CLR 3.5.30729; InfoPath.1)"
79.52.19.94 - - [25/Jan/2011:10:45:12 +0100] "GET /favicon.ico HTTP/1.1" 200 1406 "-" "Mozilla/4.0 (compatible; MSIE 7.0; Windows NT 5.1; .NET CLR 2.0.50727; .NET CLR 3.0.4506.2152; .NET CLR 3.5.30729; InfoPath.1)"
178.154.161.29 - - [25/Jan/2011:10:45:15 +0100] "GET /attivita-in-vendita/industrie-del-mobile-accessori-per-arredi_abruzzo_c77_r1.html HTTP/1.1" 200 2705 "-" "Mozilla/5.0 (compatible; YandexBot/3.0; +http://yandex.com/bots)"
93.147.191.214 - - [25/Jan/2011:10:45:16 +0100] "GET /attivita-in-vendita/alimentari-panifici-rivendite_a-napoli_m4_p85.html HTTP/1.1" 200 2667 "http://www.aziendaitalia.com/attivita-in-vendita/a-napoli_p85.html" "Mozilla/4.0 (compatible; MSIE 7.0; Windows NT 5.1; GTB6.6; .NET CLR 2.0.50727; InfoPath.2; .NET CLR 1.1.4322; .NET CLR 3.0.4506.2152; .NET CLR 3.5.30729)"
207.46.204.197 - - [25/Jan/2011:10:45:18 +0100] "GET /attivita-in-vendita/a-verona_p29.html HTTP/1.1" 200 4503 "-" "Mozilla/5.0 (compatible; bingbot/2.0; +http://www.bing.com/bingbot.htm)"
94.36.253.246 - - [25/Jan/2011:10:45:19 +0100] "GET /attivita-in-vendita/a-milano_p6.html HTTP/1.1" 200 4640 "http://www.aziendaitalia.com/attivita-in-vendita/?gclid=CJH69Y2J1aYCFcoifAod2FLpMw" "Mozilla/4.0 (compatible; MSIE 8.0; Windows NT 6.1; WOW64; Trident/4.0; GTB6.6; SLCC2; .NET CLR 2.0.50727; .NET CLR 3.5.30729; .NET CLR 3.0.30729; Media Center PC 6.0; eSobiSubscriber 2.0.4.16; .NET4.0C)"
94.36.253.246 - - [25/Jan/2011:10:45:21 +0100] "GET /img/layout/italia/italynorth.gif HTTP/1.1" 200 3837 "http://www.aziendaitalia.com/attivita-in-vendita/a-milano_p6.html" "Mozilla/4.0 (compatible; MSIE 8.0; Windows NT 6.1; WOW64; Trident/4.0; GTB6.6; SLCC2; .NET CLR 2.0.50727; .NET CLR 3.5.30729; .NET CLR 3.0.30729; Media Center PC 6.0; eSobiSubscriber 2.0.4.16; .NET4.0C)"
151.80.214.147 - - [25/Jan/2011:10:45:23 +0100] "GET /vendere-negozi-torino.php?gclid=COjztJqJ1aYCFQEOfAodrm70Mw HTTP/1.1" 200 3976 "http://www.google.it/aclk?sa=l&ai=CNgqIk5s-TYSaKoSQOq3IjR7D-prUAdv7sq4Y48zvwVAIABABKAJQns3I6QFg_dKphIgToAGDnKH-A8gBAakCR5Q0Rn3ntj6qBBtP0KwCEQHyZfEpjqxyxW1V08kRebGqcvGdUW0&sig=AGiWqtypG7KAwubUJNJqibdiJqRAjHgurw&adurl=http://www.aziendaitalia.com/vendere-negozi-torino.php&rct=j&q=vendita%20negozi%20provincia%20torino" "Mozilla/4.0 (compatible; MSIE 8.0; Windows NT 6.1; Trident/4.0; GTB6.6; SLCC2; .NET CLR 2.0.50727; .NET CLR 3.5.30729; .NET CLR 3.0.30729; eSobiSubscriber 2.0.4.16; InfoPath.1; .NET4.0C)"
151.80.214.147 - - [25/Jan/2011:10:45:24 +0100] "GET /css/style.css HTTP/1.1" 200 3366 "http://www.aziendaitalia.com/vendere-negozi-torino.php?gclid=COjztJqJ1aYCFQEOfAodrm70Mw" "Mozilla/4.0 (compatible; MSIE 8.0; Windows NT 6.1; Trident/4.0; GTB6.6; SLCC2; .NET CLR 2.0.50727; .NET CLR 3.5.30729; .NET CLR 3.0.30729; eSobiSubscriber 2.0.4.16; InfoPath.1; .NET4.0C)"
207.46.195.231 - - [25/Jan/2011:10:45:26 +0100] "GET /bancadati-categorie.php?idind=4&idcat=276 HTTP/1.1" 404 280 "-" "Mozilla/5.0 (compatible; bingbot/2.0; +http://www.bing.com/bingbot.htm)"
151.80.214.147 - - [25/Jan/2011:10:45:25 +0100] "GET /js/jquery-1.4.2.min.js HTTP/1.1" 200 72174 "http://www.aziendaitalia.com/vendere-negozi-torino.php?gclid=COjztJqJ1aYCFQEOfAodrm70Mw" "Mozilla/4.0 (compatible; MSIE 8.0; Windows NT 6.1; Trident/4.0; GTB6.6; SLCC2; .NET CLR 2.0.50727; .NET CLR 3.5.30729; .NET CLR 3.0.30729; eSobiSubscriber 2.0.4.16; InfoPath.1; .NET4.0C)"
94.36.253.246 - - [25/Jan/2011:10:45:29 +0100] "GET /attivita-in-vendita/alimentari-panifici-rivendite_a-milano_m4_p6.html HTTP/1.1" 200 4397 "http://www.aziendaitalia.com/attivita-in-vendita/a-milano_p6.html" "Mozilla/4.0 (compatible; MSIE 8.0; Windows NT 6.1; WOW64; Trident/4.0; GTB6.6; SLCC2; .NET CLR 2.0.50727; .NET CLR 3.5.30729; .NET CLR 3.0.30729; Media Center PC 6.0; eSobiSubscriber 2.0.4.16; .NET4.0C)"
151.80.214.147 - - [25/Jan/2011:10:45:29 +0100] "GET /js/general.js HTTP/1.1" 200 5776 "http://www.aziendaitalia.com/vendere-negozi-torino.php?gclid=COjztJqJ1aYCFQEOfAodrm70Mw" "Mozilla/4.0 (compatible; MSIE 8.0; Windows NT 6.1; Trident/4.0; GTB6.6; SLCC2; .NET CLR 2.0.50727; .NET CLR 3.5.30729; .NET CLR 3.0.30729; eSobiSubscriber 2.0.4.16; InfoPath.1; .NET4.0C)"
151.80.214.147 - - [25/Jan/2011:10:45:30 +0100] "GET /img/layout/menubar.gif HTTP/1.1" 200 1302 "http://www.aziendaitalia.com/vendere-negozi-torino.php?gclid=COjztJqJ1aYCFQEOfAodrm70Mw" "Mozilla/4.0 (compatible; MSIE 8.0; Windows NT 6.1; Trident/4.0; GTB6.6; SLCC2; .NET CLR 2.0.50727; .NET CLR 3.5.30729; .NET CLR 3.0.30729; eSobiSubscriber 2.0.4.16; InfoPath.1; .NET4.0C)"
151.80.214.147 - - [25/Jan/2011:10:45:30 +0100] "GET /img/layout/bg_wrapper_sub.gif HTTP/1.1" 200 102 "http://www.aziendaitalia.com/vendere-negozi-torino.php?gclid=COjztJqJ1aYCFQEOfAodrm70Mw" "Mozilla/4.0 (compatible; MSIE 8.0; Windows NT 6.1; Trident/4.0; GTB6.6; SLCC2; .NET CLR 2.0.50727; .NET CLR 3.5.30729; .NET CLR 3.0.30729; eSobiSubscriber 2.0.4.16; InfoPath.1; .NET4.0C)"
151.80.214.147 - - [25/Jan/2011:10:45:30 +0100] "GET /img/layout/header.gif HTTP/1.1" 200 15655 "http://www.aziendaitalia.com/vendere-negozi-torino.php?gclid=COjztJqJ1aYCFQEOfAodrm70Mw" "Mozilla/4.0 (compatible; MSIE 8.0; Windows NT 6.1; Trident/4.0; GTB6.6; SLCC2; .NET CLR 2.0.50727; .NET CLR 3.5.30729; .NET CLR 3.0.30729; eSobiSubscriber 2.0.4.16; InfoPath.1; .NET4.0C)"
151.80.214.147 - - [25/Jan/2011:10:45:31 +0100] "GET /img/layout/bg_sidebar_separator.gif HTTP/1.1" 200 106 "http://www.aziendaitalia.com/vendere-negozi-torino.php?gclid=COjztJqJ1aYCFQEOfAodrm70Mw" "Mozilla/4.0 (compatible; MSIE 8.0; Windows NT 6.1; Trident/4.0; GTB6.6; SLCC2; .NET CLR 2.0.50727; .NET CLR 3.5.30729; .NET CLR 3.0.30729; eSobiSubscriber 2.0.4.16; InfoPath.1; .NET4.0C)"
151.80.214.147 - - [25/Jan/2011:10:45:30 +0100] "GET /img/icona-negozi.jpg HTTP/1.1" 200 69156 "http://www.aziendaitalia.com/vendere-negozi-torino.php?gclid=COjztJqJ1aYCFQEOfAodrm70Mw" "Mozilla/4.0 (compatible; MSIE 8.0; Windows NT 6.1; Trident/4.0; GTB6.6; SLCC2; .NET CLR 2.0.50727; .NET CLR 3.5.30729; .NET CLR 3.0.30729; eSobiSubscriber 2.0.4.16; InfoPath.1; .NET4.0C)"
217.133.60.232 - - [25/Jan/2011:10:45:32 +0100] "GET / HTTP/1.1" 200 2648 "http://www.google.it/url?sa=t&source=web&cd=2&ved=0CB8QFjAB&url=http%3A%2F%2Fwww.aziendaitalia.com%2F&rct=j&q=socieata'%20aziende%20spa%20&ei=u5s-TZWCCc-hOvPi_MAL&usg=AFQjCNGgAcLxp0XBIujAKOkjdDLo0mN2qg" "Mozilla/4.0 (compatible; MSIE 8.0; Windows NT 6.1; Trident/4.0; OfficeLiveConnector.1.5; OfficeLivePatch.1.3; .NET4.0C; .NET4.0E)"
217.133.60.232 - - [25/Jan/2011:10:45:32 +0100] "GET /css/style.css HTTP/1.1" 200 3366 "http://www.aziendaitalia.com/" "Mozilla/4.0 (compatible; MSIE 8.0; Windows NT 6.1; Trident/4.0; OfficeLiveConnector.1.5; OfficeLivePatch.1.3; .NET4.0C; .NET4.0E)"
94.36.253.246 - - [25/Jan/2011:10:45:32 +0100] "GET /attivita-in-vendita/alimentari-panifici-rivendite_a-milano_m4_p6.html HTTP/1.1" 200 4397 "http://www.aziendaitalia.com/attivita-in-vendita/alimentari-panifici-rivendite_a-milano_m4_p6.html" "Mozilla/4.0 (compatible; MSIE 8.0; Windows NT 6.1; WOW64; Trident/4.0; GTB6.6; SLCC2; .NET CLR 2.0.50727; .NET CLR 3.5.30729; .NET CLR 3.0.30729; Media Center PC 6.0; eSobiSubscriber 2.0.4.16; .NET4.0C)"
151.80.214.147 - - [25/Jan/2011:10:45:32 +0100] "GET /favicon.ico HTTP/1.1" 200 1406 "-" "Mozilla/4.0 (compatible; MSIE 8.0; Windows NT 6.1; Trident/4.0; GTB6.6; SLCC2; .NET CLR 2.0.50727; .NET CLR 3.5.30729; .NET CLR 3.0.30729; eSobiSubscriber 2.0.4.16; InfoPath.1; .NET4.0C)"
217.133.60.232 - - [25/Jan/2011:10:45:32 +0100] "GET /js/jquery-1.4.2.min.js HTTP/1.1" 200 72174 "http://www.aziendaitalia.com/" "Mozilla/4.0 (compatible; MSIE 8.0; Windows NT 6.1; Trident/4.0; OfficeLiveConnector.1.5; OfficeLivePatch.1.3; .NET4.0C; .NET4.0E)"
217.133.60.232 - - [25/Jan/2011:10:45:32 +0100] "GET /js/jquery.pngfix.pack.js HTTP/1.1" 200 2485 "http://www.aziendaitalia.com/" "Mozilla/4.0 (compatible; MSIE 8.0; Windows NT 6.1; Trident/4.0; OfficeLiveConnector.1.5; OfficeLivePatch.1.3; .NET4.0C; .NET4.0E)"
217.133.60.232 - - [25/Jan/2011:10:45:32 +0100] "GET /js/general.js HTTP/1.1" 200 5776 "http://www.aziendaitalia.com/" "Mozilla/4.0 (compatible; MSIE 8.0; Windows NT 6.1; Trident/4.0; OfficeLiveConnector.1.5; OfficeLivePatch.1.3; .NET4.0C; .NET4.0E)"
217.133.60.232 - - [25/Jan/2011:10:45:32 +0100] "GET /img/layout/menubar.gif HTTP/1.1" 200 1302 "http://www.aziendaitalia.com/" "Mozilla/4.0 (compatible; MSIE 8.0; Windows NT 6.1; Trident/4.0; OfficeLiveConnector.1.5; OfficeLivePatch.1.3; .NET4.0C; .NET4.0E)"
217.133.60.232 - - [25/Jan/2011:10:45:32 +0100] "GET /img/layout/content_bg.gif HTTP/1.1" 200 238 "http://www.aziendaitalia.com/" "Mozilla/4.0 (compatible; MSIE 8.0; Windows NT 6.1; Trident/4.0; OfficeLiveConnector.1.5; OfficeLivePatch.1.3; .NET4.0C; .NET4.0E)"
217.133.60.232 - - [25/Jan/2011:10:45:32 +0100] "GET /img/layout/bg_button_search.gif HTTP/1.1" 200 614 "http://www.aziendaitalia.com/" "Mozilla/4.0 (compatible; MSIE 8.0; Windows NT 6.1; Trident/4.0; OfficeLiveConnector.1.5; OfficeLivePatch.1.3; .NET4.0C; .NET4.0E)"
217.133.60.232 - - [25/Jan/2011:10:45:32 +0100] "GET /img/layout/header.gif HTTP/1.1" 200 15655 "http://www.aziendaitalia.com/" "Mozilla/4.0 (compatible; MSIE 8.0; Windows NT 6.1; Trident/4.0; OfficeLiveConnector.1.5; OfficeLivePatch.1.3; .NET4.0C; .NET4.0E)"
217.133.60.232 - - [25/Jan/2011:10:45:32 +0100] "GET /img/layout/tooltip.png HTTP/1.1" 200 3337 "http://www.aziendaitalia.com/" "Mozilla/4.0 (compatible; MSIE 8.0; Windows NT 6.1; Trident/4.0; OfficeLiveConnector.1.5; OfficeLivePatch.1.3; .NET4.0C; .NET4.0E)"
217.133.60.232 - - [25/Jan/2011:10:45:32 +0100] "GET /img/layout/bg_homepage_category_buttons.gif HTTP/1.1" 200 23956 "http://www.aziendaitalia.com/" "Mozilla/4.0 (compatible; MSIE 8.0; Windows NT 6.1; Trident/4.0; OfficeLiveConnector.1.5; OfficeLivePatch.1.3; .NET4.0C; .NET4.0E)"
217.133.60.232 - - [25/Jan/2011:10:45:33 +0100] "GET /favicon.ico HTTP/1.1" 200 1406 "-" "Mozilla/4.0 (compatible; MSIE 8.0; Windows NT 6.1; Trident/4.0; OfficeLiveConnector.1.5; OfficeLivePatch.1.3; .NET4.0C; .NET4.0E)"
217.133.60.232 - - [25/Jan/2011:10:45:35 +0100] "GET / HTTP/1.1" 200 2648 "http://www.aziendaitalia.com/" "Mozilla/4.0 (compatible; MSIE 8.0; Windows NT 6.1; Trident/4.0; OfficeLiveConnector.1.5; OfficeLivePatch.1.3; .NET4.0C; .NET4.0E)"
217.133.60.232 - - [25/Jan/2011:10:45:39 +0100] "GET /rilevare-attivita/ HTTP/1.1" 200 3679 "http://www.aziendaitalia.com/" "Mozilla/4.0 (compatible; MSIE 8.0; Windows NT 6.1; Trident/4.0; OfficeLiveConnector.1.5; OfficeLivePatch.1.3; .NET4.0C; .NET4.0E)"
217.133.60.232 - - [25/Jan/2011:10:45:40 +0100] "GET /img/layout/bg_wrapper_sub.gif HTTP/1.1" 200 102 "http://www.aziendaitalia.com/rilevare-attivita/" "Mozilla/4.0 (compatible; MSIE 8.0; Windows NT 6.1; Trident/4.0; OfficeLiveConnector.1.5; OfficeLivePatch.1.3; .NET4.0C; .NET4.0E)"
217.133.60.232 - - [25/Jan/2011:10:45:40 +0100] "GET /img/layout/bg_sidebar_separator.gif HTTP/1.1" 200 106 "http://www.aziendaitalia.com/rilevare-attivita/" "Mozilla/4.0 (compatible; MSIE 8.0; Windows NT 6.1; Trident/4.0; OfficeLiveConnector.1.5; OfficeLivePatch.1.3; .NET4.0C; .NET4.0E)"
217.133.60.232 - - [25/Jan/2011:10:45:42 +0100] "GET /about-us/unita-locali.html HTTP/1.1" 200 2140 "http://www.aziendaitalia.com/rilevare-attivita/" "Mozilla/4.0 (compatible; MSIE 8.0; Windows NT 6.1; Trident/4.0; OfficeLiveConnector.1.5; OfficeLivePatch.1.3; .NET4.0C; .NET4.0E)"
87.8.221.235 - - [25/Jan/2011:10:45:44 +0100] "GET /vendere-negozi-torino.php?gclid=CJ_N6qSJ1aYCFQgMfAodl1HpMw HTTP/1.1" 200 3976 "http://it.ask.com/web?l=sem&ifr=1&qsrc=999&q=negozi%20a%20torino%20per%20coperare%20carrozzella%20inglesina&siteid=4107&sq=1&o=4107&ar_uid=980cb7bee47917612f204620a6465fe581a8af8f" "Mozilla/4.0 (compatible; MSIE 8.0; Windows NT 5.1; Trident/4.0; .NET CLR 2.0.50727; .NET CLR 3.0.4506.2152; .NET CLR 3.5.30729)"
87.8.221.235 - - [25/Jan/2011:10:45:44 +0100] "GET /css/style.css HTTP/1.1" 200 3366 "http://www.aziendaitalia.com/vendere-negozi-torino.php?gclid=CJ_N6qSJ1aYCFQgMfAodl1HpMw" "Mozilla/4.0 (compatible; MSIE 8.0; Windows NT 5.1; Trident/4.0; .NET CLR 2.0.50727; .NET CLR 3.0.4506.2152; .NET CLR 3.5.30729)"
87.8.221.235 - - [25/Jan/2011:10:45:44 +0100] "GET /css/style.css HTTP/1.1" 200 3366 "http://www.aziendaitalia.com/vendere-negozi-torino.php?gclid=CJ_N6qSJ1aYCFQgMfAodl1HpMw" "Mozilla/4.0 (compatible; MSIE 8.0; Windows NT 5.1; Trident/4.0; .NET CLR 2.0.50727; .NET CLR 3.0.4506.2152; .NET CLR 3.5.30729)"
87.8.221.235 - - [25/Jan/2011:10:45:44 +0100] "GET /js/jquery-1.4.2.min.js HTTP/1.1" 200 72174 "http://www.aziendaitalia.com/vendere-negozi-torino.php?gclid=CJ_N6qSJ1aYCFQgMfAodl1HpMw" "Mozilla/4.0 (compatible; MSIE 8.0; Windows NT 5.1; Trident/4.0; .NET CLR 2.0.50727; .NET CLR 3.0.4506.2152; .NET CLR 3.5.30729)"
66.249.71.212 - - [25/Jan/2011:10:45:44 +0100] "GET /attivita-in-vendita/dolciumi_isole_s95_mr4.html?page=36 HTTP/1.1" 200 2285 "-" "Mozilla/5.0 (compatible; Googlebot/2.1; +http://www.google.com/bot.html)"
87.8.221.235 - - [25/Jan/2011:10:45:45 +0100] "GET /js/general.js HTTP/1.1" 200 5776 "http://www.aziendaitalia.com/vendere-negozi-torino.php?gclid=CJ_N6qSJ1aYCFQgMfAodl1HpMw" "Mozilla/4.0 (compatible; MSIE 8.0; Windows NT 5.1; Trident/4.0; .NET CLR 2.0.50727; .NET CLR 3.0.4506.2152; .NET CLR 3.5.30729)"
87.8.221.235 - - [25/Jan/2011:10:45:45 +0100] "GET /img/layout/menubar.gif HTTP/1.1" 200 1302 "http://www.aziendaitalia.com/vendere-negozi-torino.php?gclid=CJ_N6qSJ1aYCFQgMfAodl1HpMw" "Mozilla/4.0 (compatible; MSIE 8.0; Windows NT 5.1; Trident/4.0; .NET CLR 2.0.50727; .NET CLR 3.0.4506.2152; .NET CLR 3.5.30729)"
87.8.221.235 - - [25/Jan/2011:10:45:45 +0100] "GET /img/layout/header.gif HTTP/1.1" 200 15655 "http://www.aziendaitalia.com/vendere-negozi-torino.php?gclid=CJ_N6qSJ1aYCFQgMfAodl1HpMw" "Mozilla/4.0 (compatible; MSIE 8.0; Windows NT 5.1; Trident/4.0; .NET CLR 2.0.50727; .NET CLR 3.0.4506.2152; .NET CLR 3.5.30729)"
87.8.221.235 - - [25/Jan/2011:10:45:45 +0100] "GET /img/layout/bg_wrapper_sub.gif HTTP/1.1" 200 102 "http://www.aziendaitalia.com/vendere-negozi-torino.php?gclid=CJ_N6qSJ1aYCFQgMfAodl1HpMw" "Mozilla/4.0 (compatible; MSIE 8.0; Windows NT 5.1; Trident/4.0; .NET CLR 2.0.50727; .NET CLR 3.0.4506.2152; .NET CLR 3.5.30729)"
87.8.221.235 - - [25/Jan/2011:10:45:46 +0100] "GET /img/layout/bg_sidebar_separator.gif HTTP/1.1" 200 106 "http://www.aziendaitalia.com/vendere-negozi-torino.php?gclid=CJ_N6qSJ1aYCFQgMfAodl1HpMw" "Mozilla/4.0 (compatible; MSIE 8.0; Windows NT 5.1; Trident/4.0; .NET CLR 2.0.50727; .NET CLR 3.0.4506.2152; .NET CLR 3.5.30729)"
87.8.221.235 - - [25/Jan/2011:10:45:45 +0100] "GET /img/icona-negozi.jpg HTTP/1.1" 200 69156 "http://www.aziendaitalia.com/vendere-negozi-torino.php?gclid=CJ_N6qSJ1aYCFQgMfAodl1HpMw" "Mozilla/4.0 (compatible; MSIE 8.0; Windows NT 5.1; Trident/4.0; .NET CLR 2.0.50727; .NET CLR 3.0.4506.2152; .NET CLR 3.5.30729)"
87.8.221.235 - - [25/Jan/2011:10:45:46 +0100] "GET /favicon.ico HTTP/1.1" 200 1406 "-" "Mozilla/4.0 (compatible; MSIE 8.0; Windows NT 5.1; Trident/4.0; .NET CLR 2.0.50727; .NET CLR 3.0.4506.2152; .NET CLR 3.5.30729)"
217.133.60.232 - - [25/Jan/2011:10:45:52 +0100] "GET /attivita-in-vendita/a-milano_p6.html HTTP/1.1" 200 4640 "http://www.aziendaitalia.com/about-us/unita-locali.html" "Mozilla/4.0 (compatible; MSIE 8.0; Windows NT 6.1; Trident/4.0; OfficeLiveConnector.1.5; OfficeLivePatch.1.3; .NET4.0C; .NET4.0E)"
217.133.60.232 - - [25/Jan/2011:10:45:53 +0100] "GET /img/layout/italia/italynorth.gif HTTP/1.1" 200 3837 "http://www.aziendaitalia.com/attivita-in-vendita/a-milano_p6.html" "Mozilla/4.0 (compatible; MSIE 8.0; Windows NT 6.1; Trident/4.0; OfficeLiveConnector.1.5; OfficeLivePatch.1.3; .NET4.0C; .NET4.0E)"
