2.40.254.194 - - [25/Jan/2011:09:10:26 +0100] "GET /css/style.css HTTP/1.1" 200 3366 "http://www.aziendaitalia.com/cedere-attivita/?gclid=CNXDuP7z1KYCFQUTfAodkE3sMw" "Mozilla/4.0 (compatible; MSIE 8.0; Windows NT 5.1; Trident/4.0; GTB6.6; .NET CLR 2.0.50727; .NET CLR 3.0.4506.2152; .NET CLR 3.5.30729)"
2.40.254.194 - - [25/Jan/2011:09:10:26 +0100] "GET /js/jquery-1.4.2.min.js HTTP/1.1" 200 72174 "http://www.aziendaitalia.com/cedere-attivita/?gclid=CNXDuP7z1KYCFQUTfAodkE3sMw" "Mozilla/4.0 (compatible; MSIE 8.0; Windows NT 5.1; Trident/4.0; GTB6.6; .NET CLR 2.0.50727; .NET CLR 3.0.4506.2152; .NET CLR 3.5.30729)"
2.40.254.194 - - [25/Jan/2011:09:10:27 +0100] "GET /js/general.js HTTP/1.1" 200 5776 "http://www.aziendaitalia.com/cedere-attivita/?gclid=CNXDuP7z1KYCFQUTfAodkE3sMw" "Mozilla/4.0 (compatible; MSIE 8.0; Windows NT 5.1; Trident/4.0; GTB6.6; .NET CLR 2.0.50727; .NET CLR 3.0.4506.2152; .NET CLR 3.5.30729)"
89.202.231.158 - - [25/Jan/2011:09:10:27 +0100] "GET /favicon.ico HTTP/1.1" 200 1406 "-" "Mozilla/4.0 (compatible; MSIE 8.0; Windows NT 6.0; Trident/4.0; FBSMTWB; GTB6.6; SLCC1; .NET CLR 2.0.50727; .NET CLR 3.5.30729; OfficeLiveConnector.1.3; OfficeLivePatch.0.0; .NET CLR 3.0.30729)"
2.40.254.194 - - [25/Jan/2011:09:10:27 +0100] "GET /img/layout/menubar.gif HTTP/1.1" 200 1302 "http://www.aziendaitalia.com/cedere-attivita/?gclid=CNXDuP7z1KYCFQUTfAodkE3sMw" "Mozilla/4.0 (compatible; MSIE 8.0; Windows NT 5.1; Trident/4.0; GTB6.6; .NET CLR 2.0.50727; .NET CLR 3.0.4506.2152; .NET CLR 3.5.30729)"
2.40.254.194 - - [25/Jan/2011:09:10:27 +0100] "GET /img/layout/bg_wrapper_sub.gif HTTP/1.1" 200 102 "http://www.aziendaitalia.com/cedere-attivita/?gclid=CNXDuP7z1KYCFQUTfAodkE3sMw" "Mozilla/4.0 (compatible; MSIE 8.0; Windows NT 5.1; Trident/4.0; GTB6.6; .NET CLR 2.0.50727; .NET CLR 3.0.4506.2152; .NET CLR 3.5.30729)"
2.40.254.194 - - [25/Jan/2011:09:10:27 +0100] "GET /img/layout/header.gif HTTP/1.1" 200 15655 "http://www.aziendaitalia.com/cedere-attivita/?gclid=CNXDuP7z1KYCFQUTfAodkE3sMw" "Mozilla/4.0 (compatible; MSIE 8.0; Windows NT 5.1; Trident/4.0; GTB6.6; .NET CLR 2.0.50727; .NET CLR 3.0.4506.2152; .NET CLR 3.5.30729)"
2.40.254.194 - - [25/Jan/2011:09:10:27 +0100] "GET /img/layout/bg_sidebar_separator.gif HTTP/1.1" 200 106 "http://www.aziendaitalia.com/cedere-attivita/?gclid=CNXDuP7z1KYCFQUTfAodkE3sMw" "Mozilla/4.0 (compatible; MSIE 8.0; Windows NT 5.1; Trident/4.0; GTB6.6; .NET CLR 2.0.50727; .NET CLR 3.0.4506.2152; .NET CLR 3.5.30729)"
2.40.254.194 - - [25/Jan/2011:09:10:27 +0100] "GET /favicon.ico HTTP/1.1" 200 1406 "-" "Mozilla/4.0 (compatible; MSIE 8.0; Windows NT 5.1; Trident/4.0; GTB6.6; .NET CLR 2.0.50727; .NET CLR 3.0.4506.2152; .NET CLR 3.5.30729)"
89.202.231.158 - - [25/Jan/2011:09:10:29 +0100] "GET /attivita-in-vendita/norditalia_mr1.html HTTP/1.1" 200 5127 "http://www.aziendaitalia.com/attivita-in-vendita/italia_n1.html" "Mozilla/4.0 (compatible; MSIE 8.0; Windows NT 6.0; Trident/4.0; FBSMTWB; GTB6.6; SLCC1; .NET CLR 2.0.50727; .NET CLR 3.5.30729; OfficeLiveConnector.1.3; OfficeLivePatch.0.0; .NET CLR 3.0.30729)"
89.202.231.158 - - [25/Jan/2011:09:10:29 +0100] "GET /img/layout/italia/italynorth.gif HTTP/1.1" 200 3837 "http://www.aziendaitalia.com/attivita-in-vendita/norditalia_mr1.html" "Mozilla/4.0 (compatible; MSIE 8.0; Windows NT 6.0; Trident/4.0; FBSMTWB; GTB6.6; SLCC1; .NET CLR 2.0.50727; .NET CLR 3.5.30729; OfficeLiveConnector.1.3; OfficeLivePatch.0.0; .NET CLR 3.0.30729)"
207.46.195.106 - - [25/Jan/2011:09:10:36 +0100] "GET /bancadati-categorie.php?idind=6&start=200 HTTP/1.1" 404 280 "-" "Mozilla/5.0 (compatible; bingbot/2.0; +http://www.bing.com/bingbot.htm)"
89.202.231.158 - - [25/Jan/2011:09:10:37 +0100] "GET /attivita-in-vendita/a-torino_p2.html HTTP/1.1" 200 4754 "http://www.aziendaitalia.com/attivita-in-vendita/norditalia_mr1.html" "Mozilla/4.0 (compatible; MSIE 8.0; Windows NT 6.0; Trident/4.0; FBSMTWB; GTB6.6; SLCC1; .NET CLR 2.0.50727; .NET CLR 3.5.30729; OfficeLiveConnector.1.3; OfficeLivePatch.0.0; .NET CLR 3.0.30729)"
89.202.231.158 - - [25/Jan/2011:09:10:49 +0100] "GET /attivita-in-vendita/industria-produzione-installatori-lavorazione_a-torino_m6_p2.html HTTP/1.1" 200 5052 "http://www.aziendaitalia.com/attivita-in-vendita/a-torino_p2.html" "Mozilla/4.0 (compatible; MSIE 8.0; Windows NT 6.0; Trident/4.0; FBSMTWB; GTB6.6; SLCC1; .NET CLR 2.0.50727; .NET CLR 3.5.30729; OfficeLiveConnector.1.3; OfficeLivePatch.0.0; .NET CLR 3.0.30729)"
67.195.115.117 - - [25/Jan/2011:09:11:09 +0100] "GET /bancadati-search.php?q=bar+milano HTTP/1.0" 404 277 "-" "Mozilla/5.0 (compatible; Yahoo! Slurp; http://help.yahoo.com/help/us/ysearch/slurp)"
72.5.230.111 - - [25/Jan/2011:09:11:21 +0100] "HEAD / HTTP/1.1" 200 - "-" "Site 24 X 7"
87.5.68.241 - - [25/Jan/2011:09:11:21 +0100] "GET /attivita-in-vendita/cerca-ristorante.html?gclid=CMTgwJj01KYCFUYifAodO3vwMw HTTP/1.1" 200 5386 "http://www.google.it/aclk?sa=l&ai=CZASCC4Q-TcbRIovhswaN-tw1w_qa1AH7pImwF72T8UgIABABULPdl9YGYP3a9YOoEKABg5yh_gPIAQGpAuwTJQGo8rY-qgQbT9DlZowkEYGBn5MSm8-cVwmhXpLvBPRXH6Rw&sig=AGiWqty2tQASNZpFsWoJ04PjZExrWYZwaw&adurl=http://www.aziendaitalia.com/attivita-in-vendita/cerca-ristorante.html&rct=j&q=chi%20vende%20bar%20ad%20alessandria" "Mozilla/4.0 (compatible; MSIE 8.0; Windows NT 6.0; Trident/4.0; SLCC1; .NET CLR 2.0.50727; Media Center PC 5.0; InfoPath.2; .NET CLR 3.5.30729; .NET CLR 3.0.30618; OfficeLiveConnector.1.3; OfficeLivePatch.0.0)"
87.5.68.241 - - [25/Jan/2011:09:11:21 +0100] "GET /css/style.css HTTP/1.1" 200 3366 "http://www.aziendaitalia.com/attivita-in-vendita/cerca-ristorante.html?gclid=CMTgwJj01KYCFUYifAodO3vwMw" "Mozilla/4.0 (compatible; MSIE 8.0; Windows NT 6.0; Trident/4.0; SLCC1; .NET CLR 2.0.50727; Media Center PC 5.0; InfoPath.2; .NET CLR 3.5.30729; .NET CLR 3.0.30618; OfficeLiveConnector.1.3; OfficeLivePatch.0.0)"
87.5.68.241 - - [25/Jan/2011:09:11:21 +0100] "GET /js/general.js HTTP/1.1" 200 5776 "http://www.aziendaitalia.com/attivita-in-vendita/cerca-ristorante.html?gclid=CMTgwJj01KYCFUYifAodO3vwMw" "Mozilla/4.0 (compatible; MSIE 8.0; Windows NT 6.0; Trident/4.0; SLCC1; .NET CLR 2.0.50727; Media Center PC 5.0; InfoPath.2; .NET CLR 3.5.30729; .NET CLR 3.0.30618; OfficeLiveConnector.1.3; OfficeLivePatch.0.0)"
87.5.68.241 - - [25/Jan/2011:09:11:21 +0100] "GET /js/jquery-1.4.2.min.js HTTP/1.1" 200 72174 "http://www.aziendaitalia.com/attivita-in-vendita/cerca-ristorante.html?gclid=CMTgwJj01KYCFUYifAodO3vwMw" "Mozilla/4.0 (compatible; MSIE 8.0; Windows NT 6.0; Trident/4.0; SLCC1; .NET CLR 2.0.50727; Media Center PC 5.0; InfoPath.2; .NET CLR 3.5.30729; .NET CLR 3.0.30618; OfficeLiveConnector.1.3; OfficeLivePatch.0.0)"
87.5.68.241 - - [25/Jan/2011:09:11:22 +0100] "GET /img/layout/menubar.gif HTTP/1.1" 200 1302 "http://www.aziendaitalia.com/attivita-in-vendita/cerca-ristorante.html?gclid=CMTgwJj01KYCFUYifAodO3vwMw" "Mozilla/4.0 (compatible; MSIE 8.0; Windows NT 6.0; Trident/4.0; SLCC1; .NET CLR 2.0.50727; Media Center PC 5.0; InfoPath.2; .NET CLR 3.5.30729; .NET CLR 3.0.30618; OfficeLiveConnector.1.3; OfficeLivePatch.0.0)"
87.5.68.241 - - [25/Jan/2011:09:11:22 +0100] "GET /img/layout/bg_wrapper_sub.gif HTTP/1.1" 200 102 "http://www.aziendaitalia.com/attivita-in-vendita/cerca-ristorante.html?gclid=CMTgwJj01KYCFUYifAodO3vwMw" "Mozilla/4.0 (compatible; MSIE 8.0; Windows NT 6.0; Trident/4.0; SLCC1; .NET CLR 2.0.50727; Media Center PC 5.0; InfoPath.2; .NET CLR 3.5.30729; .NET CLR 3.0.30618; OfficeLiveConnector.1.3; OfficeLivePatch.0.0)"
87.5.68.241 - - [25/Jan/2011:09:11:22 +0100] "GET /img/layout/bg_sidebar_separator.gif HTTP/1.1" 200 106 "http://www.aziendaitalia.com/attivita-in-vendita/cerca-ristorante.html?gclid=CMTgwJj01KYCFUYifAodO3vwMw" "Mozilla/4.0 (compatible; MSIE 8.0; Windows NT 6.0; Trident/4.0; SLCC1; .NET CLR 2.0.50727; Media Center PC 5.0; InfoPath.2; .NET CLR 3.5.30729; .NET CLR 3.0.30618; OfficeLiveConnector.1.3; OfficeLivePatch.0.0)"
87.5.68.241 - - [25/Jan/2011:09:11:22 +0100] "GET /img/layout/header.gif HTTP/1.1" 200 15655 "http://www.aziendaitalia.com/attivita-in-vendita/cerca-ristorante.html?gclid=CMTgwJj01KYCFUYifAodO3vwMw" "Mozilla/4.0 (compatible; MSIE 8.0; Windows NT 6.0; Trident/4.0; SLCC1; .NET CLR 2.0.50727; Media Center PC 5.0; InfoPath.2; .NET CLR 3.5.30729; .NET CLR 3.0.30618; OfficeLiveConnector.1.3; OfficeLivePatch.0.0)"
87.5.68.241 - - [25/Jan/2011:09:11:22 +0100] "GET /favicon.ico HTTP/1.1" 200 1406 "-" "Mozilla/4.0 (compatible; MSIE 8.0; Windows NT 6.0; Trident/4.0; SLCC1; .NET CLR 2.0.50727; Media Center PC 5.0; InfoPath.2; .NET CLR 3.5.30729; .NET CLR 3.0.30618; OfficeLiveConnector.1.3; OfficeLivePatch.0.0)"
178.154.161.29 - - [25/Jan/2011:09:11:40 +0100] "GET /attivita-in-vendita/accessori-per-macchine-utensili-dispositivi-di-misurazione_suditalia_s459_mr3.html HTTP/1.1" 200 2471 "-" "Mozilla/5.0 (compatible; YandexBot/3.0; +http://yandex.com/bots)"
87.28.67.183 - - [25/Jan/2011:09:11:44 +0100] "GET /attivita-in-vendita/?gclid=CLHTw6P01KYCFYEOfAodl1X6Mw HTTP/1.1" 200 2323 "http://www.google.it/aclk?sa=l&ai=CYP_mroU-TfWdDMOc-Qb395WtA8P6mtQBu4iGsBedjtPHKQgAEAIoA1DWiJ27BmD9gpGE6BGgAYOcof4DyAEBqQLsEyUBqPK2PqoEG0_QEl7KhKG-Tl5VRfIeO2jCF_r-lgaaZtPKOw&sig=AGiWqtwZp06L25AJXG5fTApRZOcwdapW1w&adurl=http://www.aziendaitalia.com/attivita-in-vendita/&rct=j&q=rifinanziamento%20attivita'%20artigianale" "Mozilla/4.0 (compatible; MSIE 8.0; Windows NT 5.1; Trident/4.0; .NET CLR 1.1.4322; .NET CLR 2.0.50727; .NET CLR 3.0.4506.2152; .NET CLR 3.5.30729; OfficeLiveConnector.1.4; OfficeLivePatch.1.3)"
87.28.67.183 - - [25/Jan/2011:09:11:50 +0100] "GET /attivita-in-vendita/a-milano_p6.html HTTP/1.1" 200 4640 "http://www.aziendaitalia.com/attivita-in-vendita/?gclid=CLHTw6P01KYCFYEOfAodl1X6Mw" "Mozilla/4.0 (compatible; MSIE 8.0; Windows NT 5.1; Trident/4.0; .NET CLR 1.1.4322; .NET CLR 2.0.50727; .NET CLR 3.0.4506.2152; .NET CLR 3.5.30729; OfficeLiveConnector.1.4; OfficeLivePatch.1.3)"
87.28.67.183 - - [25/Jan/2011:09:11:51 +0100] "GET /img/layout/italia/italynorth.gif HTTP/1.1" 200 3837 "http://www.aziendaitalia.com/attivita-in-vendita/a-milano_p6.html" "Mozilla/4.0 (compatible; MSIE 8.0; Windows NT 5.1; Trident/4.0; .NET CLR 1.1.4322; .NET CLR 2.0.50727; .NET CLR 3.0.4506.2152; .NET CLR 3.5.30729; OfficeLiveConnector.1.4; OfficeLivePatch.1.3)"
89.202.231.158 - - [25/Jan/2011:09:11:57 +0100] "GET /attivita-in-vendita/a2233.html HTTP/1.1" 200 2506 "http://www.aziendaitalia.com/attivita-in-vendita/industria-produzione-installatori-lavorazione_a-torino_m6_p2.html" "Mozilla/4.0 (compatible; MSIE 8.0; Windows NT 6.0; Trident/4.0; FBSMTWB; GTB6.6; SLCC1; .NET CLR 2.0.50727; .NET CLR 3.5.30729; OfficeLiveConnector.1.3; OfficeLivePatch.0.0; .NET CLR 3.0.30729)"
67.195.115.117 - - [25/Jan/2011:09:12:01 +0100] "GET /detail.cfm?ID=9763 HTTP/1.0" 301 281 "-" "Mozilla/5.0 (compatible; Yahoo! Slurp; http://help.yahoo.com/help/us/ysearch/slurp)"
87.28.67.183 - - [25/Jan/2011:09:12:03 +0100] "GET /attivita-in-vendita/a-milano_p6.html HTTP/1.1" 200 4640 "http://www.aziendaitalia.com/attivita-in-vendita/a-milano_p6.html" "Mozilla/4.0 (compatible; MSIE 8.0; Windows NT 5.1; Trident/4.0; .NET CLR 1.1.4322; .NET CLR 2.0.50727; .NET CLR 3.0.4506.2152; .NET CLR 3.5.30729; OfficeLiveConnector.1.4; OfficeLivePatch.1.3)"
67.195.115.117 - - [25/Jan/2011:09:12:03 +0100] "GET /?ID=9763 HTTP/1.0" 200 2649 "-" "Mozilla/5.0 (compatible; Yahoo! Slurp; http://help.yahoo.com/help/us/ysearch/slurp)"
89.202.231.158 - - [25/Jan/2011:09:12:20 +0100] "GET /attivita-in-vendita/a2646.html HTTP/1.1" 200 2627 "http://www.aziendaitalia.com/attivita-in-vendita/industria-produzione-installatori-lavorazione_a-torino_m6_p2.html" "Mozilla/4.0 (compatible; MSIE 8.0; Windows NT 6.0; Trident/4.0; FBSMTWB; GTB6.6; SLCC1; .NET CLR 2.0.50727; .NET CLR 3.5.30729; OfficeLiveConnector.1.3; OfficeLivePatch.0.0; .NET CLR 3.0.30729)"
89.202.231.158 - - [25/Jan/2011:09:12:20 +0100] "GET /img/thumb/phpThumb.php?src=/admin/img/1282122832_4710-3406Q-A1.jpg&w=148&h=138&zc=1&q=90 HTTP/1.1" 200 6738 "http://www.aziendaitalia.com/attivita-in-vendita/a2646.html" "Mozilla/4.0 (compatible; MSIE 8.0; Windows NT 6.0; Trident/4.0; FBSMTWB; GTB6.6; SLCC1; .NET CLR 2.0.50727; .NET CLR 3.5.30729; OfficeLiveConnector.1.3; OfficeLivePatch.0.0; .NET CLR 3.0.30729)"
89.202.231.158 - - [25/Jan/2011:09:12:20 +0100] "GET /img/thumb/phpThumb.php?src=/admin/img/1282122842_4710-3406Q-C1.jpg&w=148&h=138&zc=1&q=90 HTTP/1.1" 200 6519 "http://www.aziendaitalia.com/attivita-in-vendita/a2646.html" "Mozilla/4.0 (compatible; MSIE 8.0; Windows NT 6.0; Trident/4.0; FBSMTWB; GTB6.6; SLCC1; .NET CLR 2.0.50727; .NET CLR 3.5.30729; OfficeLiveConnector.1.3; OfficeLivePatch.0.0; .NET CLR 3.0.30729)"
89.202.231.158 - - [25/Jan/2011:09:12:20 +0100] "GET /img/thumb/phpThumb.php?src=/admin/img/1282122851_4710-3406Q-D1.jpg&w=148&h=138&zc=1&q=90 HTTP/1.1" 200 7199 "http://www.aziendaitalia.com/attivita-in-vendita/a2646.html" "Mozilla/4.0 (compatible; MSIE 8.0; Windows NT 6.0; Trident/4.0; FBSMTWB; GTB6.6; SLCC1; .NET CLR 2.0.50727; .NET CLR 3.5.30729; OfficeLiveConnector.1.3; OfficeLivePatch.0.0; .NET CLR 3.0.30729)"
89.202.231.158 - - [25/Jan/2011:09:12:20 +0100] "GET /img/thumb/phpThumb.php?src=/admin/img/1282122838_4710-3406Q-B1.jpg&w=148&h=138&zc=1&q=90 HTTP/1.1" 200 7313 "http://www.aziendaitalia.com/attivita-in-vendita/a2646.html" "Mozilla/4.0 (compatible; MSIE 8.0; Windows NT 6.0; Trident/4.0; FBSMTWB; GTB6.6; SLCC1; .NET CLR 2.0.50727; .NET CLR 3.5.30729; OfficeLiveConnector.1.3; OfficeLivePatch.0.0; .NET CLR 3.0.30729)"
72.5.230.111 - - [25/Jan/2011:09:12:21 +0100] "HEAD / HTTP/1.1" 200 - "-" "Site 24 X 7"
87.28.67.183 - - [25/Jan/2011:09:12:26 +0100] "GET /attivita-in-vendita/industria-produzione-installatori-lavorazione_a-milano_m6_p6.html HTTP/1.1" 200 4969 "http://www.aziendaitalia.com/attivita-in-vendita/a-milano_p6.html" "Mozilla/4.0 (compatible; MSIE 8.0; Windows NT 5.1; Trident/4.0; .NET CLR 1.1.4322; .NET CLR 2.0.50727; .NET CLR 3.0.4506.2152; .NET CLR 3.5.30729; OfficeLiveConnector.1.4; OfficeLivePatch.1.3)"
67.195.115.117 - - [25/Jan/2011:09:12:30 +0100] "GET /detail.cfm?ID=12382 HTTP/1.0" 301 281 "-" "Mozilla/5.0 (compatible; Yahoo! Slurp; http://help.yahoo.com/help/us/ysearch/slurp)"
67.195.115.117 - - [25/Jan/2011:09:12:31 +0100] "GET /?ID=12382 HTTP/1.0" 200 2649 "-" "Mozilla/5.0 (compatible; Yahoo! Slurp; http://help.yahoo.com/help/us/ysearch/slurp)"
67.195.115.117 - - [25/Jan/2011:09:12:40 +0100] "GET /detail.cfm?ID=12130 HTTP/1.0" 301 281 "-" "Mozilla/5.0 (compatible; Yahoo! Slurp; http://help.yahoo.com/help/us/ysearch/slurp)"
67.195.115.117 - - [25/Jan/2011:09:12:40 +0100] "GET /?ID=12130 HTTP/1.0" 200 2648 "-" "Mozilla/5.0 (compatible; Yahoo! Slurp; http://help.yahoo.com/help/us/ysearch/slurp)"
89.202.231.158 - - [25/Jan/2011:09:12:44 +0100] "GET /attivita-in-vendita/industria-produzione-installatori-lavorazione_a-torino_m6_p2.html?page=2 HTTP/1.1" 200 5212 "http://www.aziendaitalia.com/attivita-in-vendita/industria-produzione-installatori-lavorazione_a-torino_m6_p2.html" "Mozilla/4.0 (compatible; MSIE 8.0; Windows NT 6.0; Trident/4.0; FBSMTWB; GTB6.6; SLCC1; .NET CLR 2.0.50727; .NET CLR 3.5.30729; OfficeLiveConnector.1.3; OfficeLivePatch.0.0; .NET CLR 3.0.30729)"
151.49.54.147 - - [25/Jan/2011:09:13:19 +0100] "GET /?gclid=CLPg1dD01KYCFQsTfAodag9LXA HTTP/1.1" 200 2670 "http://www.google.it/aclk?sa=l&ai=C54MmHIY-Tb_HK4fiswbRkIU6w_qa1AHjjciSGO-U2IYPCAAQAVDFtrygAWD9woeEpBGgAYOcof4DyAEBqQLsEyUBqPK2PqoEG0_QGsI2xKG9qj8Qm3VXhPrUJsOB2s3EmiMu3w&sig=AGiWqtxtfsKQKQeHU3e4d1IkEsBTMFEFsg&adurl=http://www.aziendaitalia.com&rct=j&q=aziendaitalia.com" "Mozilla/4.0 (compatible; MSIE 8.0; Windows NT 5.1; Trident/4.0; SIMBAR={55418994-4B4E-4126-BABA-1F3CC0CAAFA5}; .NET CLR 1.0.3705; .NET CLR 1.1.4322; .NET CLR 2.0.50727; Media Center PC 4.0; InfoPath.1; .NET CLR 3.0.4506.2152; .NET CLR 3.5.30729)"
151.49.54.147 - - [25/Jan/2011:09:13:19 +0100] "GET /css/style.css HTTP/1.1" 200 3366 "http://www.aziendaitalia.com/?gclid=CLPg1dD01KYCFQsTfAodag9LXA" "Mozilla/4.0 (compatible; MSIE 8.0; Windows NT 5.1; Trident/4.0; SIMBAR={55418994-4B4E-4126-BABA-1F3CC0CAAFA5}; .NET CLR 1.0.3705; .NET CLR 1.1.4322; .NET CLR 2.0.50727; Media Center PC 4.0; InfoPath.1; .NET CLR 3.0.4506.2152; .NET CLR 3.5.30729)"
151.49.54.147 - - [25/Jan/2011:09:13:19 +0100] "GET /js/jquery-1.4.2.min.js HTTP/1.1" 200 72174 "http://www.aziendaitalia.com/?gclid=CLPg1dD01KYCFQsTfAodag9LXA" "Mozilla/4.0 (compatible; MSIE 8.0; Windows NT 5.1; Trident/4.0; SIMBAR={55418994-4B4E-4126-BABA-1F3CC0CAAFA5}; .NET CLR 1.0.3705; .NET CLR 1.1.4322; .NET CLR 2.0.50727; Media Center PC 4.0; InfoPath.1; .NET CLR 3.0.4506.2152; .NET CLR 3.5.30729)"
151.49.54.147 - - [25/Jan/2011:09:13:20 +0100] "GET /js/jquery.pngfix.pack.js HTTP/1.1" 200 2485 "http://www.aziendaitalia.com/?gclid=CLPg1dD01KYCFQsTfAodag9LXA" "Mozilla/4.0 (compatible; MSIE 8.0; Windows NT 5.1; Trident/4.0; SIMBAR={55418994-4B4E-4126-BABA-1F3CC0CAAFA5}; .NET CLR 1.0.3705; .NET CLR 1.1.4322; .NET CLR 2.0.50727; Media Center PC 4.0; InfoPath.1; .NET CLR 3.0.4506.2152; .NET CLR 3.5.30729)"
151.49.54.147 - - [25/Jan/2011:09:13:20 +0100] "GET /js/general.js HTTP/1.1" 200 5776 "http://www.aziendaitalia.com/?gclid=CLPg1dD01KYCFQsTfAodag9LXA" "Mozilla/4.0 (compatible; MSIE 8.0; Windows NT 5.1; Trident/4.0; SIMBAR={55418994-4B4E-4126-BABA-1F3CC0CAAFA5}; .NET CLR 1.0.3705; .NET CLR 1.1.4322; .NET CLR 2.0.50727; Media Center PC 4.0; InfoPath.1; .NET CLR 3.0.4506.2152; .NET CLR 3.5.30729)"
151.49.54.147 - - [25/Jan/2011:09:13:20 +0100] "GET /img/layout/menubar.gif HTTP/1.1" 200 1302 "http://www.aziendaitalia.com/?gclid=CLPg1dD01KYCFQsTfAodag9LXA" "Mozilla/4.0 (compatible; MSIE 8.0; Windows NT 5.1; Trident/4.0; SIMBAR={55418994-4B4E-4126-BABA-1F3CC0CAAFA5}; .NET CLR 1.0.3705; .NET CLR 1.1.4322; .NET CLR 2.0.50727; Media Center PC 4.0; InfoPath.1; .NET CLR 3.0.4506.2152; .NET CLR 3.5.30729)"
151.49.54.147 - - [25/Jan/2011:09:13:20 +0100] "GET /img/layout/content_bg.gif HTTP/1.1" 200 238 "http://www.aziendaitalia.com/?gclid=CLPg1dD01KYCFQsTfAodag9LXA" "Mozilla/4.0 (compatible; MSIE 8.0; Windows NT 5.1; Trident/4.0; SIMBAR={55418994-4B4E-4126-BABA-1F3CC0CAAFA5}; .NET CLR 1.0.3705; .NET CLR 1.1.4322; .NET CLR 2.0.50727; Media Center PC 4.0; InfoPath.1; .NET CLR 3.0.4506.2152; .NET CLR 3.5.30729)"
151.49.54.147 - - [25/Jan/2011:09:13:20 +0100] "GET /img/layout/bg_button_search.gif HTTP/1.1" 200 614 "http://www.aziendaitalia.com/?gclid=CLPg1dD01KYCFQsTfAodag9LXA" "Mozilla/4.0 (compatible; MSIE 8.0; Windows NT 5.1; Trident/4.0; SIMBAR={55418994-4B4E-4126-BABA-1F3CC0CAAFA5}; .NET CLR 1.0.3705; .NET CLR 1.1.4322; .NET CLR 2.0.50727; Media Center PC 4.0; InfoPath.1; .NET CLR 3.0.4506.2152; .NET CLR 3.5.30729)"
151.49.54.147 - - [25/Jan/2011:09:13:20 +0100] "GET /img/layout/header.gif HTTP/1.1" 200 15655 "http://www.aziendaitalia.com/?gclid=CLPg1dD01KYCFQsTfAodag9LXA" "Mozilla/4.0 (compatible; MSIE 8.0; Windows NT 5.1; Trident/4.0; SIMBAR={55418994-4B4E-4126-BABA-1F3CC0CAAFA5}; .NET CLR 1.0.3705; .NET CLR 1.1.4322; .NET CLR 2.0.50727; Media Center PC 4.0; InfoPath.1; .NET CLR 3.0.4506.2152; .NET CLR 3.5.30729)"
151.49.54.147 - - [25/Jan/2011:09:13:20 +0100] "GET /img/layout/tooltip.png HTTP/1.1" 200 3337 "http://www.aziendaitalia.com/?gclid=CLPg1dD01KYCFQsTfAodag9LXA" "Mozilla/4.0 (compatible; MSIE 8.0; Windows NT 5.1; Trident/4.0; SIMBAR={55418994-4B4E-4126-BABA-1F3CC0CAAFA5}; .NET CLR 1.0.3705; .NET CLR 1.1.4322; .NET CLR 2.0.50727; Media Center PC 4.0; InfoPath.1; .NET CLR 3.0.4506.2152; .NET CLR 3.5.30729)"
151.49.54.147 - - [25/Jan/2011:09:13:20 +0100] "GET /img/layout/bg_homepage_category_buttons.gif HTTP/1.1" 200 23956 "http://www.aziendaitalia.com/?gclid=CLPg1dD01KYCFQsTfAodag9LXA" "Mozilla/4.0 (compatible; MSIE 8.0; Windows NT 5.1; Trident/4.0; SIMBAR={55418994-4B4E-4126-BABA-1F3CC0CAAFA5}; .NET CLR 1.0.3705; .NET CLR 1.1.4322; .NET CLR 2.0.50727; Media Center PC 4.0; InfoPath.1; .NET CLR 3.0.4506.2152; .NET CLR 3.5.30729)"
151.49.54.147 - - [25/Jan/2011:09:13:20 +0100] "GET /favicon.ico HTTP/1.1" 200 1406 "-" "Mozilla/4.0 (compatible; MSIE 8.0; Windows NT 5.1; Trident/4.0; SIMBAR={55418994-4B4E-4126-BABA-1F3CC0CAAFA5}; .NET CLR 1.0.3705; .NET CLR 1.1.4322; .NET CLR 2.0.50727; Media Center PC 4.0; InfoPath.1; .NET CLR 3.0.4506.2152; .NET CLR 3.5.30729)"
72.5.230.111 - - [25/Jan/2011:09:13:22 +0100] "HEAD / HTTP/1.1" 200 - "-" "Site 24 X 7"
207.46.13.47 - - [25/Jan/2011:09:13:27 +0100] "GET /bancadati-zone.php?idreg=1&idzona=159&idind=2&idcat=96 HTTP/1.1" 404 276 "-" "Mozilla/5.0 (compatible; bingbot/2.0; +http://www.bing.com/bingbot.htm)"
151.49.54.147 - - [25/Jan/2011:09:13:36 +0100] "GET /cedere-attivita/richiesta-info.html HTTP/1.1" 200 3409 "http://www.aziendaitalia.com/?gclid=CLPg1dD01KYCFQsTfAodag9LXA" "Mozilla/4.0 (compatible; MSIE 8.0; Windows NT 5.1; Trident/4.0; SIMBAR={55418994-4B4E-4126-BABA-1F3CC0CAAFA5}; .NET CLR 1.0.3705; .NET CLR 1.1.4322; .NET CLR 2.0.50727; Media Center PC 4.0; InfoPath.1; .NET CLR 3.0.4506.2152; .NET CLR 3.5.30729)"
151.49.54.147 - - [25/Jan/2011:09:13:36 +0100] "GET /img/layout/bg_wrapper_sub.gif HTTP/1.1" 200 102 "http://www.aziendaitalia.com/cedere-attivita/richiesta-info.html" "Mozilla/4.0 (compatible; MSIE 8.0; Windows NT 5.1; Trident/4.0; SIMBAR={55418994-4B4E-4126-BABA-1F3CC0CAAFA5}; .NET CLR 1.0.3705; .NET CLR 1.1.4322; .NET CLR 2.0.50727; Media Center PC 4.0; InfoPath.1; .NET CLR 3.0.4506.2152; .NET CLR 3.5.30729)"
151.49.54.147 - - [25/Jan/2011:09:13:36 +0100] "GET /img/layout/bg_sidebar_separator.gif HTTP/1.1" 200 106 "http://www.aziendaitalia.com/cedere-attivita/richiesta-info.html" "Mozilla/4.0 (compatible; MSIE 8.0; Windows NT 5.1; Trident/4.0; SIMBAR={55418994-4B4E-4126-BABA-1F3CC0CAAFA5}; .NET CLR 1.0.3705; .NET CLR 1.1.4322; .NET CLR 2.0.50727; Media Center PC 4.0; InfoPath.1; .NET CLR 3.0.4506.2152; .NET CLR 3.5.30729)"
178.154.161.29 - - [25/Jan/2011:09:13:53 +0100] "GET /attivita-in-vendita/fotocopie-riproduzioni-copisterie_italia_s248_n1.html HTTP/1.1" 200 3066 "-" "Mozilla/5.0 (compatible; YandexBot/3.0; +http://yandex.com/bots)"
89.202.231.158 - - [25/Jan/2011:09:14:00 +0100] "GET /attivita-in-vendita/a934.html HTTP/1.1" 200 2545 "http://www.aziendaitalia.com/attivita-in-vendita/industria-produzione-installatori-lavorazione_a-torino_m6_p2.html?page=2" "Mozilla/4.0 (compatible; MSIE 8.0; Windows NT 6.0; Trident/4.0; FBSMTWB; GTB6.6; SLCC1; .NET CLR 2.0.50727; .NET CLR 3.5.30729; OfficeLiveConnector.1.3; OfficeLivePatch.0.0; .NET CLR 3.0.30729)"
66.249.71.212 - - [25/Jan/2011:09:14:06 +0100] "GET /attivita-in-vendita/ristoranti_toscana_s144_r16.html HTTP/1.1" 200 4488 "-" "Mozilla/5.0 (compatible; Googlebot/2.1; +http://www.google.com/bot.html)"
72.5.230.111 - - [25/Jan/2011:09:14:23 +0100] "HEAD / HTTP/1.1" 200 - "-" "Site 24 X 7"
213.229.93.224 - - [25/Jan/2011:09:14:24 +0100] "HEAD / HTTP/1.1" 200 - "-" "Site 24 X 7"
178.77.78.91 - - [25/Jan/2011:09:14:24 +0100] "HEAD / HTTP/1.1" 200 - "-" "Site 24 X 7"
89.202.231.158 - - [25/Jan/2011:09:14:25 +0100] "GET /attivita-in-vendita/industria-produzione-installatori-lavorazione_a-torino_m6_p2.html?page=3 HTTP/1.1" 200 4001 "http://www.aziendaitalia.com/attivita-in-vendita/industria-produzione-installatori-lavorazione_a-torino_m6_p2.html?page=2" "Mozilla/4.0 (compatible; MSIE 8.0; Windows NT 6.0; Trident/4.0; FBSMTWB; GTB6.6; SLCC1; .NET CLR 2.0.50727; .NET CLR 3.5.30729; OfficeLiveConnector.1.3; OfficeLivePatch.0.0; .NET CLR 3.0.30729)"
79.99.1.106 - - [25/Jan/2011:09:14:26 +0100] "HEAD / HTTP/1.1" 200 - "-" "Site 24 X 7"
87.98.215.169 - - [25/Jan/2011:09:14:27 +0100] "HEAD / HTTP/1.1" 200 - "-" "Site 24 X 7"
95.141.35.131 - - [25/Jan/2011:09:14:28 +0100] "HEAD / HTTP/1.1" 200 - "-" "Site 24 X 7"
87.28.67.183 - - [25/Jan/2011:09:14:46 +0100] "GET /attivita-in-vendita/a3219.html HTTP/1.1" 200 2643 "http://www.aziendaitalia.com/attivita-in-vendita/industria-produzione-installatori-lavorazione_a-milano_m6_p6.html" "Mozilla/4.0 (compatible; MSIE 8.0; Windows NT 5.1; Trident/4.0; .NET CLR 1.1.4322; .NET CLR 2.0.50727; .NET CLR 3.0.4506.2152; .NET CLR 3.5.30729; OfficeLiveConnector.1.4; OfficeLivePatch.1.3)"
65.52.110.68 - - [25/Jan/2011:09:14:55 +0100] "GET /bancadati-scheda.php?idreg=3&idind=9&idcat=&idazienda=12421 HTTP/1.1" 404 277 "-" "Mozilla/5.0 (compatible; bingbot/2.0; +http://www.bing.com/bingbot.htm)"
93.37.36.148 - - [25/Jan/2011:09:14:57 +0100] "GET /cedere-attivita/?gclid=CMfR0v_01KYCFRIRfAodDhH4gA HTTP/1.1" 200 3990 "http://www.google.it/aclk?sa=l&ai=C-U0gf4Y-TYetEMz-sganha0zw_qa1AHLhoawF8_OhtgRCAAQAVCJ36q2_v____8BYP2SiYSwEaABg5yh_gPIAQGpAuwTJQGo8rY-qgQbT9CsE2T3nyHg5K5HFAh5oPjrf3i1aI7k-AEg&sig=AGiWqtx2YPLn-dxlJYi0WlJsWOPh7az6Uw&adurl=http://www.aziendaitalia.com/cedere-attivita/&rct=j&q=attivita'%20in%20vendita%20a%20genova" "Mozilla/4.0 (compatible; MSIE 8.0; Windows NT 6.0; Trident/4.0; GTB6.6; Mozilla/4.0 (compatible; MSIE 6.0; Windows NT 5.1; SV1) ; SLCC1; .NET CLR 2.0.50727; Media Center PC 5.0; .NET CLR 3.5.30729; .NET CLR 3.0.30729; OfficeLiveConnector.1.5; OfficeLivePatch.1.3; .NET4.0C)"
93.37.36.148 - - [25/Jan/2011:09:14:57 +0100] "GET /css/style.css HTTP/1.1" 200 3366 "http://www.aziendaitalia.com/cedere-attivita/?gclid=CMfR0v_01KYCFRIRfAodDhH4gA" "Mozilla/4.0 (compatible; MSIE 8.0; Windows NT 6.0; Trident/4.0; GTB6.6; Mozilla/4.0 (compatible; MSIE 6.0; Windows NT 5.1; SV1) ; SLCC1; .NET CLR 2.0.50727; Media Center PC 5.0; .NET CLR 3.5.30729; .NET CLR 3.0.30729; OfficeLiveConnector.1.5; OfficeLivePatch.1.3; .NET4.0C)"
93.37.36.148 - - [25/Jan/2011:09:14:57 +0100] "GET /js/jquery-1.4.2.min.js HTTP/1.1" 200 72174 "http://www.aziendaitalia.com/cedere-attivita/?gclid=CMfR0v_01KYCFRIRfAodDhH4gA" "Mozilla/4.0 (compatible; MSIE 8.0; Windows NT 6.0; Trident/4.0; GTB6.6; Mozilla/4.0 (compatible; MSIE 6.0; Windows NT 5.1; SV1) ; SLCC1; .NET CLR 2.0.50727; Media Center PC 5.0; .NET CLR 3.5.30729; .NET CLR 3.0.30729; OfficeLiveConnector.1.5; OfficeLivePatch.1.3; .NET4.0C)"
93.37.36.148 - - [25/Jan/2011:09:14:58 +0100] "GET /js/general.js HTTP/1.1" 200 5776 "http://www.aziendaitalia.com/cedere-attivita/?gclid=CMfR0v_01KYCFRIRfAodDhH4gA" "Mozilla/4.0 (compatible; MSIE 8.0; Windows NT 6.0; Trident/4.0; GTB6.6; Mozilla/4.0 (compatible; MSIE 6.0; Windows NT 5.1; SV1) ; SLCC1; .NET CLR 2.0.50727; Media Center PC 5.0; .NET CLR 3.5.30729; .NET CLR 3.0.30729; OfficeLiveConnector.1.5; OfficeLivePatch.1.3; .NET4.0C)"
93.37.36.148 - - [25/Jan/2011:09:14:58 +0100] "GET /img/layout/menubar.gif HTTP/1.1" 200 1302 "http://www.aziendaitalia.com/cedere-attivita/?gclid=CMfR0v_01KYCFRIRfAodDhH4gA" "Mozilla/4.0 (compatible; MSIE 8.0; Windows NT 6.0; Trident/4.0; GTB6.6; Mozilla/4.0 (compatible; MSIE 6.0; Windows NT 5.1; SV1) ; SLCC1; .NET CLR 2.0.50727; Media Center PC 5.0; .NET CLR 3.5.30729; .NET CLR 3.0.30729; OfficeLiveConnector.1.5; OfficeLivePatch.1.3; .NET4.0C)"
93.37.36.148 - - [25/Jan/2011:09:14:58 +0100] "GET /img/layout/bg_wrapper_sub.gif HTTP/1.1" 200 102 "http://www.aziendaitalia.com/cedere-attivita/?gclid=CMfR0v_01KYCFRIRfAodDhH4gA" "Mozilla/4.0 (compatible; MSIE 8.0; Windows NT 6.0; Trident/4.0; GTB6.6; Mozilla/4.0 (compatible; MSIE 6.0; Windows NT 5.1; SV1) ; SLCC1; .NET CLR 2.0.50727; Media Center PC 5.0; .NET CLR 3.5.30729; .NET CLR 3.0.30729; OfficeLiveConnector.1.5; OfficeLivePatch.1.3; .NET4.0C)"
93.37.36.148 - - [25/Jan/2011:09:14:58 +0100] "GET /img/layout/header.gif HTTP/1.1" 200 15655 "http://www.aziendaitalia.com/cedere-attivita/?gclid=CMfR0v_01KYCFRIRfAodDhH4gA" "Mozilla/4.0 (compatible; MSIE 8.0; Windows NT 6.0; Trident/4.0; GTB6.6; Mozilla/4.0 (compatible; MSIE 6.0; Windows NT 5.1; SV1) ; SLCC1; .NET CLR 2.0.50727; Media Center PC 5.0; .NET CLR 3.5.30729; .NET CLR 3.0.30729; OfficeLiveConnector.1.5; OfficeLivePatch.1.3; .NET4.0C)"
93.37.36.148 - - [25/Jan/2011:09:14:58 +0100] "GET /img/layout/bg_sidebar_separator.gif HTTP/1.1" 200 106 "http://www.aziendaitalia.com/cedere-attivita/?gclid=CMfR0v_01KYCFRIRfAodDhH4gA" "Mozilla/4.0 (compatible; MSIE 8.0; Windows NT 6.0; Trident/4.0; GTB6.6; Mozilla/4.0 (compatible; MSIE 6.0; Windows NT 5.1; SV1) ; SLCC1; .NET CLR 2.0.50727; Media Center PC 5.0; .NET CLR 3.5.30729; .NET CLR 3.0.30729; OfficeLiveConnector.1.5; OfficeLivePatch.1.3; .NET4.0C)"
93.37.36.148 - - [25/Jan/2011:09:14:58 +0100] "GET /favicon.ico HTTP/1.1" 200 1406 "-" "Mozilla/4.0 (compatible; MSIE 8.0; Windows NT 6.0; Trident/4.0; GTB6.6; Mozilla/4.0 (compatible; MSIE 6.0; Windows NT 5.1; SV1) ; SLCC1; .NET CLR 2.0.50727; Media Center PC 5.0; .NET CLR 3.5.30729; .NET CLR 3.0.30729; OfficeLiveConnector.1.5; OfficeLivePatch.1.3; .NET4.0C)"
72.5.230.111 - - [25/Jan/2011:09:15:28 +0100] "HEAD / HTTP/1.1" 200 - "-" "Site 24 X 7"
89.202.231.158 - - [25/Jan/2011:09:15:37 +0100] "GET /attivita-in-vendita/rivendita-negozi_a-torino_m2_p2.html HTTP/1.1" 200 4761 "http://www.aziendaitalia.com/attivita-in-vendita/a-torino_p2.html" "Mozilla/4.0 (compatible; MSIE 8.0; Windows NT 6.0; Trident/4.0; FBSMTWB; GTB6.6; SLCC1; .NET CLR 2.0.50727; .NET CLR 3.5.30729; OfficeLiveConnector.1.3; OfficeLivePatch.0.0; .NET CLR 3.0.30729)"
87.28.67.183 - - [25/Jan/2011:09:15:43 +0100] "GET /img/layout/italia/italyisles.gif HTTP/1.1" 200 3919 "http://www.aziendaitalia.com/attivita-in-vendita/industria-produzione-installatori-lavorazione_a-milano_m6_p6.html" "Mozilla/4.0 (compatible; MSIE 8.0; Windows NT 5.1; Trident/4.0; .NET CLR 1.1.4322; .NET CLR 2.0.50727; .NET CLR 3.0.4506.2152; .NET CLR 3.5.30729; OfficeLiveConnector.1.4; OfficeLivePatch.1.3)"
87.28.67.183 - - [25/Jan/2011:09:15:43 +0100] "GET /img/layout/italia/italyisles.gif HTTP/1.1" 200 3919 "http://www.aziendaitalia.com/attivita-in-vendita/industria-produzione-installatori-lavorazione_a-milano_m6_p6.html" "Mozilla/4.0 (compatible; MSIE 8.0; Windows NT 5.1; Trident/4.0; .NET CLR 1.1.4322; .NET CLR 2.0.50727; .NET CLR 3.0.4506.2152; .NET CLR 3.5.30729; OfficeLiveConnector.1.4; OfficeLivePatch.1.3)"
87.28.67.183 - - [25/Jan/2011:09:15:44 +0100] "GET /attivita-in-vendita/isole_mr4.html HTTP/1.1" 200 4463 "http://www.aziendaitalia.com/attivita-in-vendita/industria-produzione-installatori-lavorazione_a-milano_m6_p6.html" "Mozilla/4.0 (compatible; MSIE 8.0; Windows NT 5.1; Trident/4.0; .NET CLR 1.1.4322; .NET CLR 2.0.50727; .NET CLR 3.0.4506.2152; .NET CLR 3.5.30729; OfficeLiveConnector.1.4; OfficeLivePatch.1.3)"
87.28.67.183 - - [25/Jan/2011:09:15:59 +0100] "GET /attivita-in-vendita/a-olbia-tempio_p156.html HTTP/1.1" 200 3389 "http://www.aziendaitalia.com/attivita-in-vendita/isole_mr4.html" "Mozilla/4.0 (compatible; MSIE 8.0; Windows NT 5.1; Trident/4.0; .NET CLR 1.1.4322; .NET CLR 2.0.50727; .NET CLR 3.0.4506.2152; .NET CLR 3.5.30729; OfficeLiveConnector.1.4; OfficeLivePatch.1.3)"
178.154.161.29 - - [25/Jan/2011:09:16:07 +0100] "GET /annunci/nord-italia/aosta/7140.htm HTTP/1.1" 200 3237 "-" "Mozilla/5.0 (compatible; YandexBot/3.0; +http://yandex.com/bots)"
89.202.231.158 - - [25/Jan/2011:09:16:10 +0100] "GET /attivita-in-vendita/rivendita-negozi_a-torino_m2_p2.html?page=2 HTTP/1.1" 200 4726 "http://www.aziendaitalia.com/attivita-in-vendita/rivendita-negozi_a-torino_m2_p2.html" "Mozilla/4.0 (compatible; MSIE 8.0; Windows NT 6.0; Trident/4.0; FBSMTWB; GTB6.6; SLCC1; .NET CLR 2.0.50727; .NET CLR 3.5.30729; OfficeLiveConnector.1.3; OfficeLivePatch.0.0; .NET CLR 3.0.30729)"
72.5.230.111 - - [25/Jan/2011:09:16:29 +0100] "HEAD / HTTP/1.1" 200 - "-" "Site 24 X 7"
151.21.72.116 - - [25/Jan/2011:09:16:31 +0100] "GET /rilevare-attivita/?gclid=CK-DtKz11KYCFUQTfAodaDq2zQ HTTP/1.1" 200 3711 "http://www.google.it/aclk?sa=l&ai=CwA881oY-TaLLEMOS-QbSyqCtA8P6mtQBw6n-rxfp1eI4CAAQASDalNAGKANQgoPO8v3_____AWD90qmEiBOgAYOcof4DyAEBqQLsEyUBqPK2PqoEG0_QOZVgB8-UTtqEHFbhCLuiDgoI3acaHjs4-IAFkE4&sig=AGiWqtwfQhMZ8pF3wK2jb2GmGbJ4QqNnHw&adurl=http://www.aziendaitalia.com/rilevare-attivita/&rct=j&q=trattorie%20vendita%20torino" "Mozilla/4.0 (compatible; MSIE 8.0; Windows NT 6.0; Trident/4.0; GTB6.6; SLCC1; .NET CLR 2.0.50727; .NET CLR 3.5.30729; OfficeLiveConnector.1.3; OfficeLivePatch.0.0; .NET CLR 3.0.30729; AskTB5.6)"
151.21.72.116 - - [25/Jan/2011:09:16:31 +0100] "GET /css/style.css HTTP/1.1" 200 3366 "http://www.aziendaitalia.com/rilevare-attivita/?gclid=CK-DtKz11KYCFUQTfAodaDq2zQ" "Mozilla/4.0 (compatible; MSIE 8.0; Windows NT 6.0; Trident/4.0; GTB6.6; SLCC1; .NET CLR 2.0.50727; .NET CLR 3.5.30729; OfficeLiveConnector.1.3; OfficeLivePatch.0.0; .NET CLR 3.0.30729; AskTB5.6)"
151.21.72.116 - - [25/Jan/2011:09:16:31 +0100] "GET /css/style.css HTTP/1.1" 200 3366 "http://www.aziendaitalia.com/rilevare-attivita/?gclid=CK-DtKz11KYCFUQTfAodaDq2zQ" "Mozilla/4.0 (compatible; MSIE 8.0; Windows NT 6.0; Trident/4.0; GTB6.6; SLCC1; .NET CLR 2.0.50727; .NET CLR 3.5.30729; OfficeLiveConnector.1.3; OfficeLivePatch.0.0; .NET CLR 3.0.30729; AskTB5.6)"
151.21.72.116 - - [25/Jan/2011:09:16:31 +0100] "GET /js/jquery-1.4.2.min.js HTTP/1.1" 200 72174 "http://www.aziendaitalia.com/rilevare-attivita/?gclid=CK-DtKz11KYCFUQTfAodaDq2zQ" "Mozilla/4.0 (compatible; MSIE 8.0; Windows NT 6.0; Trident/4.0; GTB6.6; SLCC1; .NET CLR 2.0.50727; .NET CLR 3.5.30729; OfficeLiveConnector.1.3; OfficeLivePatch.0.0; .NET CLR 3.0.30729; AskTB5.6)"
151.21.72.116 - - [25/Jan/2011:09:16:31 +0100] "GET /js/general.js HTTP/1.1" 200 5776 "http://www.aziendaitalia.com/rilevare-attivita/?gclid=CK-DtKz11KYCFUQTfAodaDq2zQ" "Mozilla/4.0 (compatible; MSIE 8.0; Windows NT 6.0; Trident/4.0; GTB6.6; SLCC1; .NET CLR 2.0.50727; .NET CLR 3.5.30729; OfficeLiveConnector.1.3; OfficeLivePatch.0.0; .NET CLR 3.0.30729; AskTB5.6)"
151.21.72.116 - - [25/Jan/2011:09:16:32 +0100] "GET /img/layout/menubar.gif HTTP/1.1" 200 1302 "http://www.aziendaitalia.com/rilevare-attivita/?gclid=CK-DtKz11KYCFUQTfAodaDq2zQ" "Mozilla/4.0 (compatible; MSIE 8.0; Windows NT 6.0; Trident/4.0; GTB6.6; SLCC1; .NET CLR 2.0.50727; .NET CLR 3.5.30729; OfficeLiveConnector.1.3; OfficeLivePatch.0.0; .NET CLR 3.0.30729; AskTB5.6)"
151.21.72.116 - - [25/Jan/2011:09:16:32 +0100] "GET /img/layout/bg_wrapper_sub.gif HTTP/1.1" 200 102 "http://www.aziendaitalia.com/rilevare-attivita/?gclid=CK-DtKz11KYCFUQTfAodaDq2zQ" "Mozilla/4.0 (compatible; MSIE 8.0; Windows NT 6.0; Trident/4.0; GTB6.6; SLCC1; .NET CLR 2.0.50727; .NET CLR 3.5.30729; OfficeLiveConnector.1.3; OfficeLivePatch.0.0; .NET CLR 3.0.30729; AskTB5.6)"
151.21.72.116 - - [25/Jan/2011:09:16:32 +0100] "GET /img/layout/bg_sidebar_separator.gif HTTP/1.1" 200 106 "http://www.aziendaitalia.com/rilevare-attivita/?gclid=CK-DtKz11KYCFUQTfAodaDq2zQ" "Mozilla/4.0 (compatible; MSIE 8.0; Windows NT 6.0; Trident/4.0; GTB6.6; SLCC1; .NET CLR 2.0.50727; .NET CLR 3.5.30729; OfficeLiveConnector.1.3; OfficeLivePatch.0.0; .NET CLR 3.0.30729; AskTB5.6)"
151.21.72.116 - - [25/Jan/2011:09:16:32 +0100] "GET /img/layout/header.gif HTTP/1.1" 200 15655 "http://www.aziendaitalia.com/rilevare-attivita/?gclid=CK-DtKz11KYCFUQTfAodaDq2zQ" "Mozilla/4.0 (compatible; MSIE 8.0; Windows NT 6.0; Trident/4.0; GTB6.6; SLCC1; .NET CLR 2.0.50727; .NET CLR 3.5.30729; OfficeLiveConnector.1.3; OfficeLivePatch.0.0; .NET CLR 3.0.30729; AskTB5.6)"
151.21.72.116 - - [25/Jan/2011:09:16:32 +0100] "GET /favicon.ico HTTP/1.1" 200 1406 "-" "Mozilla/4.0 (compatible; MSIE 8.0; Windows NT 6.0; Trident/4.0; GTB6.6; SLCC1; .NET CLR 2.0.50727; .NET CLR 3.5.30729; OfficeLiveConnector.1.3; OfficeLivePatch.0.0; .NET CLR 3.0.30729; AskTB5.6)"
151.21.72.116 - - [25/Jan/2011:09:16:40 +0100] "GET /attivita-in-vendita/ HTTP/1.1" 200 2294 "http://www.aziendaitalia.com/rilevare-attivita/?gclid=CK-DtKz11KYCFUQTfAodaDq2zQ" "Mozilla/4.0 (compatible; MSIE 8.0; Windows NT 6.0; Trident/4.0; GTB6.6; SLCC1; .NET CLR 2.0.50727; .NET CLR 3.5.30729; OfficeLiveConnector.1.3; OfficeLivePatch.0.0; .NET CLR 3.0.30729; AskTB5.6)"
151.21.72.116 - - [25/Jan/2011:09:16:40 +0100] "GET /css/style.css HTTP/1.1" 200 3366 "http://www.aziendaitalia.com/attivita-in-vendita/" "Mozilla/4.0 (compatible; MSIE 8.0; Windows NT 6.0; Trident/4.0; GTB6.6; SLCC1; .NET CLR 2.0.50727; .NET CLR 3.5.30729; OfficeLiveConnector.1.3; OfficeLivePatch.0.0; .NET CLR 3.0.30729; AskTB5.6)"
151.21.72.116 - - [25/Jan/2011:09:16:40 +0100] "GET /img/layout/dot.png HTTP/1.1" 200 2899 "http://www.aziendaitalia.com/attivita-in-vendita/" "Mozilla/4.0 (compatible; MSIE 8.0; Windows NT 6.0; Trident/4.0; GTB6.6; SLCC1; .NET CLR 2.0.50727; .NET CLR 3.5.30729; OfficeLiveConnector.1.3; OfficeLivePatch.0.0; .NET CLR 3.0.30729; AskTB5.6)"
151.21.72.116 - - [25/Jan/2011:09:16:40 +0100] "GET /img/thumb/phpThumb.php?src=/admin/img/1283511116_5135-4001Y-A.JPG&w=148&h=138&zc=1&q=90 HTTP/1.1" 200 9692 "http://www.aziendaitalia.com/attivita-in-vendita/" "Mozilla/4.0 (compatible; MSIE 8.0; Windows NT 6.0; Trident/4.0; GTB6.6; SLCC1; .NET CLR 2.0.50727; .NET CLR 3.5.30729; OfficeLiveConnector.1.3; OfficeLivePatch.0.0; .NET CLR 3.0.30729; AskTB5.6)"
151.21.72.116 - - [25/Jan/2011:09:16:40 +0100] "GET /img/thumb/phpThumb.php?src=/admin/img/1295368730_5945-6289D-A.JPG&w=148&h=138&zc=1&q=90 HTTP/1.1" 200 9397 "http://www.aziendaitalia.com/attivita-in-vendita/" "Mozilla/4.0 (compatible; MSIE 8.0; Windows NT 6.0; Trident/4.0; GTB6.6; SLCC1; .NET CLR 2.0.50727; .NET CLR 3.5.30729; OfficeLiveConnector.1.3; OfficeLivePatch.0.0; .NET CLR 3.0.30729; AskTB5.6)"
151.21.72.116 - - [25/Jan/2011:09:16:40 +0100] "GET /img/thumb/phpThumb.php?src=/admin/img/1284121274_8018-5308G-A.JPG&w=148&h=138&zc=1&q=90 HTTP/1.1" 200 7134 "http://www.aziendaitalia.com/attivita-in-vendita/" "Mozilla/4.0 (compatible; MSIE 8.0; Windows NT 6.0; Trident/4.0; GTB6.6; SLCC1; .NET CLR 2.0.50727; .NET CLR 3.5.30729; OfficeLiveConnector.1.3; OfficeLivePatch.0.0; .NET CLR 3.0.30729; AskTB5.6)"
87.28.67.183 - - [25/Jan/2011:09:16:56 +0100] "GET /attivita-in-vendita/a3486.html HTTP/1.1" 200 2703 "http://www.aziendaitalia.com/attivita-in-vendita/a-olbia-tempio_p156.html" "Mozilla/4.0 (compatible; MSIE 8.0; Windows NT 5.1; Trident/4.0; .NET CLR 1.1.4322; .NET CLR 2.0.50727; .NET CLR 3.0.4506.2152; .NET CLR 3.5.30729; OfficeLiveConnector.1.4; OfficeLivePatch.1.3)"
87.28.67.183 - - [25/Jan/2011:09:16:57 +0100] "GET /img/thumb/phpThumb.php?src=/admin/img/1287223989_2238-5391K-B.jpg&w=148&h=138&zc=1&q=90 HTTP/1.1" 200 6993 "http://www.aziendaitalia.com/attivita-in-vendita/a3486.html" "Mozilla/4.0 (compatible; MSIE 8.0; Windows NT 5.1; Trident/4.0; .NET CLR 1.1.4322; .NET CLR 2.0.50727; .NET CLR 3.0.4506.2152; .NET CLR 3.5.30729; OfficeLiveConnector.1.4; OfficeLivePatch.1.3)"
87.28.67.183 - - [25/Jan/2011:09:16:57 +0100] "GET /img/thumb/phpThumb.php?src=/admin/img/1287223992_2238-5391K-C.jpg&w=148&h=138&zc=1&q=90 HTTP/1.1" 200 6183 "http://www.aziendaitalia.com/attivita-in-vendita/a3486.html" "Mozilla/4.0 (compatible; MSIE 8.0; Windows NT 5.1; Trident/4.0; .NET CLR 1.1.4322; .NET CLR 2.0.50727; .NET CLR 3.0.4506.2152; .NET CLR 3.5.30729; OfficeLiveConnector.1.4; OfficeLivePatch.1.3)"
87.28.67.183 - - [25/Jan/2011:09:16:57 +0100] "GET /img/thumb/phpThumb.php?src=/admin/img/1287223996_2238-5391K-D.jpg&w=148&h=138&zc=1&q=90 HTTP/1.1" 200 5812 "http://www.aziendaitalia.com/attivita-in-vendita/a3486.html" "Mozilla/4.0 (compatible; MSIE 8.0; Windows NT 5.1; Trident/4.0; .NET CLR 1.1.4322; .NET CLR 2.0.50727; .NET CLR 3.0.4506.2152; .NET CLR 3.5.30729; OfficeLiveConnector.1.4; OfficeLivePatch.1.3)"
87.28.67.183 - - [25/Jan/2011:09:16:57 +0100] "GET /img/thumb/phpThumb.php?src=/admin/img/1287223999_2238-5391K-E.jpg&w=148&h=138&zc=1&q=90 HTTP/1.1" 200 7319 "http://www.aziendaitalia.com/attivita-in-vendita/a3486.html" "Mozilla/4.0 (compatible; MSIE 8.0; Windows NT 5.1; Trident/4.0; .NET CLR 1.1.4322; .NET CLR 2.0.50727; .NET CLR 3.0.4506.2152; .NET CLR 3.5.30729; OfficeLiveConnector.1.4; OfficeLivePatch.1.3)"
87.28.67.183 - - [25/Jan/2011:09:16:57 +0100] "GET /img/thumb/phpThumb.php?src=/admin/img/1287224002_2238-5391K-F.jpg&w=148&h=138&zc=1&q=90 HTTP/1.1" 200 6731 "http://www.aziendaitalia.com/attivita-in-vendita/a3486.html" "Mozilla/4.0 (compatible; MSIE 8.0; Windows NT 5.1; Trident/4.0; .NET CLR 1.1.4322; .NET CLR 2.0.50727; .NET CLR 3.0.4506.2152; .NET CLR 3.5.30729; OfficeLiveConnector.1.4; OfficeLivePatch.1.3)"
87.28.67.183 - - [25/Jan/2011:09:16:57 +0100] "GET /img/thumb/phpThumb.php?src=/admin/img/1287224007_2238-5391K-G.jpg&w=148&h=138&zc=1&q=90 HTTP/1.1" 200 6566 "http://www.aziendaitalia.com/attivita-in-vendita/a3486.html" "Mozilla/4.0 (compatible; MSIE 8.0; Windows NT 5.1; Trident/4.0; .NET CLR 1.1.4322; .NET CLR 2.0.50727; .NET CLR 3.0.4506.2152; .NET CLR 3.5.30729; OfficeLiveConnector.1.4; OfficeLivePatch.1.3)"
151.21.72.116 - - [25/Jan/2011:09:16:58 +0100] "GET /attivita-in-vendita/alberghi-ristoranti-bar-agriturismo-aziende-agricole_m1.html HTTP/1.1" 200 3665 "http://www.aziendaitalia.com/attivita-in-vendita/" "Mozilla/4.0 (compatible; MSIE 8.0; Windows NT 6.0; Trident/4.0; GTB6.6; SLCC1; .NET CLR 2.0.50727; .NET CLR 3.5.30729; OfficeLiveConnector.1.3; OfficeLivePatch.0.0; .NET CLR 3.0.30729; AskTB5.6)"
151.21.72.116 - - [25/Jan/2011:09:16:58 +0100] "GET /css/style.css HTTP/1.1" 200 3366 "http://www.aziendaitalia.com/attivita-in-vendita/alberghi-ristoranti-bar-agriturismo-aziende-agricole_m1.html" "Mozilla/4.0 (compatible; MSIE 8.0; Windows NT 6.0; Trident/4.0; GTB6.6; SLCC1; .NET CLR 2.0.50727; .NET CLR 3.5.30729; OfficeLiveConnector.1.3; OfficeLivePatch.0.0; .NET CLR 3.0.30729; AskTB5.6)"
151.49.54.147 - - [25/Jan/2011:09:16:58 +0100] "POST /invia-modulo.html HTTP/1.1" 200 1369 "http://www.aziendaitalia.com/cedere-attivita/richiesta-info.html" "Mozilla/4.0 (compatible; MSIE 8.0; Windows NT 5.1; Trident/4.0; SIMBAR={55418994-4B4E-4126-BABA-1F3CC0CAAFA5}; .NET CLR 1.0.3705; .NET CLR 1.1.4322; .NET CLR 2.0.50727; Media Center PC 4.0; InfoPath.1; .NET CLR 3.0.4506.2152; .NET CLR 3.5.30729)"
87.28.67.183 - - [25/Jan/2011:09:17:00 +0100] "GET /img/thumb/phpThumb.php?src=/admin/img/1287224019_2238-5391K-I.jpg&w=148&h=138&zc=1&q=90 HTTP/1.1" 200 5506 "http://www.aziendaitalia.com/attivita-in-vendita/a3486.html" "Mozilla/4.0 (compatible; MSIE 8.0; Windows NT 5.1; Trident/4.0; .NET CLR 1.1.4322; .NET CLR 2.0.50727; .NET CLR 3.0.4506.2152; .NET CLR 3.5.30729; OfficeLiveConnector.1.4; OfficeLivePatch.1.3)"
87.28.67.183 - - [25/Jan/2011:09:17:00 +0100] "GET /img/thumb/phpThumb.php?src=/admin/img/1287224011_2238-5391K-H.JPG&w=148&h=138&zc=1&q=90 HTTP/1.1" 200 8214 "http://www.aziendaitalia.com/attivita-in-vendita/a3486.html" "Mozilla/4.0 (compatible; MSIE 8.0; Windows NT 5.1; Trident/4.0; .NET CLR 1.1.4322; .NET CLR 2.0.50727; .NET CLR 3.0.4506.2152; .NET CLR 3.5.30729; OfficeLiveConnector.1.4; OfficeLivePatch.1.3)"
151.21.72.116 - - [25/Jan/2011:09:17:04 +0100] "GET /attivita-in-vendita/ristoranti-bar_c21.html HTTP/1.1" 200 3867 "http://www.aziendaitalia.com/attivita-in-vendita/alberghi-ristoranti-bar-agriturismo-aziende-agricole_m1.html" "Mozilla/4.0 (compatible; MSIE 8.0; Windows NT 6.0; Trident/4.0; GTB6.6; SLCC1; .NET CLR 2.0.50727; .NET CLR 3.5.30729; OfficeLiveConnector.1.3; OfficeLivePatch.0.0; .NET CLR 3.0.30729; AskTB5.6)"
151.21.72.116 - - [25/Jan/2011:09:17:04 +0100] "GET /css/style.css HTTP/1.1" 200 3366 "http://www.aziendaitalia.com/attivita-in-vendita/ristoranti-bar_c21.html" "Mozilla/4.0 (compatible; MSIE 8.0; Windows NT 6.0; Trident/4.0; GTB6.6; SLCC1; .NET CLR 2.0.50727; .NET CLR 3.5.30729; OfficeLiveConnector.1.3; OfficeLivePatch.0.0; .NET CLR 3.0.30729; AskTB5.6)"
151.21.72.116 - - [25/Jan/2011:09:17:05 +0100] "GET /img/thumb/phpThumb.php?src=/admin/img/1295352032_3556-6537T-A.jpg&w=148&h=138&zc=1&q=90 HTTP/1.1" 200 11401 "http://www.aziendaitalia.com/attivita-in-vendita/ristoranti-bar_c21.html" "Mozilla/4.0 (compatible; MSIE 8.0; Windows NT 6.0; Trident/4.0; GTB6.6; SLCC1; .NET CLR 2.0.50727; .NET CLR 3.5.30729; OfficeLiveConnector.1.3; OfficeLivePatch.0.0; .NET CLR 3.0.30729; AskTB5.6)"
151.21.72.116 - - [25/Jan/2011:09:17:05 +0100] "GET /img/thumb/phpThumb.php?src=/admin/img/1295351573_3633-9173Q-A.jpg&w=148&h=138&zc=1&q=90 HTTP/1.1" 200 8925 "http://www.aziendaitalia.com/attivita-in-vendita/ristoranti-bar_c21.html" "Mozilla/4.0 (compatible; MSIE 8.0; Windows NT 6.0; Trident/4.0; GTB6.6; SLCC1; .NET CLR 2.0.50727; .NET CLR 3.5.30729; OfficeLiveConnector.1.3; OfficeLivePatch.0.0; .NET CLR 3.0.30729; AskTB5.6)"
151.21.72.116 - - [25/Jan/2011:09:17:05 +0100] "GET /img/thumb/phpThumb.php?src=/admin/img/1295351086_6682-6246Y-A.jpg&w=148&h=138&zc=1&q=90 HTTP/1.1" 200 6730 "http://www.aziendaitalia.com/attivita-in-vendita/ristoranti-bar_c21.html" "Mozilla/4.0 (compatible; MSIE 8.0; Windows NT 6.0; Trident/4.0; GTB6.6; SLCC1; .NET CLR 2.0.50727; .NET CLR 3.5.30729; OfficeLiveConnector.1.3; OfficeLivePatch.0.0; .NET CLR 3.0.30729; AskTB5.6)"
89.202.231.158 - - [25/Jan/2011:09:17:11 +0100] "GET /attivita-in-vendita/a2743.html HTTP/1.1" 200 2689 "http://www.aziendaitalia.com/attivita-in-vendita/rivendita-negozi_a-torino_m2_p2.html?page=2" "Mozilla/4.0 (compatible; MSIE 8.0; Windows NT 6.0; Trident/4.0; FBSMTWB; GTB6.6; SLCC1; .NET CLR 2.0.50727; .NET CLR 3.5.30729; OfficeLiveConnector.1.3; OfficeLivePatch.0.0; .NET CLR 3.0.30729)"
89.202.231.158 - - [25/Jan/2011:09:17:11 +0100] "GET /img/thumb/phpThumb.php?src=/admin/img/1282295543_3685-6521X-A1.JPG&w=148&h=138&zc=1&q=90 HTTP/1.1" 200 7845 "http://www.aziendaitalia.com/attivita-in-vendita/a2743.html" "Mozilla/4.0 (compatible; MSIE 8.0; Windows NT 6.0; Trident/4.0; FBSMTWB; GTB6.6; SLCC1; .NET CLR 2.0.50727; .NET CLR 3.5.30729; OfficeLiveConnector.1.3; OfficeLivePatch.0.0; .NET CLR 3.0.30729)"
89.202.231.158 - - [25/Jan/2011:09:17:12 +0100] "GET /img/thumb/phpThumb.php?src=/admin/img/1282295550_3685-6521X-B1.JPG&w=148&h=138&zc=1&q=90 HTTP/1.1" 200 7691 "http://www.aziendaitalia.com/attivita-in-vendita/a2743.html" "Mozilla/4.0 (compatible; MSIE 8.0; Windows NT 6.0; Trident/4.0; FBSMTWB; GTB6.6; SLCC1; .NET CLR 2.0.50727; .NET CLR 3.5.30729; OfficeLiveConnector.1.3; OfficeLivePatch.0.0; .NET CLR 3.0.30729)"
89.202.231.158 - - [25/Jan/2011:09:17:12 +0100] "GET /img/thumb/phpThumb.php?src=/admin/img/1282295556_3685-6521X-C1.JPG&w=148&h=138&zc=1&q=90 HTTP/1.1" 200 9635 "http://www.aziendaitalia.com/attivita-in-vendita/a2743.html" "Mozilla/4.0 (compatible; MSIE 8.0; Windows NT 6.0; Trident/4.0; FBSMTWB; GTB6.6; SLCC1; .NET CLR 2.0.50727; .NET CLR 3.5.30729; OfficeLiveConnector.1.3; OfficeLivePatch.0.0; .NET CLR 3.0.30729)"
89.202.231.158 - - [25/Jan/2011:09:17:12 +0100] "GET /img/thumb/phpThumb.php?src=/admin/img/1282295564_3685-6521X-D1.JPG&w=148&h=138&zc=1&q=90 HTTP/1.1" 200 7322 "http://www.aziendaitalia.com/attivita-in-vendita/a2743.html" "Mozilla/4.0 (compatible; MSIE 8.0; Windows NT 6.0; Trident/4.0; FBSMTWB; GTB6.6; SLCC1; .NET CLR 2.0.50727; .NET CLR 3.5.30729; OfficeLiveConnector.1.3; OfficeLivePatch.0.0; .NET CLR 3.0.30729)"
151.21.72.116 - - [25/Jan/2011:09:17:24 +0100] "GET /attivita-in-vendita/ristoranti-self-service-fast-food_s145.html HTTP/1.1" 200 3161 "http://www.aziendaitalia.com/attivita-in-vendita/ristoranti-bar_c21.html" "Mozilla/4.0 (compatible; MSIE 8.0; Windows NT 6.0; Trident/4.0; GTB6.6; SLCC1; .NET CLR 2.0.50727; .NET CLR 3.5.30729; OfficeLiveConnector.1.3; OfficeLivePatch.0.0; .NET CLR 3.0.30729; AskTB5.6)"
151.21.72.116 - - [25/Jan/2011:09:17:24 +0100] "GET /css/style.css HTTP/1.1" 200 3366 "http://www.aziendaitalia.com/attivita-in-vendita/ristoranti-self-service-fast-food_s145.html" "Mozilla/4.0 (compatible; MSIE 8.0; Windows NT 6.0; Trident/4.0; GTB6.6; SLCC1; .NET CLR 2.0.50727; .NET CLR 3.5.30729; OfficeLiveConnector.1.3; OfficeLivePatch.0.0; .NET CLR 3.0.30729; AskTB5.6)"
72.5.230.111 - - [25/Jan/2011:09:17:29 +0100] "HEAD / HTTP/1.1" 200 - "-" "Site 24 X 7"
89.202.231.158 - - [25/Jan/2011:09:17:31 +0100] "GET /attivita-in-vendita/rivendita-negozi_a-torino_m2_p2.html?page=3 HTTP/1.1" 200 4360 "http://www.aziendaitalia.com/attivita-in-vendita/rivendita-negozi_a-torino_m2_p2.html?page=2" "Mozilla/4.0 (compatible; MSIE 8.0; Windows NT 6.0; Trident/4.0; FBSMTWB; GTB6.6; SLCC1; .NET CLR 2.0.50727; .NET CLR 3.5.30729; OfficeLiveConnector.1.3; OfficeLivePatch.0.0; .NET CLR 3.0.30729)"
87.28.67.183 - - [25/Jan/2011:09:17:37 +0100] "GET /attivita-in-vendita/a3464.html HTTP/1.1" 200 2621 "http://www.aziendaitalia.com/attivita-in-vendita/a-olbia-tempio_p156.html" "Mozilla/4.0 (compatible; MSIE 8.0; Windows NT 5.1; Trident/4.0; .NET CLR 1.1.4322; .NET CLR 2.0.50727; .NET CLR 3.0.4506.2152; .NET CLR 3.5.30729; OfficeLiveConnector.1.4; OfficeLivePatch.1.3)"
89.202.231.158 - - [25/Jan/2011:09:17:41 +0100] "GET /attivita-in-vendita/a2742.html HTTP/1.1" 200 2641 "http://www.aziendaitalia.com/attivita-in-vendita/rivendita-negozi_a-torino_m2_p2.html?page=3" "Mozilla/4.0 (compatible; MSIE 8.0; Windows NT 6.0; Trident/4.0; FBSMTWB; GTB6.6; SLCC1; .NET CLR 2.0.50727; .NET CLR 3.5.30729; OfficeLiveConnector.1.3; OfficeLivePatch.0.0; .NET CLR 3.0.30729)"
89.202.231.158 - - [25/Jan/2011:09:17:41 +0100] "GET /img/thumb/phpThumb.php?src=/admin/img/1282295512_3685-6521X-A1.JPG&w=148&h=138&zc=1&q=90 HTTP/1.1" 200 7845 "http://www.aziendaitalia.com/attivita-in-vendita/a2742.html" "Mozilla/4.0 (compatible; MSIE 8.0; Windows NT 6.0; Trident/4.0; FBSMTWB; GTB6.6; SLCC1; .NET CLR 2.0.50727; .NET CLR 3.5.30729; OfficeLiveConnector.1.3; OfficeLivePatch.0.0; .NET CLR 3.0.30729)"
89.202.231.158 - - [25/Jan/2011:09:17:41 +0100] "GET /img/thumb/phpThumb.php?src=/admin/img/1282295518_3685-6521X-B1.JPG&w=148&h=138&zc=1&q=90 HTTP/1.1" 200 7691 "http://www.aziendaitalia.com/attivita-in-vendita/a2742.html" "Mozilla/4.0 (compatible; MSIE 8.0; Windows NT 6.0; Trident/4.0; FBSMTWB; GTB6.6; SLCC1; .NET CLR 2.0.50727; .NET CLR 3.5.30729; OfficeLiveConnector.1.3; OfficeLivePatch.0.0; .NET CLR 3.0.30729)"
89.202.231.158 - - [25/Jan/2011:09:17:41 +0100] "GET /img/thumb/phpThumb.php?src=/admin/img/1282295532_3685-6521X-D1.JPG&w=148&h=138&zc=1&q=90 HTTP/1.1" 200 7322 "http://www.aziendaitalia.com/attivita-in-vendita/a2742.html" "Mozilla/4.0 (compatible; MSIE 8.0; Windows NT 6.0; Trident/4.0; FBSMTWB; GTB6.6; SLCC1; .NET CLR 2.0.50727; .NET CLR 3.5.30729; OfficeLiveConnector.1.3; OfficeLivePatch.0.0; .NET CLR 3.0.30729)"
