93.66.92.95 - - [25/Jan/2011:10:35:42 +0100] "GET /css/style.css HTTP/1.1" 200 3366 "http://www.aziendaitalia.com/about-us/i-nostri-partner.html" "Mozilla/5.0 (Windows; U; Windows NT 6.0; it-IT) AppleWebKit/531.9 (KHTML, like Gecko) Version/4.0.3 Safari/531.9.1"
93.66.92.95 - - [25/Jan/2011:10:35:42 +0100] "GET /img/content/partner_dossitalia.jpg HTTP/1.1" 200 42090 "http://www.aziendaitalia.com/about-us/i-nostri-partner.html" "Mozilla/5.0 (Windows; U; Windows NT 6.0; it-IT) AppleWebKit/531.9 (KHTML, like Gecko) Version/4.0.3 Safari/531.9.1"
93.66.92.95 - - [25/Jan/2011:10:35:42 +0100] "GET /img/content/partner_libero.jpg HTTP/1.1" 200 24101 "http://www.aziendaitalia.com/about-us/i-nostri-partner.html" "Mozilla/5.0 (Windows; U; Windows NT 6.0; it-IT) AppleWebKit/531.9 (KHTML, like Gecko) Version/4.0.3 Safari/531.9.1"
93.66.92.95 - - [25/Jan/2011:10:35:42 +0100] "GET /img/content/partner_back2back.jpg HTTP/1.1" 200 43107 "http://www.aziendaitalia.com/about-us/i-nostri-partner.html" "Mozilla/5.0 (Windows; U; Windows NT 6.0; it-IT) AppleWebKit/531.9 (KHTML, like Gecko) Version/4.0.3 Safari/531.9.1"
85.42.186.210 - - [25/Jan/2011:10:35:45 +0100] "GET /rilevare-attivita/?gclid=CK3KuYeH1aYCFUQTfAodaDq2zQ HTTP/1.1" 200 3711 "http://www.google.it/aclk?sa=l&ai=CDfohXZk-TfmkIIv_sgaR-pwyw_qa1AHDqf6vF-z-vgkIABABUIKDzvL9_____wFg_YKAgMgRoAGDnKH-A8gBAakC7BMlAajytj6qBBtP0AvnP3yVkVnl90-vPU_qYXP6WCTZg2OlsfY&sig=AGiWqtxeFvMtEQMxafGKvW5iEiM_q3VxmQ&adurl=http://www.aziendaitalia.com/rilevare-attivita/&rct=j&q=ATTIVITA'%20COMMERCIALI%20MANDELLO%20DEL%20LARIO" "Mozilla/4.0 (compatible; MSIE 8.0; Windows NT 5.1; Trident/4.0; .NET CLR 1.1.4322; .NET CLR 2.0.50727; .NET CLR 3.0.4506.2152; .NET CLR 3.5.30729; OfficeLiveConnector.1.4; OfficeLivePatch.1.3)"
85.42.186.210 - - [25/Jan/2011:10:35:45 +0100] "GET /css/style.css HTTP/1.1" 200 3366 "http://www.aziendaitalia.com/rilevare-attivita/?gclid=CK3KuYeH1aYCFUQTfAodaDq2zQ" "Mozilla/4.0 (compatible; MSIE 8.0; Windows NT 5.1; Trident/4.0; .NET CLR 1.1.4322; .NET CLR 2.0.50727; .NET CLR 3.0.4506.2152; .NET CLR 3.5.30729; OfficeLiveConnector.1.4; OfficeLivePatch.1.3)"
85.42.186.210 - - [25/Jan/2011:10:35:45 +0100] "GET /js/jquery-1.4.2.min.js HTTP/1.1" 200 72174 "http://www.aziendaitalia.com/rilevare-attivita/?gclid=CK3KuYeH1aYCFUQTfAodaDq2zQ" "Mozilla/4.0 (compatible; MSIE 8.0; Windows NT 5.1; Trident/4.0; .NET CLR 1.1.4322; .NET CLR 2.0.50727; .NET CLR 3.0.4506.2152; .NET CLR 3.5.30729; OfficeLiveConnector.1.4; OfficeLivePatch.1.3)"
85.42.186.210 - - [25/Jan/2011:10:35:46 +0100] "GET /js/general.js HTTP/1.1" 200 5776 "http://www.aziendaitalia.com/rilevare-attivita/?gclid=CK3KuYeH1aYCFUQTfAodaDq2zQ" "Mozilla/4.0 (compatible; MSIE 8.0; Windows NT 5.1; Trident/4.0; .NET CLR 1.1.4322; .NET CLR 2.0.50727; .NET CLR 3.0.4506.2152; .NET CLR 3.5.30729; OfficeLiveConnector.1.4; OfficeLivePatch.1.3)"
85.42.186.210 - - [25/Jan/2011:10:35:46 +0100] "GET /img/layout/menubar.gif HTTP/1.1" 200 1302 "http://www.aziendaitalia.com/rilevare-attivita/?gclid=CK3KuYeH1aYCFUQTfAodaDq2zQ" "Mozilla/4.0 (compatible; MSIE 8.0; Windows NT 5.1; Trident/4.0; .NET CLR 1.1.4322; .NET CLR 2.0.50727; .NET CLR 3.0.4506.2152; .NET CLR 3.5.30729; OfficeLiveConnector.1.4; OfficeLivePatch.1.3)"
85.42.186.210 - - [25/Jan/2011:10:35:46 +0100] "GET /img/layout/bg_wrapper_sub.gif HTTP/1.1" 200 102 "http://www.aziendaitalia.com/rilevare-attivita/?gclid=CK3KuYeH1aYCFUQTfAodaDq2zQ" "Mozilla/4.0 (compatible; MSIE 8.0; Windows NT 5.1; Trident/4.0; .NET CLR 1.1.4322; .NET CLR 2.0.50727; .NET CLR 3.0.4506.2152; .NET CLR 3.5.30729; OfficeLiveConnector.1.4; OfficeLivePatch.1.3)"
85.42.186.210 - - [25/Jan/2011:10:35:46 +0100] "GET /img/layout/bg_sidebar_separator.gif HTTP/1.1" 200 106 "http://www.aziendaitalia.com/rilevare-attivita/?gclid=CK3KuYeH1aYCFUQTfAodaDq2zQ" "Mozilla/4.0 (compatible; MSIE 8.0; Windows NT 5.1; Trident/4.0; .NET CLR 1.1.4322; .NET CLR 2.0.50727; .NET CLR 3.0.4506.2152; .NET CLR 3.5.30729; OfficeLiveConnector.1.4; OfficeLivePatch.1.3)"
85.42.186.210 - - [25/Jan/2011:10:35:46 +0100] "GET /img/layout/header.gif HTTP/1.1" 200 15655 "http://www.aziendaitalia.com/rilevare-attivita/?gclid=CK3KuYeH1aYCFUQTfAodaDq2zQ" "Mozilla/4.0 (compatible; MSIE 8.0; Windows NT 5.1; Trident/4.0; .NET CLR 1.1.4322; .NET CLR 2.0.50727; .NET CLR 3.0.4506.2152; .NET CLR 3.5.30729; OfficeLiveConnector.1.4; OfficeLivePatch.1.3)"
85.42.186.210 - - [25/Jan/2011:10:35:46 +0100] "GET /favicon.ico HTTP/1.1" 200 1406 "-" "Mozilla/4.0 (compatible; MSIE 8.0; Windows NT 5.1; Trident/4.0; .NET CLR 1.1.4322; .NET CLR 2.0.50727; .NET CLR 3.0.4506.2152; .NET CLR 3.5.30729; OfficeLiveConnector.1.4; OfficeLivePatch.1.3)"
109.115.180.175 - - [25/Jan/2011:10:35:46 +0100] "GET /cedere-attivita/richiesta-info.html HTTP/1.1" 200 3409 "http://www.aziendaitalia.com/cedere-attivita/?gclid=CKazrbmG1aYCFYMTfAod81fvMw" "Mozilla/5.0 (Windows; U; Windows NT 5.1; it; rv:1.9.2.2) Gecko/20100316 Firefox/3.6.2 (.NET CLR 3.5.30729)"
87.7.17.21 - - [25/Jan/2011:10:35:55 +0100] "GET /attivita-in-vendita/alberghi-ristoranti-bar-agriturismo-aziende-agricole_m1.html HTTP/1.1" 200 3665 "http://www.aziendaitalia.com/attivita-in-vendita/" "Mozilla/4.0 (compatible; MSIE 8.0; Windows NT 6.0; Trident/4.0; GTB6.6; SLCC1; .NET CLR 2.0.50727; .NET CLR 3.5.30729; .NET CLR 3.0.30618; .NET4.0C)"
72.5.230.111 - - [25/Jan/2011:10:35:57 +0100] "HEAD / HTTP/1.1" 200 - "-" "Site 24 X 7"
89.118.122.26 - - [25/Jan/2011:10:35:58 +0100] "GET /rilevare-attivita/?gclid=CJ_GvY2H1aYCFYeWzAod5UrhGg HTTP/1.1" 200 3711 "-" "Mozilla/4.0 (compatible; MSIE 8.0; Windows NT 5.1; Trident/4.0; .NET CLR 1.1.4322; .NET CLR 2.0.50727)"
89.118.122.26 - - [25/Jan/2011:10:35:58 +0100] "GET /js/jquery-1.4.2.min.js HTTP/1.1" 200 72174 "http://www.aziendaitalia.com/rilevare-attivita/?gclid=CJ_GvY2H1aYCFYeWzAod5UrhGg" "Mozilla/4.0 (compatible; MSIE 8.0; Windows NT 5.1; Trident/4.0; .NET CLR 1.1.4322; .NET CLR 2.0.50727)"
89.118.122.26 - - [25/Jan/2011:10:35:58 +0100] "GET /css/style.css HTTP/1.1" 200 3366 "http://www.aziendaitalia.com/rilevare-attivita/?gclid=CJ_GvY2H1aYCFYeWzAod5UrhGg" "Mozilla/4.0 (compatible; MSIE 8.0; Windows NT 5.1; Trident/4.0; .NET CLR 1.1.4322; .NET CLR 2.0.50727)"
89.118.122.26 - - [25/Jan/2011:10:35:58 +0100] "GET /js/general.js HTTP/1.1" 200 5776 "http://www.aziendaitalia.com/rilevare-attivita/?gclid=CJ_GvY2H1aYCFYeWzAod5UrhGg" "Mozilla/4.0 (compatible; MSIE 8.0; Windows NT 5.1; Trident/4.0; .NET CLR 1.1.4322; .NET CLR 2.0.50727)"
89.118.122.26 - - [25/Jan/2011:10:35:58 +0100] "GET /js/jquery-1.4.2.min.js HTTP/1.1" 200 72174 "http://www.aziendaitalia.com/rilevare-attivita/?gclid=CJ_GvY2H1aYCFYeWzAod5UrhGg" "Mozilla/4.0 (compatible; MSIE 8.0; Windows NT 5.1; Trident/4.0; .NET CLR 1.1.4322; .NET CLR 2.0.50727)"
89.118.122.26 - - [25/Jan/2011:10:35:59 +0100] "GET /img/layout/menubar.gif HTTP/1.1" 200 1302 "http://www.aziendaitalia.com/rilevare-attivita/?gclid=CJ_GvY2H1aYCFYeWzAod5UrhGg" "Mozilla/4.0 (compatible; MSIE 8.0; Windows NT 5.1; Trident/4.0; .NET CLR 1.1.4322; .NET CLR 2.0.50727)"
89.118.122.26 - - [25/Jan/2011:10:35:59 +0100] "GET /img/layout/bg_wrapper_sub.gif HTTP/1.1" 200 102 "http://www.aziendaitalia.com/rilevare-attivita/?gclid=CJ_GvY2H1aYCFYeWzAod5UrhGg" "Mozilla/4.0 (compatible; MSIE 8.0; Windows NT 5.1; Trident/4.0; .NET CLR 1.1.4322; .NET CLR 2.0.50727)"
89.118.122.26 - - [25/Jan/2011:10:35:59 +0100] "GET /img/layout/header.gif HTTP/1.1" 200 15655 "http://www.aziendaitalia.com/rilevare-attivita/?gclid=CJ_GvY2H1aYCFYeWzAod5UrhGg" "Mozilla/4.0 (compatible; MSIE 8.0; Windows NT 5.1; Trident/4.0; .NET CLR 1.1.4322; .NET CLR 2.0.50727)"
89.118.122.26 - - [25/Jan/2011:10:35:59 +0100] "GET /img/layout/bg_sidebar_separator.gif HTTP/1.1" 200 106 "http://www.aziendaitalia.com/rilevare-attivita/?gclid=CJ_GvY2H1aYCFYeWzAod5UrhGg" "Mozilla/4.0 (compatible; MSIE 8.0; Windows NT 5.1; Trident/4.0; .NET CLR 1.1.4322; .NET CLR 2.0.50727)"
89.118.122.26 - - [25/Jan/2011:10:35:59 +0100] "GET /favicon.ico HTTP/1.1" 200 1406 "-" "Mozilla/4.0 (compatible; MSIE 8.0; Windows NT 5.1; Trident/4.0; .NET CLR 1.1.4322; .NET CLR 2.0.50727)"
207.46.195.224 - - [25/Jan/2011:10:36:00 +0100] "GET /bancadati-scheda.php?idreg=&idind=2&idcat=92&idazienda=12958 HTTP/1.1" 404 277 "-" "Mozilla/5.0 (compatible; bingbot/2.0; +http://www.bing.com/bingbot.htm)"
207.46.13.133 - - [25/Jan/2011:10:36:01 +0100] "GET /bancadati-scheda.php?idreg=&idind=2&idcat=125&idazienda=10853 HTTP/1.1" 404 277 "-" "Mozilla/5.0 (compatible; bingbot/2.0; +http://www.bing.com/bingbot.htm)"
93.66.92.95 - - [25/Jan/2011:10:36:02 +0100] "GET / HTTP/1.1" 200 2648 "http://www.aziendaitalia.com/about-us/i-nostri-partner.html" "Mozilla/5.0 (Windows; U; Windows NT 6.0; it-IT) AppleWebKit/531.9 (KHTML, like Gecko) Version/4.0.3 Safari/531.9.1"
93.66.92.95 - - [25/Jan/2011:10:36:02 +0100] "GET /css/style.css HTTP/1.1" 200 3366 "http://www.aziendaitalia.com/" "Mozilla/5.0 (Windows; U; Windows NT 6.0; it-IT) AppleWebKit/531.9 (KHTML, like Gecko) Version/4.0.3 Safari/531.9.1"
87.7.17.21 - - [25/Jan/2011:10:36:04 +0100] "GET /attivita-in-vendita/ristoranti-bar_c21.html HTTP/1.1" 200 3867 "http://www.aziendaitalia.com/attivita-in-vendita/alberghi-ristoranti-bar-agriturismo-aziende-agricole_m1.html" "Mozilla/4.0 (compatible; MSIE 8.0; Windows NT 6.0; Trident/4.0; GTB6.6; SLCC1; .NET CLR 2.0.50727; .NET CLR 3.5.30729; .NET CLR 3.0.30618; .NET4.0C)"
87.7.17.21 - - [25/Jan/2011:10:36:05 +0100] "GET /css/style.css HTTP/1.1" 200 3366 "http://www.aziendaitalia.com/attivita-in-vendita/ristoranti-bar_c21.html" "Mozilla/4.0 (compatible; MSIE 8.0; Windows NT 6.0; Trident/4.0; GTB6.6; SLCC1; .NET CLR 2.0.50727; .NET CLR 3.5.30729; .NET CLR 3.0.30618; .NET4.0C)"
87.7.17.21 - - [25/Jan/2011:10:36:05 +0100] "GET /img/thumb/phpThumb.php?src=/admin/img/1295351573_3633-9173Q-A.jpg&w=148&h=138&zc=1&q=90 HTTP/1.1" 200 8925 "http://www.aziendaitalia.com/attivita-in-vendita/ristoranti-bar_c21.html" "Mozilla/4.0 (compatible; MSIE 8.0; Windows NT 6.0; Trident/4.0; GTB6.6; SLCC1; .NET CLR 2.0.50727; .NET CLR 3.5.30729; .NET CLR 3.0.30618; .NET4.0C)"
87.7.17.21 - - [25/Jan/2011:10:36:05 +0100] "GET /img/thumb/phpThumb.php?src=/admin/img/1295351086_6682-6246Y-A.jpg&w=148&h=138&zc=1&q=90 HTTP/1.1" 200 6730 "http://www.aziendaitalia.com/attivita-in-vendita/ristoranti-bar_c21.html" "Mozilla/4.0 (compatible; MSIE 8.0; Windows NT 6.0; Trident/4.0; GTB6.6; SLCC1; .NET CLR 2.0.50727; .NET CLR 3.5.30729; .NET CLR 3.0.30618; .NET4.0C)"
87.7.17.21 - - [25/Jan/2011:10:36:05 +0100] "GET /img/thumb/phpThumb.php?src=/admin/img/1295352032_3556-6537T-A.jpg&w=148&h=138&zc=1&q=90 HTTP/1.1" 200 11401 "http://www.aziendaitalia.com/attivita-in-vendita/ristoranti-bar_c21.html" "Mozilla/4.0 (compatible; MSIE 8.0; Windows NT 6.0; Trident/4.0; GTB6.6; SLCC1; .NET CLR 2.0.50727; .NET CLR 3.5.30729; .NET CLR 3.0.30618; .NET4.0C)"
95.225.47.224 - - [25/Jan/2011:10:36:14 +0100] "GET /attivita-in-vendita/a3759.html HTTP/1.1" 200 2913 "http://www.aziendaitalia.com/attivita-in-vendita/ristoranti-bar_c21.html?page=2" "Mozilla/4.0 (compatible; MSIE 6.0; Windows NT 5.1; SV1)"
178.154.161.29 - - [25/Jan/2011:10:36:20 +0100] "GET /attivita-in-vendita/alberghi-ristoranti-bar-agriturismo-aziende-agricole_liguria_m1_r8.html HTTP/1.1" 200 4620 "-" "Mozilla/5.0 (compatible; YandexBot/3.0; +http://yandex.com/bots)"
87.7.17.21 - - [25/Jan/2011:10:36:23 +0100] "GET /attivita-in-vendita/ristoranti-bar_italia_c21_n1.html HTTP/1.1" 200 4430 "http://www.aziendaitalia.com/attivita-in-vendita/ristoranti-bar_c21.html" "Mozilla/4.0 (compatible; MSIE 8.0; Windows NT 6.0; Trident/4.0; GTB6.6; SLCC1; .NET CLR 2.0.50727; .NET CLR 3.5.30729; .NET CLR 3.0.30618; .NET4.0C)"
87.7.17.21 - - [25/Jan/2011:10:36:23 +0100] "GET /img/layout/italia/italyoff.gif HTTP/1.1" 200 3852 "http://www.aziendaitalia.com/attivita-in-vendita/ristoranti-bar_italia_c21_n1.html" "Mozilla/4.0 (compatible; MSIE 8.0; Windows NT 6.0; Trident/4.0; GTB6.6; SLCC1; .NET CLR 2.0.50727; .NET CLR 3.5.30729; .NET CLR 3.0.30618; .NET4.0C)"
67.195.115.117 - - [25/Jan/2011:10:36:26 +0100] "GET /attivita-in-vendita/a3750.html HTTP/1.0" 200 2544 "-" "Mozilla/5.0 (compatible; Yahoo! Slurp; http://help.yahoo.com/help/us/ysearch/slurp)"
79.48.78.82 - - [25/Jan/2011:10:36:27 +0100] "GET /attivita-in-vendita/commercio-varie-tipologie_a-milano_c7_p6.html?page=2 HTTP/1.1" 200 4560 "http://www.aziendaitalia.com/attivita-in-vendita/commercio-varie-tipologie_a-milano_c7_p6.html" "Mozilla/4.0 (compatible; MSIE 8.0; Windows NT 5.1; Trident/4.0; .NET CLR 2.0.50727; .NET CLR 3.0.4506.2152; .NET CLR 3.5.30729)"
87.7.17.21 - - [25/Jan/2011:10:36:28 +0100] "GET /attivita-in-vendita/ristoranti-trattorie-osterie_italia_s146_n1.html HTTP/1.1" 200 4468 "http://www.aziendaitalia.com/attivita-in-vendita/ristoranti-bar_italia_c21_n1.html" "Mozilla/4.0 (compatible; MSIE 8.0; Windows NT 6.0; Trident/4.0; GTB6.6; SLCC1; .NET CLR 2.0.50727; .NET CLR 3.5.30729; .NET CLR 3.0.30618; .NET4.0C)"
87.7.17.21 - - [25/Jan/2011:10:36:28 +0100] "GET /css/style.css HTTP/1.1" 200 3366 "http://www.aziendaitalia.com/attivita-in-vendita/ristoranti-trattorie-osterie_italia_s146_n1.html" "Mozilla/4.0 (compatible; MSIE 8.0; Windows NT 6.0; Trident/4.0; GTB6.6; SLCC1; .NET CLR 2.0.50727; .NET CLR 3.5.30729; .NET CLR 3.0.30618; .NET4.0C)"
109.115.180.175 - - [25/Jan/2011:10:36:27 +0100] "POST /invia-modulo.html HTTP/1.1" 200 1369 "http://www.aziendaitalia.com/cedere-attivita/?gclid=CKazrbmG1aYCFYMTfAod81fvMw" "Mozilla/5.0 (Windows; U; Windows NT 5.1; it; rv:1.9.2.2) Gecko/20100316 Firefox/3.6.2 (.NET CLR 3.5.30729)"
87.7.17.21 - - [25/Jan/2011:10:36:37 +0100] "GET /attivita-in-vendita/ristoranti-trattorie-osterie_suditalia_s146_mr3.html HTTP/1.1" 200 2720 "http://www.aziendaitalia.com/attivita-in-vendita/ristoranti-trattorie-osterie_italia_s146_n1.html" "Mozilla/4.0 (compatible; MSIE 8.0; Windows NT 6.0; Trident/4.0; GTB6.6; SLCC1; .NET CLR 2.0.50727; .NET CLR 3.5.30729; .NET CLR 3.0.30618; .NET4.0C)"
87.7.17.21 - - [25/Jan/2011:10:36:37 +0100] "GET /css/style.css HTTP/1.1" 200 3366 "http://www.aziendaitalia.com/attivita-in-vendita/ristoranti-trattorie-osterie_suditalia_s146_mr3.html" "Mozilla/4.0 (compatible; MSIE 8.0; Windows NT 6.0; Trident/4.0; GTB6.6; SLCC1; .NET CLR 2.0.50727; .NET CLR 3.5.30729; .NET CLR 3.0.30618; .NET4.0C)"
87.7.17.21 - - [25/Jan/2011:10:36:37 +0100] "GET /img/layout/italia/italysouth.gif HTTP/1.1" 200 3901 "http://www.aziendaitalia.com/attivita-in-vendita/ristoranti-trattorie-osterie_suditalia_s146_mr3.html" "Mozilla/4.0 (compatible; MSIE 8.0; Windows NT 6.0; Trident/4.0; GTB6.6; SLCC1; .NET CLR 2.0.50727; .NET CLR 3.5.30729; .NET CLR 3.0.30618; .NET4.0C)"
87.7.17.21 - - [25/Jan/2011:10:36:43 +0100] "GET /attivita-in-vendita/ristoranti-trattorie-osterie_puglia_s146_r13.html HTTP/1.1" 200 2715 "http://www.aziendaitalia.com/attivita-in-vendita/ristoranti-trattorie-osterie_suditalia_s146_mr3.html" "Mozilla/4.0 (compatible; MSIE 8.0; Windows NT 6.0; Trident/4.0; GTB6.6; SLCC1; .NET CLR 2.0.50727; .NET CLR 3.5.30729; .NET CLR 3.0.30618; .NET4.0C)"
87.7.17.21 - - [25/Jan/2011:10:36:43 +0100] "GET /css/style.css HTTP/1.1" 200 3366 "http://www.aziendaitalia.com/attivita-in-vendita/ristoranti-trattorie-osterie_puglia_s146_r13.html" "Mozilla/4.0 (compatible; MSIE 8.0; Windows NT 6.0; Trident/4.0; GTB6.6; SLCC1; .NET CLR 2.0.50727; .NET CLR 3.5.30729; .NET CLR 3.0.30618; .NET4.0C)"
207.46.195.242 - - [25/Jan/2011:10:36:51 +0100] "GET /attivita-in-vendita/cerca-negozio.html HTTP/1.1" 200 6267 "-" "Mozilla/5.0 (compatible; bingbot/2.0; +http://www.bing.com/bingbot.htm)"
207.46.12.236 - - [25/Jan/2011:10:36:56 +0100] "GET /bancadati-scheda.php?idreg=&idind=9&idcat=305&idazienda=12746 HTTP/1.1" 404 277 "-" "Mozilla/5.0 (compatible; bingbot/2.0; +http://www.bing.com/bingbot.htm)"
72.5.230.111 - - [25/Jan/2011:10:36:57 +0100] "HEAD / HTTP/1.1" 200 - "-" "Site 24 X 7"
87.7.17.21 - - [25/Jan/2011:10:37:00 +0100] "GET /attivita-in-vendita/a1879.html HTTP/1.1" 200 2819 "http://www.aziendaitalia.com/attivita-in-vendita/ristoranti-trattorie-osterie_puglia_s146_r13.html" "Mozilla/4.0 (compatible; MSIE 8.0; Windows NT 6.0; Trident/4.0; GTB6.6; SLCC1; .NET CLR 2.0.50727; .NET CLR 3.5.30729; .NET CLR 3.0.30618; .NET4.0C)"
87.7.17.21 - - [25/Jan/2011:10:37:01 +0100] "GET /img/thumb/phpThumb.php?src=/admin/img/1280397509_2262-9185J-a.gif&w=148&h=138&zc=1&q=90 HTTP/1.1" 200 7916 "http://www.aziendaitalia.com/attivita-in-vendita/a1879.html" "Mozilla/4.0 (compatible; MSIE 8.0; Windows NT 6.0; Trident/4.0; GTB6.6; SLCC1; .NET CLR 2.0.50727; .NET CLR 3.5.30729; .NET CLR 3.0.30618; .NET4.0C)"
87.7.17.21 - - [25/Jan/2011:10:37:01 +0100] "GET /img/thumb/phpThumb.php?src=/admin/img/1280397529_2262-9185J-c.gif&w=148&h=138&zc=1&q=90 HTTP/1.1" 200 6832 "http://www.aziendaitalia.com/attivita-in-vendita/a1879.html" "Mozilla/4.0 (compatible; MSIE 8.0; Windows NT 6.0; Trident/4.0; GTB6.6; SLCC1; .NET CLR 2.0.50727; .NET CLR 3.5.30729; .NET CLR 3.0.30618; .NET4.0C)"
87.7.17.21 - - [25/Jan/2011:10:37:01 +0100] "GET /img/thumb/phpThumb.php?src=/admin/img/1280397520_2262-9185J-b.gif&w=148&h=138&zc=1&q=90 HTTP/1.1" 200 4594 "http://www.aziendaitalia.com/attivita-in-vendita/a1879.html" "Mozilla/4.0 (compatible; MSIE 8.0; Windows NT 6.0; Trident/4.0; GTB6.6; SLCC1; .NET CLR 2.0.50727; .NET CLR 3.5.30729; .NET CLR 3.0.30618; .NET4.0C)"
87.7.17.21 - - [25/Jan/2011:10:37:01 +0100] "GET /img/thumb/phpThumb.php?src=/admin/img/1280397536_2262-9185J-d.gif&w=148&h=138&zc=1&q=90 HTTP/1.1" 200 6870 "http://www.aziendaitalia.com/attivita-in-vendita/a1879.html" "Mozilla/4.0 (compatible; MSIE 8.0; Windows NT 6.0; Trident/4.0; GTB6.6; SLCC1; .NET CLR 2.0.50727; .NET CLR 3.5.30729; .NET CLR 3.0.30618; .NET4.0C)"
109.73.178.11 - - [25/Jan/2011:10:37:04 +0100] "GET / HTTP/1.1" 200 2648 "http://www.google.it/search?client=firefox-a&rls=org.mozilla%3Ait%3Aofficial&channel=s&hl=it&source=hp&q=cessioni+aziende&meta=&btnG=Cerca+con+Google" "Mozilla/5.0 (Windows; U; Windows NT 5.1; it; rv:1.9.2.13) Gecko/20101203 Firefox/3.6.13"
109.73.178.11 - - [25/Jan/2011:10:37:05 +0100] "GET /css/style.css HTTP/1.1" 200 3366 "http://www.aziendaitalia.com/" "Mozilla/5.0 (Windows; U; Windows NT 5.1; it; rv:1.9.2.13) Gecko/20101203 Firefox/3.6.13"
109.73.178.11 - - [25/Jan/2011:10:37:05 +0100] "GET /js/general.js HTTP/1.1" 200 5776 "http://www.aziendaitalia.com/" "Mozilla/5.0 (Windows; U; Windows NT 5.1; it; rv:1.9.2.13) Gecko/20101203 Firefox/3.6.13"
109.73.178.11 - - [25/Jan/2011:10:37:05 +0100] "GET /js/jquery.pngfix.pack.js HTTP/1.1" 200 2485 "http://www.aziendaitalia.com/" "Mozilla/5.0 (Windows; U; Windows NT 5.1; it; rv:1.9.2.13) Gecko/20101203 Firefox/3.6.13"
109.73.178.11 - - [25/Jan/2011:10:37:05 +0100] "GET /js/jquery-1.4.2.min.js HTTP/1.1" 200 72174 "http://www.aziendaitalia.com/" "Mozilla/5.0 (Windows; U; Windows NT 5.1; it; rv:1.9.2.13) Gecko/20101203 Firefox/3.6.13"
109.73.178.11 - - [25/Jan/2011:10:37:06 +0100] "GET /img/layout/header.gif HTTP/1.1" 200 15655 "http://www.aziendaitalia.com/css/style.css" "Mozilla/5.0 (Windows; U; Windows NT 5.1; it; rv:1.9.2.13) Gecko/20101203 Firefox/3.6.13"
109.73.178.11 - - [25/Jan/2011:10:37:06 +0100] "GET /img/layout/menubar.gif HTTP/1.1" 200 1302 "http://www.aziendaitalia.com/css/style.css" "Mozilla/5.0 (Windows; U; Windows NT 5.1; it; rv:1.9.2.13) Gecko/20101203 Firefox/3.6.13"
109.73.178.11 - - [25/Jan/2011:10:37:06 +0100] "GET /img/layout/content_bg.gif HTTP/1.1" 200 238 "http://www.aziendaitalia.com/css/style.css" "Mozilla/5.0 (Windows; U; Windows NT 5.1; it; rv:1.9.2.13) Gecko/20101203 Firefox/3.6.13"
109.73.178.11 - - [25/Jan/2011:10:37:06 +0100] "GET /img/layout/bg_button_search.gif HTTP/1.1" 200 614 "http://www.aziendaitalia.com/css/style.css" "Mozilla/5.0 (Windows; U; Windows NT 5.1; it; rv:1.9.2.13) Gecko/20101203 Firefox/3.6.13"
109.73.178.11 - - [25/Jan/2011:10:37:06 +0100] "GET /favicon.ico HTTP/1.1" 200 1406 "-" "Mozilla/5.0 (Windows; U; Windows NT 5.1; it; rv:1.9.2.13) Gecko/20101203 Firefox/3.6.13"
109.73.178.11 - - [25/Jan/2011:10:37:06 +0100] "GET /img/layout/bg_homepage_category_buttons.gif HTTP/1.1" 200 23956 "http://www.aziendaitalia.com/css/style.css" "Mozilla/5.0 (Windows; U; Windows NT 5.1; it; rv:1.9.2.13) Gecko/20101203 Firefox/3.6.13"
109.73.178.11 - - [25/Jan/2011:10:37:10 +0100] "GET /img/layout/tooltip.png HTTP/1.1" 200 3337 "http://www.aziendaitalia.com/css/style.css" "Mozilla/5.0 (Windows; U; Windows NT 5.1; it; rv:1.9.2.13) Gecko/20101203 Firefox/3.6.13"
109.73.178.11 - - [25/Jan/2011:10:37:11 +0100] "GET /attivita-in-vendita/alimentari-panifici-rivendite_m4.html HTTP/1.1" 200 4351 "http://www.aziendaitalia.com/" "Mozilla/5.0 (Windows; U; Windows NT 5.1; it; rv:1.9.2.13) Gecko/20101203 Firefox/3.6.13"
109.73.178.11 - - [25/Jan/2011:10:37:11 +0100] "GET /css/style.css HTTP/1.1" 200 3366 "http://www.aziendaitalia.com/attivita-in-vendita/alimentari-panifici-rivendite_m4.html" "Mozilla/5.0 (Windows; U; Windows NT 5.1; it; rv:1.9.2.13) Gecko/20101203 Firefox/3.6.13"
109.73.178.11 - - [25/Jan/2011:10:37:11 +0100] "GET /img/layout/bg_wrapper_sub.gif HTTP/1.1" 200 102 "http://www.aziendaitalia.com/css/style.css" "Mozilla/5.0 (Windows; U; Windows NT 5.1; it; rv:1.9.2.13) Gecko/20101203 Firefox/3.6.13"
109.73.178.11 - - [25/Jan/2011:10:37:11 +0100] "GET /img/layout/bg_sidebar_separator.gif HTTP/1.1" 200 106 "http://www.aziendaitalia.com/css/style.css" "Mozilla/5.0 (Windows; U; Windows NT 5.1; it; rv:1.9.2.13) Gecko/20101203 Firefox/3.6.13"
109.73.178.11 - - [25/Jan/2011:10:37:11 +0100] "GET /img/layout/dot.png HTTP/1.1" 200 2899 "http://www.aziendaitalia.com/css/style.css" "Mozilla/5.0 (Windows; U; Windows NT 5.1; it; rv:1.9.2.13) Gecko/20101203 Firefox/3.6.13"
109.73.178.11 - - [25/Jan/2011:10:37:11 +0100] "GET /img/thumb/phpThumb.php?src=/admin/img/1286816917_98305487a.jpg&w=148&h=138&zc=1&q=90 HTTP/1.1" 200 9016 "http://www.aziendaitalia.com/attivita-in-vendita/alimentari-panifici-rivendite_m4.html" "Mozilla/5.0 (Windows; U; Windows NT 5.1; it; rv:1.9.2.13) Gecko/20101203 Firefox/3.6.13"
109.73.178.11 - - [25/Jan/2011:10:37:11 +0100] "GET /img/thumb/phpThumb.php?src=/admin/img/1286890218_8355-9619N-A.JPG&w=148&h=138&zc=1&q=90 HTTP/1.1" 200 7118 "http://www.aziendaitalia.com/attivita-in-vendita/alimentari-panifici-rivendite_m4.html" "Mozilla/5.0 (Windows; U; Windows NT 5.1; it; rv:1.9.2.13) Gecko/20101203 Firefox/3.6.13"
109.73.178.11 - - [25/Jan/2011:10:37:11 +0100] "GET /img/thumb/phpThumb.php?src=/admin/img/1286381731_7844-5481U-B.JPG&w=148&h=138&zc=1&q=90 HTTP/1.1" 200 7795 "http://www.aziendaitalia.com/attivita-in-vendita/alimentari-panifici-rivendite_m4.html" "Mozilla/5.0 (Windows; U; Windows NT 5.1; it; rv:1.9.2.13) Gecko/20101203 Firefox/3.6.13"
109.73.178.11 - - [25/Jan/2011:10:37:20 +0100] "GET /attivita-in-vendita/a3540.html HTTP/1.1" 200 3002 "http://www.aziendaitalia.com/attivita-in-vendita/alimentari-panifici-rivendite_m4.html" "Mozilla/5.0 (Windows; U; Windows NT 5.1; it; rv:1.9.2.13) Gecko/20101203 Firefox/3.6.13"
109.73.178.11 - - [25/Jan/2011:10:37:20 +0100] "GET /css/style.css HTTP/1.1" 200 3366 "http://www.aziendaitalia.com/attivita-in-vendita/a3540.html" "Mozilla/5.0 (Windows; U; Windows NT 5.1; it; rv:1.9.2.13) Gecko/20101203 Firefox/3.6.13"
109.73.178.11 - - [25/Jan/2011:10:37:20 +0100] "GET /img/thumb/phpThumb.php?src=/admin/img/1286890223_8355-9619N-B.JPG&w=148&h=138&zc=1&q=90 HTTP/1.1" 200 6639 "http://www.aziendaitalia.com/attivita-in-vendita/a3540.html" "Mozilla/5.0 (Windows; U; Windows NT 5.1; it; rv:1.9.2.13) Gecko/20101203 Firefox/3.6.13"
109.73.178.11 - - [25/Jan/2011:10:37:20 +0100] "GET /img/thumb/phpThumb.php?src=/admin/img/1286890226_8355-9619N-C.JPG&w=148&h=138&zc=1&q=90 HTTP/1.1" 200 5739 "http://www.aziendaitalia.com/attivita-in-vendita/a3540.html" "Mozilla/5.0 (Windows; U; Windows NT 5.1; it; rv:1.9.2.13) Gecko/20101203 Firefox/3.6.13"
109.73.178.11 - - [25/Jan/2011:10:37:20 +0100] "GET /img/thumb/phpThumb.php?src=/admin/img/1286890229_8355-9619N-D.JPG&w=148&h=138&zc=1&q=90 HTTP/1.1" 200 6649 "http://www.aziendaitalia.com/attivita-in-vendita/a3540.html" "Mozilla/5.0 (Windows; U; Windows NT 5.1; it; rv:1.9.2.13) Gecko/20101203 Firefox/3.6.13"
109.73.178.11 - - [25/Jan/2011:10:37:20 +0100] "GET /img/thumb/phpThumb.php?src=/admin/img/1286890218_8355-9619N-A.JPG&w=148&h=138&zc=1&q=90 HTTP/1.1" 200 7118 "http://www.aziendaitalia.com/attivita-in-vendita/a3540.html" "Mozilla/5.0 (Windows; U; Windows NT 5.1; it; rv:1.9.2.13) Gecko/20101203 Firefox/3.6.13"
207.46.199.193 - - [25/Jan/2011:10:37:20 +0100] "GET /robots.txt HTTP/1.1" 404 332 "-" "Mozilla/5.0 (compatible; bingbot/2.0; +http://www.bing.com/bingbot.htm)"
95.225.47.224 - - [25/Jan/2011:10:37:23 +0100] "GET /attivita-in-vendita/ristoranti-bar_c21.html?page=3 HTTP/1.1" 200 3778 "http://www.aziendaitalia.com/attivita-in-vendita/ristoranti-bar_c21.html?page=2" "Mozilla/4.0 (compatible; MSIE 6.0; Windows NT 5.1; SV1)"
207.46.13.100 - - [25/Jan/2011:10:37:28 +0100] "GET /bancadati-scheda.php?idreg=2&idind=6&idcat=&idazienda=10229 HTTP/1.1" 404 277 "-" "Mozilla/5.0 (compatible; bingbot/2.0; +http://www.bing.com/bingbot.htm)"
95.225.47.224 - - [25/Jan/2011:10:37:38 +0100] "GET /attivita-in-vendita/ristoranti-bar_c21.html?page=4 HTTP/1.1" 200 3453 "http://www.aziendaitalia.com/attivita-in-vendita/ristoranti-bar_c21.html?page=3" "Mozilla/4.0 (compatible; MSIE 6.0; Windows NT 5.1; SV1)"
95.225.47.224 - - [25/Jan/2011:10:37:47 +0100] "GET /attivita-in-vendita/a3691.html HTTP/1.1" 200 3019 "http://www.aziendaitalia.com/attivita-in-vendita/ristoranti-bar_c21.html?page=4" "Mozilla/4.0 (compatible; MSIE 6.0; Windows NT 5.1; SV1)"
95.225.47.224 - - [25/Jan/2011:10:37:47 +0100] "GET /img/thumb/phpThumb.php?src=/admin/img/1293725898_6423-1844B-B.JPG&w=148&h=138&zc=1&q=90 HTTP/1.1" 200 7630 "http://www.aziendaitalia.com/attivita-in-vendita/a3691.html" "Mozilla/4.0 (compatible; MSIE 6.0; Windows NT 5.1; SV1)"
95.225.47.224 - - [25/Jan/2011:10:37:47 +0100] "GET /img/thumb/phpThumb.php?src=/admin/img/1293725901_6423-1844B-C.JPG&w=148&h=138&zc=1&q=90 HTTP/1.1" 200 6890 "http://www.aziendaitalia.com/attivita-in-vendita/a3691.html" "Mozilla/4.0 (compatible; MSIE 6.0; Windows NT 5.1; SV1)"
95.225.47.224 - - [25/Jan/2011:10:37:47 +0100] "GET /img/thumb/phpThumb.php?src=/admin/img/1293725905_6423-1844B-D.JPG&w=148&h=138&zc=1&q=90 HTTP/1.1" 200 5487 "http://www.aziendaitalia.com/attivita-in-vendita/a3691.html" "Mozilla/4.0 (compatible; MSIE 6.0; Windows NT 5.1; SV1)"
109.73.178.11 - - [25/Jan/2011:10:37:54 +0100] "GET /rilevare-attivita/ HTTP/1.1" 200 3679 "http://www.aziendaitalia.com/attivita-in-vendita/a3540.html" "Mozilla/5.0 (Windows; U; Windows NT 5.1; it; rv:1.9.2.13) Gecko/20101203 Firefox/3.6.13"
109.73.178.11 - - [25/Jan/2011:10:37:54 +0100] "GET /css/style.css HTTP/1.1" 200 3366 "http://www.aziendaitalia.com/rilevare-attivita/" "Mozilla/5.0 (Windows; U; Windows NT 5.1; it; rv:1.9.2.13) Gecko/20101203 Firefox/3.6.13"
193.47.80.42 - - [25/Jan/2011:10:37:58 +0100] "GET /compravendita/agenzia-vendite-aziende.htm HTTP/1.1" 304 - "-" "Mozilla/5.0 (compatible; Exabot/3.0; +http://www.exabot.com/go/robot)"
72.5.230.111 - - [25/Jan/2011:10:37:58 +0100] "HEAD / HTTP/1.1" 200 - "-" "Site 24 X 7"
66.249.71.212 - - [25/Jan/2011:10:38:08 +0100] "GET /attivita-in-vendita/bed-breakfast_suditalia_s153_mr3.html?page=30 HTTP/1.1" 200 2528 "-" "Mozilla/5.0 (compatible; Googlebot/2.1; +http://www.google.com/bot.html)"
87.7.17.21 - - [25/Jan/2011:10:38:23 +0100] "GET /attivita-in-vendita/pizzerie_puglia_s143_r13.html HTTP/1.1" 200 3407 "http://www.aziendaitalia.com/attivita-in-vendita/ristoranti-trattorie-osterie_puglia_s146_r13.html" "Mozilla/4.0 (compatible; MSIE 8.0; Windows NT 6.0; Trident/4.0; GTB6.6; SLCC1; .NET CLR 2.0.50727; .NET CLR 3.5.30729; .NET CLR 3.0.30618; .NET4.0C)"
87.7.17.21 - - [25/Jan/2011:10:38:28 +0100] "GET /attivita-in-vendita/pizzerie_a-bari_s143_p126.html HTTP/1.1" 200 2865 "http://www.aziendaitalia.com/attivita-in-vendita/pizzerie_puglia_s143_r13.html" "Mozilla/4.0 (compatible; MSIE 8.0; Windows NT 6.0; Trident/4.0; GTB6.6; SLCC1; .NET CLR 2.0.50727; .NET CLR 3.5.30729; .NET CLR 3.0.30618; .NET4.0C)"
87.7.17.21 - - [25/Jan/2011:10:38:29 +0100] "GET /css/style.css HTTP/1.1" 200 3366 "http://www.aziendaitalia.com/attivita-in-vendita/pizzerie_a-bari_s143_p126.html" "Mozilla/4.0 (compatible; MSIE 8.0; Windows NT 6.0; Trident/4.0; GTB6.6; SLCC1; .NET CLR 2.0.50727; .NET CLR 3.5.30729; .NET CLR 3.0.30618; .NET4.0C)"
87.7.17.21 - - [25/Jan/2011:10:38:32 +0100] "GET /attivita-in-vendita/pizzerie_a-bari_s143_p126.html HTTP/1.1" 200 2865 "http://www.aziendaitalia.com/attivita-in-vendita/pizzerie_a-bari_s143_p126.html" "Mozilla/4.0 (compatible; MSIE 8.0; Windows NT 6.0; Trident/4.0; GTB6.6; SLCC1; .NET CLR 2.0.50727; .NET CLR 3.5.30729; .NET CLR 3.0.30618; .NET4.0C)"
87.7.17.21 - - [25/Jan/2011:10:38:32 +0100] "GET /css/style.css HTTP/1.1" 200 3366 "http://www.aziendaitalia.com/attivita-in-vendita/pizzerie_a-bari_s143_p126.html" "Mozilla/4.0 (compatible; MSIE 8.0; Windows NT 6.0; Trident/4.0; GTB6.6; SLCC1; .NET CLR 2.0.50727; .NET CLR 3.5.30729; .NET CLR 3.0.30618; .NET4.0C)"
178.154.161.29 - - [25/Jan/2011:10:38:34 +0100] "GET /attivita-in-vendita/alberghi-ristoranti-bar-agriturismo-aziende-agricole_a-avellino_m1_p88.html HTTP/1.1" 200 2981 "-" "Mozilla/5.0 (compatible; YandexBot/3.0; +http://yandex.com/bots)"
72.5.230.111 - - [25/Jan/2011:10:38:59 +0100] "HEAD / HTTP/1.1" 200 - "-" "Site 24 X 7"
151.64.0.168 - - [25/Jan/2011:10:39:03 +0100] "GET /rilevare-attivita/?gclid=CP30iuaH1aYCFYEOfAodl1X6Mw HTTP/1.1" 200 3713 "http://maps.google.it/" "Mozilla/5.0 (Macintosh; U; Intel Mac OS X 10_5_8; it-it) AppleWebKit/533.19.4 (KHTML, like Gecko) Version/5.0.3 Safari/533.19.4"
151.64.0.168 - - [25/Jan/2011:10:39:04 +0100] "GET /js/general.js HTTP/1.1" 200 5776 "http://www.aziendaitalia.com/rilevare-attivita/?gclid=CP30iuaH1aYCFYEOfAodl1X6Mw" "Mozilla/5.0 (Macintosh; U; Intel Mac OS X 10_5_8; it-it) AppleWebKit/533.19.4 (KHTML, like Gecko) Version/5.0.3 Safari/533.19.4"
151.64.0.168 - - [25/Jan/2011:10:39:04 +0100] "GET /css/style.css HTTP/1.1" 200 3366 "http://www.aziendaitalia.com/rilevare-attivita/?gclid=CP30iuaH1aYCFYEOfAodl1X6Mw" "Mozilla/5.0 (Macintosh; U; Intel Mac OS X 10_5_8; it-it) AppleWebKit/533.19.4 (KHTML, like Gecko) Version/5.0.3 Safari/533.19.4"
151.64.0.168 - - [25/Jan/2011:10:39:04 +0100] "GET /js/jquery-1.4.2.min.js HTTP/1.1" 200 72174 "http://www.aziendaitalia.com/rilevare-attivita/?gclid=CP30iuaH1aYCFYEOfAodl1X6Mw" "Mozilla/5.0 (Macintosh; U; Intel Mac OS X 10_5_8; it-it) AppleWebKit/533.19.4 (KHTML, like Gecko) Version/5.0.3 Safari/533.19.4"
151.64.0.168 - - [25/Jan/2011:10:39:04 +0100] "GET /img/layout/bg_wrapper_sub.gif HTTP/1.1" 200 102 "http://www.aziendaitalia.com/rilevare-attivita/?gclid=CP30iuaH1aYCFYEOfAodl1X6Mw" "Mozilla/5.0 (Macintosh; U; Intel Mac OS X 10_5_8; it-it) AppleWebKit/533.19.4 (KHTML, like Gecko) Version/5.0.3 Safari/533.19.4"
151.64.0.168 - - [25/Jan/2011:10:39:04 +0100] "GET /img/layout/header.gif HTTP/1.1" 200 15655 "http://www.aziendaitalia.com/rilevare-attivita/?gclid=CP30iuaH1aYCFYEOfAodl1X6Mw" "Mozilla/5.0 (Macintosh; U; Intel Mac OS X 10_5_8; it-it) AppleWebKit/533.19.4 (KHTML, like Gecko) Version/5.0.3 Safari/533.19.4"
151.64.0.168 - - [25/Jan/2011:10:39:04 +0100] "GET /img/layout/menubar.gif HTTP/1.1" 200 1302 "http://www.aziendaitalia.com/rilevare-attivita/?gclid=CP30iuaH1aYCFYEOfAodl1X6Mw" "Mozilla/5.0 (Macintosh; U; Intel Mac OS X 10_5_8; it-it) AppleWebKit/533.19.4 (KHTML, like Gecko) Version/5.0.3 Safari/533.19.4"
151.64.0.168 - - [25/Jan/2011:10:39:04 +0100] "GET /img/layout/bg_sidebar_separator.gif HTTP/1.1" 200 106 "http://www.aziendaitalia.com/rilevare-attivita/?gclid=CP30iuaH1aYCFYEOfAodl1X6Mw" "Mozilla/5.0 (Macintosh; U; Intel Mac OS X 10_5_8; it-it) AppleWebKit/533.19.4 (KHTML, like Gecko) Version/5.0.3 Safari/533.19.4"
151.64.0.168 - - [25/Jan/2011:10:39:04 +0100] "GET /favicon.ico HTTP/1.1" 200 1406 "http://www.aziendaitalia.com/rilevare-attivita/?gclid=CP30iuaH1aYCFYEOfAodl1X6Mw" "Mozilla/5.0 (Macintosh; U; Intel Mac OS X 10_5_8; it-it) AppleWebKit/533.19.4 (KHTML, like Gecko) Version/5.0.3 Safari/533.19.4"
87.7.17.21 - - [25/Jan/2011:10:39:06 +0100] "GET /attivita-in-vendita/ristoranti_a-bari_s144_p126.html HTTP/1.1" 200 3148 "http://www.aziendaitalia.com/attivita-in-vendita/pizzerie_a-bari_s143_p126.html" "Mozilla/4.0 (compatible; MSIE 8.0; Windows NT 6.0; Trident/4.0; GTB6.6; SLCC1; .NET CLR 2.0.50727; .NET CLR 3.5.30729; .NET CLR 3.0.30618; .NET4.0C)"
95.225.47.224 - - [25/Jan/2011:10:39:12 +0100] "GET /attivita-in-vendita/ristoranti-bar_c21.html?page=5 HTTP/1.1" 200 3815 "http://www.aziendaitalia.com/attivita-in-vendita/ristoranti-bar_c21.html?page=4" "Mozilla/4.0 (compatible; MSIE 6.0; Windows NT 5.1; SV1)"
67.195.115.117 - - [25/Jan/2011:10:39:14 +0100] "GET /attivita-in-vendita/a-oristano_p158.html HTTP/1.0" 200 2879 "-" "Mozilla/5.0 (compatible; Yahoo! Slurp; http://help.yahoo.com/help/us/ysearch/slurp)"
2.37.107.147 - - [25/Jan/2011:10:39:21 +0100] "GET /rilevare-attivita/?gclid=CISBsO6H1aYCFcULfAodrDsCNA HTTP/1.1" 200 3711 "http://www.google.it/search?sourceid=chrome&ie=UTF-8&q=attivita+commerciali+a+luzzara" "Mozilla/5.0 (Windows; U; Windows NT 6.0; en-US) AppleWebKit/534.10 (KHTML, like Gecko) Chrome/8.0.552.237 Safari/534.10"
2.37.107.147 - - [25/Jan/2011:10:39:21 +0100] "GET /css/style.css HTTP/1.1" 200 3366 "http://www.aziendaitalia.com/rilevare-attivita/?gclid=CISBsO6H1aYCFcULfAodrDsCNA" "Mozilla/5.0 (Windows; U; Windows NT 6.0; en-US) AppleWebKit/534.10 (KHTML, like Gecko) Chrome/8.0.552.237 Safari/534.10"
2.37.107.147 - - [25/Jan/2011:10:39:21 +0100] "GET /js/general.js HTTP/1.1" 200 5776 "http://www.aziendaitalia.com/rilevare-attivita/?gclid=CISBsO6H1aYCFcULfAodrDsCNA" "Mozilla/5.0 (Windows; U; Windows NT 6.0; en-US) AppleWebKit/534.10 (KHTML, like Gecko) Chrome/8.0.552.237 Safari/534.10"
2.37.107.147 - - [25/Jan/2011:10:39:21 +0100] "GET /js/jquery-1.4.2.min.js HTTP/1.1" 200 72174 "http://www.aziendaitalia.com/rilevare-attivita/?gclid=CISBsO6H1aYCFcULfAodrDsCNA" "Mozilla/5.0 (Windows; U; Windows NT 6.0; en-US) AppleWebKit/534.10 (KHTML, like Gecko) Chrome/8.0.552.237 Safari/534.10"
2.37.107.147 - - [25/Jan/2011:10:39:22 +0100] "GET /img/layout/menubar.gif HTTP/1.1" 200 1302 "http://www.aziendaitalia.com/rilevare-attivita/?gclid=CISBsO6H1aYCFcULfAodrDsCNA" "Mozilla/5.0 (Windows; U; Windows NT 6.0; en-US) AppleWebKit/534.10 (KHTML, like Gecko) Chrome/8.0.552.237 Safari/534.10"
2.37.107.147 - - [25/Jan/2011:10:39:22 +0100] "GET /img/layout/header.gif HTTP/1.1" 200 15655 "http://www.aziendaitalia.com/rilevare-attivita/?gclid=CISBsO6H1aYCFcULfAodrDsCNA" "Mozilla/5.0 (Windows; U; Windows NT 6.0; en-US) AppleWebKit/534.10 (KHTML, like Gecko) Chrome/8.0.552.237 Safari/534.10"
2.37.107.147 - - [25/Jan/2011:10:39:22 +0100] "GET /img/layout/bg_wrapper_sub.gif HTTP/1.1" 200 102 "http://www.aziendaitalia.com/rilevare-attivita/?gclid=CISBsO6H1aYCFcULfAodrDsCNA" "Mozilla/5.0 (Windows; U; Windows NT 6.0; en-US) AppleWebKit/534.10 (KHTML, like Gecko) Chrome/8.0.552.237 Safari/534.10"
2.37.107.147 - - [25/Jan/2011:10:39:22 +0100] "GET /img/layout/bg_sidebar_separator.gif HTTP/1.1" 200 106 "http://www.aziendaitalia.com/rilevare-attivita/?gclid=CISBsO6H1aYCFcULfAodrDsCNA" "Mozilla/5.0 (Windows; U; Windows NT 6.0; en-US) AppleWebKit/534.10 (KHTML, like Gecko) Chrome/8.0.552.237 Safari/534.10"
2.37.107.147 - - [25/Jan/2011:10:39:22 +0100] "GET /favicon.ico HTTP/1.1" 200 1406 "-" "Mozilla/5.0 (Windows; U; Windows NT 6.0; en-US) AppleWebKit/534.10 (KHTML, like Gecko) Chrome/8.0.552.237 Safari/534.10"
87.15.127.225 - - [25/Jan/2011:10:39:25 +0100] "GET /cedere-attivita/?gclid=CO7LjfCH1aYCFUEOfAod7Vj_Mw HTTP/1.1" 200 3989 "http://www.google.it/aclk?sa=l&ai=C97YVSJo-TZ2DNYOT-QbY36CtA8P6mtQBy4aGsBeJ16o1CAAQAigDUInfqrb-_____wFg_ZKJhLARoAGDnKH-A8gBAakC7BMlAajytj6qBBtP0P2h7yt0JmYBO61K1zhhfRnBb-9aC1SX2uU&sig=AGiWqtysqawhszEurHjbmjqSBbazsgRbMw&adurl=http://www.aziendaitalia.com/cedere-attivita/&rct=j&q=agenzia%20cessione%20attivit%C3%A0" "Mozilla/4.0 (compatible; MSIE 8.0; Windows NT 5.1; Trident/4.0; .NET CLR 2.0.50727; .NET CLR 3.0.04506.590; .NET CLR 3.5.20706; InfoPath.2; .NET CLR 3.0.4506.2152; .NET CLR 3.5.30729)"
87.15.127.225 - - [25/Jan/2011:10:39:25 +0100] "GET /css/style.css HTTP/1.1" 200 3366 "http://www.aziendaitalia.com/cedere-attivita/?gclid=CO7LjfCH1aYCFUEOfAod7Vj_Mw" "Mozilla/4.0 (compatible; MSIE 8.0; Windows NT 5.1; Trident/4.0; .NET CLR 2.0.50727; .NET CLR 3.0.04506.590; .NET CLR 3.5.20706; InfoPath.2; .NET CLR 3.0.4506.2152; .NET CLR 3.5.30729)"
95.225.47.224 - - [25/Jan/2011:10:39:27 +0100] "GET /attivita-in-vendita/ristoranti-bar_c21.html?page=6 HTTP/1.1" 200 3739 "http://www.aziendaitalia.com/attivita-in-vendita/ristoranti-bar_c21.html?page=5" "Mozilla/4.0 (compatible; MSIE 6.0; Windows NT 5.1; SV1)"
87.7.17.21 - - [25/Jan/2011:10:39:32 +0100] "GET /rilevare-attivita/ HTTP/1.1" 200 3679 "http://www.aziendaitalia.com/attivita-in-vendita/ristoranti_a-bari_s144_p126.html" "Mozilla/4.0 (compatible; MSIE 8.0; Windows NT 6.0; Trident/4.0; GTB6.6; SLCC1; .NET CLR 2.0.50727; .NET CLR 3.5.30729; .NET CLR 3.0.30618; .NET4.0C)"
87.15.127.225 - - [25/Jan/2011:10:39:35 +0100] "GET / HTTP/1.1" 200 2648 "http://www.aziendaitalia.com/cedere-attivita/?gclid=CO7LjfCH1aYCFUEOfAod7Vj_Mw" "Mozilla/4.0 (compatible; MSIE 8.0; Windows NT 5.1; Trident/4.0; .NET CLR 2.0.50727; .NET CLR 3.0.04506.590; .NET CLR 3.5.20706; InfoPath.2; .NET CLR 3.0.4506.2152; .NET CLR 3.5.30729)"
87.15.127.225 - - [25/Jan/2011:10:39:35 +0100] "GET /js/jquery.pngfix.pack.js HTTP/1.1" 200 2485 "http://www.aziendaitalia.com/" "Mozilla/4.0 (compatible; MSIE 8.0; Windows NT 5.1; Trident/4.0; .NET CLR 2.0.50727; .NET CLR 3.0.04506.590; .NET CLR 3.5.20706; InfoPath.2; .NET CLR 3.0.4506.2152; .NET CLR 3.5.30729)"
87.15.127.225 - - [25/Jan/2011:10:39:35 +0100] "GET /js/jquery.pngfix.pack.js HTTP/1.1" 200 2485 "http://www.aziendaitalia.com/" "Mozilla/4.0 (compatible; MSIE 8.0; Windows NT 5.1; Trident/4.0; .NET CLR 2.0.50727; .NET CLR 3.0.04506.590; .NET CLR 3.5.20706; InfoPath.2; .NET CLR 3.0.4506.2152; .NET CLR 3.5.30729)"
87.15.127.225 - - [25/Jan/2011:10:39:35 +0100] "GET /img/layout/content_bg.gif HTTP/1.1" 200 238 "http://www.aziendaitalia.com/" "Mozilla/4.0 (compatible; MSIE 8.0; Windows NT 5.1; Trident/4.0; .NET CLR 2.0.50727; .NET CLR 3.0.04506.590; .NET CLR 3.5.20706; InfoPath.2; .NET CLR 3.0.4506.2152; .NET CLR 3.5.30729)"
87.15.127.225 - - [25/Jan/2011:10:39:35 +0100] "GET /img/layout/bg_button_search.gif HTTP/1.1" 200 614 "http://www.aziendaitalia.com/" "Mozilla/4.0 (compatible; MSIE 8.0; Windows NT 5.1; Trident/4.0; .NET CLR 2.0.50727; .NET CLR 3.0.04506.590; .NET CLR 3.5.20706; InfoPath.2; .NET CLR 3.0.4506.2152; .NET CLR 3.5.30729)"
87.15.127.225 - - [25/Jan/2011:10:39:35 +0100] "GET /img/layout/bg_homepage_category_buttons.gif HTTP/1.1" 200 23956 "http://www.aziendaitalia.com/" "Mozilla/4.0 (compatible; MSIE 8.0; Windows NT 5.1; Trident/4.0; .NET CLR 2.0.50727; .NET CLR 3.0.04506.590; .NET CLR 3.5.20706; InfoPath.2; .NET CLR 3.0.4506.2152; .NET CLR 3.5.30729)"
87.15.127.225 - - [25/Jan/2011:10:39:35 +0100] "GET /img/layout/tooltip.png HTTP/1.1" 200 3337 "http://www.aziendaitalia.com/" "Mozilla/4.0 (compatible; MSIE 8.0; Windows NT 5.1; Trident/4.0; .NET CLR 2.0.50727; .NET CLR 3.0.04506.590; .NET CLR 3.5.20706; InfoPath.2; .NET CLR 3.0.4506.2152; .NET CLR 3.5.30729)"
87.7.17.21 - - [25/Jan/2011:10:39:40 +0100] "GET / HTTP/1.1" 200 2648 "http://www.aziendaitalia.com/rilevare-attivita/" "Mozilla/4.0 (compatible; MSIE 8.0; Windows NT 6.0; Trident/4.0; GTB6.6; SLCC1; .NET CLR 2.0.50727; .NET CLR 3.5.30729; .NET CLR 3.0.30618; .NET4.0C)"
87.7.17.21 - - [25/Jan/2011:10:39:40 +0100] "GET /css/style.css HTTP/1.1" 200 3366 "http://www.aziendaitalia.com/" "Mozilla/4.0 (compatible; MSIE 8.0; Windows NT 6.0; Trident/4.0; GTB6.6; SLCC1; .NET CLR 2.0.50727; .NET CLR 3.5.30729; .NET CLR 3.0.30618; .NET4.0C)"
87.7.17.21 - - [25/Jan/2011:10:39:40 +0100] "GET /js/jquery.pngfix.pack.js HTTP/1.1" 200 2485 "http://www.aziendaitalia.com/" "Mozilla/4.0 (compatible; MSIE 8.0; Windows NT 6.0; Trident/4.0; GTB6.6; SLCC1; .NET CLR 2.0.50727; .NET CLR 3.5.30729; .NET CLR 3.0.30618; .NET4.0C)"
87.7.17.21 - - [25/Jan/2011:10:39:40 +0100] "GET /img/layout/content_bg.gif HTTP/1.1" 200 238 "http://www.aziendaitalia.com/" "Mozilla/4.0 (compatible; MSIE 8.0; Windows NT 6.0; Trident/4.0; GTB6.6; SLCC1; .NET CLR 2.0.50727; .NET CLR 3.5.30729; .NET CLR 3.0.30618; .NET4.0C)"
87.7.17.21 - - [25/Jan/2011:10:39:40 +0100] "GET /img/layout/bg_button_search.gif HTTP/1.1" 200 614 "http://www.aziendaitalia.com/" "Mozilla/4.0 (compatible; MSIE 8.0; Windows NT 6.0; Trident/4.0; GTB6.6; SLCC1; .NET CLR 2.0.50727; .NET CLR 3.5.30729; .NET CLR 3.0.30618; .NET4.0C)"
87.7.17.21 - - [25/Jan/2011:10:39:40 +0100] "GET /img/layout/tooltip.png HTTP/1.1" 200 3337 "http://www.aziendaitalia.com/" "Mozilla/4.0 (compatible; MSIE 8.0; Windows NT 6.0; Trident/4.0; GTB6.6; SLCC1; .NET CLR 2.0.50727; .NET CLR 3.5.30729; .NET CLR 3.0.30618; .NET4.0C)"
87.7.17.21 - - [25/Jan/2011:10:39:40 +0100] "GET /img/layout/bg_homepage_category_buttons.gif HTTP/1.1" 200 23956 "http://www.aziendaitalia.com/" "Mozilla/4.0 (compatible; MSIE 8.0; Windows NT 6.0; Trident/4.0; GTB6.6; SLCC1; .NET CLR 2.0.50727; .NET CLR 3.5.30729; .NET CLR 3.0.30618; .NET4.0C)"
87.15.127.225 - - [25/Jan/2011:10:39:47 +0100] "GET /about-us/ HTTP/1.1" 200 2973 "http://www.aziendaitalia.com/" "Mozilla/4.0 (compatible; MSIE 8.0; Windows NT 5.1; Trident/4.0; .NET CLR 2.0.50727; .NET CLR 3.0.04506.590; .NET CLR 3.5.20706; InfoPath.2; .NET CLR 3.0.4506.2152; .NET CLR 3.5.30729)"
87.15.127.225 - - [25/Jan/2011:10:39:47 +0100] "GET /css/style.css HTTP/1.1" 200 3366 "http://www.aziendaitalia.com/about-us/" "Mozilla/4.0 (compatible; MSIE 8.0; Windows NT 5.1; Trident/4.0; .NET CLR 2.0.50727; .NET CLR 3.0.04506.590; .NET CLR 3.5.20706; InfoPath.2; .NET CLR 3.0.4506.2152; .NET CLR 3.5.30729)"
87.15.127.225 - - [25/Jan/2011:10:39:47 +0100] "GET /img/foto/Cristiano.jpg HTTP/1.1" 200 37213 "http://www.aziendaitalia.com/about-us/" "Mozilla/4.0 (compatible; MSIE 8.0; Windows NT 5.1; Trident/4.0; .NET CLR 2.0.50727; .NET CLR 3.0.04506.590; .NET CLR 3.5.20706; InfoPath.2; .NET CLR 3.0.4506.2152; .NET CLR 3.5.30729)"
207.46.204.188 - - [25/Jan/2011:10:39:48 +0100] "GET /attivita-in-vendita/a847.html HTTP/1.1" 200 2084 "-" "Mozilla/5.0 (compatible; bingbot/2.0; +http://www.bing.com/bingbot.htm)"
79.15.95.105 - - [25/Jan/2011:10:39:53 +0100] "GET /cedere-attivita/?gclid=CIHZ5v2H1aYCFcomfAodu0nsGw HTTP/1.1" 200 3991 "http://www.google.it/search?hl=it&source=hp&q=annunci+vendita+attivit%C3%A0+commerciali&aq=6&aqi=g10&aql=&oq=ANNUNCI+VENDITA+A" "Mozilla/4.0 (compatible; MSIE 7.0; Windows NT 5.1; .NET CLR 2.0.50727; OfficeLiveConnector.1.3; OfficeLivePatch.0.0; .NET CLR 3.0.4506.2152; .NET CLR 3.5.30729)"
79.15.95.105 - - [25/Jan/2011:10:39:53 +0100] "GET /css/style.css HTTP/1.1" 200 3366 "http://www.aziendaitalia.com/cedere-attivita/?gclid=CIHZ5v2H1aYCFcomfAodu0nsGw" "Mozilla/4.0 (compatible; MSIE 7.0; Windows NT 5.1; .NET CLR 2.0.50727; OfficeLiveConnector.1.3; OfficeLivePatch.0.0; .NET CLR 3.0.4506.2152; .NET CLR 3.5.30729)"
79.15.95.105 - - [25/Jan/2011:10:39:53 +0100] "GET /js/jquery-1.4.2.min.js HTTP/1.1" 200 72174 "http://www.aziendaitalia.com/cedere-attivita/?gclid=CIHZ5v2H1aYCFcomfAodu0nsGw" "Mozilla/4.0 (compatible; MSIE 7.0; Windows NT 5.1; .NET CLR 2.0.50727; OfficeLiveConnector.1.3; OfficeLivePatch.0.0; .NET CLR 3.0.4506.2152; .NET CLR 3.5.30729)"
79.15.95.105 - - [25/Jan/2011:10:39:54 +0100] "GET /js/general.js HTTP/1.1" 200 5776 "http://www.aziendaitalia.com/cedere-attivita/?gclid=CIHZ5v2H1aYCFcomfAodu0nsGw" "Mozilla/4.0 (compatible; MSIE 7.0; Windows NT 5.1; .NET CLR 2.0.50727; OfficeLiveConnector.1.3; OfficeLivePatch.0.0; .NET CLR 3.0.4506.2152; .NET CLR 3.5.30729)"
79.15.95.105 - - [25/Jan/2011:10:39:54 +0100] "GET /img/layout/menubar.gif HTTP/1.1" 200 1302 "http://www.aziendaitalia.com/cedere-attivita/?gclid=CIHZ5v2H1aYCFcomfAodu0nsGw" "Mozilla/4.0 (compatible; MSIE 7.0; Windows NT 5.1; .NET CLR 2.0.50727; OfficeLiveConnector.1.3; OfficeLivePatch.0.0; .NET CLR 3.0.4506.2152; .NET CLR 3.5.30729)"
79.15.95.105 - - [25/Jan/2011:10:39:54 +0100] "GET /img/layout/bg_wrapper_sub.gif HTTP/1.1" 200 102 "http://www.aziendaitalia.com/cedere-attivita/?gclid=CIHZ5v2H1aYCFcomfAodu0nsGw" "Mozilla/4.0 (compatible; MSIE 7.0; Windows NT 5.1; .NET CLR 2.0.50727; OfficeLiveConnector.1.3; OfficeLivePatch.0.0; .NET CLR 3.0.4506.2152; .NET CLR 3.5.30729)"
79.15.95.105 - - [25/Jan/2011:10:39:54 +0100] "GET /img/layout/bg_sidebar_separator.gif HTTP/1.1" 200 106 "http://www.aziendaitalia.com/cedere-attivita/?gclid=CIHZ5v2H1aYCFcomfAodu0nsGw" "Mozilla/4.0 (compatible; MSIE 7.0; Windows NT 5.1; .NET CLR 2.0.50727; OfficeLiveConnector.1.3; OfficeLivePatch.0.0; .NET CLR 3.0.4506.2152; .NET CLR 3.5.30729)"
79.15.95.105 - - [25/Jan/2011:10:39:54 +0100] "GET /img/layout/header.gif HTTP/1.1" 200 15655 "http://www.aziendaitalia.com/cedere-attivita/?gclid=CIHZ5v2H1aYCFcomfAodu0nsGw" "Mozilla/4.0 (compatible; MSIE 7.0; Windows NT 5.1; .NET CLR 2.0.50727; OfficeLiveConnector.1.3; OfficeLivePatch.0.0; .NET CLR 3.0.4506.2152; .NET CLR 3.5.30729)"
79.15.95.105 - - [25/Jan/2011:10:39:54 +0100] "GET /favicon.ico HTTP/1.1" 200 1406 "-" "Mozilla/4.0 (compatible; MSIE 7.0; Windows NT 5.1; .NET CLR 2.0.50727; OfficeLiveConnector.1.3; OfficeLivePatch.0.0; .NET CLR 3.0.4506.2152; .NET CLR 3.5.30729)"
79.15.95.105 - - [25/Jan/2011:10:39:59 +0100] "GET /attivita-in-vendita/ HTTP/1.1" 200 2294 "http://www.aziendaitalia.com/cedere-attivita/?gclid=CIHZ5v2H1aYCFcomfAodu0nsGw" "Mozilla/4.0 (compatible; MSIE 7.0; Windows NT 5.1; .NET CLR 2.0.50727; OfficeLiveConnector.1.3; OfficeLivePatch.0.0; .NET CLR 3.0.4506.2152; .NET CLR 3.5.30729)"
79.15.95.105 - - [25/Jan/2011:10:39:59 +0100] "GET /img/thumb/phpThumb.php?src=/admin/img/1283511116_5135-4001Y-A.JPG&w=148&h=138&zc=1&q=90 HTTP/1.1" 200 9692 "http://www.aziendaitalia.com/attivita-in-vendita/" "Mozilla/4.0 (compatible; MSIE 7.0; Windows NT 5.1; .NET CLR 2.0.50727; OfficeLiveConnector.1.3; OfficeLivePatch.0.0; .NET CLR 3.0.4506.2152; .NET CLR 3.5.30729)"
79.15.95.105 - - [25/Jan/2011:10:39:59 +0100] "GET /img/thumb/phpThumb.php?src=/admin/img/1295368730_5945-6289D-A.JPG&w=148&h=138&zc=1&q=90 HTTP/1.1" 200 9397 "http://www.aziendaitalia.com/attivita-in-vendita/" "Mozilla/4.0 (compatible; MSIE 7.0; Windows NT 5.1; .NET CLR 2.0.50727; OfficeLiveConnector.1.3; OfficeLivePatch.0.0; .NET CLR 3.0.4506.2152; .NET CLR 3.5.30729)"
79.15.95.105 - - [25/Jan/2011:10:39:59 +0100] "GET /img/layout/dot.png HTTP/1.1" 200 2899 "http://www.aziendaitalia.com/attivita-in-vendita/" "Mozilla/4.0 (compatible; MSIE 7.0; Windows NT 5.1; .NET CLR 2.0.50727; OfficeLiveConnector.1.3; OfficeLivePatch.0.0; .NET CLR 3.0.4506.2152; .NET CLR 3.5.30729)"
79.15.95.105 - - [25/Jan/2011:10:39:59 +0100] "GET /img/thumb/phpThumb.php?src=/admin/img/1284121274_8018-5308G-A.JPG&w=148&h=138&zc=1&q=90 HTTP/1.1" 200 7134 "http://www.aziendaitalia.com/attivita-in-vendita/" "Mozilla/4.0 (compatible; MSIE 7.0; Windows NT 5.1; .NET CLR 2.0.50727; OfficeLiveConnector.1.3; OfficeLivePatch.0.0; .NET CLR 3.0.4506.2152; .NET CLR 3.5.30729)"
72.5.230.111 - - [25/Jan/2011:10:39:59 +0100] "HEAD / HTTP/1.1" 200 - "-" "Site 24 X 7"
79.15.95.105 - - [25/Jan/2011:10:40:05 +0100] "GET /attivita-in-vendita/a3072.html HTTP/1.1" 200 2857 "http://www.aziendaitalia.com/attivita-in-vendita/" "Mozilla/4.0 (compatible; MSIE 7.0; Windows NT 5.1; .NET CLR 2.0.50727; OfficeLiveConnector.1.3; OfficeLivePatch.0.0; .NET CLR 3.0.4506.2152; .NET CLR 3.5.30729)"
79.15.95.105 - - [25/Jan/2011:10:40:06 +0100] "GET /img/thumb/phpThumb.php?src=/admin/img/1283511119_5135-4001Y-B.jpg&w=148&h=138&zc=1&q=90 HTTP/1.1" 200 6077 "http://www.aziendaitalia.com/attivita-in-vendita/a3072.html" "Mozilla/4.0 (compatible; MSIE 7.0; Windows NT 5.1; .NET CLR 2.0.50727; OfficeLiveConnector.1.3; OfficeLivePatch.0.0; .NET CLR 3.0.4506.2152; .NET CLR 3.5.30729)"
79.15.95.105 - - [25/Jan/2011:10:40:06 +0100] "GET /img/thumb/phpThumb.php?src=/admin/img/1283511123_5135-4001Y-C.jpg&w=148&h=138&zc=1&q=90 HTTP/1.1" 200 8838 "http://www.aziendaitalia.com/attivita-in-vendita/a3072.html" "Mozilla/4.0 (compatible; MSIE 7.0; Windows NT 5.1; .NET CLR 2.0.50727; OfficeLiveConnector.1.3; OfficeLivePatch.0.0; .NET CLR 3.0.4506.2152; .NET CLR 3.5.30729)"
79.15.95.105 - - [25/Jan/2011:10:40:06 +0100] "GET /img/thumb/phpThumb.php?src=/admin/img/1283511128_5135-4001Y-D.jpg&w=148&h=138&zc=1&q=90 HTTP/1.1" 200 7248 "http://www.aziendaitalia.com/attivita-in-vendita/a3072.html" "Mozilla/4.0 (compatible; MSIE 7.0; Windows NT 5.1; .NET CLR 2.0.50727; OfficeLiveConnector.1.3; OfficeLivePatch.0.0; .NET CLR 3.0.4506.2152; .NET CLR 3.5.30729)"
67.195.115.117 - - [25/Jan/2011:10:40:08 +0100] "GET /annunci/nord-italia/varese/8274.htm HTTP/1.0" 200 3003 "-" "Mozilla/5.0 (compatible; Yahoo! Slurp; http://help.yahoo.com/help/us/ysearch/slurp)"
88.131.106.4 - - [25/Jan/2011:10:40:15 +0100] "GET /robots.txt HTTP/1.0" 404 270 "-" "Mozilla/5.0 (Windows; U; Windows NT 5.1; en-US) Speedy Spider (http://www.entireweb.com/about/search_tech/speedy_spider/)"
88.131.106.5 - - [25/Jan/2011:10:40:16 +0100] "GET /bancadati-scheda.php?idazienda=13509 HTTP/1.0" 404 277 "-" "Mozilla/5.0 (Windows; U; Windows NT 5.1; en-US) Speedy Spider (http://www.entireweb.com/about/search_tech/speedy_spider/)"
95.225.47.224 - - [25/Jan/2011:10:40:19 +0100] "GET /attivita-in-vendita/rivendita-negozi_m2.html HTTP/1.1" 200 3793 "http://www.aziendaitalia.com/?gclid=CMrOj7GG1aYCFUoKfAodIx7wMw" "Mozilla/4.0 (compatible; MSIE 6.0; Windows NT 5.1; SV1)"
207.46.195.233 - - [25/Jan/2011:10:40:22 +0100] "GET /bancadati-scheda.php?idreg=&idind=4&idcat=276&idazienda=13063 HTTP/1.1" 404 277 "-" "Mozilla/5.0 (compatible; bingbot/2.0; +http://www.bing.com/bingbot.htm)"
