207.46.195.234 - - [25/Jan/2011:06:25:51 +0100] "GET /bancadati-scheda.php?idreg=3&idind=&idcat=&idazienda=9857 HTTP/1.1" 404 277 "-" "Mozilla/5.0 (compatible; bingbot/2.0; +http://www.bing.com/bingbot.htm)"
72.5.230.111 - - [25/Jan/2011:06:25:59 +0100] "HEAD / HTTP/1.1" 200 - "-" "Site 24 X 7"
66.249.71.212 - - [25/Jan/2011:06:26:19 +0100] "GET /attivita-in-vendita/villaggi-turistici_norditalia_s158_mr1.html?page=35 HTTP/1.1" 200 2748 "-" "Mozilla/5.0 (compatible; Googlebot/2.1; +http://www.google.com/bot.html)"
178.154.161.29 - - [25/Jan/2011:06:26:32 +0100] "GET /annunci/nord-italia/torino/5707.htm HTTP/1.1" 200 2722 "-" "Mozilla/5.0 (compatible; YandexBot/3.0; +http://yandex.com/bots)"
124.115.0.139 - - [25/Jan/2011:06:26:52 +0100] "GET / HTTP/1.1" 200 2648 "-" "Sosospider+(+http://help.soso.com/webspider.htm)"
72.5.230.111 - - [25/Jan/2011:06:26:59 +0100] "HEAD / HTTP/1.1" 200 - "-" "Site 24 X 7"
67.195.115.117 - - [25/Jan/2011:06:27:28 +0100] "GET /bancadati-categorie.php?idind=1&idcat=4 HTTP/1.0" 404 280 "-" "Mozilla/5.0 (compatible; Yahoo! Slurp; http://help.yahoo.com/help/us/ysearch/slurp)"
66.249.71.212 - - [25/Jan/2011:06:27:32 +0100] "GET /attivita/annunci-cedesi-attivita-bologna.htm HTTP/1.1" 304 - "-" "Mozilla/5.0 (compatible; Googlebot/2.1; +http://www.google.com/bot.html)"
72.5.230.111 - - [25/Jan/2011:06:28:00 +0100] "HEAD / HTTP/1.1" 200 - "-" "Site 24 X 7"
178.154.161.29 - - [25/Jan/2011:06:28:45 +0100] "GET /filosofia.htm HTTP/1.1" 404 273 "-" "Mozilla/5.0 (compatible; YandexBot/3.0; +http://yandex.com/bots)"
72.5.230.111 - - [25/Jan/2011:06:29:00 +0100] "HEAD / HTTP/1.1" 200 - "-" "Site 24 X 7"
207.46.13.133 - - [25/Jan/2011:06:29:55 +0100] "GET /attivita-in-vendita/alberghi-hotel_c22.html HTTP/1.1" 200 4355 "-" "Mozilla/5.0 (compatible; bingbot/2.0; +http://www.bing.com/bingbot.htm)"
72.5.230.111 - - [25/Jan/2011:06:30:00 +0100] "HEAD / HTTP/1.1" 200 - "-" "Site 24 X 7"
207.46.204.187 - - [25/Jan/2011:06:30:05 +0100] "GET /bancadati-categorie.php?idind=1&idreg=1&start=50 HTTP/1.1" 404 280 "-" "Mozilla/5.0 (compatible; bingbot/2.0; +http://www.bing.com/bingbot.htm)"
66.249.71.212 - - [25/Jan/2011:06:30:26 +0100] "GET /attivita-in-vendita/norditalia_mr1.html?page=117 HTTP/1.1" 200 5025 "-" "Mozilla/5.0 (compatible; Googlebot/2.1; +http://www.google.com/bot.html)"
66.249.71.212 - - [25/Jan/2011:06:30:27 +0100] "GET /attivita-in-vendita/formaggi-e-latticini-latterie-vendita-al-dettaglio_centroitalia_s110_mr2.html?page=34 HTTP/1.1" 200 2753 "-" "Mozilla/5.0 (compatible; Googlebot/2.1; +http://www.google.com/bot.html)"
66.249.71.212 - - [25/Jan/2011:06:30:28 +0100] "GET /attivita-in-vendita/ceramiche-per-pavimenti-rivestimenti-vendita-al-dettaglio_estero_s519_n2.html?page=35 HTTP/1.1" 200 1760 "-" "Mozilla/5.0 (compatible; Googlebot/2.1; +http://www.google.com/bot.html)"
66.249.71.212 - - [25/Jan/2011:06:30:28 +0100] "GET /attivita-in-vendita/industria-attivit%C3%A0-editoriali-stampa-giornali_centroitalia_s387_mr2.html?page=34 HTTP/1.1" 200 2506 "-" "Mozilla/5.0 (compatible; Googlebot/2.1; +http://www.google.com/bot.html)"
178.154.161.29 - - [25/Jan/2011:06:30:58 +0100] "GET /annunci/centro-italia/roma/9997.htm HTTP/1.1" 200 2846 "-" "Mozilla/5.0 (compatible; YandexBot/3.0; +http://yandex.com/bots)"
72.5.230.111 - - [25/Jan/2011:06:31:01 +0100] "HEAD / HTTP/1.1" 200 - "-" "Site 24 X 7"
193.47.80.42 - - [25/Jan/2011:06:31:16 +0100] "GET /attivita/negozi-comprare.htm HTTP/1.1" 304 - "-" "Mozilla/5.0 (compatible; Exabot/3.0; +http://www.exabot.com/go/robot)"
207.46.195.225 - - [25/Jan/2011:06:31:49 +0100] "GET /annunci/nord-italia/torino/8158.htm HTTP/1.1" 200 3257 "-" "Mozilla/5.0 (compatible; bingbot/2.0; +http://www.bing.com/bingbot.htm)"
109.73.86.30 - - [25/Jan/2011:06:31:50 +0100] "GET /attivita/metodo-di-valutazione-attivita-commerciali.htm HTTP/1.1" 200 2115 "http://www.google.it/search?q=stima+attivit%C3%A0+commerciale&ie=utf-8&oe=utf-8&aq=t&rls=org.mozilla:it:official&client=firefox-a" "Mozilla/5.0 (Macintosh; U; Intel Mac OS X 10.6; it; rv:1.9.2.3) Gecko/20100401 Firefox/3.6.3"
109.73.86.30 - - [25/Jan/2011:06:31:50 +0100] "GET /attivita/images/rigasopra.gif HTTP/1.1" 200 171 "http://www.aziendaitalia.com/attivita/metodo-di-valutazione-attivita-commerciali.htm" "Mozilla/5.0 (Macintosh; U; Intel Mac OS X 10.6; it; rv:1.9.2.3) Gecko/20100401 Firefox/3.6.3"
109.73.86.30 - - [25/Jan/2011:06:31:51 +0100] "GET /attivita/images/barrona1.gif HTTP/1.1" 200 25108 "http://www.aziendaitalia.com/attivita/metodo-di-valutazione-attivita-commerciali.htm" "Mozilla/5.0 (Macintosh; U; Intel Mac OS X 10.6; it; rv:1.9.2.3) Gecko/20100401 Firefox/3.6.3"
109.73.86.30 - - [25/Jan/2011:06:31:51 +0100] "GET /attivita/images/barrona2.gif HTTP/1.1" 200 19345 "http://www.aziendaitalia.com/attivita/metodo-di-valutazione-attivita-commerciali.htm" "Mozilla/5.0 (Macintosh; U; Intel Mac OS X 10.6; it; rv:1.9.2.3) Gecko/20100401 Firefox/3.6.3"
109.73.86.30 - - [25/Jan/2011:06:31:51 +0100] "GET /attivita/images/loghetto.gif HTTP/1.1" 200 6105 "http://www.aziendaitalia.com/attivita/metodo-di-valutazione-attivita-commerciali.htm" "Mozilla/5.0 (Macintosh; U; Intel Mac OS X 10.6; it; rv:1.9.2.3) Gecko/20100401 Firefox/3.6.3"
109.73.86.30 - - [25/Jan/2011:06:31:51 +0100] "GET /attivita/images/indirizzo.gif HTTP/1.1" 200 4022 "http://www.aziendaitalia.com/attivita/metodo-di-valutazione-attivita-commerciali.htm" "Mozilla/5.0 (Macintosh; U; Intel Mac OS X 10.6; it; rv:1.9.2.3) Gecko/20100401 Firefox/3.6.3"
109.73.86.30 - - [25/Jan/2011:06:31:51 +0100] "GET /attivita/images/bg.gif HTTP/1.1" 200 48 "http://www.aziendaitalia.com/attivita/metodo-di-valutazione-attivita-commerciali.htm" "Mozilla/5.0 (Macintosh; U; Intel Mac OS X 10.6; it; rv:1.9.2.3) Gecko/20100401 Firefox/3.6.3"
109.73.86.30 - - [25/Jan/2011:06:31:51 +0100] "GET /favicon.ico HTTP/1.1" 200 1406 "-" "Mozilla/5.0 (Macintosh; U; Intel Mac OS X 10.6; it; rv:1.9.2.3) Gecko/20100401 Firefox/3.6.3"
72.5.230.111 - - [25/Jan/2011:06:32:01 +0100] "HEAD / HTTP/1.1" 200 - "-" "Site 24 X 7"
66.249.71.212 - - [25/Jan/2011:06:32:51 +0100] "GET /attivita/attivita-commerciali-bari-vendesi.htm HTTP/1.1" 304 - "-" "Mozilla/5.0 (compatible; Googlebot/2.1; +http://www.google.com/bot.html)"
67.195.115.117 - - [25/Jan/2011:06:32:54 +0100] "GET /attivita/cedesi-alberghi.htm HTTP/1.0" 200 2130 "-" "Mozilla/5.0 (compatible; Yahoo! Slurp; http://help.yahoo.com/help/us/ysearch/slurp)"
66.249.71.212 - - [25/Jan/2011:06:32:57 +0100] "GET /attivita/vendesi-attivita-ristorative.htm HTTP/1.1" 200 2195 "-" "Mozilla/5.0 (compatible; Googlebot/2.1; +http://www.google.com/bot.html)"
66.249.71.212 - - [25/Jan/2011:06:32:57 +0100] "GET /attivita-in-vendita/prodotti-manufatti-n-a-c-_centroitalia_s520_mr2.html?page=35 HTTP/1.1" 200 2466 "-" "Mozilla/5.0 (compatible; Googlebot/2.1; +http://www.google.com/bot.html)"
66.249.71.212 - - [25/Jan/2011:06:32:58 +0100] "GET /attivita-in-vendita/bed-breakfast_isole_s153_mr4.html?page=23 HTTP/1.1" 200 2362 "-" "Mozilla/5.0 (compatible; Googlebot/2.1; +http://www.google.com/bot.html)"
66.249.71.212 - - [25/Jan/2011:06:32:58 +0100] "GET /attivita-in-vendita/strumenti-medici-chirurgici_norditalia_s500_mr1.html?page=35 HTTP/1.1" 200 2604 "-" "Mozilla/5.0 (compatible; Googlebot/2.1; +http://www.google.com/bot.html)"
66.249.71.212 - - [25/Jan/2011:06:32:59 +0100] "GET /attivita-in-vendita/disinfezione-disinfestazione_suditalia_s250_mr3.html?page=35 HTTP/1.1" 200 2588 "-" "Mozilla/5.0 (compatible; Googlebot/2.1; +http://www.google.com/bot.html)"
72.5.230.111 - - [25/Jan/2011:06:33:02 +0100] "HEAD / HTTP/1.1" 200 - "-" "Site 24 X 7"
178.154.161.29 - - [25/Jan/2011:06:33:11 +0100] "GET /attivita-in-vendita/officine-meccaniche_italia_s437_n1.html HTTP/1.1" 200 3591 "-" "Mozilla/5.0 (compatible; YandexBot/3.0; +http://yandex.com/bots)"
72.5.230.111 - - [25/Jan/2011:06:34:02 +0100] "HEAD / HTTP/1.1" 200 - "-" "Site 24 X 7"
65.52.49.76 - - [25/Jan/2011:06:34:29 +0100] "GET /robots.txt HTTP/1.1" 404 332 "-" "Mozilla/5.0 (compatible; bingbot/2.0; +http://www.bing.com/bingbot.htm)"
72.5.230.111 - - [25/Jan/2011:06:35:03 +0100] "HEAD / HTTP/1.1" 200 - "-" "Site 24 X 7"
178.154.161.29 - - [25/Jan/2011:06:35:25 +0100] "GET /attivita-in-vendita/studi-medici_centroitalia_s294_mr2.html HTTP/1.1" 200 2672 "-" "Mozilla/5.0 (compatible; YandexBot/3.0; +http://yandex.com/bots)"
66.249.71.212 - - [25/Jan/2011:06:35:40 +0100] "GET /attivita/cercasi-attivita-civitavecchia.htm HTTP/1.1" 200 2237 "-" "Mozilla/5.0 (compatible; Googlebot/2.1; +http://www.google.com/bot.html)"
72.5.230.111 - - [25/Jan/2011:06:36:03 +0100] "HEAD / HTTP/1.1" 200 - "-" "Site 24 X 7"
207.46.13.87 - - [25/Jan/2011:06:36:32 +0100] "GET /annunci/nord-italia/torino/4563.htm HTTP/1.1" 200 2673 "-" "Mozilla/5.0 (compatible; bingbot/2.0; +http://www.bing.com/bingbot.htm)"
207.46.204.241 - - [25/Jan/2011:06:36:34 +0100] "GET /bancadati-scheda.php?idazienda=13115 HTTP/1.1" 404 277 "-" "Mozilla/5.0 (compatible; bingbot/2.0; +http://www.bing.com/bingbot.htm)"
72.5.230.111 - - [25/Jan/2011:06:37:03 +0100] "HEAD / HTTP/1.1" 200 - "-" "Site 24 X 7"
207.46.204.197 - - [25/Jan/2011:06:37:22 +0100] "GET /attivita-in-vendita/ristoranti-bar_centroitalia_c21_mr2.html HTTP/1.1" 200 4749 "-" "Mozilla/5.0 (compatible; bingbot/2.0; +http://www.bing.com/bingbot.htm)"
67.195.115.117 - - [25/Jan/2011:06:37:27 +0100] "GET /RESULTS.CFM?category=316 HTTP/1.0" 404 274 "-" "Mozilla/5.0 (compatible; Yahoo! Slurp; http://help.yahoo.com/help/us/ysearch/slurp)"
178.154.161.29 - - [25/Jan/2011:06:37:38 +0100] "GET /attivita-in-vendita/servizi-centri-fitness-estetica-servizi-alle-persone_piemonte_m3_r12.html HTTP/1.1" 200 4999 "-" "Mozilla/5.0 (compatible; YandexBot/3.0; +http://yandex.com/bots)"
72.5.230.111 - - [25/Jan/2011:06:38:04 +0100] "HEAD / HTTP/1.1" 200 - "-" "Site 24 X 7"
207.46.195.226 - - [25/Jan/2011:06:38:51 +0100] "GET /attivita-in-vendita/a-roma_p53.html?page=3 HTTP/1.1" 200 4315 "-" "Mozilla/5.0 (compatible; bingbot/2.0; +http://www.bing.com/bingbot.htm)"
67.195.115.117 - - [25/Jan/2011:06:38:52 +0100] "GET /bancadati-categorie.php?idind=1 HTTP/1.0" 404 280 "-" "Mozilla/5.0 (compatible; Yahoo! Slurp; http://help.yahoo.com/help/us/ysearch/slurp)"
207.46.12.236 - - [25/Jan/2011:06:38:57 +0100] "GET /bancadati-scheda.php?idreg=1&idind=3&idcat=&idazienda=11923 HTTP/1.1" 404 277 "-" "Mozilla/5.0 (compatible; bingbot/2.0; +http://www.bing.com/bingbot.htm)"
72.5.230.111 - - [25/Jan/2011:06:39:04 +0100] "HEAD / HTTP/1.1" 200 - "-" "Site 24 X 7"
67.195.115.117 - - [25/Jan/2011:06:39:06 +0100] "GET /annunci/nord-italia/pavia/7443.htm HTTP/1.0" 200 3486 "-" "Mozilla/5.0 (compatible; Yahoo! Slurp; http://help.yahoo.com/help/us/ysearch/slurp)"
66.249.71.212 - - [25/Jan/2011:06:39:26 +0100] "GET /attivita-in-vendita/bed-breakfast_suditalia_s153_mr3.html?page=23 HTTP/1.1" 200 2528 "-" "Mozilla/5.0 (compatible; Googlebot/2.1; +http://www.google.com/bot.html)"
178.154.161.29 - - [25/Jan/2011:06:39:52 +0100] "GET /annunci/centro-italia/firenze/index.htm HTTP/1.1" 200 3107 "-" "Mozilla/5.0 (compatible; YandexBot/3.0; +http://yandex.com/bots)"
72.5.230.111 - - [25/Jan/2011:06:40:04 +0100] "HEAD / HTTP/1.1" 200 - "-" "Site 24 X 7"
72.5.230.111 - - [25/Jan/2011:06:41:05 +0100] "HEAD / HTTP/1.1" 200 - "-" "Site 24 X 7"
72.5.230.111 - - [25/Jan/2011:06:42:05 +0100] "HEAD / HTTP/1.1" 200 - "-" "Site 24 X 7"
178.154.161.29 - - [25/Jan/2011:06:42:06 +0100] "GET /attivita-in-vendita/servizi-commerciali_piemonte_c47_r12.html HTTP/1.1" 200 4095 "-" "Mozilla/5.0 (compatible; YandexBot/3.0; +http://yandex.com/bots)"
66.249.71.212 - - [25/Jan/2011:06:42:26 +0100] "GET /attivita/acquisto-attivita-commerciali-milano.htm HTTP/1.1" 304 - "-" "Mozilla/5.0 (compatible; Googlebot/2.1; +http://www.google.com/bot.html)"
66.249.71.212 - - [25/Jan/2011:06:42:27 +0100] "GET /attivita-in-vendita/bed-breakfast_norditalia_s153_mr1.html?page=25 HTTP/1.1" 200 2744 "-" "Mozilla/5.0 (compatible; Googlebot/2.1; +http://www.google.com/bot.html)"
67.195.115.117 - - [25/Jan/2011:06:42:42 +0100] "GET /annunci/nord-italia/brescia/6562.htm HTTP/1.0" 200 2759 "-" "Mozilla/5.0 (compatible; Yahoo! Slurp; http://help.yahoo.com/help/us/ysearch/slurp)"
207.46.199.193 - - [25/Jan/2011:06:42:44 +0100] "GET /robots.txt HTTP/1.1" 404 332 "-" "Mozilla/5.0 (compatible; bingbot/2.0; +http://www.bing.com/bingbot.htm)"
72.5.230.111 - - [25/Jan/2011:06:43:06 +0100] "HEAD / HTTP/1.1" 200 - "-" "Site 24 X 7"
207.46.204.181 - - [25/Jan/2011:06:43:50 +0100] "GET /robots.txt HTTP/1.1" 404 332 "-" "Mozilla/5.0 (compatible; bingbot/2.0; +http://www.bing.com/bingbot.htm)"
72.5.230.111 - - [25/Jan/2011:06:44:06 +0100] "HEAD / HTTP/1.1" 200 - "-" "Site 24 X 7"
207.46.204.181 - - [25/Jan/2011:06:44:06 +0100] "GET /attivita-in-vendita/panifici-industriali-ed-artigianali_a-brescia_s111_p21.html HTTP/1.1" 200 3161 "-" "Mozilla/5.0 (compatible; bingbot/2.0; +http://www.bing.com/bingbot.htm)"
178.154.161.29 - - [25/Jan/2011:06:44:20 +0100] "GET /en/2009-index_en.php HTTP/1.1" 200 3623 "-" "Mozilla/5.0 (compatible; YandexBot/3.0; +http://yandex.com/bots)"
207.46.12.236 - - [25/Jan/2011:06:44:25 +0100] "GET /bancadati-scheda.php?idreg=1&idind=&idcat=&idazienda=8173 HTTP/1.1" 404 277 "-" "Mozilla/5.0 (compatible; bingbot/2.0; +http://www.bing.com/bingbot.htm)"
78.7.2.58 - - [25/Jan/2011:06:44:52 +0100] "GET /img/thumb/phpThumb.php?src=/admin/img/1283511116_5135-4001Y-A.JPG&w=148&h=138&zc=1&q=90 HTTP/1.1" 200 9692 "-" "Mozilla/4.0 (compatible;)"
72.5.230.111 - - [25/Jan/2011:06:45:06 +0100] "HEAD / HTTP/1.1" 200 - "-" "Site 24 X 7"
66.249.71.212 - - [25/Jan/2011:06:45:51 +0100] "GET /attivita-in-vendita/leasing-factoring-finanziaria_suditalia_c39_mr3.html?page=36 HTTP/1.1" 200 2458 "-" "Mozilla/5.0 (compatible; Googlebot/2.1; +http://www.google.com/bot.html)"
67.195.115.117 - - [25/Jan/2011:06:46:06 +0100] "GET /attivita-in-vendita/a1610.html HTTP/1.0" 200 2633 "-" "Mozilla/5.0 (compatible; Yahoo! Slurp; http://help.yahoo.com/help/us/ysearch/slurp)"
67.195.115.117 - - [25/Jan/2011:06:46:07 +0100] "GET /css/style.css HTTP/1.0" 200 3366 "http://www.aziendaitalia.com/attivita-in-vendita/a1610.html" "Mozilla/5.0 (compatible; Yahoo! Slurp; http://help.yahoo.com/help/us/ysearch/slurp)"
72.5.230.111 - - [25/Jan/2011:06:46:10 +0100] "HEAD / HTTP/1.1" 200 - "-" "Site 24 X 7"
178.154.161.29 - - [25/Jan/2011:06:46:33 +0100] "GET /attivita-in-vendita/industria-manufatti-in-metallo_italia_c86_n1.html HTTP/1.1" 200 4606 "-" "Mozilla/5.0 (compatible; YandexBot/3.0; +http://yandex.com/bots)"
72.5.230.111 - - [25/Jan/2011:06:47:10 +0100] "HEAD / HTTP/1.1" 200 - "-" "Site 24 X 7"
66.249.71.212 - - [25/Jan/2011:06:47:38 +0100] "GET /attivita/attivita-commerciali-ad-alto-reddito.htm HTTP/1.1" 304 - "-" "Mozilla/5.0 (compatible; Googlebot/2.1; +http://www.google.com/bot.html)"
207.46.204.177 - - [25/Jan/2011:06:47:39 +0100] "GET /annunci/nord-italia/torino/7104.htm HTTP/1.1" 200 2797 "-" "Mozilla/5.0 (compatible; bingbot/2.0; +http://www.bing.com/bingbot.htm)"
67.195.115.117 - - [25/Jan/2011:06:47:49 +0100] "GET /attivita-in-vendita/rivendita-negozi_m2.html?page=51 HTTP/1.0" 200 3797 "-" "Mozilla/5.0 (compatible; Yahoo! Slurp; http://help.yahoo.com/help/us/ysearch/slurp)"
65.52.108.13 - - [25/Jan/2011:06:47:57 +0100] "GET /bancadati-scheda.php?idreg=&idind=4&idcat=271&idazienda=12091 HTTP/1.1" 404 277 "-" "Mozilla/5.0 (compatible; bingbot/2.0; +http://www.bing.com/bingbot.htm)"
72.5.230.111 - - [25/Jan/2011:06:48:13 +0100] "HEAD / HTTP/1.1" 200 - "-" "Site 24 X 7"
178.154.161.29 - - [25/Jan/2011:06:48:46 +0100] "GET /attivita-in-vendita/a3077.html HTTP/1.1" 200 2541 "-" "Mozilla/5.0 (compatible; YandexBot/3.0; +http://yandex.com/bots)"
67.195.115.117 - - [25/Jan/2011:06:49:08 +0100] "GET /detail.cfm?ID=11587 HTTP/1.0" 301 282 "-" "Mozilla/5.0 (compatible; Yahoo! Slurp; http://help.yahoo.com/help/us/ysearch/slurp)"
67.195.115.117 - - [25/Jan/2011:06:49:08 +0100] "GET /?ID=11587 HTTP/1.0" 200 2649 "-" "Mozilla/5.0 (compatible; Yahoo! Slurp; http://help.yahoo.com/help/us/ysearch/slurp)"
67.195.115.117 - - [25/Jan/2011:06:49:09 +0100] "GET /attivita-in-vendita/pizzerie_a-padova_s143_p65.html HTTP/1.0" 200 3721 "-" "Mozilla/5.0 (compatible; Yahoo! Slurp; http://help.yahoo.com/help/us/ysearch/slurp)"
72.5.230.111 - - [25/Jan/2011:06:49:14 +0100] "HEAD / HTTP/1.1" 200 - "-" "Site 24 X 7"
66.249.71.212 - - [25/Jan/2011:06:49:27 +0100] "GET /attivita-in-vendita/industria-del-vetro-a-lastre_suditalia_s406_mr3.html?page=35 HTTP/1.1" 200 2459 "-" "Mozilla/5.0 (compatible; Googlebot/2.1; +http://www.google.com/bot.html)"
78.7.2.58 - - [25/Jan/2011:06:49:35 +0100] "GET /img/thumb/phpThumb.php?src=/admin/img/1284121274_8018-5308G-A.JPG&w=148&h=138&zc=1&q=90 HTTP/1.1" 200 7134 "-" "Mozilla/4.0 (compatible;)"
207.46.195.227 - - [25/Jan/2011:06:50:00 +0100] "GET /bancadati-scheda.php?idreg=1&idind=&idcat=&idazienda=11834 HTTP/1.1" 404 277 "-" "Mozilla/5.0 (compatible; bingbot/2.0; +http://www.bing.com/bingbot.htm)"
72.5.230.111 - - [25/Jan/2011:06:50:14 +0100] "HEAD / HTTP/1.1" 200 - "-" "Site 24 X 7"
207.46.204.232 - - [25/Jan/2011:06:50:19 +0100] "GET /attivita-in-vendita/alimentari-panifici-rivendite_a-roma_m4_p53.html HTTP/1.1" 200 3871 "-" "Mozilla/5.0 (compatible; bingbot/2.0; +http://www.bing.com/bingbot.htm)"
207.46.199.43 - - [25/Jan/2011:06:50:48 +0100] "GET /bancadati-scheda.php?idreg=&idind=1&idcat=47&idazienda=10044 HTTP/1.1" 404 277 "-" "Mozilla/5.0 (compatible; bingbot/2.0; +http://www.bing.com/bingbot.htm)"
178.154.161.29 - - [25/Jan/2011:06:50:59 +0100] "GET /attivita-in-vendita/alberghi-ristoranti-bar-agriturismo-aziende-agricole_a-verona_m1_p29.html HTTP/1.1" 200 3943 "-" "Mozilla/5.0 (compatible; YandexBot/3.0; +http://yandex.com/bots)"
72.5.230.111 - - [25/Jan/2011:06:51:15 +0100] "HEAD / HTTP/1.1" 200 - "-" "Site 24 X 7"
72.5.230.111 - - [25/Jan/2011:06:52:15 +0100] "HEAD / HTTP/1.1" 200 - "-" "Site 24 X 7"
66.249.71.212 - - [25/Jan/2011:06:52:40 +0100] "GET /attivita-in-vendita/rivenditori-di-gas-in-bombole_suditalia_s63_mr3.html?page=35 HTTP/1.1" 200 2803 "-" "Mozilla/5.0 (compatible; Googlebot/2.1; +http://www.google.com/bot.html)"
207.46.13.134 - - [25/Jan/2011:06:52:51 +0100] "GET /bancadati-scheda.php?idreg=1&idind=&idcat=&idazienda=12786 HTTP/1.1" 404 277 "-" "Mozilla/5.0 (compatible; bingbot/2.0; +http://www.bing.com/bingbot.htm)"
178.154.161.29 - - [25/Jan/2011:06:53:13 +0100] "GET /attivita-in-vendita/vernici-vetri-tappezzeria-in-carta_italia_s16_n1.html HTTP/1.1" 200 3581 "-" "Mozilla/5.0 (compatible; YandexBot/3.0; +http://yandex.com/bots)"
72.5.230.111 - - [25/Jan/2011:06:53:15 +0100] "HEAD / HTTP/1.1" 200 - "-" "Site 24 X 7"
67.195.115.117 - - [25/Jan/2011:06:53:55 +0100] "GET /attivita/vendita-alloggi-vigone.htm HTTP/1.0" 200 2125 "-" "Mozilla/5.0 (compatible; Yahoo! Slurp; http://help.yahoo.com/help/us/ysearch/slurp)"
66.249.71.212 - - [25/Jan/2011:06:53:58 +0100] "GET /attivita/cedo-attivita-balneare.htm HTTP/1.1" 200 2170 "-" "Mozilla/5.0 (compatible; Googlebot/2.1; +http://www.google.com/bot.html)"
72.5.230.111 - - [25/Jan/2011:06:54:16 +0100] "HEAD / HTTP/1.1" 200 - "-" "Site 24 X 7"
72.5.230.111 - - [25/Jan/2011:06:55:16 +0100] "HEAD / HTTP/1.1" 200 - "-" "Site 24 X 7"
67.195.115.117 - - [25/Jan/2011:06:55:21 +0100] "GET /bancadati-scheda.php?idazienda=13067 HTTP/1.0" 404 277 "-" "Mozilla/5.0 (compatible; Yahoo! Slurp; http://help.yahoo.com/help/us/ysearch/slurp)"
178.154.161.29 - - [25/Jan/2011:06:55:26 +0100] "GET /attivita-in-vendita/apparecchiature-elettriche-industriali-n-a-c-_centroitalia_s475_mr2.html HTTP/1.1" 200 2659 "-" "Mozilla/5.0 (compatible; YandexBot/3.0; +http://yandex.com/bots)"
66.249.71.212 - - [25/Jan/2011:06:56:05 +0100] "GET /attivita-in-vendita/abbigliamento-per-donna-accessori_estero_s34_n2.html?page=88 HTTP/1.1" 200 1736 "-" "Mozilla/5.0 (compatible; Googlebot/2.1; +http://www.google.com/bot.html)"
72.5.230.111 - - [25/Jan/2011:06:56:17 +0100] "HEAD / HTTP/1.1" 200 - "-" "Site 24 X 7"
207.46.199.40 - - [25/Jan/2011:06:57:01 +0100] "GET /attivita-in-vendita/servizi-centri-fitness-estetica-servizi-alle-persone_a-padova_m3_p65.html HTTP/1.1" 200 3832 "-" "Mozilla/5.0 (compatible; bingbot/2.0; +http://www.bing.com/bingbot.htm)"
72.5.230.111 - - [25/Jan/2011:06:57:17 +0100] "HEAD / HTTP/1.1" 200 - "-" "Site 24 X 7"
207.46.13.146 - - [25/Jan/2011:06:57:22 +0100] "GET /bancadati-scheda.php?idreg=1&idind=10&idcat=&idazienda=13098 HTTP/1.1" 404 277 "-" "Mozilla/5.0 (compatible; bingbot/2.0; +http://www.bing.com/bingbot.htm)"
66.249.71.212 - - [25/Jan/2011:06:57:29 +0100] "GET /attivita/acquisto-casali-abruzzo.htm HTTP/1.1" 304 - "-" "Mozilla/5.0 (compatible; Googlebot/2.1; +http://www.google.com/bot.html)"
178.154.161.29 - - [25/Jan/2011:06:57:39 +0100] "GET /annunci/nord-italia/torino/4221.htm HTTP/1.1" 200 2791 "-" "Mozilla/5.0 (compatible; YandexBot/3.0; +http://yandex.com/bots)"
207.46.13.101 - - [25/Jan/2011:06:57:55 +0100] "GET /bancadati-scheda.php?idreg=3&idind=6&idcat=&idazienda=12233 HTTP/1.1" 404 277 "-" "Mozilla/5.0 (compatible; bingbot/2.0; +http://www.bing.com/bingbot.htm)"
72.5.230.111 - - [25/Jan/2011:06:58:17 +0100] "HEAD / HTTP/1.1" 200 - "-" "Site 24 X 7"
207.46.13.52 - - [25/Jan/2011:06:58:27 +0100] "GET /bancadati-scheda.php?idreg=&idind=&idcat=&idazienda=9726 HTTP/1.1" 404 277 "-" "Mozilla/5.0 (compatible; bingbot/2.0; +http://www.bing.com/bingbot.htm)"
66.249.71.212 - - [25/Jan/2011:06:58:59 +0100] "GET /attivita-in-vendita/industrie-della-pelle_suditalia_c83_mr3.html?page=36 HTTP/1.1" 200 2444 "-" "Mozilla/5.0 (compatible; Googlebot/2.1; +http://www.google.com/bot.html)"
66.249.71.212 - - [25/Jan/2011:06:59:00 +0100] "GET /attivita-in-vendita/altre-costruzioni-n-a-c-_isole_s338_mr4.html?page=35 HTTP/1.1" 200 2323 "-" "Mozilla/5.0 (compatible; Googlebot/2.1; +http://www.google.com/bot.html)"
66.249.71.212 - - [25/Jan/2011:06:59:00 +0100] "GET /attivita-in-vendita/lavanderie-a-gettone_suditalia_s234_mr3.html?page=35 HTTP/1.1" 200 2546 "-" "Mozilla/5.0 (compatible; Googlebot/2.1; +http://www.google.com/bot.html)"
66.249.71.212 - - [25/Jan/2011:06:59:01 +0100] "GET /attivita-in-vendita/strade-autostrade_centroitalia_s335_mr2.html?page=35 HTTP/1.1" 200 2449 "-" "Mozilla/5.0 (compatible; Googlebot/2.1; +http://www.google.com/bot.html)"
66.249.71.212 - - [25/Jan/2011:06:59:01 +0100] "GET /attivita-in-vendita/serramenti-infissi_centroitalia_s20_mr2.html?page=35 HTTP/1.1" 200 2749 "-" "Mozilla/5.0 (compatible; Googlebot/2.1; +http://www.google.com/bot.html)"
66.249.71.212 - - [25/Jan/2011:06:59:02 +0100] "GET /attivita-in-vendita/altri-servizi-di-pulizia_isole_s238_mr4.html?page=35 HTTP/1.1" 200 2385 "-" "Mozilla/5.0 (compatible; Googlebot/2.1; +http://www.google.com/bot.html)"
72.5.230.111 - - [25/Jan/2011:06:59:18 +0100] "HEAD / HTTP/1.1" 200 - "-" "Site 24 X 7"
178.154.161.29 - - [25/Jan/2011:06:59:53 +0100] "GET /attivita-in-vendita/studi-ortopedici_italia_s296_n1.html HTTP/1.1" 200 2620 "-" "Mozilla/5.0 (compatible; YandexBot/3.0; +http://yandex.com/bots)"
178.154.161.29 - - [25/Jan/2011:07:00:09 +0100] "GET /attivita-in-vendita/cerca-tabaccheria.html HTTP/1.1" 200 3811 "-" "Mozilla/5.0 (compatible; YandexBot/3.0; +http://yandex.com/bots)"
72.5.230.111 - - [25/Jan/2011:07:00:18 +0100] "HEAD / HTTP/1.1" 200 - "-" "Site 24 X 7"
65.52.110.52 - - [25/Jan/2011:07:00:26 +0100] "GET /attivita-in-vendita/commercio-ingrosso-beni-durevoli_c92.html HTTP/1.1" 200 3197 "-" "Mozilla/5.0 (compatible; bingbot/2.0; +http://www.bing.com/bingbot.htm)"
66.249.71.212 - - [25/Jan/2011:07:00:30 +0100] "GET /attivita-in-vendita/ristorazione-collettiva-catering_estero_s147_n2.html?page=36 HTTP/1.1" 200 1727 "-" "Mozilla/5.0 (compatible; Googlebot/2.1; +http://www.google.com/bot.html)"
66.249.71.212 - - [25/Jan/2011:07:00:32 +0100] "GET /attivita-in-vendita/bed-breakfast_isole_s153_mr4.html?page=24 HTTP/1.1" 200 2362 "-" "Mozilla/5.0 (compatible; Googlebot/2.1; +http://www.google.com/bot.html)"
66.249.71.212 - - [25/Jan/2011:07:00:32 +0100] "GET /attivita-in-vendita/condizionamento-aria-impianti-installazione-micro-manutenzione_centroitalia_s339_mr2.html?page=34 HTTP/1.1" 200 2569 "-" "Mozilla/5.0 (compatible; Googlebot/2.1; +http://www.google.com/bot.html)"
66.249.71.212 - - [25/Jan/2011:07:00:33 +0100] "GET /attivita-in-vendita/gioielleria-metalli-preziosi_suditalia_s505_mr3.html?page=35 HTTP/1.1" 200 2464 "-" "Mozilla/5.0 (compatible; Googlebot/2.1; +http://www.google.com/bot.html)"
66.249.71.212 - - [25/Jan/2011:07:00:34 +0100] "GET /attivita-in-vendita/vini-spumanti-produzione-ingrosso_estero_s86_n2.html?page=36 HTTP/1.1" 200 1738 "-" "Mozilla/5.0 (compatible; Googlebot/2.1; +http://www.google.com/bot.html)"
66.249.71.212 - - [25/Jan/2011:07:00:34 +0100] "GET /attivita-in-vendita/ristorazione-collettiva-catering_isole_s147_mr4.html?page=35 HTTP/1.1" 200 2391 "-" "Mozilla/5.0 (compatible; Googlebot/2.1; +http://www.google.com/bot.html)"
66.249.71.212 - - [25/Jan/2011:07:00:35 +0100] "GET /attivita-in-vendita/motocicli-biciclette-ricambi_suditalia_s492_mr3.html?page=35 HTTP/1.1" 200 2459 "-" "Mozilla/5.0 (compatible; Googlebot/2.1; +http://www.google.com/bot.html)"
66.249.71.212 - - [25/Jan/2011:07:00:36 +0100] "GET /attivita-in-vendita/industria-gelati-dolci-congelati_isole_s358_mr4.html?page=35 HTTP/1.1" 200 2332 "-" "Mozilla/5.0 (compatible; Googlebot/2.1; +http://www.google.com/bot.html)"
66.249.71.212 - - [25/Jan/2011:07:00:36 +0100] "GET /attivita-in-vendita/rivenditori-di-autoveicoli-n-a-c-_isole_s32_mr4.html?page=35 HTTP/1.1" 200 2333 "-" "Mozilla/5.0 (compatible; Googlebot/2.1; +http://www.google.com/bot.html)"
66.249.71.212 - - [25/Jan/2011:07:00:37 +0100] "GET /attivita-in-vendita/industrie-tipografiche-editoriali_estero_c79_n2.html?page=37 HTTP/1.1" 200 1733 "-" "Mozilla/5.0 (compatible; Googlebot/2.1; +http://www.google.com/bot.html)"
66.249.71.212 - - [25/Jan/2011:07:00:38 +0100] "GET /attivita-in-vendita/arredamento-articoli-per-la-casa_estero_s536_n2.html?page=36 HTTP/1.1" 200 1735 "-" "Mozilla/5.0 (compatible; Googlebot/2.1; +http://www.google.com/bot.html)"
66.249.71.212 - - [25/Jan/2011:07:00:38 +0100] "GET /attivita-in-vendita/arredamento-articoli-per-la-casa_isole_s536_mr4.html?page=35 HTTP/1.1" 200 2337 "-" "Mozilla/5.0 (compatible; Googlebot/2.1; +http://www.google.com/bot.html)"
207.46.199.53 - - [25/Jan/2011:07:00:53 +0100] "GET /bancadati-scheda.php?idreg=1&idind=6&idcat=&idazienda=10440 HTTP/1.1" 404 277 "-" "Mozilla/5.0 (compatible; bingbot/2.0; +http://www.bing.com/bingbot.htm)"
207.46.204.197 - - [25/Jan/2011:07:01:04 +0100] "GET /bancadati-scheda.php?idreg=1&idind=&idcat=&idazienda=9685 HTTP/1.1" 404 277 "-" "Mozilla/5.0 (compatible; bingbot/2.0; +http://www.bing.com/bingbot.htm)"
72.5.230.111 - - [25/Jan/2011:07:01:19 +0100] "HEAD / HTTP/1.1" 200 - "-" "Site 24 X 7"
66.249.71.212 - - [25/Jan/2011:07:02:13 +0100] "GET /attivita/alberghi-vendesi.htm HTTP/1.1" 304 - "-" "Mozilla/5.0 (compatible; Googlebot/2.1; +http://www.google.com/bot.html)"
72.5.230.111 - - [25/Jan/2011:07:02:19 +0100] "HEAD / HTTP/1.1" 200 - "-" "Site 24 X 7"
178.154.161.29 - - [25/Jan/2011:07:02:22 +0100] "GET /attivita-in-vendita/ristoranti-bar_lombardia_c21_r9.html HTTP/1.1" 200 4425 "-" "Mozilla/5.0 (compatible; YandexBot/3.0; +http://yandex.com/bots)"
72.5.230.111 - - [25/Jan/2011:07:03:20 +0100] "HEAD / HTTP/1.1" 200 - "-" "Site 24 X 7"
67.195.115.117 - - [25/Jan/2011:07:04:13 +0100] "GET /bancadati-scheda.php?idazienda=13286 HTTP/1.0" 404 277 "-" "Mozilla/5.0 (compatible; Yahoo! Slurp; http://help.yahoo.com/help/us/ysearch/slurp)"
207.46.204.187 - - [25/Jan/2011:07:04:18 +0100] "GET /bancadati-scheda.php?idreg=1&idind=2&idcat=&idazienda=10802 HTTP/1.1" 404 277 "-" "Mozilla/5.0 (compatible; bingbot/2.0; +http://www.bing.com/bingbot.htm)"
72.5.230.111 - - [25/Jan/2011:07:04:20 +0100] "HEAD / HTTP/1.1" 200 - "-" "Site 24 X 7"
178.154.161.29 - - [25/Jan/2011:07:04:36 +0100] "GET /attivita-in-vendita/commercio-ingrosso-beni-durevoli_isole_c92_mr4.html HTTP/1.1" 200 2474 "-" "Mozilla/5.0 (compatible; YandexBot/3.0; +http://yandex.com/bots)"
67.195.115.117 - - [25/Jan/2011:07:05:18 +0100] "GET /annunci/nord-italia/brescia/9697.htm HTTP/1.0" 200 2844 "-" "Mozilla/5.0 (compatible; Yahoo! Slurp; http://help.yahoo.com/help/us/ysearch/slurp)"
67.195.115.117 - - [25/Jan/2011:07:05:20 +0100] "GET /SSAzit.css HTTP/1.0" 404 272 "http://www.aziendaitalia.com/annunci/nord-italia/brescia/9697.htm" "Mozilla/5.0 (compatible; Yahoo! Slurp; http://help.yahoo.com/help/us/ysearch/slurp)"
72.5.230.111 - - [25/Jan/2011:07:05:20 +0100] "HEAD / HTTP/1.1" 200 - "-" "Site 24 X 7"
67.195.115.117 - - [25/Jan/2011:07:06:03 +0100] "GET /RESULTS.CFM?PageNum_getList=265 HTTP/1.0" 404 274 "-" "Mozilla/5.0 (compatible; Yahoo! Slurp; http://help.yahoo.com/help/us/ysearch/slurp)"
67.195.115.117 - - [25/Jan/2011:07:06:08 +0100] "GET /attivita-in-vendita/a814.html HTTP/1.0" 200 2461 "-" "Mozilla/5.0 (compatible; Yahoo! Slurp; http://help.yahoo.com/help/us/ysearch/slurp)"
72.5.230.111 - - [25/Jan/2011:07:06:21 +0100] "HEAD / HTTP/1.1" 200 - "-" "Site 24 X 7"
178.154.161.29 - - [25/Jan/2011:07:06:49 +0100] "GET /attivita-in-vendita/a1683.html HTTP/1.1" 200 2515 "-" "Mozilla/5.0 (compatible; YandexBot/3.0; +http://yandex.com/bots)"
67.195.115.117 - - [25/Jan/2011:07:07:07 +0100] "GET /annunci/nord-italia/novara/4090.htm HTTP/1.0" 200 2630 "-" "Mozilla/5.0 (compatible; Yahoo! Slurp; http://help.yahoo.com/help/us/ysearch/slurp)"
72.5.230.111 - - [25/Jan/2011:07:07:21 +0100] "HEAD / HTTP/1.1" 200 - "-" "Site 24 X 7"
67.195.115.117 - - [25/Jan/2011:07:08:15 +0100] "GET /attivita-in-vendita/pizzerie_a-rovigo_s143_p40.html HTTP/1.0" 200 2688 "-" "Mozilla/5.0 (compatible; Yahoo! Slurp; http://help.yahoo.com/help/us/ysearch/slurp)"
72.5.230.111 - - [25/Jan/2011:07:08:21 +0100] "HEAD / HTTP/1.1" 200 - "-" "Site 24 X 7"
207.46.204.194 - - [25/Jan/2011:07:08:29 +0100] "GET /annunci/nord-italia/torino/7250.htm HTTP/1.1" 200 3090 "-" "Mozilla/5.0 (compatible; bingbot/2.0; +http://www.bing.com/bingbot.htm)"
207.46.12.237 - - [25/Jan/2011:07:08:58 +0100] "GET /attivita-in-vendita/a3641.html HTTP/1.1" 200 2547 "-" "Mozilla/5.0 (compatible; bingbot/2.0; +http://www.bing.com/bingbot.htm)"
207.46.13.138 - - [25/Jan/2011:07:09:02 +0100] "GET /bancadati-zone.php?idreg=2&idzona=38&idind=3 HTTP/1.1" 404 276 "-" "Mozilla/5.0 (compatible; bingbot/2.0; +http://www.bing.com/bingbot.htm)"
178.154.161.29 - - [25/Jan/2011:07:09:02 +0100] "GET /attivita-in-vendita/industrie-tipografiche-editoriali_a-milano_c79_p6.html HTTP/1.1" 200 3015 "-" "Mozilla/5.0 (compatible; YandexBot/3.0; +http://yandex.com/bots)"
72.5.230.111 - - [25/Jan/2011:07:09:22 +0100] "HEAD / HTTP/1.1" 200 - "-" "Site 24 X 7"
67.195.115.117 - - [25/Jan/2011:07:09:35 +0100] "GET /bancadati-scheda.php?idazienda=13173 HTTP/1.0" 404 277 "-" "Mozilla/5.0 (compatible; Yahoo! Slurp; http://help.yahoo.com/help/us/ysearch/slurp)"
193.47.80.42 - - [25/Jan/2011:07:09:36 +0100] "GET /attivita/imposta-su-cessione-di-attivita.htm HTTP/1.1" 304 - "-" "Mozilla/5.0 (compatible; Exabot/3.0; +http://www.exabot.com/go/robot)"
72.5.230.111 - - [25/Jan/2011:07:10:22 +0100] "HEAD / HTTP/1.1" 200 - "-" "Site 24 X 7"
207.46.195.241 - - [25/Jan/2011:07:10:30 +0100] "GET /bancadati-scheda.php?idreg=3&idind=&idcat=&idazienda=13370 HTTP/1.1" 404 277 "-" "Mozilla/5.0 (compatible; bingbot/2.0; +http://www.bing.com/bingbot.htm)"
66.249.71.212 - - [25/Jan/2011:07:10:46 +0100] "GET /js/overlib.js HTTP/1.1" 404 273 "-" "Mozilla/5.0 (compatible; Googlebot/2.1; +http://www.google.com/bot.html)"
66.249.71.212 - - [25/Jan/2011:07:11:08 +0100] "GET /js/mappa-italia.js HTTP/1.1" 200 878 "-" "Mozilla/5.0 (compatible; Googlebot/2.1; +http://www.google.com/bot.html)"
178.154.161.29 - - [25/Jan/2011:07:11:16 +0100] "GET /attivita-in-vendita/a3383.html HTTP/1.1" 200 2584 "-" "Mozilla/5.0 (compatible; YandexBot/3.0; +http://yandex.com/bots)"
207.46.13.46 - - [25/Jan/2011:07:11:17 +0100] "GET /attivita-in-vendita/marche_r10.html?page=2 HTTP/1.1" 200 4374 "-" "Mozilla/5.0 (compatible; bingbot/2.0; +http://www.bing.com/bingbot.htm)"
207.46.13.141 - - [25/Jan/2011:07:11:20 +0100] "GET /bancadati-zone.php?idreg=2&idzona=53&idind=2&idcat=114 HTTP/1.1" 404 276 "-" "Mozilla/5.0 (compatible; bingbot/2.0; +http://www.bing.com/bingbot.htm)"
72.5.230.111 - - [25/Jan/2011:07:11:22 +0100] "HEAD / HTTP/1.1" 200 - "-" "Site 24 X 7"
65.52.110.56 - - [25/Jan/2011:07:11:47 +0100] "GET /annunci/nord-italia/torino/5072.htm HTTP/1.1" 200 2734 "-" "Mozilla/5.0 (compatible; bingbot/2.0; +http://www.bing.com/bingbot.htm)"
207.46.12.238 - - [25/Jan/2011:07:11:49 +0100] "GET /immobili-in-vendita/i271.html HTTP/1.1" 200 2991 "-" "Mozilla/5.0 (compatible; bingbot/2.0; +http://www.bing.com/bingbot.htm)"
72.5.230.111 - - [25/Jan/2011:07:12:23 +0100] "HEAD / HTTP/1.1" 200 - "-" "Site 24 X 7"
66.249.71.212 - - [25/Jan/2011:07:12:30 +0100] "GET /attivita/attivita-commerciale-da-rilevare.htm HTTP/1.1" 304 - "-" "Mozilla/5.0 (compatible; Googlebot/2.1; +http://www.google.com/bot.html)"
207.46.13.137 - - [25/Jan/2011:07:12:52 +0100] "GET /bancadati-scheda.php?idreg=1&idind=6&idcat=&idazienda=12997 HTTP/1.1" 404 277 "-" "Mozilla/5.0 (compatible; bingbot/2.0; +http://www.bing.com/bingbot.htm)"
67.195.115.117 - - [25/Jan/2011:07:13:00 +0100] "GET /detail.cfm?ID=9879 HTTP/1.0" 301 281 "-" "Mozilla/5.0 (compatible; Yahoo! Slurp; http://help.yahoo.com/help/us/ysearch/slurp)"
67.195.115.117 - - [25/Jan/2011:07:13:01 +0100] "GET /?ID=9879 HTTP/1.0" 200 2648 "-" "Mozilla/5.0 (compatible; Yahoo! Slurp; http://help.yahoo.com/help/us/ysearch/slurp)"
67.195.115.117 - - [25/Jan/2011:07:13:12 +0100] "GET /attivita-in-vendita/distribuzione-elettricita%20-acqua-gas-affini_a-torino_c35_p2.html HTTP/1.0" 200 2820 "-" "Mozilla/5.0 (compatible; Yahoo! Slurp; http://help.yahoo.com/help/us/ysearch/slurp)"
72.5.230.111 - - [25/Jan/2011:07:13:23 +0100] "HEAD / HTTP/1.1" 200 - "-" "Site 24 X 7"
213.229.93.224 - - [25/Jan/2011:07:13:24 +0100] "HEAD / HTTP/1.1" 200 - "-" "Site 24 X 7"
178.77.78.91 - - [25/Jan/2011:07:13:25 +0100] "HEAD / HTTP/1.1" 200 - "-" "Site 24 X 7"
79.99.1.106 - - [25/Jan/2011:07:13:26 +0100] "HEAD / HTTP/1.1" 200 - "-" "Site 24 X 7"
87.98.215.169 - - [25/Jan/2011:07:13:27 +0100] "HEAD / HTTP/1.1" 200 - "-" "Site 24 X 7"
95.141.35.131 - - [25/Jan/2011:07:13:28 +0100] "HEAD / HTTP/1.1" 200 - "-" "Site 24 X 7"
178.154.161.29 - - [25/Jan/2011:07:13:29 +0100] "GET /annunci/nord-italia/milano/7582.htm HTTP/1.1" 200 3194 "-" "Mozilla/5.0 (compatible; YandexBot/3.0; +http://yandex.com/bots)"
157.55.16.229 - - [25/Jan/2011:07:14:18 +0100] "GET /attivita/imprese-con-attestazione-soa-in-vendita.htm HTTP/1.1" 304 - "-" "Mozilla/5.0 (compatible; bingbot/2.0; +http://www.bing.com/bingbot.htm)"
157.55.16.229 - - [25/Jan/2011:07:14:18 +0100] "GET /bancadati-scheda.php?idreg=1&idind=6&idcat=&idazienda=10597 HTTP/1.1" 404 277 "-" "Mozilla/5.0 (compatible; bingbot/2.0; +http://www.bing.com/bingbot.htm)"
72.5.230.111 - - [25/Jan/2011:07:14:28 +0100] "HEAD / HTTP/1.1" 200 - "-" "Site 24 X 7"
66.249.71.212 - - [25/Jan/2011:07:15:00 +0100] "GET /attivita/attivita-commerciali-provinci-milano.htm HTTP/1.1" 200 2316 "-" "Mozilla/5.0 (compatible; Googlebot/2.1; +http://www.google.com/bot.html)"
72.5.230.111 - - [25/Jan/2011:07:15:28 +0100] "HEAD / HTTP/1.1" 200 - "-" "Site 24 X 7"
178.154.161.29 - - [25/Jan/2011:07:15:43 +0100] "GET /annunci/nord-italia/torino/4769.htm HTTP/1.1" 200 2529 "-" "Mozilla/5.0 (compatible; YandexBot/3.0; +http://yandex.com/bots)"
207.46.195.236 - - [25/Jan/2011:07:15:57 +0100] "GET /bancadati-scheda.php?idreg=1&idind=&idcat=&idazienda=9936 HTTP/1.1" 404 277 "-" "Mozilla/5.0 (compatible; bingbot/2.0; +http://www.bing.com/bingbot.htm)"
65.52.109.59 - - [25/Jan/2011:07:15:59 +0100] "GET /attivita-in-vendita/alberghi-ristoranti-bar-agriturismo-aziende-agricole_italia_m1_n1.html?page=5 HTTP/1.1" 200 4063 "-" "Mozilla/5.0 (compatible; bingbot/2.0; +http://www.bing.com/bingbot.htm)"
207.46.195.242 - - [25/Jan/2011:07:16:27 +0100] "GET /bancadati-scheda.php?idreg=&idind=1&idcat=415&idazienda=10278 HTTP/1.1" 404 277 "-" "Mozilla/5.0 (compatible; bingbot/2.0; +http://www.bing.com/bingbot.htm)"
72.5.230.111 - - [25/Jan/2011:07:16:29 +0100] "HEAD / HTTP/1.1" 200 - "-" "Site 24 X 7"
67.195.115.117 - - [25/Jan/2011:07:16:29 +0100] "GET /annunci/nord-italia/brescia/8710.htm HTTP/1.0" 200 2873 "-" "Mozilla/5.0 (compatible; Yahoo! Slurp; http://help.yahoo.com/help/us/ysearch/slurp)"
66.249.71.212 - - [25/Jan/2011:07:16:48 +0100] "GET /attivita/auto-aziendali-usate.htm HTTP/1.1" 304 - "-" "Mozilla/5.0 (compatible; Googlebot/2.1; +http://www.google.com/bot.html)"
72.5.230.111 - - [25/Jan/2011:07:17:29 +0100] "HEAD / HTTP/1.1" 200 - "-" "Site 24 X 7"
178.154.161.29 - - [25/Jan/2011:07:17:56 +0100] "GET /attivita-in-vendita/servizi-attinenti-ai-trasporti_a-firenze_c33_p62.html HTTP/1.1" 200 2864 "-" "Mozilla/5.0 (compatible; YandexBot/3.0; +http://yandex.com/bots)"
207.46.13.139 - - [25/Jan/2011:07:18:05 +0100] "GET /attivita-in-vendita/rivendita-negozi_a-modena_m2_p47.html HTTP/1.1" 200 3984 "-" "Mozilla/5.0 (compatible; bingbot/2.0; +http://www.bing.com/bingbot.htm)"
67.195.115.117 - - [25/Jan/2011:07:18:06 +0100] "GET /attivita-in-vendita/a-cagliari_p181.html HTTP/1.0" 200 2768 "-" "Mozilla/5.0 (compatible; Yahoo! Slurp; http://help.yahoo.com/help/us/ysearch/slurp)"
207.46.195.236 - - [25/Jan/2011:07:18:18 +0100] "GET /bancadati-scheda.php?idreg=1&idind=&idcat=&idazienda=11111 HTTP/1.1" 404 277 "-" "Mozilla/5.0 (compatible; bingbot/2.0; +http://www.bing.com/bingbot.htm)"
72.5.230.111 - - [25/Jan/2011:07:18:29 +0100] "HEAD / HTTP/1.1" 200 - "-" "Site 24 X 7"
207.46.204.236 - - [25/Jan/2011:07:18:30 +0100] "GET /attivita-in-vendita/alberghi-ristoranti-bar-agriturismo-aziende-agricole_a-como_m1_p11.html HTTP/1.1" 200 4305 "-" "Mozilla/5.0 (compatible; bingbot/2.0; +http://www.bing.com/bingbot.htm)"
207.46.13.86 - - [25/Jan/2011:07:18:58 +0100] "GET /attivita-in-vendita/alimentari-panifici-rivendite_m4.html?page=5 HTTP/1.1" 200 4230 "-" "Mozilla/5.0 (compatible; bingbot/2.0; +http://www.bing.com/bingbot.htm)"
72.5.230.111 - - [25/Jan/2011:07:19:30 +0100] "HEAD / HTTP/1.1" 200 - "-" "Site 24 X 7"
207.46.13.96 - - [25/Jan/2011:07:19:34 +0100] "GET /bancadati-zone.php?idreg=1&idzona=6&idind=2&idcat=63 HTTP/1.1" 404 276 "-" "Mozilla/5.0 (compatible; bingbot/2.0; +http://www.bing.com/bingbot.htm)"
67.195.115.117 - - [25/Jan/2011:07:19:55 +0100] "GET /detail.cfm?ID=8784 HTTP/1.0" 301 281 "-" "Mozilla/5.0 (compatible; Yahoo! Slurp; http://help.yahoo.com/help/us/ysearch/slurp)"
67.195.115.117 - - [25/Jan/2011:07:19:55 +0100] "GET /?ID=8784 HTTP/1.0" 200 2648 "-" "Mozilla/5.0 (compatible; Yahoo! Slurp; http://help.yahoo.com/help/us/ysearch/slurp)"
178.154.161.29 - - [25/Jan/2011:07:20:10 +0100] "GET /attivita-in-vendita/alberghi-ristoranti-bar-agriturismo-aziende-agricole_a-sondrio_m1_p24.html HTTP/1.1" 200 3128 "-" "Mozilla/5.0 (compatible; YandexBot/3.0; +http://yandex.com/bots)"
72.5.230.111 - - [25/Jan/2011:07:20:30 +0100] "HEAD / HTTP/1.1" 200 - "-" "Site 24 X 7"
207.46.13.144 - - [25/Jan/2011:07:21:05 +0100] "GET /bancadati-zone.php?idreg=3&idzona=142&idind=8 HTTP/1.1" 404 276 "-" "Mozilla/5.0 (compatible; bingbot/2.0; +http://www.bing.com/bingbot.htm)"
72.5.230.111 - - [25/Jan/2011:07:21:31 +0100] "HEAD / HTTP/1.1" 200 - "-" "Site 24 X 7"
207.46.199.191 - - [25/Jan/2011:07:22:22 +0100] "GET /robots.txt HTTP/1.1" 404 332 "-" "Mozilla/5.0 (compatible; bingbot/2.0; +http://www.bing.com/bingbot.htm)"
178.154.161.29 - - [25/Jan/2011:07:22:23 +0100] "GET /annunci/nord-italia/bergamo/9461.htm HTTP/1.1" 200 3040 "-" "Mozilla/5.0 (compatible; YandexBot/3.0; +http://yandex.com/bots)"
67.195.115.117 - - [25/Jan/2011:07:22:27 +0100] "GET /attivita/attivita-cessioni-in-sardegna.htm HTTP/1.0" 200 2115 "-" "Mozilla/5.0 (compatible; Yahoo! Slurp; http://help.yahoo.com/help/us/ysearch/slurp)"
72.5.230.111 - - [25/Jan/2011:07:22:31 +0100] "HEAD / HTTP/1.1" 200 - "-" "Site 24 X 7"
207.46.13.137 - - [25/Jan/2011:07:23:17 +0100] "GET /attivita-in-vendita/industrie-alimentari-rivendita_c10.html HTTP/1.1" 200 3947 "-" "Mozilla/5.0 (compatible; bingbot/2.0; +http://www.bing.com/bingbot.htm)"
72.5.230.111 - - [25/Jan/2011:07:23:31 +0100] "HEAD / HTTP/1.1" 200 - "-" "Site 24 X 7"
72.5.230.111 - - [25/Jan/2011:07:24:32 +0100] "HEAD / HTTP/1.1" 200 - "-" "Site 24 X 7"
178.154.161.29 - - [25/Jan/2011:07:24:36 +0100] "GET /attivita-in-vendita/installazione-attrezzature-edili-noleggio-impianti_norditalia_s354_mr1.html HTTP/1.1" 200 3057 "-" "Mozilla/5.0 (compatible; YandexBot/3.0; +http://yandex.com/bots)"
72.5.230.111 - - [25/Jan/2011:07:25:32 +0100] "HEAD / HTTP/1.1" 200 - "-" "Site 24 X 7"
72.5.230.111 - - [25/Jan/2011:07:26:32 +0100] "HEAD / HTTP/1.1" 200 - "-" "Site 24 X 7"
178.154.161.29 - - [25/Jan/2011:07:26:49 +0100] "GET /attivita-in-vendita/vivai-piante-fiorai_isole_s65_mr4.html HTTP/1.1" 200 2514 "-" "Mozilla/5.0 (compatible; YandexBot/3.0; +http://yandex.com/bots)"
207.46.13.138 - - [25/Jan/2011:07:27:02 +0100] "GET /bancadati-scheda.php?idreg=1&idind=&idcat=&idazienda=10967 HTTP/1.1" 404 277 "-" "Mozilla/5.0 (compatible; bingbot/2.0; +http://www.bing.com/bingbot.htm)"
88.131.106.1 - - [25/Jan/2011:07:27:15 +0100] "GET /robots.txt HTTP/1.0" 404 270 "-" "Mozilla/5.0 (Windows; U; Windows NT 5.1; en-US) Speedy Spider (http://www.entireweb.com/about/search_tech/speedy_spider/)"
88.131.106.3 - - [25/Jan/2011:07:27:15 +0100] "GET /bancadati-scheda.php?idazienda=13102 HTTP/1.0" 404 277 "-" "Mozilla/5.0 (Windows; U; Windows NT 5.1; en-US) Speedy Spider (http://www.entireweb.com/about/search_tech/speedy_spider/)"
207.46.13.145 - - [25/Jan/2011:07:27:26 +0100] "GET /bancadati-scheda.php?idreg=3&idind=&idcat=&idazienda=12011 HTTP/1.1" 404 277 "-" "Mozilla/5.0 (compatible; bingbot/2.0; +http://www.bing.com/bingbot.htm)"
66.249.71.212 - - [25/Jan/2011:07:27:30 +0100] "GET /attivita-in-vendita/assemblaggio-conto-terzi_estero_s448_n2.html?page=36 HTTP/1.1" 200 1716 "-" "Mozilla/5.0 (compatible; Googlebot/2.1; +http://www.google.com/bot.html)"
66.249.71.212 - - [25/Jan/2011:07:27:31 +0100] "GET /attivita-in-vendita/magazzinaggio-mobili_suditalia_s187_mr3.html?page=35 HTTP/1.1" 200 2448 "-" "Mozilla/5.0 (compatible; Googlebot/2.1; +http://www.google.com/bot.html)"
66.249.71.212 - - [25/Jan/2011:07:27:31 +0100] "GET /attivita-in-vendita/carpenterie-in-ferro_suditalia_s449_mr3.html?page=35 HTTP/1.1" 200 2439 "-" "Mozilla/5.0 (compatible; Googlebot/2.1; +http://www.google.com/bot.html)"
66.249.71.212 - - [25/Jan/2011:07:27:32 +0100] "GET /attivita-in-vendita/servizio-noleggio-n-c-c-_isole_s259_mr4.html?page=35 HTTP/1.1" 200 2399 "-" "Mozilla/5.0 (compatible; Googlebot/2.1; +http://www.google.com/bot.html)"
66.249.71.212 - - [25/Jan/2011:07:27:32 +0100] "GET /attivita-in-vendita/produzione-agricola-messi_isole_c15_mr4.html?page=36 HTTP/1.1" 200 2542 "-" "Mozilla/5.0 (compatible; Googlebot/2.1; +http://www.google.com/bot.html)"
66.249.71.212 - - [25/Jan/2011:07:27:33 +0100] "GET /attivita-in-vendita/servizio-noleggio-n-c-c-_estero_s259_n2.html?page=36 HTTP/1.1" 200 1794 "-" "Mozilla/5.0 (compatible; Googlebot/2.1; +http://www.google.com/bot.html)"
72.5.230.111 - - [25/Jan/2011:07:27:33 +0100] "HEAD / HTTP/1.1" 200 - "-" "Site 24 X 7"
66.249.71.212 - - [25/Jan/2011:07:27:33 +0100] "GET /attivita/alberghi-con-attivita-in-vendita.htm HTTP/1.1" 304 - "-" "Mozilla/5.0 (compatible; Googlebot/2.1; +http://www.google.com/bot.html)"
72.5.230.111 - - [25/Jan/2011:07:28:33 +0100] "HEAD / HTTP/1.1" 200 - "-" "Site 24 X 7"
77.246.0.227 - - [25/Jan/2011:07:28:38 +0100] "GET /img/logo_azienda.gif HTTP/1.1" 304 - "-" "Mozilla/4.0 (compatible;)"
67.195.115.117 - - [25/Jan/2011:07:28:51 +0100] "GET /attivita/attivita-artigianali.htm HTTP/1.0" 200 2120 "-" "Mozilla/5.0 (compatible; Yahoo! Slurp; http://help.yahoo.com/help/us/ysearch/slurp)"
178.154.161.29 - - [25/Jan/2011:07:29:03 +0100] "GET /annunci/centro-italia/terni/6483.htm HTTP/1.1" 200 2803 "-" "Mozilla/5.0 (compatible; YandexBot/3.0; +http://yandex.com/bots)"
72.5.230.111 - - [25/Jan/2011:07:29:34 +0100] "HEAD / HTTP/1.1" 200 - "-" "Site 24 X 7"
66.249.71.212 - - [25/Jan/2011:07:29:35 +0100] "GET /attivita-in-vendita/industria-produzione-installatori-lavorazione_m6.html?page=51 HTTP/1.1" 200 2677 "-" "Mozilla/5.0 (compatible; Googlebot/2.1; +http://www.google.com/bot.html)"
66.249.71.212 - - [25/Jan/2011:07:29:36 +0100] "GET /attivita-in-vendita/bed-breakfast_suditalia_s153_mr3.html?page=24 HTTP/1.1" 200 2528 "-" "Mozilla/5.0 (compatible; Googlebot/2.1; +http://www.google.com/bot.html)"
66.249.71.212 - - [25/Jan/2011:07:29:36 +0100] "GET /attivita-in-vendita/industrie-strumenti-di-misurazione-analisi-controllo-fotografici-ottici_isole_c90_mr4.html?page=35 HTTP/1.1" 200 2410 "-" "Mozilla/5.0 (compatible; Googlebot/2.1; +http://www.google.com/bot.html)"
66.249.71.212 - - [25/Jan/2011:07:29:37 +0100] "GET /attivita-in-vendita/frutta-e-verdura-ingrosso_italia_s98_n1.html?page=36 HTTP/1.1" 200 2441 "-" "Mozilla/5.0 (compatible; Googlebot/2.1; +http://www.google.com/bot.html)"
66.249.71.212 - - [25/Jan/2011:07:29:37 +0100] "GET /attivita-in-vendita/industrie-manufatturiere-varie_suditalia_c91_mr3.html?page=36 HTTP/1.1" 200 2459 "-" "Mozilla/5.0 (compatible; Googlebot/2.1; +http://www.google.com/bot.html)"
66.249.71.212 - - [25/Jan/2011:07:29:38 +0100] "GET /attivita-in-vendita/prodotti-di-metalli-primari-n-a-c_isole_s425_mr4.html?page=35 HTTP/1.1" 200 2338 "-" "Mozilla/5.0 (compatible; Googlebot/2.1; +http://www.google.com/bot.html)"
66.249.71.212 - - [25/Jan/2011:07:29:38 +0100] "GET /attivita-in-vendita/bed-breakfast_norditalia_s153_mr1.html?page=26 HTTP/1.1" 200 2745 "-" "Mozilla/5.0 (compatible; Googlebot/2.1; +http://www.google.com/bot.html)"
66.249.71.212 - - [25/Jan/2011:07:29:39 +0100] "GET /attivita-in-vendita/industrie-strumenti-di-misurazione-analisi-controllo-fotografici-ottici_estero_c90_n2.html?page=36 HTTP/1.1" 200 1806 "-" "Mozilla/5.0 (compatible; Googlebot/2.1; +http://www.google.com/bot.html)"
66.249.71.212 - - [25/Jan/2011:07:29:40 +0100] "GET /attivita-in-vendita/bed-breakfast_isole_s153_mr4.html?page=25 HTTP/1.1" 200 2362 "-" "Mozilla/5.0 (compatible; Googlebot/2.1; +http://www.google.com/bot.html)"
66.249.71.212 - - [25/Jan/2011:07:29:40 +0100] "GET /attivita-in-vendita/impianti-elettrici-industriali-civili-installazione-produzione_centroitalia_s343_mr2.html?page=34 HTTP/1.1" 200 2567 "-" "Mozilla/5.0 (compatible; Googlebot/2.1; +http://www.google.com/bot.html)"
66.249.71.212 - - [25/Jan/2011:07:29:41 +0100] "GET /attivita-in-vendita/sale-da-ballo-scuole-di-danza_suditalia_s282_mr3.html?page=35 HTTP/1.1" 200 2498 "-" "Mozilla/5.0 (compatible; Googlebot/2.1; +http://www.google.com/bot.html)"
66.249.71.212 - - [25/Jan/2011:07:29:42 +0100] "GET /attivita-in-vendita/officine-meccaniche-di-precisione_estero_s438_n2.html?page=36 HTTP/1.1" 200 1735 "-" "Mozilla/5.0 (compatible; Googlebot/2.1; +http://www.google.com/bot.html)"
207.46.195.106 - - [25/Jan/2011:07:29:57 +0100] "GET /bancadati-scheda.php?idreg=1&idind=&idcat=&idazienda=9109 HTTP/1.1" 404 277 "-" "Mozilla/5.0 (compatible; bingbot/2.0; +http://www.bing.com/bingbot.htm)"
72.5.230.111 - - [25/Jan/2011:07:30:34 +0100] "HEAD / HTTP/1.1" 200 - "-" "Site 24 X 7"
178.154.161.29 - - [25/Jan/2011:07:31:16 +0100] "GET /attivita-in-vendita/lavanderie_italia_s231_n1.html HTTP/1.1" 200 4213 "-" "Mozilla/5.0 (compatible; YandexBot/3.0; +http://yandex.com/bots)"
207.46.13.54 - - [25/Jan/2011:07:31:27 +0100] "GET /attivita-in-vendita/tabaccai_a-brescia_s66_p21.html HTTP/1.1" 200 3632 "-" "Mozilla/5.0 (compatible; bingbot/2.0; +http://www.bing.com/bingbot.htm)"
66.249.71.212 - - [25/Jan/2011:07:31:28 +0100] "GET /attivita/cessione-aziende-in-venezia.htm HTTP/1.1" 304 - "-" "Mozilla/5.0 (compatible; Googlebot/2.1; +http://www.google.com/bot.html)"
72.5.230.111 - - [25/Jan/2011:07:31:34 +0100] "HEAD / HTTP/1.1" 200 - "-" "Site 24 X 7"
72.5.230.111 - - [25/Jan/2011:07:32:35 +0100] "HEAD / HTTP/1.1" 200 - "-" "Site 24 X 7"
88.131.106.5 - - [25/Jan/2011:07:32:58 +0100] "GET /robots.txt HTTP/1.0" 404 270 "-" "Mozilla/5.0 (Windows; U; Windows NT 5.1; en-US) Speedy Spider (http://www.entireweb.com/about/search_tech/speedy_spider/)"
88.131.106.7 - - [25/Jan/2011:07:32:59 +0100] "GET /bancadati-categorie.php?idind=1&idcat=385&idreg=3 HTTP/1.0" 404 280 "-" "Mozilla/5.0 (Windows; U; Windows NT 5.1; en-US) Speedy Spider (http://www.entireweb.com/about/search_tech/speedy_spider/)"
67.195.115.117 - - [25/Jan/2011:07:33:10 +0100] "GET /attivita-in-vendita/a3198.html HTTP/1.0" 200 2615 "-" "Mozilla/5.0 (compatible; Yahoo! Slurp; http://help.yahoo.com/help/us/ysearch/slurp)"
88.131.106.6 - - [25/Jan/2011:07:33:19 +0100] "GET /bancadati-scheda.php?idazienda=11211 HTTP/1.0" 404 277 "-" "Mozilla/5.0 (Windows; U; Windows NT 5.1; en-US) Speedy Spider (http://www.entireweb.com/about/search_tech/speedy_spider/)"
67.195.115.117 - - [25/Jan/2011:07:33:27 +0100] "GET /immobili-in-vendita/i286.html HTTP/1.0" 200 2668 "-" "Mozilla/5.0 (compatible; Yahoo! Slurp; http://help.yahoo.com/help/us/ysearch/slurp)"
178.154.161.29 - - [25/Jan/2011:07:33:29 +0100] "GET /attivita-in-vendita/alberghi-ristoranti-bar-agriturismo-aziende-agricole_a-bologna_m1_p137.html HTTP/1.1" 200 4062 "-" "Mozilla/5.0 (compatible; YandexBot/3.0; +http://yandex.com/bots)"
72.5.230.111 - - [25/Jan/2011:07:33:35 +0100] "HEAD / HTTP/1.1" 200 - "-" "Site 24 X 7"
65.52.110.69 - - [25/Jan/2011:07:34:01 +0100] "GET /bancadati-categorie.php?idind=6&idcat=287&idreg=1 HTTP/1.1" 404 280 "-" "Mozilla/5.0 (compatible; bingbot/2.0; +http://www.bing.com/bingbot.htm)"
72.5.230.111 - - [25/Jan/2011:07:34:36 +0100] "HEAD / HTTP/1.1" 200 - "-" "Site 24 X 7"
72.5.230.111 - - [25/Jan/2011:07:35:36 +0100] "HEAD / HTTP/1.1" 200 - "-" "Site 24 X 7"
