95.245.39.227 - - [25/Jan/2011:10:54:39 +0100] "GET /img/layout/bg_sidebar_separator.gif HTTP/1.1" 200 106 "http://www.aziendaitalia.com/cedere-ristoranti.php?gclid=CL7T4qOL1aYCFQUTfAodkE3sMw" "Mozilla/4.0 (compatible; MSIE 8.0; Windows NT 5.1; Trident/4.0; GTB6.6; .NET CLR 2.0.50727; .NET CLR 3.0.4506.2152; .NET CLR 3.5.30729)"
95.245.39.227 - - [25/Jan/2011:10:54:39 +0100] "GET /favicon.ico HTTP/1.1" 200 1406 "-" "Mozilla/4.0 (compatible; MSIE 8.0; Windows NT 5.1; Trident/4.0; GTB6.6; .NET CLR 2.0.50727; .NET CLR 3.0.4506.2152; .NET CLR 3.5.30729)"
151.32.59.228 - - [25/Jan/2011:10:54:45 +0100] "GET /vendere-negozi-bologna.php?gclid=CMnvkaeL1aYCFUYifAodO3vwMw HTTP/1.1" 200 3972 "http://www.google.it/aclk?sa=l&ai=ClTWD3p0-TYzMG8biswaE7aQyw_qa1AHz-LKuGIv97sFQCAAQASgDUMzDt84EYP3y_IPcEKABg5yh_gPIAQGpAuwTJQGo8rY-qgQbT9D8BR3YdTPNIM76BUIr1eQyBjvLOb8oux7u&sig=AGiWqtwbXU-FI5HHrj9V0frjXlsJLFzG8Q&adurl=http://www.aziendaitalia.com/vendere-negozi-bologna.php&rct=j&q=negozio%20tod's%20bologna" "Mozilla/5.0 (Windows; U; Windows NT 5.1; en-US) AppleWebKit/534.10 (KHTML, like Gecko) Chrome/8.0.552.237 Safari/534.10"
151.32.59.228 - - [25/Jan/2011:10:54:46 +0100] "GET /css/style.css HTTP/1.1" 200 3366 "http://www.aziendaitalia.com/vendere-negozi-bologna.php?gclid=CMnvkaeL1aYCFUYifAodO3vwMw" "Mozilla/5.0 (Windows; U; Windows NT 5.1; en-US) AppleWebKit/534.10 (KHTML, like Gecko) Chrome/8.0.552.237 Safari/534.10"
79.39.218.7 - - [25/Jan/2011:10:54:46 +0100] "GET /cedere-attivita/?gclid=CN_woKeL1aYCFYIlfAod_grLOQ HTTP/1.1" 200 3989 "http://www.google.it/search?q=attivita+in+vendita+campobasso&ie=utf-8&oe=utf-8&aq=t&rls=org.mozilla:it:official&client=firefox-a" "Mozilla/5.0 (Windows; U; Windows NT 6.0; it; rv:1.9.2.13) Gecko/20101203 Firefox/3.6.13"
151.32.59.228 - - [25/Jan/2011:10:54:46 +0100] "GET /js/general.js HTTP/1.1" 200 5776 "http://www.aziendaitalia.com/vendere-negozi-bologna.php?gclid=CMnvkaeL1aYCFUYifAodO3vwMw" "Mozilla/5.0 (Windows; U; Windows NT 5.1; en-US) AppleWebKit/534.10 (KHTML, like Gecko) Chrome/8.0.552.237 Safari/534.10"
79.39.218.7 - - [25/Jan/2011:10:54:46 +0100] "GET /css/style.css HTTP/1.1" 200 3366 "http://www.aziendaitalia.com/cedere-attivita/?gclid=CN_woKeL1aYCFYIlfAod_grLOQ" "Mozilla/5.0 (Windows; U; Windows NT 6.0; it; rv:1.9.2.13) Gecko/20101203 Firefox/3.6.13"
151.32.59.228 - - [25/Jan/2011:10:54:46 +0100] "GET /js/jquery-1.4.2.min.js HTTP/1.1" 200 72174 "http://www.aziendaitalia.com/vendere-negozi-bologna.php?gclid=CMnvkaeL1aYCFUYifAodO3vwMw" "Mozilla/5.0 (Windows; U; Windows NT 5.1; en-US) AppleWebKit/534.10 (KHTML, like Gecko) Chrome/8.0.552.237 Safari/534.10"
79.39.218.7 - - [25/Jan/2011:10:54:46 +0100] "GET /js/general.js HTTP/1.1" 200 5776 "http://www.aziendaitalia.com/cedere-attivita/?gclid=CN_woKeL1aYCFYIlfAod_grLOQ" "Mozilla/5.0 (Windows; U; Windows NT 6.0; it; rv:1.9.2.13) Gecko/20101203 Firefox/3.6.13"
151.32.59.228 - - [25/Jan/2011:10:54:46 +0100] "GET /img/layout/header.gif HTTP/1.1" 200 15655 "http://www.aziendaitalia.com/vendere-negozi-bologna.php?gclid=CMnvkaeL1aYCFUYifAodO3vwMw" "Mozilla/5.0 (Windows; U; Windows NT 5.1; en-US) AppleWebKit/534.10 (KHTML, like Gecko) Chrome/8.0.552.237 Safari/534.10"
151.32.59.228 - - [25/Jan/2011:10:54:46 +0100] "GET /img/layout/menubar.gif HTTP/1.1" 200 1302 "http://www.aziendaitalia.com/vendere-negozi-bologna.php?gclid=CMnvkaeL1aYCFUYifAodO3vwMw" "Mozilla/5.0 (Windows; U; Windows NT 5.1; en-US) AppleWebKit/534.10 (KHTML, like Gecko) Chrome/8.0.552.237 Safari/534.10"
151.32.59.228 - - [25/Jan/2011:10:54:46 +0100] "GET /img/layout/bg_wrapper_sub.gif HTTP/1.1" 200 102 "http://www.aziendaitalia.com/vendere-negozi-bologna.php?gclid=CMnvkaeL1aYCFUYifAodO3vwMw" "Mozilla/5.0 (Windows; U; Windows NT 5.1; en-US) AppleWebKit/534.10 (KHTML, like Gecko) Chrome/8.0.552.237 Safari/534.10"
151.32.59.228 - - [25/Jan/2011:10:54:46 +0100] "GET /img/layout/bg_sidebar_separator.gif HTTP/1.1" 200 106 "http://www.aziendaitalia.com/vendere-negozi-bologna.php?gclid=CMnvkaeL1aYCFUYifAodO3vwMw" "Mozilla/5.0 (Windows; U; Windows NT 5.1; en-US) AppleWebKit/534.10 (KHTML, like Gecko) Chrome/8.0.552.237 Safari/534.10"
79.39.218.7 - - [25/Jan/2011:10:54:46 +0100] "GET /js/jquery-1.4.2.min.js HTTP/1.1" 200 72174 "http://www.aziendaitalia.com/cedere-attivita/?gclid=CN_woKeL1aYCFYIlfAod_grLOQ" "Mozilla/5.0 (Windows; U; Windows NT 6.0; it; rv:1.9.2.13) Gecko/20101203 Firefox/3.6.13"
151.32.59.228 - - [25/Jan/2011:10:54:46 +0100] "GET /img/icona-negozi.jpg HTTP/1.1" 200 69156 "http://www.aziendaitalia.com/vendere-negozi-bologna.php?gclid=CMnvkaeL1aYCFUYifAodO3vwMw" "Mozilla/5.0 (Windows; U; Windows NT 5.1; en-US) AppleWebKit/534.10 (KHTML, like Gecko) Chrome/8.0.552.237 Safari/534.10"
79.39.218.7 - - [25/Jan/2011:10:54:47 +0100] "GET /img/layout/header.gif HTTP/1.1" 200 15655 "http://www.aziendaitalia.com/css/style.css" "Mozilla/5.0 (Windows; U; Windows NT 6.0; it; rv:1.9.2.13) Gecko/20101203 Firefox/3.6.13"
79.39.218.7 - - [25/Jan/2011:10:54:47 +0100] "GET /img/layout/menubar.gif HTTP/1.1" 200 1302 "http://www.aziendaitalia.com/css/style.css" "Mozilla/5.0 (Windows; U; Windows NT 6.0; it; rv:1.9.2.13) Gecko/20101203 Firefox/3.6.13"
79.39.218.7 - - [25/Jan/2011:10:54:47 +0100] "GET /img/layout/bg_wrapper_sub.gif HTTP/1.1" 200 102 "http://www.aziendaitalia.com/css/style.css" "Mozilla/5.0 (Windows; U; Windows NT 6.0; it; rv:1.9.2.13) Gecko/20101203 Firefox/3.6.13"
79.39.218.7 - - [25/Jan/2011:10:54:47 +0100] "GET /img/layout/bg_sidebar_separator.gif HTTP/1.1" 200 106 "http://www.aziendaitalia.com/css/style.css" "Mozilla/5.0 (Windows; U; Windows NT 6.0; it; rv:1.9.2.13) Gecko/20101203 Firefox/3.6.13"
79.39.218.7 - - [25/Jan/2011:10:54:47 +0100] "GET /favicon.ico HTTP/1.1" 200 1406 "-" "Mozilla/5.0 (Windows; U; Windows NT 6.0; it; rv:1.9.2.13) Gecko/20101203 Firefox/3.6.13"
151.32.59.228 - - [25/Jan/2011:10:54:47 +0100] "GET /favicon.ico HTTP/1.1" 200 1406 "-" "Mozilla/5.0 (Windows; U; Windows NT 5.1; en-US) AppleWebKit/534.10 (KHTML, like Gecko) Chrome/8.0.552.237 Safari/534.10"
72.5.230.111 - - [25/Jan/2011:10:55:10 +0100] "HEAD / HTTP/1.1" 200 - "-" "Site 24 X 7"
66.249.71.212 - - [25/Jan/2011:10:55:16 +0100] "GET /attivita-in-vendita/strutture-metalliche-prefabbricate_isole_s431_mr4.html?page=35 HTTP/1.1" 200 2340 "-" "Mozilla/5.0 (compatible; Googlebot/2.1; +http://www.google.com/bot.html)"
87.23.53.103 - - [25/Jan/2011:10:55:40 +0100] "GET /attivita-in-vendita/?gclid=CKKohcGL1aYCFUYifAodO3vwMw HTTP/1.1" 200 2323 "http://www.google.it/aclk?sa=l&ai=CeAEQ_J0-TdmbE4T8sgbAy-E3w_qa1AG7iIawF9nmqjUIABACKANQ1oiduwZg_YKRhOgRoAGDnKH-A8gBAakC7BMlAajytj6qBBtP0ARjxQ2VP01TU5VyBRiSlU2oUso71iou5ZE&sig=AGiWqtz2_4LDk0-7iJRbv7ZgLc2_FsUjrA&adurl=http://www.aziendaitalia.com/attivita-in-vendita/&rct=j&q=alberghi%20in%20vendita%20milano" "Mozilla/5.0 (Macintosh; U; Intel Mac OS X 10.5; it; rv:1.9.1.16) Gecko/20101130 Firefox/3.5.16"
87.23.53.103 - - [25/Jan/2011:10:55:40 +0100] "GET /css/style.css HTTP/1.1" 200 3366 "http://www.aziendaitalia.com/attivita-in-vendita/?gclid=CKKohcGL1aYCFUYifAodO3vwMw" "Mozilla/5.0 (Macintosh; U; Intel Mac OS X 10.5; it; rv:1.9.1.16) Gecko/20101130 Firefox/3.5.16"
87.23.53.103 - - [25/Jan/2011:10:55:40 +0100] "GET /img/thumb/phpThumb.php?src=/admin/img/1283511116_5135-4001Y-A.JPG&w=148&h=138&zc=1&q=90 HTTP/1.1" 200 9692 "http://www.aziendaitalia.com/attivita-in-vendita/?gclid=CKKohcGL1aYCFUYifAodO3vwMw" "Mozilla/5.0 (Macintosh; U; Intel Mac OS X 10.5; it; rv:1.9.1.16) Gecko/20101130 Firefox/3.5.16"
87.23.53.103 - - [25/Jan/2011:10:55:40 +0100] "GET /img/layout/dot.png HTTP/1.1" 200 2899 "http://www.aziendaitalia.com/css/style.css" "Mozilla/5.0 (Macintosh; U; Intel Mac OS X 10.5; it; rv:1.9.1.16) Gecko/20101130 Firefox/3.5.16"
87.23.53.103 - - [25/Jan/2011:10:55:40 +0100] "GET /img/thumb/phpThumb.php?src=/admin/img/1295368730_5945-6289D-A.JPG&w=148&h=138&zc=1&q=90 HTTP/1.1" 200 9397 "http://www.aziendaitalia.com/attivita-in-vendita/?gclid=CKKohcGL1aYCFUYifAodO3vwMw" "Mozilla/5.0 (Macintosh; U; Intel Mac OS X 10.5; it; rv:1.9.1.16) Gecko/20101130 Firefox/3.5.16"
87.23.53.103 - - [25/Jan/2011:10:55:40 +0100] "GET /img/thumb/phpThumb.php?src=/admin/img/1284121274_8018-5308G-A.JPG&w=148&h=138&zc=1&q=90 HTTP/1.1" 200 7134 "http://www.aziendaitalia.com/attivita-in-vendita/?gclid=CKKohcGL1aYCFUYifAodO3vwMw" "Mozilla/5.0 (Macintosh; U; Intel Mac OS X 10.5; it; rv:1.9.1.16) Gecko/20101130 Firefox/3.5.16"
87.23.53.103 - - [25/Jan/2011:10:55:53 +0100] "GET /attivita-in-vendita/a-milano_p6.html HTTP/1.1" 200 4640 "http://www.aziendaitalia.com/attivita-in-vendita/?gclid=CKKohcGL1aYCFUYifAodO3vwMw" "Mozilla/5.0 (Macintosh; U; Intel Mac OS X 10.5; it; rv:1.9.1.16) Gecko/20101130 Firefox/3.5.16"
87.23.53.103 - - [25/Jan/2011:10:55:53 +0100] "GET /css/style.css HTTP/1.1" 200 3366 "http://www.aziendaitalia.com/attivita-in-vendita/a-milano_p6.html" "Mozilla/5.0 (Macintosh; U; Intel Mac OS X 10.5; it; rv:1.9.1.16) Gecko/20101130 Firefox/3.5.16"
87.23.53.103 - - [25/Jan/2011:10:55:53 +0100] "GET /img/layout/italia/italynorth.gif HTTP/1.1" 200 3837 "http://www.aziendaitalia.com/attivita-in-vendita/a-milano_p6.html" "Mozilla/5.0 (Macintosh; U; Intel Mac OS X 10.5; it; rv:1.9.1.16) Gecko/20101130 Firefox/3.5.16"
87.23.53.103 - - [25/Jan/2011:10:55:57 +0100] "GET /attivita-in-vendita/a-bergamo_p7.html HTTP/1.1" 200 4483 "http://www.aziendaitalia.com/attivita-in-vendita/a-milano_p6.html" "Mozilla/5.0 (Macintosh; U; Intel Mac OS X 10.5; it; rv:1.9.1.16) Gecko/20101130 Firefox/3.5.16"
87.23.53.103 - - [25/Jan/2011:10:55:57 +0100] "GET /css/style.css HTTP/1.1" 200 3366 "http://www.aziendaitalia.com/attivita-in-vendita/a-bergamo_p7.html" "Mozilla/5.0 (Macintosh; U; Intel Mac OS X 10.5; it; rv:1.9.1.16) Gecko/20101130 Firefox/3.5.16"
212.103.217.66 - - [25/Jan/2011:10:56:01 +0100] "GET /attivita-in-vendita/a3091.html HTTP/1.1" 200 2723 "http://www.aziendaitalia.com/attivita-in-vendita/bar-caff\xe9_a-padova_s149_p65.html" "Mozilla/4.0 (compatible; MSIE 6.0; Windows NT 5.1; SV1; .NET CLR 1.1.4322; .NET CLR 2.0.50727)"
82.53.182.217 - - [25/Jan/2011:10:56:02 +0100] "GET /attivita-in-vendita/alberghi-ristoranti-bar-agriturismo-aziende-agricole_m1.html?gclid=CKbf9suL1aYCFcwmfAodaA2KKg HTTP/1.1" 200 3665 "http://www.google.it/search?client=safari&rls=en&q=hotel+in+vendita+rimini&ie=UTF-8&oe=UTF-8&redir_esc=&ei=Jp4-Tar-Ooz1sgbbz4ntBA" "Mozilla/5.0 (Macintosh; U; PPC Mac OS X 10_4_11; it-it) AppleWebKit/533.19.4 (KHTML, like Gecko) Version/4.1.3 Safari/533.19.4"
82.53.182.217 - - [25/Jan/2011:10:56:03 +0100] "GET /js/general.js HTTP/1.1" 200 5776 "http://www.aziendaitalia.com/attivita-in-vendita/alberghi-ristoranti-bar-agriturismo-aziende-agricole_m1.html?gclid=CKbf9suL1aYCFcwmfAodaA2KKg" "Mozilla/5.0 (Macintosh; U; PPC Mac OS X 10_4_11; it-it) AppleWebKit/533.19.4 (KHTML, like Gecko) Version/4.1.3 Safari/533.19.4"
82.53.182.217 - - [25/Jan/2011:10:56:03 +0100] "GET /css/style.css HTTP/1.1" 200 3366 "http://www.aziendaitalia.com/attivita-in-vendita/alberghi-ristoranti-bar-agriturismo-aziende-agricole_m1.html?gclid=CKbf9suL1aYCFcwmfAodaA2KKg" "Mozilla/5.0 (Macintosh; U; PPC Mac OS X 10_4_11; it-it) AppleWebKit/533.19.4 (KHTML, like Gecko) Version/4.1.3 Safari/533.19.4"
82.53.182.217 - - [25/Jan/2011:10:56:03 +0100] "GET /js/jquery-1.4.2.min.js HTTP/1.1" 200 72174 "http://www.aziendaitalia.com/attivita-in-vendita/alberghi-ristoranti-bar-agriturismo-aziende-agricole_m1.html?gclid=CKbf9suL1aYCFcwmfAodaA2KKg" "Mozilla/5.0 (Macintosh; U; PPC Mac OS X 10_4_11; it-it) AppleWebKit/533.19.4 (KHTML, like Gecko) Version/4.1.3 Safari/533.19.4"
82.53.182.217 - - [25/Jan/2011:10:56:03 +0100] "GET /img/layout/header.gif HTTP/1.1" 200 15655 "http://www.aziendaitalia.com/attivita-in-vendita/alberghi-ristoranti-bar-agriturismo-aziende-agricole_m1.html?gclid=CKbf9suL1aYCFcwmfAodaA2KKg" "Mozilla/5.0 (Macintosh; U; PPC Mac OS X 10_4_11; it-it) AppleWebKit/533.19.4 (KHTML, like Gecko) Version/4.1.3 Safari/533.19.4"
82.53.182.217 - - [25/Jan/2011:10:56:03 +0100] "GET /img/layout/menubar.gif HTTP/1.1" 200 1302 "http://www.aziendaitalia.com/attivita-in-vendita/alberghi-ristoranti-bar-agriturismo-aziende-agricole_m1.html?gclid=CKbf9suL1aYCFcwmfAodaA2KKg" "Mozilla/5.0 (Macintosh; U; PPC Mac OS X 10_4_11; it-it) AppleWebKit/533.19.4 (KHTML, like Gecko) Version/4.1.3 Safari/533.19.4"
82.53.182.217 - - [25/Jan/2011:10:56:03 +0100] "GET /img/layout/bg_wrapper_sub.gif HTTP/1.1" 200 102 "http://www.aziendaitalia.com/attivita-in-vendita/alberghi-ristoranti-bar-agriturismo-aziende-agricole_m1.html?gclid=CKbf9suL1aYCFcwmfAodaA2KKg" "Mozilla/5.0 (Macintosh; U; PPC Mac OS X 10_4_11; it-it) AppleWebKit/533.19.4 (KHTML, like Gecko) Version/4.1.3 Safari/533.19.4"
82.53.182.217 - - [25/Jan/2011:10:56:03 +0100] "GET /img/layout/bg_sidebar_separator.gif HTTP/1.1" 200 106 "http://www.aziendaitalia.com/attivita-in-vendita/alberghi-ristoranti-bar-agriturismo-aziende-agricole_m1.html?gclid=CKbf9suL1aYCFcwmfAodaA2KKg" "Mozilla/5.0 (Macintosh; U; PPC Mac OS X 10_4_11; it-it) AppleWebKit/533.19.4 (KHTML, like Gecko) Version/4.1.3 Safari/533.19.4"
82.53.182.217 - - [25/Jan/2011:10:56:03 +0100] "GET /img/layout/dot.png HTTP/1.1" 200 2899 "http://www.aziendaitalia.com/attivita-in-vendita/alberghi-ristoranti-bar-agriturismo-aziende-agricole_m1.html?gclid=CKbf9suL1aYCFcwmfAodaA2KKg" "Mozilla/5.0 (Macintosh; U; PPC Mac OS X 10_4_11; it-it) AppleWebKit/533.19.4 (KHTML, like Gecko) Version/4.1.3 Safari/533.19.4"
193.47.80.42 - - [25/Jan/2011:10:56:03 +0100] "GET /attivita/bar-storici-in-vendita.htm HTTP/1.1" 304 - "-" "Mozilla/5.0 (compatible; Exabot/3.0; +http://www.exabot.com/go/robot)"
82.53.182.217 - - [25/Jan/2011:10:56:04 +0100] "GET /favicon.ico HTTP/1.1" 200 1406 "http://www.aziendaitalia.com/attivita-in-vendita/alberghi-ristoranti-bar-agriturismo-aziende-agricole_m1.html?gclid=CKbf9suL1aYCFcwmfAodaA2KKg" "Mozilla/5.0 (Macintosh; U; PPC Mac OS X 10_4_11; it-it) AppleWebKit/533.19.4 (KHTML, like Gecko) Version/4.1.3 Safari/533.19.4"
84.223.219.14 - - [25/Jan/2011:10:56:05 +0100] "GET / HTTP/1.1" 200 2648 "-" "Mozilla/5.0 (Windows; U; Windows NT 5.1; it; rv:1.9.2.13) Gecko/20101203 Firefox/3.6.13"
84.223.219.14 - - [25/Jan/2011:10:56:06 +0100] "GET /css/style.css HTTP/1.1" 200 3366 "http://www.aziendaitalia.com/" "Mozilla/5.0 (Windows; U; Windows NT 5.1; it; rv:1.9.2.13) Gecko/20101203 Firefox/3.6.13"
84.223.219.14 - - [25/Jan/2011:10:56:06 +0100] "GET /js/jquery.pngfix.pack.js HTTP/1.1" 200 2485 "http://www.aziendaitalia.com/" "Mozilla/5.0 (Windows; U; Windows NT 5.1; it; rv:1.9.2.13) Gecko/20101203 Firefox/3.6.13"
84.223.219.14 - - [25/Jan/2011:10:56:06 +0100] "GET /js/general.js HTTP/1.1" 200 5776 "http://www.aziendaitalia.com/" "Mozilla/5.0 (Windows; U; Windows NT 5.1; it; rv:1.9.2.13) Gecko/20101203 Firefox/3.6.13"
84.223.219.14 - - [25/Jan/2011:10:56:06 +0100] "GET /js/jquery-1.4.2.min.js HTTP/1.1" 200 72174 "http://www.aziendaitalia.com/" "Mozilla/5.0 (Windows; U; Windows NT 5.1; it; rv:1.9.2.13) Gecko/20101203 Firefox/3.6.13"
84.223.219.14 - - [25/Jan/2011:10:56:07 +0100] "GET /img/layout/header.gif HTTP/1.1" 200 15655 "http://www.aziendaitalia.com/css/style.css" "Mozilla/5.0 (Windows; U; Windows NT 5.1; it; rv:1.9.2.13) Gecko/20101203 Firefox/3.6.13"
84.223.219.14 - - [25/Jan/2011:10:56:07 +0100] "GET /img/layout/menubar.gif HTTP/1.1" 200 1302 "http://www.aziendaitalia.com/css/style.css" "Mozilla/5.0 (Windows; U; Windows NT 5.1; it; rv:1.9.2.13) Gecko/20101203 Firefox/3.6.13"
84.223.219.14 - - [25/Jan/2011:10:56:07 +0100] "GET /img/layout/content_bg.gif HTTP/1.1" 200 238 "http://www.aziendaitalia.com/css/style.css" "Mozilla/5.0 (Windows; U; Windows NT 5.1; it; rv:1.9.2.13) Gecko/20101203 Firefox/3.6.13"
84.223.219.14 - - [25/Jan/2011:10:56:07 +0100] "GET /img/layout/bg_button_search.gif HTTP/1.1" 200 614 "http://www.aziendaitalia.com/css/style.css" "Mozilla/5.0 (Windows; U; Windows NT 5.1; it; rv:1.9.2.13) Gecko/20101203 Firefox/3.6.13"
84.223.219.14 - - [25/Jan/2011:10:56:07 +0100] "GET /favicon.ico HTTP/1.1" 200 1406 "-" "Mozilla/5.0 (Windows; U; Windows NT 5.1; it; rv:1.9.2.13) Gecko/20101203 Firefox/3.6.13"
84.223.219.14 - - [25/Jan/2011:10:56:07 +0100] "GET /img/layout/bg_homepage_category_buttons.gif HTTP/1.1" 200 23956 "http://www.aziendaitalia.com/css/style.css" "Mozilla/5.0 (Windows; U; Windows NT 5.1; it; rv:1.9.2.13) Gecko/20101203 Firefox/3.6.13"
72.5.230.111 - - [25/Jan/2011:10:56:10 +0100] "HEAD / HTTP/1.1" 200 - "-" "Site 24 X 7"
82.53.182.217 - - [25/Jan/2011:10:56:15 +0100] "GET /attivita-in-vendita/alberghi-ristoranti-bar-agriturismo-aziende-agricole_italia_m1_n1.html HTTP/1.1" 200 4246 "http://www.aziendaitalia.com/attivita-in-vendita/alberghi-ristoranti-bar-agriturismo-aziende-agricole_m1.html?gclid=CKbf9suL1aYCFcwmfAodaA2KKg" "Mozilla/5.0 (Macintosh; U; PPC Mac OS X 10_4_11; it-it) AppleWebKit/533.19.4 (KHTML, like Gecko) Version/4.1.3 Safari/533.19.4"
82.53.182.217 - - [25/Jan/2011:10:56:15 +0100] "GET /css/style.css HTTP/1.1" 200 3366 "http://www.aziendaitalia.com/attivita-in-vendita/alberghi-ristoranti-bar-agriturismo-aziende-agricole_italia_m1_n1.html" "Mozilla/5.0 (Macintosh; U; PPC Mac OS X 10_4_11; it-it) AppleWebKit/533.19.4 (KHTML, like Gecko) Version/4.1.3 Safari/533.19.4"
82.53.182.217 - - [25/Jan/2011:10:56:15 +0100] "GET /img/layout/italia/italyoff.gif HTTP/1.1" 200 3852 "http://www.aziendaitalia.com/attivita-in-vendita/alberghi-ristoranti-bar-agriturismo-aziende-agricole_italia_m1_n1.html" "Mozilla/5.0 (Macintosh; U; PPC Mac OS X 10_4_11; it-it) AppleWebKit/533.19.4 (KHTML, like Gecko) Version/4.1.3 Safari/533.19.4"
88.50.17.69 - - [25/Jan/2011:10:56:19 +0100] "GET /rilevare-attivita/?gclid=CMffodOL1aYCFYVjfAoduQj1Mw HTTP/1.0" 200 10860 "http://www.google.it/search?source=ig&hl=it&rlz=1G1GGLQ_ITIT307&q=societ%C3%A0+acquista+societ%C3%A0&aq=f&oq=" "Mozilla/4.0 (compatible; MSIE 6.0; Windows NT 5.1; SV1; .NET CLR 2.0.50727; InfoPath.1; .NET CLR 1.1.4322)"
88.50.17.69 - - [25/Jan/2011:10:56:20 +0100] "GET /css/style.css HTTP/1.0" 200 13313 "http://www.aziendaitalia.com/rilevare-attivita/?gclid=CMffodOL1aYCFYVjfAoduQj1Mw" "Mozilla/4.0 (compatible; MSIE 6.0; Windows NT 5.1; SV1; .NET CLR 2.0.50727; InfoPath.1; .NET CLR 1.1.4322)"
88.50.17.69 - - [25/Jan/2011:10:56:20 +0100] "GET /js/jquery-1.4.2.min.js HTTP/1.0" 200 72174 "http://www.aziendaitalia.com/rilevare-attivita/?gclid=CMffodOL1aYCFYVjfAoduQj1Mw" "Mozilla/4.0 (compatible; MSIE 6.0; Windows NT 5.1; SV1; .NET CLR 2.0.50727; InfoPath.1; .NET CLR 1.1.4322)"
87.23.53.103 - - [25/Jan/2011:10:56:20 +0100] "GET /attivita-in-vendita/a-bergamo_p7.html?page=2 HTTP/1.1" 200 4365 "http://www.aziendaitalia.com/attivita-in-vendita/a-bergamo_p7.html" "Mozilla/5.0 (Macintosh; U; Intel Mac OS X 10.5; it; rv:1.9.1.16) Gecko/20101130 Firefox/3.5.16"
87.23.53.103 - - [25/Jan/2011:10:56:20 +0100] "GET /css/style.css HTTP/1.1" 200 3366 "http://www.aziendaitalia.com/attivita-in-vendita/a-bergamo_p7.html?page=2" "Mozilla/5.0 (Macintosh; U; Intel Mac OS X 10.5; it; rv:1.9.1.16) Gecko/20101130 Firefox/3.5.16"
88.50.17.69 - - [25/Jan/2011:10:56:22 +0100] "GET /js/general.js HTTP/1.0" 200 5776 "http://www.aziendaitalia.com/rilevare-attivita/?gclid=CMffodOL1aYCFYVjfAoduQj1Mw" "Mozilla/4.0 (compatible; MSIE 6.0; Windows NT 5.1; SV1; .NET CLR 2.0.50727; InfoPath.1; .NET CLR 1.1.4322)"
88.50.17.69 - - [25/Jan/2011:10:56:22 +0100] "GET /img/layout/header.gif HTTP/1.0" 200 15655 "http://www.aziendaitalia.com/rilevare-attivita/?gclid=CMffodOL1aYCFYVjfAoduQj1Mw" "Mozilla/4.0 (compatible; MSIE 6.0; Windows NT 5.1; SV1; .NET CLR 2.0.50727; InfoPath.1; .NET CLR 1.1.4322)"
207.46.195.230 - - [25/Jan/2011:10:56:23 +0100] "GET /bancadati-scheda.php?idreg=1&idind=10&idcat=&idazienda=8678 HTTP/1.1" 404 277 "-" "Mozilla/5.0 (compatible; bingbot/2.0; +http://www.bing.com/bingbot.htm)"
178.154.161.29 - - [25/Jan/2011:10:56:24 +0100] "GET /annunci/nord-italia/brescia/9774.htm HTTP/1.1" 200 2880 "-" "Mozilla/5.0 (compatible; YandexBot/3.0; +http://yandex.com/bots)"
88.50.17.69 - - [25/Jan/2011:10:56:25 +0100] "GET /img/layout/bg_sidebar_separator.gif HTTP/1.0" 200 106 "http://www.aziendaitalia.com/rilevare-attivita/?gclid=CMffodOL1aYCFYVjfAoduQj1Mw" "Mozilla/4.0 (compatible; MSIE 6.0; Windows NT 5.1; SV1; .NET CLR 2.0.50727; InfoPath.1; .NET CLR 1.1.4322)"
88.50.17.69 - - [25/Jan/2011:10:56:25 +0100] "GET /img/layout/bg_wrapper_sub.gif HTTP/1.0" 200 102 "http://www.aziendaitalia.com/rilevare-attivita/?gclid=CMffodOL1aYCFYVjfAoduQj1Mw" "Mozilla/4.0 (compatible; MSIE 6.0; Windows NT 5.1; SV1; .NET CLR 2.0.50727; InfoPath.1; .NET CLR 1.1.4322)"
88.50.17.69 - - [25/Jan/2011:10:56:25 +0100] "GET /img/layout/menubar.gif HTTP/1.0" 200 1302 "http://www.aziendaitalia.com/rilevare-attivita/?gclid=CMffodOL1aYCFYVjfAoduQj1Mw" "Mozilla/4.0 (compatible; MSIE 6.0; Windows NT 5.1; SV1; .NET CLR 2.0.50727; InfoPath.1; .NET CLR 1.1.4322)"
82.53.182.217 - - [25/Jan/2011:10:56:28 +0100] "GET /attivita-in-vendita/alberghi-hotel_italia_c22_n1.html HTTP/1.1" 200 4912 "http://www.aziendaitalia.com/attivita-in-vendita/alberghi-ristoranti-bar-agriturismo-aziende-agricole_italia_m1_n1.html" "Mozilla/5.0 (Macintosh; U; PPC Mac OS X 10_4_11; it-it) AppleWebKit/533.19.4 (KHTML, like Gecko) Version/4.1.3 Safari/533.19.4"
82.53.182.217 - - [25/Jan/2011:10:56:28 +0100] "GET /css/style.css HTTP/1.1" 200 3366 "http://www.aziendaitalia.com/attivita-in-vendita/alberghi-hotel_italia_c22_n1.html" "Mozilla/5.0 (Macintosh; U; PPC Mac OS X 10_4_11; it-it) AppleWebKit/533.19.4 (KHTML, like Gecko) Version/4.1.3 Safari/533.19.4"
82.53.182.217 - - [25/Jan/2011:10:56:28 +0100] "GET /img/thumb/phpThumb.php?src=/admin/img/1295362626_6597-3603C-A.jpg&w=148&h=138&zc=1&q=90 HTTP/1.1" 200 8292 "http://www.aziendaitalia.com/attivita-in-vendita/alberghi-hotel_italia_c22_n1.html" "Mozilla/5.0 (Macintosh; U; PPC Mac OS X 10_4_11; it-it) AppleWebKit/533.19.4 (KHTML, like Gecko) Version/4.1.3 Safari/533.19.4"
82.53.182.217 - - [25/Jan/2011:10:56:28 +0100] "GET /img/thumb/phpThumb.php?src=/admin/img/1284547251_5875-9046N-A.JPG&w=148&h=138&zc=1&q=90 HTTP/1.1" 200 8856 "http://www.aziendaitalia.com/attivita-in-vendita/alberghi-hotel_italia_c22_n1.html" "Mozilla/5.0 (Macintosh; U; PPC Mac OS X 10_4_11; it-it) AppleWebKit/533.19.4 (KHTML, like Gecko) Version/4.1.3 Safari/533.19.4"
82.53.182.217 - - [25/Jan/2011:10:56:28 +0100] "GET /img/thumb/phpThumb.php?src=/admin/img/1295362884_4711-3951T-A.jpg&w=148&h=138&zc=1&q=90 HTTP/1.1" 200 6328 "http://www.aziendaitalia.com/attivita-in-vendita/alberghi-hotel_italia_c22_n1.html" "Mozilla/5.0 (Macintosh; U; PPC Mac OS X 10_4_11; it-it) AppleWebKit/533.19.4 (KHTML, like Gecko) Version/4.1.3 Safari/533.19.4"
151.54.245.26 - - [25/Jan/2011:10:56:40 +0100] "GET /attivita-in-vendita/?gclid=CO_7_d2L1aYCFYMTfAod81fvMw HTTP/1.1" 200 2324 "http://www.google.it/aclk?sa=l&ai=ClS55R54-TYbBI8HM-AbTxKCtA8P6mtQBu4iGsBedjtPHKQgAEAEoAlDWiJ27BmD9iqKE1BKgAYOcof4DyAEBqQLsEyUBqPK2PqoEG0_QVdz9j675q3pSze8zEkys7bFAr8Ax_W_JzQ&sig=AGiWqtyAapTU4AQii3GsBmoeDUQm3Jftkw&adurl=http://www.aziendaitalia.com/attivita-in-vendita/&rct=j&q=cedesi%20attivit%C3%A0%20roma" "Mozilla/5.0 (Windows; U; Windows NT 5.1; en-US) AppleWebKit/534.10 (KHTML, like Gecko) Chrome/8.0.552.224 Safari/534.10"
151.54.245.26 - - [25/Jan/2011:10:56:41 +0100] "GET /css/style.css HTTP/1.1" 200 3366 "http://www.aziendaitalia.com/attivita-in-vendita/?gclid=CO_7_d2L1aYCFYMTfAod81fvMw" "Mozilla/5.0 (Windows; U; Windows NT 5.1; en-US) AppleWebKit/534.10 (KHTML, like Gecko) Chrome/8.0.552.224 Safari/534.10"
151.54.245.26 - - [25/Jan/2011:10:56:41 +0100] "GET /js/general.js HTTP/1.1" 200 5776 "http://www.aziendaitalia.com/attivita-in-vendita/?gclid=CO_7_d2L1aYCFYMTfAod81fvMw" "Mozilla/5.0 (Windows; U; Windows NT 5.1; en-US) AppleWebKit/534.10 (KHTML, like Gecko) Chrome/8.0.552.224 Safari/534.10"
151.54.245.26 - - [25/Jan/2011:10:56:41 +0100] "GET /js/jquery-1.4.2.min.js HTTP/1.1" 200 72174 "http://www.aziendaitalia.com/attivita-in-vendita/?gclid=CO_7_d2L1aYCFYMTfAod81fvMw" "Mozilla/5.0 (Windows; U; Windows NT 5.1; en-US) AppleWebKit/534.10 (KHTML, like Gecko) Chrome/8.0.552.224 Safari/534.10"
151.54.245.26 - - [25/Jan/2011:10:56:42 +0100] "GET /img/layout/header.gif HTTP/1.1" 200 15655 "http://www.aziendaitalia.com/attivita-in-vendita/?gclid=CO_7_d2L1aYCFYMTfAod81fvMw" "Mozilla/5.0 (Windows; U; Windows NT 5.1; en-US) AppleWebKit/534.10 (KHTML, like Gecko) Chrome/8.0.552.224 Safari/534.10"
151.54.245.26 - - [25/Jan/2011:10:56:42 +0100] "GET /img/layout/menubar.gif HTTP/1.1" 200 1302 "http://www.aziendaitalia.com/attivita-in-vendita/?gclid=CO_7_d2L1aYCFYMTfAod81fvMw" "Mozilla/5.0 (Windows; U; Windows NT 5.1; en-US) AppleWebKit/534.10 (KHTML, like Gecko) Chrome/8.0.552.224 Safari/534.10"
151.54.245.26 - - [25/Jan/2011:10:56:42 +0100] "GET /img/layout/bg_wrapper_sub.gif HTTP/1.1" 200 102 "http://www.aziendaitalia.com/attivita-in-vendita/?gclid=CO_7_d2L1aYCFYMTfAod81fvMw" "Mozilla/5.0 (Windows; U; Windows NT 5.1; en-US) AppleWebKit/534.10 (KHTML, like Gecko) Chrome/8.0.552.224 Safari/534.10"
82.53.182.217 - - [25/Jan/2011:10:56:42 +0100] "GET /img/layout/italia/italycenter.gif HTTP/1.1" 200 3933 "http://www.aziendaitalia.com/attivita-in-vendita/alberghi-hotel_italia_c22_n1.html" "Mozilla/5.0 (Macintosh; U; PPC Mac OS X 10_4_11; it-it) AppleWebKit/533.19.4 (KHTML, like Gecko) Version/4.1.3 Safari/533.19.4"
151.54.245.26 - - [25/Jan/2011:10:56:42 +0100] "GET /img/layout/bg_sidebar_separator.gif HTTP/1.1" 200 106 "http://www.aziendaitalia.com/attivita-in-vendita/?gclid=CO_7_d2L1aYCFYMTfAod81fvMw" "Mozilla/5.0 (Windows; U; Windows NT 5.1; en-US) AppleWebKit/534.10 (KHTML, like Gecko) Chrome/8.0.552.224 Safari/534.10"
151.54.245.26 - - [25/Jan/2011:10:56:42 +0100] "GET /img/layout/dot.png HTTP/1.1" 200 2899 "http://www.aziendaitalia.com/attivita-in-vendita/?gclid=CO_7_d2L1aYCFYMTfAod81fvMw" "Mozilla/5.0 (Windows; U; Windows NT 5.1; en-US) AppleWebKit/534.10 (KHTML, like Gecko) Chrome/8.0.552.224 Safari/534.10"
151.54.245.26 - - [25/Jan/2011:10:56:42 +0100] "GET /img/thumb/phpThumb.php?src=/admin/img/1283511116_5135-4001Y-A.JPG&w=148&h=138&zc=1&q=90 HTTP/1.1" 200 9692 "http://www.aziendaitalia.com/attivita-in-vendita/?gclid=CO_7_d2L1aYCFYMTfAod81fvMw" "Mozilla/5.0 (Windows; U; Windows NT 5.1; en-US) AppleWebKit/534.10 (KHTML, like Gecko) Chrome/8.0.552.224 Safari/534.10"
151.54.245.26 - - [25/Jan/2011:10:56:42 +0100] "GET /img/thumb/phpThumb.php?src=/admin/img/1295368730_5945-6289D-A.JPG&w=148&h=138&zc=1&q=90 HTTP/1.1" 200 9397 "http://www.aziendaitalia.com/attivita-in-vendita/?gclid=CO_7_d2L1aYCFYMTfAod81fvMw" "Mozilla/5.0 (Windows; U; Windows NT 5.1; en-US) AppleWebKit/534.10 (KHTML, like Gecko) Chrome/8.0.552.224 Safari/534.10"
151.54.245.26 - - [25/Jan/2011:10:56:42 +0100] "GET /img/thumb/phpThumb.php?src=/admin/img/1284121274_8018-5308G-A.JPG&w=148&h=138&zc=1&q=90 HTTP/1.1" 200 7134 "http://www.aziendaitalia.com/attivita-in-vendita/?gclid=CO_7_d2L1aYCFYMTfAod81fvMw" "Mozilla/5.0 (Windows; U; Windows NT 5.1; en-US) AppleWebKit/534.10 (KHTML, like Gecko) Chrome/8.0.552.224 Safari/534.10"
151.54.245.26 - - [25/Jan/2011:10:56:42 +0100] "GET /favicon.ico HTTP/1.1" 200 1406 "-" "Mozilla/5.0 (Windows; U; Windows NT 5.1; en-US) AppleWebKit/534.10 (KHTML, like Gecko) Chrome/8.0.552.224 Safari/534.10"
82.53.182.217 - - [25/Jan/2011:10:56:42 +0100] "GET /img/layout/italia/italynorth.gif HTTP/1.1" 200 3837 "http://www.aziendaitalia.com/attivita-in-vendita/alberghi-hotel_italia_c22_n1.html" "Mozilla/5.0 (Macintosh; U; PPC Mac OS X 10_4_11; it-it) AppleWebKit/533.19.4 (KHTML, like Gecko) Version/4.1.3 Safari/533.19.4"
67.195.115.117 - - [25/Jan/2011:10:56:45 +0100] "GET /annunci/nord-italia/varese/9473.htm HTTP/1.0" 200 2789 "-" "Mozilla/5.0 (compatible; Yahoo! Slurp; http://help.yahoo.com/help/us/ysearch/slurp)"
212.103.217.66 - - [25/Jan/2011:10:56:45 +0100] "GET /attivita-in-vendita/ristoranti_a-padova_s144_p65.html HTTP/1.1" 200 3678 "http://www.aziendaitalia.com/attivita-in-vendita/bar-caff\xe9_a-padova_s149_p65.html" "Mozilla/4.0 (compatible; MSIE 6.0; Windows NT 5.1; SV1; .NET CLR 1.1.4322; .NET CLR 2.0.50727)"
95.226.164.96 - - [25/Jan/2011:10:56:46 +0100] "GET /cedere-industria.php?gclid=COClu-CL1aYCFQUTfAodkE3sMw HTTP/1.1" 200 3936 "http://www.google.it/search?sourceid=navclient&hl=it&ie=UTF-8&rlz=1T4ACAW_itIT391IT391&q=fabbriche+in+vendita" "Mozilla/4.0 (compatible; MSIE 8.0; Windows NT 5.1; Trident/4.0; GTB6.6; .NET CLR 1.1.4322; .NET CLR 2.0.50727; .NET CLR 3.0.04506.648; .NET CLR 3.5.21022; eSobiSubscriber 2.0.4.16; .NET CLR 3.0.4506.2152; .NET CLR 3.5.30729)"
95.226.164.96 - - [25/Jan/2011:10:56:46 +0100] "GET /css/style.css HTTP/1.1" 200 3366 "http://www.aziendaitalia.com/cedere-industria.php?gclid=COClu-CL1aYCFQUTfAodkE3sMw" "Mozilla/4.0 (compatible; MSIE 8.0; Windows NT 5.1; Trident/4.0; GTB6.6; .NET CLR 1.1.4322; .NET CLR 2.0.50727; .NET CLR 3.0.04506.648; .NET CLR 3.5.21022; eSobiSubscriber 2.0.4.16; .NET CLR 3.0.4506.2152; .NET CLR 3.5.30729)"
95.226.164.96 - - [25/Jan/2011:10:56:46 +0100] "GET /js/jquery-1.4.2.min.js HTTP/1.1" 200 72174 "http://www.aziendaitalia.com/cedere-industria.php?gclid=COClu-CL1aYCFQUTfAodkE3sMw" "Mozilla/4.0 (compatible; MSIE 8.0; Windows NT 5.1; Trident/4.0; GTB6.6; .NET CLR 1.1.4322; .NET CLR 2.0.50727; .NET CLR 3.0.04506.648; .NET CLR 3.5.21022; eSobiSubscriber 2.0.4.16; .NET CLR 3.0.4506.2152; .NET CLR 3.5.30729)"
95.226.164.96 - - [25/Jan/2011:10:56:46 +0100] "GET /js/general.js HTTP/1.1" 200 5776 "http://www.aziendaitalia.com/cedere-industria.php?gclid=COClu-CL1aYCFQUTfAodkE3sMw" "Mozilla/4.0 (compatible; MSIE 8.0; Windows NT 5.1; Trident/4.0; GTB6.6; .NET CLR 1.1.4322; .NET CLR 2.0.50727; .NET CLR 3.0.04506.648; .NET CLR 3.5.21022; eSobiSubscriber 2.0.4.16; .NET CLR 3.0.4506.2152; .NET CLR 3.5.30729)"
95.226.164.96 - - [25/Jan/2011:10:56:46 +0100] "GET /img/icona-industria.jpg HTTP/1.1" 200 68208 "http://www.aziendaitalia.com/cedere-industria.php?gclid=COClu-CL1aYCFQUTfAodkE3sMw" "Mozilla/4.0 (compatible; MSIE 8.0; Windows NT 5.1; Trident/4.0; GTB6.6; .NET CLR 1.1.4322; .NET CLR 2.0.50727; .NET CLR 3.0.04506.648; .NET CLR 3.5.21022; eSobiSubscriber 2.0.4.16; .NET CLR 3.0.4506.2152; .NET CLR 3.5.30729)"
95.226.164.96 - - [25/Jan/2011:10:56:46 +0100] "GET /img/layout/menubar.gif HTTP/1.1" 200 1302 "http://www.aziendaitalia.com/cedere-industria.php?gclid=COClu-CL1aYCFQUTfAodkE3sMw" "Mozilla/4.0 (compatible; MSIE 8.0; Windows NT 5.1; Trident/4.0; GTB6.6; .NET CLR 1.1.4322; .NET CLR 2.0.50727; .NET CLR 3.0.04506.648; .NET CLR 3.5.21022; eSobiSubscriber 2.0.4.16; .NET CLR 3.0.4506.2152; .NET CLR 3.5.30729)"
95.226.164.96 - - [25/Jan/2011:10:56:47 +0100] "GET /img/layout/header.gif HTTP/1.1" 200 15655 "http://www.aziendaitalia.com/cedere-industria.php?gclid=COClu-CL1aYCFQUTfAodkE3sMw" "Mozilla/4.0 (compatible; MSIE 8.0; Windows NT 5.1; Trident/4.0; GTB6.6; .NET CLR 1.1.4322; .NET CLR 2.0.50727; .NET CLR 3.0.04506.648; .NET CLR 3.5.21022; eSobiSubscriber 2.0.4.16; .NET CLR 3.0.4506.2152; .NET CLR 3.5.30729)"
95.226.164.96 - - [25/Jan/2011:10:56:47 +0100] "GET /img/layout/bg_sidebar_separator.gif HTTP/1.1" 200 106 "http://www.aziendaitalia.com/cedere-industria.php?gclid=COClu-CL1aYCFQUTfAodkE3sMw" "Mozilla/4.0 (compatible; MSIE 8.0; Windows NT 5.1; Trident/4.0; GTB6.6; .NET CLR 1.1.4322; .NET CLR 2.0.50727; .NET CLR 3.0.04506.648; .NET CLR 3.5.21022; eSobiSubscriber 2.0.4.16; .NET CLR 3.0.4506.2152; .NET CLR 3.5.30729)"
95.226.164.96 - - [25/Jan/2011:10:56:47 +0100] "GET /img/layout/bg_wrapper_sub.gif HTTP/1.1" 200 102 "http://www.aziendaitalia.com/cedere-industria.php?gclid=COClu-CL1aYCFQUTfAodkE3sMw" "Mozilla/4.0 (compatible; MSIE 8.0; Windows NT 5.1; Trident/4.0; GTB6.6; .NET CLR 1.1.4322; .NET CLR 2.0.50727; .NET CLR 3.0.04506.648; .NET CLR 3.5.21022; eSobiSubscriber 2.0.4.16; .NET CLR 3.0.4506.2152; .NET CLR 3.5.30729)"
95.226.164.96 - - [25/Jan/2011:10:56:47 +0100] "GET /favicon.ico HTTP/1.1" 200 1406 "-" "Mozilla/4.0 (compatible; MSIE 8.0; Windows NT 5.1; Trident/4.0; GTB6.6; .NET CLR 1.1.4322; .NET CLR 2.0.50727; .NET CLR 3.0.04506.648; .NET CLR 3.5.21022; eSobiSubscriber 2.0.4.16; .NET CLR 3.0.4506.2152; .NET CLR 3.5.30729)"
82.53.182.217 - - [25/Jan/2011:10:56:48 +0100] "GET /attivita-in-vendita/norditalia_mr1.html HTTP/1.1" 200 5127 "http://www.aziendaitalia.com/attivita-in-vendita/alberghi-hotel_italia_c22_n1.html" "Mozilla/5.0 (Macintosh; U; PPC Mac OS X 10_4_11; it-it) AppleWebKit/533.19.4 (KHTML, like Gecko) Version/4.1.3 Safari/533.19.4"
82.53.182.217 - - [25/Jan/2011:10:56:48 +0100] "GET /css/style.css HTTP/1.1" 200 3366 "http://www.aziendaitalia.com/attivita-in-vendita/norditalia_mr1.html" "Mozilla/5.0 (Macintosh; U; PPC Mac OS X 10_4_11; it-it) AppleWebKit/533.19.4 (KHTML, like Gecko) Version/4.1.3 Safari/533.19.4"
212.103.217.66 - - [25/Jan/2011:10:56:58 +0100] "GET /attivita-in-vendita/a3571.html HTTP/1.1" 200 2679 "http://www.aziendaitalia.com/attivita-in-vendita/ristoranti_a-padova_s144_p65.html" "Mozilla/4.0 (compatible; MSIE 6.0; Windows NT 5.1; SV1; .NET CLR 1.1.4322; .NET CLR 2.0.50727)"
212.103.217.66 - - [25/Jan/2011:10:56:58 +0100] "GET /img/thumb/phpThumb.php?src=/admin/img/1294844818_7722-2698M-B.jpg&w=148&h=138&zc=1&q=90 HTTP/1.1" 200 8268 "http://www.aziendaitalia.com/attivita-in-vendita/a3571.html" "Mozilla/4.0 (compatible; MSIE 6.0; Windows NT 5.1; SV1; .NET CLR 1.1.4322; .NET CLR 2.0.50727)"
212.103.217.66 - - [25/Jan/2011:10:56:58 +0100] "GET /img/thumb/phpThumb.php?src=/admin/img/1294844821_7722-2698M-C.jpg&w=148&h=138&zc=1&q=90 HTTP/1.1" 200 7111 "http://www.aziendaitalia.com/attivita-in-vendita/a3571.html" "Mozilla/4.0 (compatible; MSIE 6.0; Windows NT 5.1; SV1; .NET CLR 1.1.4322; .NET CLR 2.0.50727)"
212.103.217.66 - - [25/Jan/2011:10:56:58 +0100] "GET /img/thumb/phpThumb.php?src=/admin/img/1294844825_7722-2698M-D.jpg&w=148&h=138&zc=1&q=90 HTTP/1.1" 200 8208 "http://www.aziendaitalia.com/attivita-in-vendita/a3571.html" "Mozilla/4.0 (compatible; MSIE 6.0; Windows NT 5.1; SV1; .NET CLR 1.1.4322; .NET CLR 2.0.50727)"
151.54.245.26 - - [25/Jan/2011:10:57:00 +0100] "GET /attivita-in-vendita/a3072.html HTTP/1.1" 200 2856 "http://www.aziendaitalia.com/attivita-in-vendita/?gclid=CO_7_d2L1aYCFYMTfAod81fvMw" "Mozilla/5.0 (Windows; U; Windows NT 5.1; en-US) AppleWebKit/534.10 (KHTML, like Gecko) Chrome/8.0.552.224 Safari/534.10"
151.54.245.26 - - [25/Jan/2011:10:57:00 +0100] "GET /css/style.css HTTP/1.1" 200 3366 "http://www.aziendaitalia.com/attivita-in-vendita/a3072.html" "Mozilla/5.0 (Windows; U; Windows NT 5.1; en-US) AppleWebKit/534.10 (KHTML, like Gecko) Chrome/8.0.552.224 Safari/534.10"
67.195.115.117 - - [25/Jan/2011:10:57:00 +0100] "GET /detail.cfm?ID=9616 HTTP/1.0" 301 280 "-" "Mozilla/5.0 (compatible; Yahoo! Slurp; http://help.yahoo.com/help/us/ysearch/slurp)"
151.54.245.26 - - [25/Jan/2011:10:57:00 +0100] "GET /img/thumb/phpThumb.php?src=/admin/img/1283511116_5135-4001Y-A.JPG&w=148&h=138&zc=1&q=90 HTTP/1.1" 200 9692 "http://www.aziendaitalia.com/attivita-in-vendita/a3072.html" "Mozilla/5.0 (Windows; U; Windows NT 5.1; en-US) AppleWebKit/534.10 (KHTML, like Gecko) Chrome/8.0.552.224 Safari/534.10"
151.54.245.26 - - [25/Jan/2011:10:57:00 +0100] "GET /img/thumb/phpThumb.php?src=/admin/img/1283511119_5135-4001Y-B.jpg&w=148&h=138&zc=1&q=90 HTTP/1.1" 200 6077 "http://www.aziendaitalia.com/attivita-in-vendita/a3072.html" "Mozilla/5.0 (Windows; U; Windows NT 5.1; en-US) AppleWebKit/534.10 (KHTML, like Gecko) Chrome/8.0.552.224 Safari/534.10"
151.54.245.26 - - [25/Jan/2011:10:57:00 +0100] "GET /img/thumb/phpThumb.php?src=/admin/img/1283511123_5135-4001Y-C.jpg&w=148&h=138&zc=1&q=90 HTTP/1.1" 200 8838 "http://www.aziendaitalia.com/attivita-in-vendita/a3072.html" "Mozilla/5.0 (Windows; U; Windows NT 5.1; en-US) AppleWebKit/534.10 (KHTML, like Gecko) Chrome/8.0.552.224 Safari/534.10"
151.54.245.26 - - [25/Jan/2011:10:57:00 +0100] "GET /img/thumb/phpThumb.php?src=/admin/img/1283511128_5135-4001Y-D.jpg&w=148&h=138&zc=1&q=90 HTTP/1.1" 200 7248 "http://www.aziendaitalia.com/attivita-in-vendita/a3072.html" "Mozilla/5.0 (Windows; U; Windows NT 5.1; en-US) AppleWebKit/534.10 (KHTML, like Gecko) Chrome/8.0.552.224 Safari/534.10"
67.195.115.117 - - [25/Jan/2011:10:57:01 +0100] "GET /?ID=9616 HTTP/1.0" 200 2650 "-" "Mozilla/5.0 (compatible; Yahoo! Slurp; http://help.yahoo.com/help/us/ysearch/slurp)"
79.39.218.7 - - [25/Jan/2011:10:57:02 +0100] "GET /rilevare-attivita/?gclid=CNy-vuiL1aYCFQgMfAodl1HpMw HTTP/1.1" 200 3710 "http://it.ask.com/web?l=sem&ifr=1&qsrc=999&q=vendita%20locale%20campobasso&siteid=4093&sq=1&o=4093&ar_uid=d63ff394462e5bf808aa36aa809e68004f8b82a5" "Mozilla/5.0 (Windows; U; Windows NT 6.0; it; rv:1.9.2.13) Gecko/20101203 Firefox/3.6.13"
87.23.53.103 - - [25/Jan/2011:10:57:02 +0100] "GET /attivita-in-vendita/a-bergamo_p7.html?page=3 HTTP/1.1" 200 4465 "http://www.aziendaitalia.com/attivita-in-vendita/a-bergamo_p7.html?page=2" "Mozilla/5.0 (Macintosh; U; Intel Mac OS X 10.5; it; rv:1.9.1.16) Gecko/20101130 Firefox/3.5.16"
79.39.218.7 - - [25/Jan/2011:10:57:02 +0100] "GET /css/style.css HTTP/1.1" 200 3366 "http://www.aziendaitalia.com/rilevare-attivita/?gclid=CNy-vuiL1aYCFQgMfAodl1HpMw" "Mozilla/5.0 (Windows; U; Windows NT 6.0; it; rv:1.9.2.13) Gecko/20101203 Firefox/3.6.13"
87.23.53.103 - - [25/Jan/2011:10:57:02 +0100] "GET /css/style.css HTTP/1.1" 200 3366 "http://www.aziendaitalia.com/attivita-in-vendita/a-bergamo_p7.html?page=3" "Mozilla/5.0 (Macintosh; U; Intel Mac OS X 10.5; it; rv:1.9.1.16) Gecko/20101130 Firefox/3.5.16"
66.249.71.212 - - [25/Jan/2011:10:57:05 +0100] "GET /test-bancadati-categorie.php?idind=2&idcat=129&idreg=2 HTTP/1.1" 404 283 "-" "Mozilla/5.0 (compatible; Googlebot/2.1; +http://www.google.com/bot.html)"
87.23.53.103 - - [25/Jan/2011:10:57:09 +0100] "GET /attivita-in-vendita/a-milano_p6.html HTTP/1.1" 200 4640 "http://www.aziendaitalia.com/attivita-in-vendita/a-bergamo_p7.html?page=3" "Mozilla/5.0 (Macintosh; U; Intel Mac OS X 10.5; it; rv:1.9.1.16) Gecko/20101130 Firefox/3.5.16"
87.23.53.103 - - [25/Jan/2011:10:57:09 +0100] "GET /css/style.css HTTP/1.1" 200 3366 "http://www.aziendaitalia.com/attivita-in-vendita/a-milano_p6.html" "Mozilla/5.0 (Macintosh; U; Intel Mac OS X 10.5; it; rv:1.9.1.16) Gecko/20101130 Firefox/3.5.16"
72.5.230.111 - - [25/Jan/2011:10:57:11 +0100] "HEAD / HTTP/1.1" 200 - "-" "Site 24 X 7"
67.195.115.117 - - [25/Jan/2011:10:57:12 +0100] "GET /attivita-in-vendita/a3174.html HTTP/1.0" 200 2804 "-" "Mozilla/5.0 (compatible; Yahoo! Slurp; http://help.yahoo.com/help/us/ysearch/slurp)"
66.249.71.212 - - [25/Jan/2011:10:57:15 +0100] "GET /attivita-in-vendita/pietre-tagliate-prodotti-in-pietra_isole_s413_mr4.html?page=35 HTTP/1.1" 200 2334 "-" "Mozilla/5.0 (compatible; Googlebot/2.1; +http://www.google.com/bot.html)"
87.28.161.50 - - [25/Jan/2011:10:57:21 +0100] "GET /cedere-ristoranti.php?gclid=CLSI-PCL1aYCFYMTfAod81fvMw HTTP/1.1" 200 3923 "http://www.google.it/aclk?sa=l&ai=C34BM5p0-Tfi8GcGS-QbHy7WtA8P6mtQB4_uRsBii_L4JCAAQASgCUJ3wpov7_____wFg_YKRhOgRoAGDnKH-A8gBAakC7BMlAajytj6qBBtP0HhpWkBfq1C2PWmDe5VgkwDypuB-OfBH5o4&sig=AGiWqtwk88B4uzH-zzrca7iIVW2y5BK6ag&adurl=http://www.aziendaitalia.com/cedere-ristoranti.php&rct=j&q=ristoranti%20in%20vendita%20milano" "Mozilla/4.0 (compatible; MSIE 8.0; Windows NT 6.1; WOW64; Trident/4.0; SLCC2; .NET CLR 2.0.50727; .NET CLR 3.5.30729; .NET CLR 3.0.30729; Media Center PC 6.0; OfficeLiveConnector.1.3; OfficeLivePatch.0.0)"
87.28.161.50 - - [25/Jan/2011:10:57:21 +0100] "GET /css/style.css HTTP/1.1" 200 3366 "http://www.aziendaitalia.com/cedere-ristoranti.php?gclid=CLSI-PCL1aYCFYMTfAod81fvMw" "Mozilla/4.0 (compatible; MSIE 8.0; Windows NT 6.1; WOW64; Trident/4.0; SLCC2; .NET CLR 2.0.50727; .NET CLR 3.5.30729; .NET CLR 3.0.30729; Media Center PC 6.0; OfficeLiveConnector.1.3; OfficeLivePatch.0.0)"
65.52.110.64 - - [25/Jan/2011:10:57:21 +0100] "GET /attivita-in-vendita/officine-meccaniche-di-precisione_s438.html HTTP/1.1" 200 3041 "-" "Mozilla/5.0 (compatible; bingbot/2.0; +http://www.bing.com/bingbot.htm)"
87.28.161.50 - - [25/Jan/2011:10:57:21 +0100] "GET /js/jquery-1.4.2.min.js HTTP/1.1" 200 72174 "http://www.aziendaitalia.com/cedere-ristoranti.php?gclid=CLSI-PCL1aYCFYMTfAod81fvMw" "Mozilla/4.0 (compatible; MSIE 8.0; Windows NT 6.1; WOW64; Trident/4.0; SLCC2; .NET CLR 2.0.50727; .NET CLR 3.5.30729; .NET CLR 3.0.30729; Media Center PC 6.0; OfficeLiveConnector.1.3; OfficeLivePatch.0.0)"
87.28.161.50 - - [25/Jan/2011:10:57:21 +0100] "GET /js/general.js HTTP/1.1" 200 5776 "http://www.aziendaitalia.com/cedere-ristoranti.php?gclid=CLSI-PCL1aYCFYMTfAod81fvMw" "Mozilla/4.0 (compatible; MSIE 8.0; Windows NT 6.1; WOW64; Trident/4.0; SLCC2; .NET CLR 2.0.50727; .NET CLR 3.5.30729; .NET CLR 3.0.30729; Media Center PC 6.0; OfficeLiveConnector.1.3; OfficeLivePatch.0.0)"
87.28.161.50 - - [25/Jan/2011:10:57:22 +0100] "GET /img/layout/menubar.gif HTTP/1.1" 200 1302 "http://www.aziendaitalia.com/cedere-ristoranti.php?gclid=CLSI-PCL1aYCFYMTfAod81fvMw" "Mozilla/4.0 (compatible; MSIE 8.0; Windows NT 6.1; WOW64; Trident/4.0; SLCC2; .NET CLR 2.0.50727; .NET CLR 3.5.30729; .NET CLR 3.0.30729; Media Center PC 6.0; OfficeLiveConnector.1.3; OfficeLivePatch.0.0)"
87.28.161.50 - - [25/Jan/2011:10:57:22 +0100] "GET /img/layout/header.gif HTTP/1.1" 200 15655 "http://www.aziendaitalia.com/cedere-ristoranti.php?gclid=CLSI-PCL1aYCFYMTfAod81fvMw" "Mozilla/4.0 (compatible; MSIE 8.0; Windows NT 6.1; WOW64; Trident/4.0; SLCC2; .NET CLR 2.0.50727; .NET CLR 3.5.30729; .NET CLR 3.0.30729; Media Center PC 6.0; OfficeLiveConnector.1.3; OfficeLivePatch.0.0)"
87.28.161.50 - - [25/Jan/2011:10:57:22 +0100] "GET /img/layout/bg_sidebar_separator.gif HTTP/1.1" 200 106 "http://www.aziendaitalia.com/cedere-ristoranti.php?gclid=CLSI-PCL1aYCFYMTfAod81fvMw" "Mozilla/4.0 (compatible; MSIE 8.0; Windows NT 6.1; WOW64; Trident/4.0; SLCC2; .NET CLR 2.0.50727; .NET CLR 3.5.30729; .NET CLR 3.0.30729; Media Center PC 6.0; OfficeLiveConnector.1.3; OfficeLivePatch.0.0)"
87.28.161.50 - - [25/Jan/2011:10:57:22 +0100] "GET /img/layout/bg_wrapper_sub.gif HTTP/1.1" 200 102 "http://www.aziendaitalia.com/cedere-ristoranti.php?gclid=CLSI-PCL1aYCFYMTfAod81fvMw" "Mozilla/4.0 (compatible; MSIE 8.0; Windows NT 6.1; WOW64; Trident/4.0; SLCC2; .NET CLR 2.0.50727; .NET CLR 3.5.30729; .NET CLR 3.0.30729; Media Center PC 6.0; OfficeLiveConnector.1.3; OfficeLivePatch.0.0)"
87.28.161.50 - - [25/Jan/2011:10:57:22 +0100] "GET /img/icona-ristoranti-bar.jpg HTTP/1.1" 200 74379 "http://www.aziendaitalia.com/cedere-ristoranti.php?gclid=CLSI-PCL1aYCFYMTfAod81fvMw" "Mozilla/4.0 (compatible; MSIE 8.0; Windows NT 6.1; WOW64; Trident/4.0; SLCC2; .NET CLR 2.0.50727; .NET CLR 3.5.30729; .NET CLR 3.0.30729; Media Center PC 6.0; OfficeLiveConnector.1.3; OfficeLivePatch.0.0)"
212.103.217.66 - - [25/Jan/2011:10:57:22 +0100] "GET /attivita-in-vendita/a3347.html HTTP/1.1" 200 2477 "http://www.aziendaitalia.com/attivita-in-vendita/ristoranti_a-padova_s144_p65.html" "Mozilla/4.0 (compatible; MSIE 6.0; Windows NT 5.1; SV1; .NET CLR 1.1.4322; .NET CLR 2.0.50727)"
87.23.53.103 - - [25/Jan/2011:10:57:23 +0100] "GET /attivita-in-vendita/a-bergamo_p7.html HTTP/1.1" 200 4483 "http://www.aziendaitalia.com/attivita-in-vendita/a-milano_p6.html" "Mozilla/5.0 (Macintosh; U; Intel Mac OS X 10.5; it; rv:1.9.1.16) Gecko/20101130 Firefox/3.5.16"
87.23.53.103 - - [25/Jan/2011:10:57:23 +0100] "GET /css/style.css HTTP/1.1" 200 3366 "http://www.aziendaitalia.com/attivita-in-vendita/a-bergamo_p7.html" "Mozilla/5.0 (Macintosh; U; Intel Mac OS X 10.5; it; rv:1.9.1.16) Gecko/20101130 Firefox/3.5.16"
87.23.53.103 - - [25/Jan/2011:10:57:24 +0100] "GET /attivita-in-vendita/a-bergamo_p7.html?page=5 HTTP/1.1" 200 4384 "http://www.aziendaitalia.com/attivita-in-vendita/a-bergamo_p7.html" "Mozilla/5.0 (Macintosh; U; Intel Mac OS X 10.5; it; rv:1.9.1.16) Gecko/20101130 Firefox/3.5.16"
87.23.53.103 - - [25/Jan/2011:10:57:24 +0100] "GET /css/style.css HTTP/1.1" 200 3366 "http://www.aziendaitalia.com/attivita-in-vendita/a-bergamo_p7.html?page=5" "Mozilla/5.0 (Macintosh; U; Intel Mac OS X 10.5; it; rv:1.9.1.16) Gecko/20101130 Firefox/3.5.16"
95.239.7.88 - - [25/Jan/2011:10:57:27 +0100] "GET /attivita.html?gclid=COfCm--Et6ICFYyT3wodgkPV6g HTTP/1.1" 404 272 "-" "Mozilla/5.0 (Windows; U; Windows NT 5.1; it; rv:1.9.2.13) Gecko/20101203 Firefox/3.6.13"
95.239.7.88 - - [25/Jan/2011:10:57:27 +0100] "GET /favicon.ico HTTP/1.1" 200 1406 "-" "Mozilla/5.0 (Windows; U; Windows NT 5.1; it; rv:1.9.2.13) Gecko/20101203 Firefox/3.6.13"
95.227.147.129 - - [25/Jan/2011:10:57:28 +0100] "GET /attivita-in-vendita/?gclid=CJL9v_SL1aYCFcwmfAodaA2KKg HTTP/1.1" 200 2323 "http://www.google.it/aclk?sa=l&ai=CX_L9wJ0-Tb6vLcKNOtX5nCPD-prUAbuIhrAX2eaqNQgAEAEgsYrfBlDWiJ27BmD96p2ErBKgAYOcof4DyAEBqQJHlDRGfee2PqoEG0_QcQARmKbcaAdt-DgqRDdlIzmjmA4bM_ClWYAFkE4&sig=AGiWqtyRmvqaL45RerAwyVfblQNWJRlz0A&adurl=http://www.aziendaitalia.com/attivita-in-vendita/&rct=j&q=attivit%C3%A0%20commerciali%20in%20vendita%20parma" "Mozilla/4.0 (compatible; MSIE 8.0; Windows NT 5.1; Trident/4.0; GTB6.6; .NET CLR 1.1.4322)"
95.227.147.129 - - [25/Jan/2011:10:57:28 +0100] "GET /css/style.css HTTP/1.1" 200 3366 "http://www.aziendaitalia.com/attivita-in-vendita/?gclid=CJL9v_SL1aYCFcwmfAodaA2KKg" "Mozilla/4.0 (compatible; MSIE 8.0; Windows NT 5.1; Trident/4.0; GTB6.6; .NET CLR 1.1.4322)"
95.227.147.129 - - [25/Jan/2011:10:57:28 +0100] "GET /css/style.css HTTP/1.1" 200 3366 "http://www.aziendaitalia.com/attivita-in-vendita/?gclid=CJL9v_SL1aYCFcwmfAodaA2KKg" "Mozilla/4.0 (compatible; MSIE 8.0; Windows NT 5.1; Trident/4.0; GTB6.6; .NET CLR 1.1.4322)"
95.227.147.129 - - [25/Jan/2011:10:57:28 +0100] "GET /js/jquery-1.4.2.min.js HTTP/1.1" 200 72174 "http://www.aziendaitalia.com/attivita-in-vendita/?gclid=CJL9v_SL1aYCFcwmfAodaA2KKg" "Mozilla/4.0 (compatible; MSIE 8.0; Windows NT 5.1; Trident/4.0; GTB6.6; .NET CLR 1.1.4322)"
95.227.147.129 - - [25/Jan/2011:10:57:28 +0100] "GET /js/general.js HTTP/1.1" 200 5776 "http://www.aziendaitalia.com/attivita-in-vendita/?gclid=CJL9v_SL1aYCFcwmfAodaA2KKg" "Mozilla/4.0 (compatible; MSIE 8.0; Windows NT 5.1; Trident/4.0; GTB6.6; .NET CLR 1.1.4322)"
151.54.245.26 - - [25/Jan/2011:10:57:28 +0100] "GET /attivita-in-vendita/alberghi-ristoranti-bar-agriturismo-aziende-agricole_m1.html HTTP/1.1" 200 3665 "http://www.aziendaitalia.com/attivita-in-vendita/?gclid=CO_7_d2L1aYCFYMTfAod81fvMw" "Mozilla/5.0 (Windows; U; Windows NT 5.1; en-US) AppleWebKit/534.10 (KHTML, like Gecko) Chrome/8.0.552.224 Safari/534.10"
95.227.147.129 - - [25/Jan/2011:10:57:28 +0100] "GET /img/layout/bg_wrapper_sub.gif HTTP/1.1" 200 102 "http://www.aziendaitalia.com/attivita-in-vendita/?gclid=CJL9v_SL1aYCFcwmfAodaA2KKg" "Mozilla/4.0 (compatible; MSIE 8.0; Windows NT 5.1; Trident/4.0; GTB6.6; .NET CLR 1.1.4322)"
95.227.147.129 - - [25/Jan/2011:10:57:28 +0100] "GET /img/layout/header.gif HTTP/1.1" 200 15655 "http://www.aziendaitalia.com/attivita-in-vendita/?gclid=CJL9v_SL1aYCFcwmfAodaA2KKg" "Mozilla/4.0 (compatible; MSIE 8.0; Windows NT 5.1; Trident/4.0; GTB6.6; .NET CLR 1.1.4322)"
95.227.147.129 - - [25/Jan/2011:10:57:28 +0100] "GET /img/layout/bg_sidebar_separator.gif HTTP/1.1" 200 106 "http://www.aziendaitalia.com/attivita-in-vendita/?gclid=CJL9v_SL1aYCFcwmfAodaA2KKg" "Mozilla/4.0 (compatible; MSIE 8.0; Windows NT 5.1; Trident/4.0; GTB6.6; .NET CLR 1.1.4322)"
95.227.147.129 - - [25/Jan/2011:10:57:28 +0100] "GET /img/layout/menubar.gif HTTP/1.1" 200 1302 "http://www.aziendaitalia.com/attivita-in-vendita/?gclid=CJL9v_SL1aYCFcwmfAodaA2KKg" "Mozilla/4.0 (compatible; MSIE 8.0; Windows NT 5.1; Trident/4.0; GTB6.6; .NET CLR 1.1.4322)"
95.227.147.129 - - [25/Jan/2011:10:57:28 +0100] "GET /img/layout/dot.png HTTP/1.1" 200 2899 "http://www.aziendaitalia.com/attivita-in-vendita/?gclid=CJL9v_SL1aYCFcwmfAodaA2KKg" "Mozilla/4.0 (compatible; MSIE 8.0; Windows NT 5.1; Trident/4.0; GTB6.6; .NET CLR 1.1.4322)"
95.227.147.129 - - [25/Jan/2011:10:57:28 +0100] "GET /img/thumb/phpThumb.php?src=/admin/img/1283511116_5135-4001Y-A.JPG&w=148&h=138&zc=1&q=90 HTTP/1.1" 200 9692 "http://www.aziendaitalia.com/attivita-in-vendita/?gclid=CJL9v_SL1aYCFcwmfAodaA2KKg" "Mozilla/4.0 (compatible; MSIE 8.0; Windows NT 5.1; Trident/4.0; GTB6.6; .NET CLR 1.1.4322)"
95.227.147.129 - - [25/Jan/2011:10:57:28 +0100] "GET /img/thumb/phpThumb.php?src=/admin/img/1295368730_5945-6289D-A.JPG&w=148&h=138&zc=1&q=90 HTTP/1.1" 200 9397 "http://www.aziendaitalia.com/attivita-in-vendita/?gclid=CJL9v_SL1aYCFcwmfAodaA2KKg" "Mozilla/4.0 (compatible; MSIE 8.0; Windows NT 5.1; Trident/4.0; GTB6.6; .NET CLR 1.1.4322)"
95.227.147.129 - - [25/Jan/2011:10:57:28 +0100] "GET /img/thumb/phpThumb.php?src=/admin/img/1284121274_8018-5308G-A.JPG&w=148&h=138&zc=1&q=90 HTTP/1.1" 200 7134 "http://www.aziendaitalia.com/attivita-in-vendita/?gclid=CJL9v_SL1aYCFcwmfAodaA2KKg" "Mozilla/4.0 (compatible; MSIE 8.0; Windows NT 5.1; Trident/4.0; GTB6.6; .NET CLR 1.1.4322)"
95.227.147.129 - - [25/Jan/2011:10:57:28 +0100] "GET /favicon.ico HTTP/1.1" 200 1406 "-" "Mozilla/4.0 (compatible; MSIE 8.0; Windows NT 5.1; Trident/4.0; GTB6.6; .NET CLR 1.1.4322)"
87.28.161.50 - - [25/Jan/2011:10:57:29 +0100] "GET /favicon.ico HTTP/1.1" 200 1406 "-" "Mozilla/4.0 (compatible; MSIE 8.0; Windows NT 6.1; WOW64; Trident/4.0; SLCC2; .NET CLR 2.0.50727; .NET CLR 3.5.30729; .NET CLR 3.0.30729; Media Center PC 6.0; OfficeLiveConnector.1.3; OfficeLivePatch.0.0)"
151.54.245.26 - - [25/Jan/2011:10:57:32 +0100] "GET /css/style.css HTTP/1.1" 200 3366 "http://www.aziendaitalia.com/attivita-in-vendita/alberghi-ristoranti-bar-agriturismo-aziende-agricole_m1.html" "Mozilla/5.0 (Windows; U; Windows NT 5.1; en-US) AppleWebKit/534.10 (KHTML, like Gecko) Chrome/8.0.552.224 Safari/534.10"
95.239.7.88 - - [25/Jan/2011:10:57:34 +0100] "GET /attivita.html?gclid=COfCm--Et6ICFYyT3wodgkPV6g HTTP/1.1" 404 272 "-" "Mozilla/5.0 (Windows; U; Windows NT 5.1; it; rv:1.9.2.13) Gecko/20101203 Firefox/3.6.13"
