151.90.254.207 - - [25/Jan/2011:10:01:02 +0100] "GET /attivita-in-vendita/a3079.html HTTP/1.0" 200 2819 "http://www.aziendaitalia.com/attivita-in-vendita/lazio_r7.html?page=3" "Mozilla/4.0 (compatible; MSIE 8.0; Windows NT 5.1; Trident/4.0; .NET CLR 1.1.4322; .NET CLR 2.0.50727; .NET CLR 3.0.4506.2152; .NET CLR 3.5.30729)"
151.90.254.207 - - [25/Jan/2011:10:01:02 +0100] "GET /img/thumb/phpThumb.php?src=/admin/img/1283519230_2532-5381S-A.jpg&w=148&h=138&zc=1&q=90 HTTP/1.0" 200 8271 "http://www.aziendaitalia.com/attivita-in-vendita/a3079.html" "Mozilla/4.0 (compatible; MSIE 8.0; Windows NT 5.1; Trident/4.0; .NET CLR 1.1.4322; .NET CLR 2.0.50727; .NET CLR 3.0.4506.2152; .NET CLR 3.5.30729)"
151.90.254.207 - - [25/Jan/2011:10:01:02 +0100] "GET /img/thumb/phpThumb.php?src=/admin/img/1283519237_2532-5381S-B.jpg&w=148&h=138&zc=1&q=90 HTTP/1.0" 200 9598 "http://www.aziendaitalia.com/attivita-in-vendita/a3079.html" "Mozilla/4.0 (compatible; MSIE 8.0; Windows NT 5.1; Trident/4.0; .NET CLR 1.1.4322; .NET CLR 2.0.50727; .NET CLR 3.0.4506.2152; .NET CLR 3.5.30729)"
151.90.254.207 - - [25/Jan/2011:10:01:02 +0100] "GET /img/thumb/phpThumb.php?src=/admin/img/1283519249_2532-5381S-D.jpg&w=148&h=138&zc=1&q=90 HTTP/1.0" 200 9632 "http://www.aziendaitalia.com/attivita-in-vendita/a3079.html" "Mozilla/4.0 (compatible; MSIE 8.0; Windows NT 5.1; Trident/4.0; .NET CLR 1.1.4322; .NET CLR 2.0.50727; .NET CLR 3.0.4506.2152; .NET CLR 3.5.30729)"
151.90.254.207 - - [25/Jan/2011:10:01:02 +0100] "GET /img/thumb/phpThumb.php?src=/admin/img/1283519244_2532-5381S-C.jpg&w=148&h=138&zc=1&q=90 HTTP/1.0" 200 10239 "http://www.aziendaitalia.com/attivita-in-vendita/a3079.html" "Mozilla/4.0 (compatible; MSIE 8.0; Windows NT 5.1; Trident/4.0; .NET CLR 1.1.4322; .NET CLR 2.0.50727; .NET CLR 3.0.4506.2152; .NET CLR 3.5.30729)"
79.51.85.160 - - [25/Jan/2011:10:01:13 +0100] "GET /cedere-ristoranti.php?gclid=CJbIuqv_1KYCFUEOfAod7Vj_Mw HTTP/1.1" 200 3921 "http://www.google.it/search?client=safari&rls=en&q=ristoranti+in+vendita+a+milano&ie=UTF-8&oe=UTF-8&redir_esc=&ei=VJE-TeGLKMrtsgbLytj4BA" "Mozilla/5.0 (Macintosh; U; Intel Mac OS X 10_6_4; it-it) AppleWebKit/533.16 (KHTML, like Gecko) Version/5.0 Safari/533.16"
79.51.85.160 - - [25/Jan/2011:10:01:13 +0100] "GET /js/general.js HTTP/1.1" 200 5776 "http://www.aziendaitalia.com/cedere-ristoranti.php?gclid=CJbIuqv_1KYCFUEOfAod7Vj_Mw" "Mozilla/5.0 (Macintosh; U; Intel Mac OS X 10_6_4; it-it) AppleWebKit/533.16 (KHTML, like Gecko) Version/5.0 Safari/533.16"
79.51.85.160 - - [25/Jan/2011:10:01:13 +0100] "GET /css/style.css HTTP/1.1" 200 3366 "http://www.aziendaitalia.com/cedere-ristoranti.php?gclid=CJbIuqv_1KYCFUEOfAod7Vj_Mw" "Mozilla/5.0 (Macintosh; U; Intel Mac OS X 10_6_4; it-it) AppleWebKit/533.16 (KHTML, like Gecko) Version/5.0 Safari/533.16"
79.51.85.160 - - [25/Jan/2011:10:01:13 +0100] "GET /js/jquery-1.4.2.min.js HTTP/1.1" 200 72174 "http://www.aziendaitalia.com/cedere-ristoranti.php?gclid=CJbIuqv_1KYCFUEOfAod7Vj_Mw" "Mozilla/5.0 (Macintosh; U; Intel Mac OS X 10_6_4; it-it) AppleWebKit/533.16 (KHTML, like Gecko) Version/5.0 Safari/533.16"
79.51.85.160 - - [25/Jan/2011:10:01:14 +0100] "GET /img/layout/bg_wrapper_sub.gif HTTP/1.1" 200 102 "http://www.aziendaitalia.com/cedere-ristoranti.php?gclid=CJbIuqv_1KYCFUEOfAod7Vj_Mw" "Mozilla/5.0 (Macintosh; U; Intel Mac OS X 10_6_4; it-it) AppleWebKit/533.16 (KHTML, like Gecko) Version/5.0 Safari/533.16"
79.51.85.160 - - [25/Jan/2011:10:01:14 +0100] "GET /img/layout/header.gif HTTP/1.1" 200 15655 "http://www.aziendaitalia.com/cedere-ristoranti.php?gclid=CJbIuqv_1KYCFUEOfAod7Vj_Mw" "Mozilla/5.0 (Macintosh; U; Intel Mac OS X 10_6_4; it-it) AppleWebKit/533.16 (KHTML, like Gecko) Version/5.0 Safari/533.16"
79.51.85.160 - - [25/Jan/2011:10:01:14 +0100] "GET /img/layout/bg_sidebar_separator.gif HTTP/1.1" 200 106 "http://www.aziendaitalia.com/cedere-ristoranti.php?gclid=CJbIuqv_1KYCFUEOfAod7Vj_Mw" "Mozilla/5.0 (Macintosh; U; Intel Mac OS X 10_6_4; it-it) AppleWebKit/533.16 (KHTML, like Gecko) Version/5.0 Safari/533.16"
79.51.85.160 - - [25/Jan/2011:10:01:14 +0100] "GET /img/layout/menubar.gif HTTP/1.1" 200 1302 "http://www.aziendaitalia.com/cedere-ristoranti.php?gclid=CJbIuqv_1KYCFUEOfAod7Vj_Mw" "Mozilla/5.0 (Macintosh; U; Intel Mac OS X 10_6_4; it-it) AppleWebKit/533.16 (KHTML, like Gecko) Version/5.0 Safari/533.16"
79.51.85.160 - - [25/Jan/2011:10:01:14 +0100] "GET /img/icona-ristoranti-bar.jpg HTTP/1.1" 200 74379 "http://www.aziendaitalia.com/cedere-ristoranti.php?gclid=CJbIuqv_1KYCFUEOfAod7Vj_Mw" "Mozilla/5.0 (Macintosh; U; Intel Mac OS X 10_6_4; it-it) AppleWebKit/533.16 (KHTML, like Gecko) Version/5.0 Safari/533.16"
79.51.85.160 - - [25/Jan/2011:10:01:14 +0100] "GET /favicon.ico HTTP/1.1" 200 1406 "http://www.aziendaitalia.com/cedere-ristoranti.php?gclid=CJbIuqv_1KYCFUEOfAod7Vj_Mw" "Mozilla/5.0 (Macintosh; U; Intel Mac OS X 10_6_4; it-it) AppleWebKit/533.16 (KHTML, like Gecko) Version/5.0 Safari/533.16"
95.75.250.239 - - [25/Jan/2011:10:01:18 +0100] "GET /about-us/ HTTP/1.1" 200 2973 "http://www.aziendaitalia.com/attivita-in-vendita/bar-caff%C3%A9_a-bologna_s149_p137.html" "Mozilla/5.0 (Windows; U; Windows NT 6.0; en-US) AppleWebKit/534.10 (KHTML, like Gecko) Chrome/8.0.552.237 Safari/534.10"
95.75.250.239 - - [25/Jan/2011:10:01:18 +0100] "GET /css/style.css HTTP/1.1" 200 3366 "http://www.aziendaitalia.com/about-us/" "Mozilla/5.0 (Windows; U; Windows NT 6.0; en-US) AppleWebKit/534.10 (KHTML, like Gecko) Chrome/8.0.552.237 Safari/534.10"
95.75.250.239 - - [25/Jan/2011:10:01:19 +0100] "GET /img/foto/Cristiano.jpg HTTP/1.1" 200 37213 "http://www.aziendaitalia.com/about-us/" "Mozilla/5.0 (Windows; U; Windows NT 6.0; en-US) AppleWebKit/534.10 (KHTML, like Gecko) Chrome/8.0.552.237 Safari/534.10"
151.90.254.207 - - [25/Jan/2011:10:01:25 +0100] "GET /attivita-in-vendita/a2921.html HTTP/1.0" 200 3133 "http://www.aziendaitalia.com/attivita-in-vendita/lazio_r7.html?page=3" "Mozilla/4.0 (compatible; MSIE 8.0; Windows NT 5.1; Trident/4.0; .NET CLR 1.1.4322; .NET CLR 2.0.50727; .NET CLR 3.0.4506.2152; .NET CLR 3.5.30729)"
151.90.254.207 - - [25/Jan/2011:10:01:26 +0100] "GET /img/thumb/phpThumb.php?src=/admin/img/1287223466_6046-4006S-E.jpg&w=148&h=138&zc=1&q=90 HTTP/1.0" 200 7988 "http://www.aziendaitalia.com/attivita-in-vendita/a2921.html" "Mozilla/4.0 (compatible; MSIE 8.0; Windows NT 5.1; Trident/4.0; .NET CLR 1.1.4322; .NET CLR 2.0.50727; .NET CLR 3.0.4506.2152; .NET CLR 3.5.30729)"
151.90.254.207 - - [25/Jan/2011:10:01:26 +0100] "GET /img/thumb/phpThumb.php?src=/admin/img/1287223463_6046-4006S-D.jpg&w=148&h=138&zc=1&q=90 HTTP/1.0" 200 8123 "http://www.aziendaitalia.com/attivita-in-vendita/a2921.html" "Mozilla/4.0 (compatible; MSIE 8.0; Windows NT 5.1; Trident/4.0; .NET CLR 1.1.4322; .NET CLR 2.0.50727; .NET CLR 3.0.4506.2152; .NET CLR 3.5.30729)"
151.90.254.207 - - [25/Jan/2011:10:01:26 +0100] "GET /img/thumb/phpThumb.php?src=/admin/img/1287223459_6046-4006S-C.jpg&w=148&h=138&zc=1&q=90 HTTP/1.0" 200 7143 "http://www.aziendaitalia.com/attivita-in-vendita/a2921.html" "Mozilla/4.0 (compatible; MSIE 8.0; Windows NT 5.1; Trident/4.0; .NET CLR 1.1.4322; .NET CLR 2.0.50727; .NET CLR 3.0.4506.2152; .NET CLR 3.5.30729)"
151.90.254.207 - - [25/Jan/2011:10:01:26 +0100] "GET /img/thumb/phpThumb.php?src=/admin/img/1287223456_6046-4006S-B.jpg&w=148&h=138&zc=1&q=90 HTTP/1.0" 200 6539 "http://www.aziendaitalia.com/attivita-in-vendita/a2921.html" "Mozilla/4.0 (compatible; MSIE 8.0; Windows NT 5.1; Trident/4.0; .NET CLR 1.1.4322; .NET CLR 2.0.50727; .NET CLR 3.0.4506.2152; .NET CLR 3.5.30729)"
151.90.254.207 - - [25/Jan/2011:10:01:30 +0100] "GET /attivita-in-vendita/lazio_r7.html?page=4 HTTP/1.0" 200 4299 "http://www.aziendaitalia.com/attivita-in-vendita/lazio_r7.html?page=3" "Mozilla/4.0 (compatible; MSIE 8.0; Windows NT 5.1; Trident/4.0; .NET CLR 1.1.4322; .NET CLR 2.0.50727; .NET CLR 3.0.4506.2152; .NET CLR 3.5.30729)"
79.51.85.160 - - [25/Jan/2011:10:01:36 +0100] "GET /attivita-in-vendita/ristoranti_s144.html HTTP/1.1" 200 4097 "http://www.aziendaitalia.com/cedere-ristoranti.php?gclid=CJbIuqv_1KYCFUEOfAod7Vj_Mw" "Mozilla/5.0 (Macintosh; U; Intel Mac OS X 10_6_4; it-it) AppleWebKit/533.16 (KHTML, like Gecko) Version/5.0 Safari/533.16"
79.51.85.160 - - [25/Jan/2011:10:01:36 +0100] "GET /css/style.css HTTP/1.1" 200 3366 "http://www.aziendaitalia.com/attivita-in-vendita/ristoranti_s144.html" "Mozilla/5.0 (Macintosh; U; Intel Mac OS X 10_6_4; it-it) AppleWebKit/533.16 (KHTML, like Gecko) Version/5.0 Safari/533.16"
79.51.85.160 - - [25/Jan/2011:10:01:36 +0100] "GET /img/layout/dot.png HTTP/1.1" 200 2899 "http://www.aziendaitalia.com/attivita-in-vendita/ristoranti_s144.html" "Mozilla/5.0 (Macintosh; U; Intel Mac OS X 10_6_4; it-it) AppleWebKit/533.16 (KHTML, like Gecko) Version/5.0 Safari/533.16"
79.51.85.160 - - [25/Jan/2011:10:01:36 +0100] "GET /img/thumb/phpThumb.php?src=/admin/img/1295352032_3556-6537T-A.jpg&w=148&h=138&zc=1&q=90 HTTP/1.1" 200 11401 "http://www.aziendaitalia.com/attivita-in-vendita/ristoranti_s144.html" "Mozilla/5.0 (Macintosh; U; Intel Mac OS X 10_6_4; it-it) AppleWebKit/533.16 (KHTML, like Gecko) Version/5.0 Safari/533.16"
79.51.85.160 - - [25/Jan/2011:10:01:36 +0100] "GET /img/thumb/phpThumb.php?src=/admin/img/1295351573_3633-9173Q-A.jpg&w=148&h=138&zc=1&q=90 HTTP/1.1" 200 8925 "http://www.aziendaitalia.com/attivita-in-vendita/ristoranti_s144.html" "Mozilla/5.0 (Macintosh; U; Intel Mac OS X 10_6_4; it-it) AppleWebKit/533.16 (KHTML, like Gecko) Version/5.0 Safari/533.16"
79.51.85.160 - - [25/Jan/2011:10:01:43 +0100] "GET /rilevare-attivita/ HTTP/1.1" 200 3679 "http://www.aziendaitalia.com/attivita-in-vendita/ristoranti_s144.html" "Mozilla/5.0 (Macintosh; U; Intel Mac OS X 10_6_4; it-it) AppleWebKit/533.16 (KHTML, like Gecko) Version/5.0 Safari/533.16"
79.51.85.160 - - [25/Jan/2011:10:01:43 +0100] "GET /css/style.css HTTP/1.1" 200 3366 "http://www.aziendaitalia.com/rilevare-attivita/" "Mozilla/5.0 (Macintosh; U; Intel Mac OS X 10_6_4; it-it) AppleWebKit/533.16 (KHTML, like Gecko) Version/5.0 Safari/533.16"
207.46.195.227 - - [25/Jan/2011:10:01:49 +0100] "GET /bancadati-scheda.php?idreg=1&idind=2&idcat=&idazienda=12320 HTTP/1.1" 404 277 "-" "Mozilla/5.0 (compatible; bingbot/2.0; +http://www.bing.com/bingbot.htm)"
79.51.85.160 - - [25/Jan/2011:10:01:51 +0100] "GET /attivita-in-vendita/a-milano_p6.html HTTP/1.1" 200 4640 "http://www.aziendaitalia.com/attivita-in-vendita/ristoranti_s144.html" "Mozilla/5.0 (Macintosh; U; Intel Mac OS X 10_6_4; it-it) AppleWebKit/533.16 (KHTML, like Gecko) Version/5.0 Safari/533.16"
79.51.85.160 - - [25/Jan/2011:10:01:51 +0100] "GET /css/style.css HTTP/1.1" 200 3366 "http://www.aziendaitalia.com/attivita-in-vendita/a-milano_p6.html" "Mozilla/5.0 (Macintosh; U; Intel Mac OS X 10_6_4; it-it) AppleWebKit/533.16 (KHTML, like Gecko) Version/5.0 Safari/533.16"
79.51.85.160 - - [25/Jan/2011:10:01:51 +0100] "GET /img/layout/italia/italynorth.gif HTTP/1.1" 200 3837 "http://www.aziendaitalia.com/attivita-in-vendita/a-milano_p6.html" "Mozilla/5.0 (Macintosh; U; Intel Mac OS X 10_6_4; it-it) AppleWebKit/533.16 (KHTML, like Gecko) Version/5.0 Safari/533.16"
72.5.230.111 - - [25/Jan/2011:10:01:53 +0100] "HEAD / HTTP/1.1" 200 - "-" "Site 24 X 7"
151.90.254.207 - - [25/Jan/2011:10:01:53 +0100] "GET /attivita-in-vendita/a2803.html HTTP/1.0" 200 2640 "http://www.aziendaitalia.com/attivita-in-vendita/lazio_r7.html?page=4" "Mozilla/4.0 (compatible; MSIE 8.0; Windows NT 5.1; Trident/4.0; .NET CLR 1.1.4322; .NET CLR 2.0.50727; .NET CLR 3.0.4506.2152; .NET CLR 3.5.30729)"
95.75.250.239 - - [25/Jan/2011:10:01:58 +0100] "GET /about-us/filosofia-aziendale.html HTTP/1.1" 200 2325 "http://www.aziendaitalia.com/about-us/" "Mozilla/5.0 (Windows; U; Windows NT 6.0; en-US) AppleWebKit/534.10 (KHTML, like Gecko) Chrome/8.0.552.237 Safari/534.10"
95.75.250.239 - - [25/Jan/2011:10:01:58 +0100] "GET /css/style.css HTTP/1.1" 200 3366 "http://www.aziendaitalia.com/about-us/filosofia-aziendale.html" "Mozilla/5.0 (Windows; U; Windows NT 6.0; en-US) AppleWebKit/534.10 (KHTML, like Gecko) Chrome/8.0.552.237 Safari/534.10"
151.90.254.207 - - [25/Jan/2011:10:02:00 +0100] "GET /img/layout/italia/italyisles.gif HTTP/1.0" 200 3919 "http://www.aziendaitalia.com/attivita-in-vendita/lazio_r7.html?page=4" "Mozilla/4.0 (compatible; MSIE 8.0; Windows NT 5.1; Trident/4.0; .NET CLR 1.1.4322; .NET CLR 2.0.50727; .NET CLR 3.0.4506.2152; .NET CLR 3.5.30729)"
79.51.85.160 - - [25/Jan/2011:10:02:04 +0100] "GET /attivita-in-vendita/a-milano_p6.html HTTP/1.1" 200 4640 "http://www.aziendaitalia.com/attivita-in-vendita/a-milano_p6.html" "Mozilla/5.0 (Macintosh; U; Intel Mac OS X 10_6_4; it-it) AppleWebKit/533.16 (KHTML, like Gecko) Version/5.0 Safari/533.16"
79.51.85.160 - - [25/Jan/2011:10:02:04 +0100] "GET /css/style.css HTTP/1.1" 200 3366 "http://www.aziendaitalia.com/attivita-in-vendita/a-milano_p6.html" "Mozilla/5.0 (Macintosh; U; Intel Mac OS X 10_6_4; it-it) AppleWebKit/533.16 (KHTML, like Gecko) Version/5.0 Safari/533.16"
151.90.254.207 - - [25/Jan/2011:10:02:06 +0100] "GET /attivita-in-vendita/a2802.html HTTP/1.0" 200 2628 "http://www.aziendaitalia.com/attivita-in-vendita/lazio_r7.html?page=4" "Mozilla/4.0 (compatible; MSIE 8.0; Windows NT 5.1; Trident/4.0; .NET CLR 1.1.4322; .NET CLR 2.0.50727; .NET CLR 3.0.4506.2152; .NET CLR 3.5.30729)"
79.51.85.160 - - [25/Jan/2011:10:02:09 +0100] "GET /attivita-in-vendita/alberghi-ristoranti-bar-agriturismo-aziende-agricole_a-milano_m1_p6.html HTTP/1.1" 200 4516 "http://www.aziendaitalia.com/attivita-in-vendita/a-milano_p6.html" "Mozilla/5.0 (Macintosh; U; Intel Mac OS X 10_6_4; it-it) AppleWebKit/533.16 (KHTML, like Gecko) Version/5.0 Safari/533.16"
79.51.85.160 - - [25/Jan/2011:10:02:09 +0100] "GET /css/style.css HTTP/1.1" 200 3366 "http://www.aziendaitalia.com/attivita-in-vendita/alberghi-ristoranti-bar-agriturismo-aziende-agricole_a-milano_m1_p6.html" "Mozilla/5.0 (Macintosh; U; Intel Mac OS X 10_6_4; it-it) AppleWebKit/533.16 (KHTML, like Gecko) Version/5.0 Safari/533.16"
109.113.186.107 - - [25/Jan/2011:10:02:13 +0100] "GET /rilevare-attivita/?gclid=CPmgwcf_1KYCFYVjfAoduQj1Mw HTTP/1.1" 200 3712 "http://vendita-negozi.vivastreet.virgilio.it/attivita-commerciali+aversa/q/negozio-vendita" "Mozilla/4.0 (compatible; MSIE 8.0; Windows NT 6.1; WOW64; Trident/4.0; SLCC2; .NET CLR 2.0.50727; .NET CLR 3.5.30729; .NET CLR 3.0.30729; Media Center PC 6.0; InfoPath.2)"
109.113.186.107 - - [25/Jan/2011:10:02:13 +0100] "GET /css/style.css HTTP/1.1" 200 3366 "http://www.aziendaitalia.com/rilevare-attivita/?gclid=CPmgwcf_1KYCFYVjfAoduQj1Mw" "Mozilla/4.0 (compatible; MSIE 8.0; Windows NT 6.1; WOW64; Trident/4.0; SLCC2; .NET CLR 2.0.50727; .NET CLR 3.5.30729; .NET CLR 3.0.30729; Media Center PC 6.0; InfoPath.2)"
151.90.254.207 - - [25/Jan/2011:10:02:13 +0100] "GET /attivita-in-vendita/lazio_r7.html?page=5 HTTP/1.0" 200 4322 "http://www.aziendaitalia.com/attivita-in-vendita/lazio_r7.html?page=4" "Mozilla/4.0 (compatible; MSIE 8.0; Windows NT 5.1; Trident/4.0; .NET CLR 1.1.4322; .NET CLR 2.0.50727; .NET CLR 3.0.4506.2152; .NET CLR 3.5.30729)"
109.113.186.107 - - [25/Jan/2011:10:02:14 +0100] "GET /js/general.js HTTP/1.1" 200 5776 "http://www.aziendaitalia.com/rilevare-attivita/?gclid=CPmgwcf_1KYCFYVjfAoduQj1Mw" "Mozilla/4.0 (compatible; MSIE 8.0; Windows NT 6.1; WOW64; Trident/4.0; SLCC2; .NET CLR 2.0.50727; .NET CLR 3.5.30729; .NET CLR 3.0.30729; Media Center PC 6.0; InfoPath.2)"
79.51.85.160 - - [25/Jan/2011:10:02:14 +0100] "GET /attivita-in-vendita/ristoranti-bar_a-milano_c21_p6.html HTTP/1.1" 200 4631 "http://www.aziendaitalia.com/attivita-in-vendita/alberghi-ristoranti-bar-agriturismo-aziende-agricole_a-milano_m1_p6.html" "Mozilla/5.0 (Macintosh; U; Intel Mac OS X 10_6_4; it-it) AppleWebKit/533.16 (KHTML, like Gecko) Version/5.0 Safari/533.16"
79.51.85.160 - - [25/Jan/2011:10:02:15 +0100] "GET /css/style.css HTTP/1.1" 200 3366 "http://www.aziendaitalia.com/attivita-in-vendita/ristoranti-bar_a-milano_c21_p6.html" "Mozilla/5.0 (Macintosh; U; Intel Mac OS X 10_6_4; it-it) AppleWebKit/533.16 (KHTML, like Gecko) Version/5.0 Safari/533.16"
78.13.167.32 - - [25/Jan/2011:10:02:15 +0100] "GET /vendere-negozi-padova.php?gclid=CJH79cj_1KYCFYIlfAod_grLOQ HTTP/1.1" 200 3970 "http://www.google.it/aclk?sa=l&ai=CqIHZlJE-TcStNIH9sgbgtrE5w_qa1AGD2bKuGOPyjMJQCAAQASDP4dAGUL-U3J4BYP2imoSUEqABg5yh_gPIAQGpAuwTJQGo8rY-qgQbT9CbNOvhMlSZXMPE1yrRkYFUwpMsbVKiy4dsgAWQTg&sig=AGiWqtwCD2QQlcrLUxayWYbQY2hB1UioXw&adurl=http://www.aziendaitalia.com/vendere-negozi-padova.php&rct=j&q=cerca%20negozio%20nahdi'%20a%20padova" "Mozilla/4.0 (compatible; MSIE 8.0; Windows NT 5.1; Trident/4.0; GTB6.6; .NET CLR 2.0.50727; .NET CLR 1.1.4322; .NET CLR 3.0.4506.2152; .NET CLR 3.5.30729; OfficeLiveConnector.1.4; OfficeLivePatch.1.3)"
78.13.167.32 - - [25/Jan/2011:10:02:15 +0100] "GET /css/style.css HTTP/1.1" 200 3366 "http://www.aziendaitalia.com/vendere-negozi-padova.php?gclid=CJH79cj_1KYCFYIlfAod_grLOQ" "Mozilla/4.0 (compatible; MSIE 8.0; Windows NT 5.1; Trident/4.0; GTB6.6; .NET CLR 2.0.50727; .NET CLR 1.1.4322; .NET CLR 3.0.4506.2152; .NET CLR 3.5.30729; OfficeLiveConnector.1.4; OfficeLivePatch.1.3)"
78.13.167.32 - - [25/Jan/2011:10:02:15 +0100] "GET /js/jquery-1.4.2.min.js HTTP/1.1" 200 72174 "http://www.aziendaitalia.com/vendere-negozi-padova.php?gclid=CJH79cj_1KYCFYIlfAod_grLOQ" "Mozilla/4.0 (compatible; MSIE 8.0; Windows NT 5.1; Trident/4.0; GTB6.6; .NET CLR 2.0.50727; .NET CLR 1.1.4322; .NET CLR 3.0.4506.2152; .NET CLR 3.5.30729; OfficeLiveConnector.1.4; OfficeLivePatch.1.3)"
78.13.167.32 - - [25/Jan/2011:10:02:16 +0100] "GET /js/general.js HTTP/1.1" 200 5776 "http://www.aziendaitalia.com/vendere-negozi-padova.php?gclid=CJH79cj_1KYCFYIlfAod_grLOQ" "Mozilla/4.0 (compatible; MSIE 8.0; Windows NT 5.1; Trident/4.0; GTB6.6; .NET CLR 2.0.50727; .NET CLR 1.1.4322; .NET CLR 3.0.4506.2152; .NET CLR 3.5.30729; OfficeLiveConnector.1.4; OfficeLivePatch.1.3)"
78.13.167.32 - - [25/Jan/2011:10:02:16 +0100] "GET /img/icona-negozi.jpg HTTP/1.1" 200 69156 "http://www.aziendaitalia.com/vendere-negozi-padova.php?gclid=CJH79cj_1KYCFYIlfAod_grLOQ" "Mozilla/4.0 (compatible; MSIE 8.0; Windows NT 5.1; Trident/4.0; GTB6.6; .NET CLR 2.0.50727; .NET CLR 1.1.4322; .NET CLR 3.0.4506.2152; .NET CLR 3.5.30729; OfficeLiveConnector.1.4; OfficeLivePatch.1.3)"
78.13.167.32 - - [25/Jan/2011:10:02:16 +0100] "GET /img/layout/menubar.gif HTTP/1.1" 200 1302 "http://www.aziendaitalia.com/vendere-negozi-padova.php?gclid=CJH79cj_1KYCFYIlfAod_grLOQ" "Mozilla/4.0 (compatible; MSIE 8.0; Windows NT 5.1; Trident/4.0; GTB6.6; .NET CLR 2.0.50727; .NET CLR 1.1.4322; .NET CLR 3.0.4506.2152; .NET CLR 3.5.30729; OfficeLiveConnector.1.4; OfficeLivePatch.1.3)"
78.13.167.32 - - [25/Jan/2011:10:02:16 +0100] "GET /img/layout/header.gif HTTP/1.1" 200 15655 "http://www.aziendaitalia.com/vendere-negozi-padova.php?gclid=CJH79cj_1KYCFYIlfAod_grLOQ" "Mozilla/4.0 (compatible; MSIE 8.0; Windows NT 5.1; Trident/4.0; GTB6.6; .NET CLR 2.0.50727; .NET CLR 1.1.4322; .NET CLR 3.0.4506.2152; .NET CLR 3.5.30729; OfficeLiveConnector.1.4; OfficeLivePatch.1.3)"
78.13.167.32 - - [25/Jan/2011:10:02:16 +0100] "GET /img/layout/bg_sidebar_separator.gif HTTP/1.1" 200 106 "http://www.aziendaitalia.com/vendere-negozi-padova.php?gclid=CJH79cj_1KYCFYIlfAod_grLOQ" "Mozilla/4.0 (compatible; MSIE 8.0; Windows NT 5.1; Trident/4.0; GTB6.6; .NET CLR 2.0.50727; .NET CLR 1.1.4322; .NET CLR 3.0.4506.2152; .NET CLR 3.5.30729; OfficeLiveConnector.1.4; OfficeLivePatch.1.3)"
78.13.167.32 - - [25/Jan/2011:10:02:16 +0100] "GET /img/layout/bg_wrapper_sub.gif HTTP/1.1" 200 102 "http://www.aziendaitalia.com/vendere-negozi-padova.php?gclid=CJH79cj_1KYCFYIlfAod_grLOQ" "Mozilla/4.0 (compatible; MSIE 8.0; Windows NT 5.1; Trident/4.0; GTB6.6; .NET CLR 2.0.50727; .NET CLR 1.1.4322; .NET CLR 3.0.4506.2152; .NET CLR 3.5.30729; OfficeLiveConnector.1.4; OfficeLivePatch.1.3)"
78.13.167.32 - - [25/Jan/2011:10:02:16 +0100] "GET /favicon.ico HTTP/1.1" 200 1406 "-" "Mozilla/4.0 (compatible; MSIE 8.0; Windows NT 5.1; Trident/4.0; GTB6.6; .NET CLR 2.0.50727; .NET CLR 1.1.4322; .NET CLR 3.0.4506.2152; .NET CLR 3.5.30729; OfficeLiveConnector.1.4; OfficeLivePatch.1.3)"
95.75.250.239 - - [25/Jan/2011:10:02:18 +0100] "GET /rilevare-attivita/ HTTP/1.1" 200 3679 "http://www.aziendaitalia.com/about-us/filosofia-aziendale.html" "Mozilla/5.0 (Windows; U; Windows NT 6.0; en-US) AppleWebKit/534.10 (KHTML, like Gecko) Chrome/8.0.552.237 Safari/534.10"
95.75.250.239 - - [25/Jan/2011:10:02:18 +0100] "GET /css/style.css HTTP/1.1" 200 3366 "http://www.aziendaitalia.com/rilevare-attivita/" "Mozilla/5.0 (Windows; U; Windows NT 6.0; en-US) AppleWebKit/534.10 (KHTML, like Gecko) Chrome/8.0.552.237 Safari/534.10"
109.113.186.107 - - [25/Jan/2011:10:02:14 +0100] "GET /js/jquery-1.4.2.min.js HTTP/1.1" 200 72174 "http://www.aziendaitalia.com/rilevare-attivita/?gclid=CPmgwcf_1KYCFYVjfAoduQj1Mw" "Mozilla/4.0 (compatible; MSIE 8.0; Windows NT 6.1; WOW64; Trident/4.0; SLCC2; .NET CLR 2.0.50727; .NET CLR 3.5.30729; .NET CLR 3.0.30729; Media Center PC 6.0; InfoPath.2)"
109.113.186.107 - - [25/Jan/2011:10:02:24 +0100] "GET /img/layout/bg_wrapper_sub.gif HTTP/1.1" 200 102 "http://www.aziendaitalia.com/rilevare-attivita/?gclid=CPmgwcf_1KYCFYVjfAoduQj1Mw" "Mozilla/4.0 (compatible; MSIE 8.0; Windows NT 6.1; WOW64; Trident/4.0; SLCC2; .NET CLR 2.0.50727; .NET CLR 3.5.30729; .NET CLR 3.0.30729; Media Center PC 6.0; InfoPath.2)"
109.113.186.107 - - [25/Jan/2011:10:02:25 +0100] "GET /img/layout/menubar.gif HTTP/1.1" 200 1302 "http://www.aziendaitalia.com/rilevare-attivita/?gclid=CPmgwcf_1KYCFYVjfAoduQj1Mw" "Mozilla/4.0 (compatible; MSIE 8.0; Windows NT 6.1; WOW64; Trident/4.0; SLCC2; .NET CLR 2.0.50727; .NET CLR 3.5.30729; .NET CLR 3.0.30729; Media Center PC 6.0; InfoPath.2)"
109.113.186.107 - - [25/Jan/2011:10:02:25 +0100] "GET /img/layout/header.gif HTTP/1.1" 200 15655 "http://www.aziendaitalia.com/rilevare-attivita/?gclid=CPmgwcf_1KYCFYVjfAoduQj1Mw" "Mozilla/4.0 (compatible; MSIE 8.0; Windows NT 6.1; WOW64; Trident/4.0; SLCC2; .NET CLR 2.0.50727; .NET CLR 3.5.30729; .NET CLR 3.0.30729; Media Center PC 6.0; InfoPath.2)"
109.113.186.107 - - [25/Jan/2011:10:02:26 +0100] "GET /img/layout/bg_sidebar_separator.gif HTTP/1.1" 200 106 "http://www.aziendaitalia.com/rilevare-attivita/?gclid=CPmgwcf_1KYCFYVjfAoduQj1Mw" "Mozilla/4.0 (compatible; MSIE 8.0; Windows NT 6.1; WOW64; Trident/4.0; SLCC2; .NET CLR 2.0.50727; .NET CLR 3.5.30729; .NET CLR 3.0.30729; Media Center PC 6.0; InfoPath.2)"
151.90.254.207 - - [25/Jan/2011:10:02:27 +0100] "GET /attivita-in-vendita/a2711.html HTTP/1.0" 200 2772 "http://www.aziendaitalia.com/attivita-in-vendita/lazio_r7.html?page=5" "Mozilla/4.0 (compatible; MSIE 8.0; Windows NT 5.1; Trident/4.0; .NET CLR 1.1.4322; .NET CLR 2.0.50727; .NET CLR 3.0.4506.2152; .NET CLR 3.5.30729)"
151.90.254.207 - - [25/Jan/2011:10:02:28 +0100] "GET /img/thumb/phpThumb.php?src=/admin/img/1282210905_2078-2478G-A1.jpg&w=148&h=138&zc=1&q=90 HTTP/1.0" 200 7297 "http://www.aziendaitalia.com/attivita-in-vendita/a2711.html" "Mozilla/4.0 (compatible; MSIE 8.0; Windows NT 5.1; Trident/4.0; .NET CLR 1.1.4322; .NET CLR 2.0.50727; .NET CLR 3.0.4506.2152; .NET CLR 3.5.30729)"
151.90.254.207 - - [25/Jan/2011:10:02:28 +0100] "GET /img/thumb/phpThumb.php?src=/admin/img/1282210910_2078-2478G-B1.jpg&w=148&h=138&zc=1&q=90 HTTP/1.0" 200 8703 "http://www.aziendaitalia.com/attivita-in-vendita/a2711.html" "Mozilla/4.0 (compatible; MSIE 8.0; Windows NT 5.1; Trident/4.0; .NET CLR 1.1.4322; .NET CLR 2.0.50727; .NET CLR 3.0.4506.2152; .NET CLR 3.5.30729)"
151.90.254.207 - - [25/Jan/2011:10:02:28 +0100] "GET /img/thumb/phpThumb.php?src=/admin/img/1282210915_2078-2478G-C1.jpg&w=148&h=138&zc=1&q=90 HTTP/1.0" 200 9349 "http://www.aziendaitalia.com/attivita-in-vendita/a2711.html" "Mozilla/4.0 (compatible; MSIE 8.0; Windows NT 5.1; Trident/4.0; .NET CLR 1.1.4322; .NET CLR 2.0.50727; .NET CLR 3.0.4506.2152; .NET CLR 3.5.30729)"
151.90.254.207 - - [25/Jan/2011:10:02:28 +0100] "GET /img/thumb/phpThumb.php?src=/admin/img/1282210928_2078-2478G-D1.jpg&w=148&h=138&zc=1&q=90 HTTP/1.0" 200 9769 "http://www.aziendaitalia.com/attivita-in-vendita/a2711.html" "Mozilla/4.0 (compatible; MSIE 8.0; Windows NT 5.1; Trident/4.0; .NET CLR 1.1.4322; .NET CLR 2.0.50727; .NET CLR 3.0.4506.2152; .NET CLR 3.5.30729)"
109.113.186.107 - - [25/Jan/2011:10:02:29 +0100] "GET /favicon.ico HTTP/1.1" 200 1406 "-" "Mozilla/4.0 (compatible; MSIE 8.0; Windows NT 6.1; WOW64; Trident/4.0; SLCC2; .NET CLR 2.0.50727; .NET CLR 3.5.30729; .NET CLR 3.0.30729; Media Center PC 6.0; InfoPath.2)"
95.75.250.239 - - [25/Jan/2011:10:02:49 +0100] "GET /attivita-in-vendita/bar-caff%C3%A9_a-modena_s149_p47.html HTTP/1.1" 200 2992 "http://www.aziendaitalia.com/attivita-in-vendita/bar-caff%C3%A9_a-bologna_s149_p137.html" "Mozilla/5.0 (Windows; U; Windows NT 6.0; en-US) AppleWebKit/534.10 (KHTML, like Gecko) Chrome/8.0.552.237 Safari/534.10"
95.75.250.239 - - [25/Jan/2011:10:02:50 +0100] "GET /css/style.css HTTP/1.1" 200 3366 "http://www.aziendaitalia.com/attivita-in-vendita/bar-caff%C3%A9_a-modena_s149_p47.html" "Mozilla/5.0 (Windows; U; Windows NT 6.0; en-US) AppleWebKit/534.10 (KHTML, like Gecko) Chrome/8.0.552.237 Safari/534.10"
72.5.230.111 - - [25/Jan/2011:10:02:53 +0100] "HEAD / HTTP/1.1" 200 - "-" "Site 24 X 7"
178.154.161.29 - - [25/Jan/2011:10:02:54 +0100] "GET /annunci/nord-italia/genova/8173.htm HTTP/1.1" 200 3306 "-" "Mozilla/5.0 (compatible; YandexBot/3.0; +http://yandex.com/bots)"
66.249.71.212 - - [25/Jan/2011:10:02:55 +0100] "GET /attivita-in-vendita/abbigliamento-bambini_estero_s36_n2.html?page=69 HTTP/1.1" 200 1711 "-" "Mozilla/5.0 (compatible; Googlebot/2.1; +http://www.google.com/bot.html)"
93.71.121.247 - - [25/Jan/2011:10:03:13 +0100] "GET /vendere-negozi-torino.php?gclid=COWlt-T_1KYCFYVjfAoduQj1Mw HTTP/1.1" 200 3975 "http://www.google.it/search?q=mocassini+college+negozi+torino&hl=it&client=firefox-a&hs=faf&rls=org.mozilla:it:official&channel=s&prmd=ivnsfd&ei=ZZE-TeuYE82gOrqWze8K&start=10&sa=N" "Mozilla/5.0 (Windows; U; Windows NT 6.1; it; rv:1.9.2.13) Gecko/20101203 Firefox/3.6.13"
93.71.121.247 - - [25/Jan/2011:10:03:13 +0100] "GET /css/style.css HTTP/1.1" 200 3366 "http://www.aziendaitalia.com/vendere-negozi-torino.php?gclid=COWlt-T_1KYCFYVjfAoduQj1Mw" "Mozilla/5.0 (Windows; U; Windows NT 6.1; it; rv:1.9.2.13) Gecko/20101203 Firefox/3.6.13"
93.71.121.247 - - [25/Jan/2011:10:03:13 +0100] "GET /js/general.js HTTP/1.1" 200 5776 "http://www.aziendaitalia.com/vendere-negozi-torino.php?gclid=COWlt-T_1KYCFYVjfAoduQj1Mw" "Mozilla/5.0 (Windows; U; Windows NT 6.1; it; rv:1.9.2.13) Gecko/20101203 Firefox/3.6.13"
93.71.121.247 - - [25/Jan/2011:10:03:13 +0100] "GET /js/jquery-1.4.2.min.js HTTP/1.1" 200 72174 "http://www.aziendaitalia.com/vendere-negozi-torino.php?gclid=COWlt-T_1KYCFYVjfAoduQj1Mw" "Mozilla/5.0 (Windows; U; Windows NT 6.1; it; rv:1.9.2.13) Gecko/20101203 Firefox/3.6.13"
93.71.121.247 - - [25/Jan/2011:10:03:13 +0100] "GET /img/icona-negozi.jpg HTTP/1.1" 200 69156 "http://www.aziendaitalia.com/vendere-negozi-torino.php?gclid=COWlt-T_1KYCFYVjfAoduQj1Mw" "Mozilla/5.0 (Windows; U; Windows NT 6.1; it; rv:1.9.2.13) Gecko/20101203 Firefox/3.6.13"
93.71.121.247 - - [25/Jan/2011:10:03:13 +0100] "GET /img/layout/header.gif HTTP/1.1" 200 15655 "http://www.aziendaitalia.com/css/style.css" "Mozilla/5.0 (Windows; U; Windows NT 6.1; it; rv:1.9.2.13) Gecko/20101203 Firefox/3.6.13"
93.71.121.247 - - [25/Jan/2011:10:03:13 +0100] "GET /img/layout/menubar.gif HTTP/1.1" 200 1302 "http://www.aziendaitalia.com/css/style.css" "Mozilla/5.0 (Windows; U; Windows NT 6.1; it; rv:1.9.2.13) Gecko/20101203 Firefox/3.6.13"
93.71.121.247 - - [25/Jan/2011:10:03:13 +0100] "GET /img/layout/bg_wrapper_sub.gif HTTP/1.1" 200 102 "http://www.aziendaitalia.com/css/style.css" "Mozilla/5.0 (Windows; U; Windows NT 6.1; it; rv:1.9.2.13) Gecko/20101203 Firefox/3.6.13"
93.71.121.247 - - [25/Jan/2011:10:03:13 +0100] "GET /img/layout/bg_sidebar_separator.gif HTTP/1.1" 200 106 "http://www.aziendaitalia.com/css/style.css" "Mozilla/5.0 (Windows; U; Windows NT 6.1; it; rv:1.9.2.13) Gecko/20101203 Firefox/3.6.13"
93.71.121.247 - - [25/Jan/2011:10:03:14 +0100] "GET /favicon.ico HTTP/1.1" 200 1406 "-" "Mozilla/5.0 (Windows; U; Windows NT 6.1; it; rv:1.9.2.13) Gecko/20101203 Firefox/3.6.13"
151.90.254.207 - - [25/Jan/2011:10:03:25 +0100] "GET /attivita-in-vendita/a2698.html HTTP/1.0" 200 2642 "http://www.aziendaitalia.com/attivita-in-vendita/lazio_r7.html?page=5" "Mozilla/4.0 (compatible; MSIE 8.0; Windows NT 5.1; Trident/4.0; .NET CLR 1.1.4322; .NET CLR 2.0.50727; .NET CLR 3.0.4506.2152; .NET CLR 3.5.30729)"
151.96.254.4 - - [25/Jan/2011:10:03:35 +0100] "GET /cedere-attivita/?gclid=CNLA4-7_1KYCFUENfAodkFvoMw HTTP/1.1" 200 3992 "http://www.google.it/search?hl=it&source=hp&q=immobili+commerciali+milano+in+vendita&btnG=Cerca+con+Google&meta=&aq=f&aqi=&aql=&oq=" "Mozilla/4.0 (compatible; MSIE 6.0; Windows NT 5.1; SV1; .NET CLR 1.1.4322; .NET CLR 2.0.50727; InfoPath.1; .NET CLR 3.0.04506.30; .NET CLR 3.0.4506.2152; .NET CLR 3.5.30729)"
79.51.85.160 - - [25/Jan/2011:10:03:36 +0100] "GET /attivita-in-vendita/a3264.html HTTP/1.1" 200 2561 "http://www.aziendaitalia.com/attivita-in-vendita/ristoranti-bar_a-milano_c21_p6.html" "Mozilla/5.0 (Macintosh; U; Intel Mac OS X 10_6_4; it-it) AppleWebKit/533.16 (KHTML, like Gecko) Version/5.0 Safari/533.16"
79.51.85.160 - - [25/Jan/2011:10:03:36 +0100] "GET /css/style.css HTTP/1.1" 200 3366 "http://www.aziendaitalia.com/attivita-in-vendita/a3264.html" "Mozilla/5.0 (Macintosh; U; Intel Mac OS X 10_6_4; it-it) AppleWebKit/533.16 (KHTML, like Gecko) Version/5.0 Safari/533.16"
151.96.254.4 - - [25/Jan/2011:10:03:36 +0100] "GET /css/style.css HTTP/1.1" 200 3366 "http://www.aziendaitalia.com/cedere-attivita/?gclid=CNLA4-7_1KYCFUENfAodkFvoMw" "Mozilla/4.0 (compatible; MSIE 6.0; Windows NT 5.1; SV1; .NET CLR 1.1.4322; .NET CLR 2.0.50727; InfoPath.1; .NET CLR 3.0.04506.30; .NET CLR 3.0.4506.2152; .NET CLR 3.5.30729)"
151.96.254.4 - - [25/Jan/2011:10:03:36 +0100] "GET /js/jquery-1.4.2.min.js HTTP/1.1" 200 72174 "http://www.aziendaitalia.com/cedere-attivita/?gclid=CNLA4-7_1KYCFUENfAodkFvoMw" "Mozilla/4.0 (compatible; MSIE 6.0; Windows NT 5.1; SV1; .NET CLR 1.1.4322; .NET CLR 2.0.50727; InfoPath.1; .NET CLR 3.0.04506.30; .NET CLR 3.0.4506.2152; .NET CLR 3.5.30729)"
151.96.254.4 - - [25/Jan/2011:10:03:37 +0100] "GET /js/general.js HTTP/1.1" 200 5776 "http://www.aziendaitalia.com/cedere-attivita/?gclid=CNLA4-7_1KYCFUENfAodkFvoMw" "Mozilla/4.0 (compatible; MSIE 6.0; Windows NT 5.1; SV1; .NET CLR 1.1.4322; .NET CLR 2.0.50727; InfoPath.1; .NET CLR 3.0.04506.30; .NET CLR 3.0.4506.2152; .NET CLR 3.5.30729)"
151.96.254.4 - - [25/Jan/2011:10:03:38 +0100] "GET /img/layout/bg_wrapper_sub.gif HTTP/1.1" 200 102 "http://www.aziendaitalia.com/cedere-attivita/?gclid=CNLA4-7_1KYCFUENfAodkFvoMw" "Mozilla/4.0 (compatible; MSIE 6.0; Windows NT 5.1; SV1; .NET CLR 1.1.4322; .NET CLR 2.0.50727; InfoPath.1; .NET CLR 3.0.04506.30; .NET CLR 3.0.4506.2152; .NET CLR 3.5.30729)"
151.96.254.4 - - [25/Jan/2011:10:03:38 +0100] "GET /img/layout/menubar.gif HTTP/1.1" 200 1302 "http://www.aziendaitalia.com/cedere-attivita/?gclid=CNLA4-7_1KYCFUENfAodkFvoMw" "Mozilla/4.0 (compatible; MSIE 6.0; Windows NT 5.1; SV1; .NET CLR 1.1.4322; .NET CLR 2.0.50727; InfoPath.1; .NET CLR 3.0.04506.30; .NET CLR 3.0.4506.2152; .NET CLR 3.5.30729)"
151.90.254.207 - - [25/Jan/2011:10:03:38 +0100] "GET /attivita-in-vendita/lazio_r7.html?page=6 HTTP/1.0" 200 4533 "http://www.aziendaitalia.com/attivita-in-vendita/lazio_r7.html?page=5" "Mozilla/4.0 (compatible; MSIE 8.0; Windows NT 5.1; Trident/4.0; .NET CLR 1.1.4322; .NET CLR 2.0.50727; .NET CLR 3.0.4506.2152; .NET CLR 3.5.30729)"
151.96.254.4 - - [25/Jan/2011:10:03:38 +0100] "GET /img/layout/bg_sidebar_separator.gif HTTP/1.1" 200 106 "http://www.aziendaitalia.com/cedere-attivita/?gclid=CNLA4-7_1KYCFUENfAodkFvoMw" "Mozilla/4.0 (compatible; MSIE 6.0; Windows NT 5.1; SV1; .NET CLR 1.1.4322; .NET CLR 2.0.50727; InfoPath.1; .NET CLR 3.0.04506.30; .NET CLR 3.0.4506.2152; .NET CLR 3.5.30729)"
151.96.254.4 - - [25/Jan/2011:10:03:39 +0100] "GET /img/layout/header.gif HTTP/1.1" 200 15655 "http://www.aziendaitalia.com/cedere-attivita/?gclid=CNLA4-7_1KYCFUENfAodkFvoMw" "Mozilla/4.0 (compatible; MSIE 6.0; Windows NT 5.1; SV1; .NET CLR 1.1.4322; .NET CLR 2.0.50727; InfoPath.1; .NET CLR 3.0.04506.30; .NET CLR 3.0.4506.2152; .NET CLR 3.5.30729)"
151.90.254.207 - - [25/Jan/2011:10:03:52 +0100] "GET /attivita-in-vendita/a2538.html HTTP/1.0" 200 2746 "http://www.aziendaitalia.com/attivita-in-vendita/lazio_r7.html?page=6" "Mozilla/4.0 (compatible; MSIE 8.0; Windows NT 5.1; Trident/4.0; .NET CLR 1.1.4322; .NET CLR 2.0.50727; .NET CLR 3.0.4506.2152; .NET CLR 3.5.30729)"
151.90.254.207 - - [25/Jan/2011:10:03:52 +0100] "GET /css/style.css HTTP/1.0" 200 3366 "http://www.aziendaitalia.com/attivita-in-vendita/a2538.html" "Mozilla/4.0 (compatible; MSIE 8.0; Windows NT 5.1; Trident/4.0; .NET CLR 1.1.4322; .NET CLR 2.0.50727; .NET CLR 3.0.4506.2152; .NET CLR 3.5.30729)"
72.5.230.111 - - [25/Jan/2011:10:03:54 +0100] "HEAD / HTTP/1.1" 200 - "-" "Site 24 X 7"
67.195.115.117 - - [25/Jan/2011:10:03:57 +0100] "GET /annunci/nord-italia/brescia/9505.htm HTTP/1.0" 200 3069 "-" "Mozilla/5.0 (compatible; Yahoo! Slurp; http://help.yahoo.com/help/us/ysearch/slurp)"
95.75.250.239 - - [25/Jan/2011:10:04:07 +0100] "GET /attivita-in-vendita/a3627.html HTTP/1.1" 200 2640 "http://www.aziendaitalia.com/attivita-in-vendita/bar-caff%C3%A9_a-modena_s149_p47.html" "Mozilla/5.0 (Windows; U; Windows NT 6.0; en-US) AppleWebKit/534.10 (KHTML, like Gecko) Chrome/8.0.552.237 Safari/534.10"
95.75.250.239 - - [25/Jan/2011:10:04:07 +0100] "GET /css/style.css HTTP/1.1" 200 3366 "http://www.aziendaitalia.com/attivita-in-vendita/a3627.html" "Mozilla/5.0 (Windows; U; Windows NT 6.0; en-US) AppleWebKit/534.10 (KHTML, like Gecko) Chrome/8.0.552.237 Safari/534.10"
95.75.250.239 - - [25/Jan/2011:10:04:07 +0100] "GET /img/thumb/phpThumb.php?src=/admin/img/1294845459_8645-7722P-B.jpg&w=148&h=138&zc=1&q=90 HTTP/1.1" 200 7202 "http://www.aziendaitalia.com/attivita-in-vendita/a3627.html" "Mozilla/5.0 (Windows; U; Windows NT 6.0; en-US) AppleWebKit/534.10 (KHTML, like Gecko) Chrome/8.0.552.237 Safari/534.10"
95.75.250.239 - - [25/Jan/2011:10:04:07 +0100] "GET /img/thumb/phpThumb.php?src=/admin/img/1294845462_8645-7722P-C.jpg&w=148&h=138&zc=1&q=90 HTTP/1.1" 200 6780 "http://www.aziendaitalia.com/attivita-in-vendita/a3627.html" "Mozilla/5.0 (Windows; U; Windows NT 6.0; en-US) AppleWebKit/534.10 (KHTML, like Gecko) Chrome/8.0.552.237 Safari/534.10"
95.75.250.239 - - [25/Jan/2011:10:04:08 +0100] "GET /img/thumb/phpThumb.php?src=/admin/img/1294845465_8645-7722P-D.jpg&w=148&h=138&zc=1&q=90 HTTP/1.1" 200 6349 "http://www.aziendaitalia.com/attivita-in-vendita/a3627.html" "Mozilla/5.0 (Windows; U; Windows NT 6.0; en-US) AppleWebKit/534.10 (KHTML, like Gecko) Chrome/8.0.552.237 Safari/534.10"
151.90.254.207 - - [25/Jan/2011:10:04:17 +0100] "GET /attivita-in-vendita/a2402.html HTTP/1.0" 200 2674 "http://www.aziendaitalia.com/attivita-in-vendita/lazio_r7.html?page=6" "Mozilla/4.0 (compatible; MSIE 8.0; Windows NT 5.1; Trident/4.0; .NET CLR 1.1.4322; .NET CLR 2.0.50727; .NET CLR 3.0.4506.2152; .NET CLR 3.5.30729)"
79.51.85.160 - - [25/Jan/2011:10:04:17 +0100] "GET /attivita-in-vendita/a3263.html HTTP/1.1" 200 2571 "http://www.aziendaitalia.com/attivita-in-vendita/ristoranti-bar_a-milano_c21_p6.html" "Mozilla/5.0 (Macintosh; U; Intel Mac OS X 10_6_4; it-it) AppleWebKit/533.16 (KHTML, like Gecko) Version/5.0 Safari/533.16"
79.51.85.160 - - [25/Jan/2011:10:04:17 +0100] "GET /css/style.css HTTP/1.1" 200 3366 "http://www.aziendaitalia.com/attivita-in-vendita/a3263.html" "Mozilla/5.0 (Macintosh; U; Intel Mac OS X 10_6_4; it-it) AppleWebKit/533.16 (KHTML, like Gecko) Version/5.0 Safari/533.16"
151.90.254.207 - - [25/Jan/2011:10:04:25 +0100] "GET /attivita-in-vendita/lazio_r7.html?page=7 HTTP/1.0" 200 4251 "http://www.aziendaitalia.com/attivita-in-vendita/lazio_r7.html?page=6" "Mozilla/4.0 (compatible; MSIE 8.0; Windows NT 5.1; Trident/4.0; .NET CLR 1.1.4322; .NET CLR 2.0.50727; .NET CLR 3.0.4506.2152; .NET CLR 3.5.30729)"
87.11.169.152 - - [25/Jan/2011:10:04:28 +0100] "GET /attivita-in-vendita/?gclid=COW2r4iA1aYCFUoKfAodIx7wMw HTTP/1.1" 200 2322 "http://ricerca.virgilio.it/ricerca?f=hp&qs=vendo+attivita%27&qsAz=&dv=" "Mozilla/4.0 (compatible; MSIE 6.0; Windows NT 5.1; SV1; GTB6.6; InfoPath.1; .NET CLR 2.0.50727; OfficeLiveConnector.1.3; OfficeLivePatch.0.0; .NET CLR 3.0.4506.2152; .NET CLR 3.5.30729)"
87.11.169.152 - - [25/Jan/2011:10:04:29 +0100] "GET /css/style.css HTTP/1.1" 200 3366 "http://www.aziendaitalia.com/attivita-in-vendita/?gclid=COW2r4iA1aYCFUoKfAodIx7wMw" "Mozilla/4.0 (compatible; MSIE 6.0; Windows NT 5.1; SV1; GTB6.6; InfoPath.1; .NET CLR 2.0.50727; OfficeLiveConnector.1.3; OfficeLivePatch.0.0; .NET CLR 3.0.4506.2152; .NET CLR 3.5.30729)"
151.55.133.18 - - [25/Jan/2011:10:04:29 +0100] "GET /vendere-negozi-napoli.php?gclid=CMaA54iA1aYCFcwmfAodaA2KKg HTTP/1.1" 200 3966 "http://vendita.donkiz.it/search?what=gazebi+usati++&where=Napoli" "Mozilla/5.0 (Windows; U; Windows NT 5.1; en-US) AppleWebKit/534.10 (KHTML, like Gecko) Chrome/8.0.552.237 Safari/534.10"
151.55.133.18 - - [25/Jan/2011:10:04:29 +0100] "GET /css/style.css HTTP/1.1" 200 3366 "http://www.aziendaitalia.com/vendere-negozi-napoli.php?gclid=CMaA54iA1aYCFcwmfAodaA2KKg" "Mozilla/5.0 (Windows; U; Windows NT 5.1; en-US) AppleWebKit/534.10 (KHTML, like Gecko) Chrome/8.0.552.237 Safari/534.10"
151.55.133.18 - - [25/Jan/2011:10:04:29 +0100] "GET /js/general.js HTTP/1.1" 200 5776 "http://www.aziendaitalia.com/vendere-negozi-napoli.php?gclid=CMaA54iA1aYCFcwmfAodaA2KKg" "Mozilla/5.0 (Windows; U; Windows NT 5.1; en-US) AppleWebKit/534.10 (KHTML, like Gecko) Chrome/8.0.552.237 Safari/534.10"
87.11.169.152 - - [25/Jan/2011:10:04:29 +0100] "GET /js/jquery-1.4.2.min.js HTTP/1.1" 304 - "http://www.aziendaitalia.com/attivita-in-vendita/?gclid=COW2r4iA1aYCFUoKfAodIx7wMw" "Mozilla/4.0 (compatible; MSIE 6.0; Windows NT 5.1; SV1; GTB6.6; InfoPath.1; .NET CLR 2.0.50727; OfficeLiveConnector.1.3; OfficeLivePatch.0.0; .NET CLR 3.0.4506.2152; .NET CLR 3.5.30729)"
151.55.133.18 - - [25/Jan/2011:10:04:29 +0100] "GET /js/jquery-1.4.2.min.js HTTP/1.1" 200 72174 "http://www.aziendaitalia.com/vendere-negozi-napoli.php?gclid=CMaA54iA1aYCFcwmfAodaA2KKg" "Mozilla/5.0 (Windows; U; Windows NT 5.1; en-US) AppleWebKit/534.10 (KHTML, like Gecko) Chrome/8.0.552.237 Safari/534.10"
151.55.133.18 - - [25/Jan/2011:10:04:29 +0100] "GET /img/layout/header.gif HTTP/1.1" 200 15655 "http://www.aziendaitalia.com/vendere-negozi-napoli.php?gclid=CMaA54iA1aYCFcwmfAodaA2KKg" "Mozilla/5.0 (Windows; U; Windows NT 5.1; en-US) AppleWebKit/534.10 (KHTML, like Gecko) Chrome/8.0.552.237 Safari/534.10"
151.55.133.18 - - [25/Jan/2011:10:04:30 +0100] "GET /img/layout/menubar.gif HTTP/1.1" 200 1302 "http://www.aziendaitalia.com/vendere-negozi-napoli.php?gclid=CMaA54iA1aYCFcwmfAodaA2KKg" "Mozilla/5.0 (Windows; U; Windows NT 5.1; en-US) AppleWebKit/534.10 (KHTML, like Gecko) Chrome/8.0.552.237 Safari/534.10"
151.55.133.18 - - [25/Jan/2011:10:04:30 +0100] "GET /img/layout/bg_wrapper_sub.gif HTTP/1.1" 200 102 "http://www.aziendaitalia.com/vendere-negozi-napoli.php?gclid=CMaA54iA1aYCFcwmfAodaA2KKg" "Mozilla/5.0 (Windows; U; Windows NT 5.1; en-US) AppleWebKit/534.10 (KHTML, like Gecko) Chrome/8.0.552.237 Safari/534.10"
151.55.133.18 - - [25/Jan/2011:10:04:30 +0100] "GET /img/layout/bg_sidebar_separator.gif HTTP/1.1" 200 106 "http://www.aziendaitalia.com/vendere-negozi-napoli.php?gclid=CMaA54iA1aYCFcwmfAodaA2KKg" "Mozilla/5.0 (Windows; U; Windows NT 5.1; en-US) AppleWebKit/534.10 (KHTML, like Gecko) Chrome/8.0.552.237 Safari/534.10"
151.55.133.18 - - [25/Jan/2011:10:04:30 +0100] "GET /img/icona-negozi.jpg HTTP/1.1" 200 69156 "http://www.aziendaitalia.com/vendere-negozi-napoli.php?gclid=CMaA54iA1aYCFcwmfAodaA2KKg" "Mozilla/5.0 (Windows; U; Windows NT 5.1; en-US) AppleWebKit/534.10 (KHTML, like Gecko) Chrome/8.0.552.237 Safari/534.10"
87.11.169.152 - - [25/Jan/2011:10:04:30 +0100] "GET /js/general.js HTTP/1.1" 304 - "http://www.aziendaitalia.com/attivita-in-vendita/?gclid=COW2r4iA1aYCFUoKfAodIx7wMw" "Mozilla/4.0 (compatible; MSIE 6.0; Windows NT 5.1; SV1; GTB6.6; InfoPath.1; .NET CLR 2.0.50727; OfficeLiveConnector.1.3; OfficeLivePatch.0.0; .NET CLR 3.0.4506.2152; .NET CLR 3.5.30729)"
151.55.133.18 - - [25/Jan/2011:10:04:30 +0100] "GET /favicon.ico HTTP/1.1" 200 1406 "-" "Mozilla/5.0 (Windows; U; Windows NT 5.1; en-US) AppleWebKit/534.10 (KHTML, like Gecko) Chrome/8.0.552.237 Safari/534.10"
87.11.169.152 - - [25/Jan/2011:10:04:30 +0100] "GET /img/layout/menubar.gif HTTP/1.1" 304 - "http://www.aziendaitalia.com/attivita-in-vendita/?gclid=COW2r4iA1aYCFUoKfAodIx7wMw" "Mozilla/4.0 (compatible; MSIE 6.0; Windows NT 5.1; SV1; GTB6.6; InfoPath.1; .NET CLR 2.0.50727; OfficeLiveConnector.1.3; OfficeLivePatch.0.0; .NET CLR 3.0.4506.2152; .NET CLR 3.5.30729)"
87.11.169.152 - - [25/Jan/2011:10:04:30 +0100] "GET /img/thumb/phpThumb.php?src=/admin/img/1283511116_5135-4001Y-A.JPG&w=148&h=138&zc=1&q=90 HTTP/1.1" 200 9692 "http://www.aziendaitalia.com/attivita-in-vendita/?gclid=COW2r4iA1aYCFUoKfAodIx7wMw" "Mozilla/4.0 (compatible; MSIE 6.0; Windows NT 5.1; SV1; GTB6.6; InfoPath.1; .NET CLR 2.0.50727; OfficeLiveConnector.1.3; OfficeLivePatch.0.0; .NET CLR 3.0.4506.2152; .NET CLR 3.5.30729)"
87.11.169.152 - - [25/Jan/2011:10:04:30 +0100] "GET /img/layout/bg_wrapper_sub.gif HTTP/1.1" 304 - "http://www.aziendaitalia.com/attivita-in-vendita/?gclid=COW2r4iA1aYCFUoKfAodIx7wMw" "Mozilla/4.0 (compatible; MSIE 6.0; Windows NT 5.1; SV1; GTB6.6; InfoPath.1; .NET CLR 2.0.50727; OfficeLiveConnector.1.3; OfficeLivePatch.0.0; .NET CLR 3.0.4506.2152; .NET CLR 3.5.30729)"
87.11.169.152 - - [25/Jan/2011:10:04:31 +0100] "GET /img/layout/bg_sidebar_separator.gif HTTP/1.1" 304 - "http://www.aziendaitalia.com/attivita-in-vendita/?gclid=COW2r4iA1aYCFUoKfAodIx7wMw" "Mozilla/4.0 (compatible; MSIE 6.0; Windows NT 5.1; SV1; GTB6.6; InfoPath.1; .NET CLR 2.0.50727; OfficeLiveConnector.1.3; OfficeLivePatch.0.0; .NET CLR 3.0.4506.2152; .NET CLR 3.5.30729)"
151.90.254.207 - - [25/Jan/2011:10:04:31 +0100] "GET /attivita-in-vendita/a2350.html HTTP/1.0" 200 2652 "http://www.aziendaitalia.com/attivita-in-vendita/lazio_r7.html?page=7" "Mozilla/4.0 (compatible; MSIE 8.0; Windows NT 5.1; Trident/4.0; .NET CLR 1.1.4322; .NET CLR 2.0.50727; .NET CLR 3.0.4506.2152; .NET CLR 3.5.30729)"
87.11.169.152 - - [25/Jan/2011:10:04:31 +0100] "GET /img/thumb/phpThumb.php?src=/admin/img/1295368730_5945-6289D-A.JPG&w=148&h=138&zc=1&q=90 HTTP/1.1" 200 9397 "http://www.aziendaitalia.com/attivita-in-vendita/?gclid=COW2r4iA1aYCFUoKfAodIx7wMw" "Mozilla/4.0 (compatible; MSIE 6.0; Windows NT 5.1; SV1; GTB6.6; InfoPath.1; .NET CLR 2.0.50727; OfficeLiveConnector.1.3; OfficeLivePatch.0.0; .NET CLR 3.0.4506.2152; .NET CLR 3.5.30729)"
87.11.169.152 - - [25/Jan/2011:10:04:31 +0100] "GET /img/thumb/phpThumb.php?src=/admin/img/1284121274_8018-5308G-A.JPG&w=148&h=138&zc=1&q=90 HTTP/1.1" 200 7134 "http://www.aziendaitalia.com/attivita-in-vendita/?gclid=COW2r4iA1aYCFUoKfAodIx7wMw" "Mozilla/4.0 (compatible; MSIE 6.0; Windows NT 5.1; SV1; GTB6.6; InfoPath.1; .NET CLR 2.0.50727; OfficeLiveConnector.1.3; OfficeLivePatch.0.0; .NET CLR 3.0.4506.2152; .NET CLR 3.5.30729)"
87.11.169.152 - - [25/Jan/2011:10:04:31 +0100] "GET /img/layout/header.gif HTTP/1.1" 304 - "http://www.aziendaitalia.com/attivita-in-vendita/?gclid=COW2r4iA1aYCFUoKfAodIx7wMw" "Mozilla/4.0 (compatible; MSIE 6.0; Windows NT 5.1; SV1; GTB6.6; InfoPath.1; .NET CLR 2.0.50727; OfficeLiveConnector.1.3; OfficeLivePatch.0.0; .NET CLR 3.0.4506.2152; .NET CLR 3.5.30729)"
87.11.169.152 - - [25/Jan/2011:10:04:32 +0100] "GET /img/layout/dot.png HTTP/1.1" 304 - "http://www.aziendaitalia.com/attivita-in-vendita/?gclid=COW2r4iA1aYCFUoKfAodIx7wMw" "Mozilla/4.0 (compatible; MSIE 6.0; Windows NT 5.1; SV1; GTB6.6; InfoPath.1; .NET CLR 2.0.50727; OfficeLiveConnector.1.3; OfficeLivePatch.0.0; .NET CLR 3.0.4506.2152; .NET CLR 3.5.30729)"
79.51.85.160 - - [25/Jan/2011:10:04:32 +0100] "GET /attivita-in-vendita/a3256.html HTTP/1.1" 200 3022 "http://www.aziendaitalia.com/attivita-in-vendita/ristoranti-bar_a-milano_c21_p6.html" "Mozilla/5.0 (Macintosh; U; Intel Mac OS X 10_6_4; it-it) AppleWebKit/533.16 (KHTML, like Gecko) Version/5.0 Safari/533.16"
79.51.85.160 - - [25/Jan/2011:10:04:32 +0100] "GET /css/style.css HTTP/1.1" 200 3366 "http://www.aziendaitalia.com/attivita-in-vendita/a3256.html" "Mozilla/5.0 (Macintosh; U; Intel Mac OS X 10_6_4; it-it) AppleWebKit/533.16 (KHTML, like Gecko) Version/5.0 Safari/533.16"
93.62.16.132 - - [25/Jan/2011:10:04:36 +0100] "GET /vendere-bar-milano.php?gclid=CK3MiIyA1aYCFUkhfAodiVHyMw HTTP/1.1" 200 3973 "http://www.trova-casa.net/Annunci_Immobiliari/Lombardia/Provincia_di_Milano/Vendita-Bar-Milano.asp?pag=19" "Mozilla/5.0 (Windows; U; Windows NT 5.1; en-US) AppleWebKit/534.10 (KHTML, like Gecko) Chrome/8.0.552.237 Safari/534.10"
93.62.16.132 - - [25/Jan/2011:10:04:36 +0100] "GET /css/style.css HTTP/1.1" 200 3366 "http://www.aziendaitalia.com/vendere-bar-milano.php?gclid=CK3MiIyA1aYCFUkhfAodiVHyMw" "Mozilla/5.0 (Windows; U; Windows NT 5.1; en-US) AppleWebKit/534.10 (KHTML, like Gecko) Chrome/8.0.552.237 Safari/534.10"
93.62.16.132 - - [25/Jan/2011:10:04:36 +0100] "GET /js/general.js HTTP/1.1" 200 5776 "http://www.aziendaitalia.com/vendere-bar-milano.php?gclid=CK3MiIyA1aYCFUkhfAodiVHyMw" "Mozilla/5.0 (Windows; U; Windows NT 5.1; en-US) AppleWebKit/534.10 (KHTML, like Gecko) Chrome/8.0.552.237 Safari/534.10"
93.62.16.132 - - [25/Jan/2011:10:04:36 +0100] "GET /js/jquery-1.4.2.min.js HTTP/1.1" 200 72174 "http://www.aziendaitalia.com/vendere-bar-milano.php?gclid=CK3MiIyA1aYCFUkhfAodiVHyMw" "Mozilla/5.0 (Windows; U; Windows NT 5.1; en-US) AppleWebKit/534.10 (KHTML, like Gecko) Chrome/8.0.552.237 Safari/534.10"
93.62.16.132 - - [25/Jan/2011:10:04:38 +0100] "GET /img/layout/header.gif HTTP/1.1" 200 15655 "http://www.aziendaitalia.com/vendere-bar-milano.php?gclid=CK3MiIyA1aYCFUkhfAodiVHyMw" "Mozilla/5.0 (Windows; U; Windows NT 5.1; en-US) AppleWebKit/534.10 (KHTML, like Gecko) Chrome/8.0.552.237 Safari/534.10"
93.62.16.132 - - [25/Jan/2011:10:04:38 +0100] "GET /img/layout/bg_wrapper_sub.gif HTTP/1.1" 200 102 "http://www.aziendaitalia.com/vendere-bar-milano.php?gclid=CK3MiIyA1aYCFUkhfAodiVHyMw" "Mozilla/5.0 (Windows; U; Windows NT 5.1; en-US) AppleWebKit/534.10 (KHTML, like Gecko) Chrome/8.0.552.237 Safari/534.10"
93.62.16.132 - - [25/Jan/2011:10:04:38 +0100] "GET /img/layout/menubar.gif HTTP/1.1" 200 1302 "http://www.aziendaitalia.com/vendere-bar-milano.php?gclid=CK3MiIyA1aYCFUkhfAodiVHyMw" "Mozilla/5.0 (Windows; U; Windows NT 5.1; en-US) AppleWebKit/534.10 (KHTML, like Gecko) Chrome/8.0.552.237 Safari/534.10"
93.62.16.132 - - [25/Jan/2011:10:04:38 +0100] "GET /img/layout/bg_sidebar_separator.gif HTTP/1.1" 200 106 "http://www.aziendaitalia.com/vendere-bar-milano.php?gclid=CK3MiIyA1aYCFUkhfAodiVHyMw" "Mozilla/5.0 (Windows; U; Windows NT 5.1; en-US) AppleWebKit/534.10 (KHTML, like Gecko) Chrome/8.0.552.237 Safari/534.10"
93.62.16.132 - - [25/Jan/2011:10:04:39 +0100] "GET /img/icona-ristoranti-bar.jpg HTTP/1.1" 200 74379 "http://www.aziendaitalia.com/vendere-bar-milano.php?gclid=CK3MiIyA1aYCFUkhfAodiVHyMw" "Mozilla/5.0 (Windows; U; Windows NT 5.1; en-US) AppleWebKit/534.10 (KHTML, like Gecko) Chrome/8.0.552.237 Safari/534.10"
93.62.16.132 - - [25/Jan/2011:10:04:41 +0100] "GET /favicon.ico HTTP/1.1" 200 1406 "-" "Mozilla/5.0 (Windows; U; Windows NT 5.1; en-US) AppleWebKit/534.10 (KHTML, like Gecko) Chrome/8.0.552.237 Safari/534.10"
95.244.75.205 - - [25/Jan/2011:10:04:40 +0100] "GET /attivita-in-vendita/alberghi-ristoranti-bar-agriturismo-aziende-agricole_a-verbano-cusio-ossola_m1_p22.html HTTP/1.1" 200 3901 "http://www.google.it/url?sa=t&source=web&cd=6&ved=0CD8QFjAF&url=http%3A%2F%2Fwww.aziendaitalia.com%2Fattivita-in-vendita%2Falberghi-ristoranti-bar-agriturismo-aziende-agricole_a-verbano-cusio-ossola_m1_p22.html&rct=j&q=alberghi%20in%20affitto%20d'azienda%20lago%20d'orta&ei=G5I-TYSbLMWhOt-l7PMK&usg=AFQjCNFCCw95eJG_YNyzsv-mPCGlJ2Iq_A" "Mozilla/4.0 (compatible; MSIE 8.0; Windows NT 6.0; Trident/4.0; SLCC1; .NET CLR 2.0.50727; .NET CLR 3.5.30729; .NET CLR 3.0.30729)"
95.244.75.205 - - [25/Jan/2011:10:04:41 +0100] "GET /css/style.css HTTP/1.1" 200 3366 "http://www.aziendaitalia.com/attivita-in-vendita/alberghi-ristoranti-bar-agriturismo-aziende-agricole_a-verbano-cusio-ossola_m1_p22.html" "Mozilla/4.0 (compatible; MSIE 8.0; Windows NT 6.0; Trident/4.0; SLCC1; .NET CLR 2.0.50727; .NET CLR 3.5.30729; .NET CLR 3.0.30729)"
95.244.75.205 - - [25/Jan/2011:10:04:41 +0100] "GET /js/jquery-1.4.2.min.js HTTP/1.1" 200 72174 "http://www.aziendaitalia.com/attivita-in-vendita/alberghi-ristoranti-bar-agriturismo-aziende-agricole_a-verbano-cusio-ossola_m1_p22.html" "Mozilla/4.0 (compatible; MSIE 8.0; Windows NT 6.0; Trident/4.0; SLCC1; .NET CLR 2.0.50727; .NET CLR 3.5.30729; .NET CLR 3.0.30729)"
95.244.75.205 - - [25/Jan/2011:10:04:42 +0100] "GET /js/general.js HTTP/1.1" 200 5776 "http://www.aziendaitalia.com/attivita-in-vendita/alberghi-ristoranti-bar-agriturismo-aziende-agricole_a-verbano-cusio-ossola_m1_p22.html" "Mozilla/4.0 (compatible; MSIE 8.0; Windows NT 6.0; Trident/4.0; SLCC1; .NET CLR 2.0.50727; .NET CLR 3.5.30729; .NET CLR 3.0.30729)"
95.244.75.205 - - [25/Jan/2011:10:04:42 +0100] "GET /img/layout/italia/italynorth.gif HTTP/1.1" 200 3837 "http://www.aziendaitalia.com/attivita-in-vendita/alberghi-ristoranti-bar-agriturismo-aziende-agricole_a-verbano-cusio-ossola_m1_p22.html" "Mozilla/4.0 (compatible; MSIE 8.0; Windows NT 6.0; Trident/4.0; SLCC1; .NET CLR 2.0.50727; .NET CLR 3.5.30729; .NET CLR 3.0.30729)"
