93.44.82.28 - - [25/Jan/2011:09:35:07 +0100] "GET /img/layout/header.gif HTTP/1.1" 200 15655 "http://www.aziendaitalia.com/rilevare-attivita/?gclid=CNn86b_51KYCFUkhfAodiVHyMw" "Mozilla/4.0 (compatible; MSIE 7.0; Windows NT 6.0; SLCC1; .NET CLR 2.0.50727; OfficeLiveConnector.1.3; OfficeLivePatch.0.0; .NET CLR 3.5.30729; .NET CLR 3.0.30618)"
93.44.82.28 - - [25/Jan/2011:09:35:07 +0100] "GET /favicon.ico HTTP/1.1" 200 1406 "-" "Mozilla/4.0 (compatible; MSIE 7.0; Windows NT 6.0; SLCC1; .NET CLR 2.0.50727; OfficeLiveConnector.1.3; OfficeLivePatch.0.0; .NET CLR 3.5.30729; .NET CLR 3.0.30618)"
151.49.76.38 - - [25/Jan/2011:09:35:24 +0100] "GET /vendere-negozi-roma.php?gclid=CPLtucj51KYCFcULfAodrDsCNA HTTP/1.1" 200 3974 "http://www.google.it/aclk?sa=l&ai=Cu51NSos-TabGDsLL-Abz_K2tA8P6mtQBy_2yrhib1e_BUAgAEAEoA1CwhZ3e_v____8BYP2KooTUEqABg5yh_gPIAQGpAuwTJQGo8rY-qgQbT9BO3kqQYOO4EmgG7uzKGqTMwn_srwzJzzRy&sig=AGiWqtyFG3eDKVh_POSDGvz44sGHitigFQ&adurl=http://www.aziendaitalia.com/vendere-negozi-roma.php&rct=j&q=vendita%20scarpe%20a%20roma%20montesacro" "Mozilla/5.0 (Windows; U; Windows NT 6.1; it; rv:1.9.2.13) Gecko/20101203 Firefox/3.6.13"
151.49.76.38 - - [25/Jan/2011:09:35:24 +0100] "GET /css/style.css HTTP/1.1" 200 3366 "http://www.aziendaitalia.com/vendere-negozi-roma.php?gclid=CPLtucj51KYCFcULfAodrDsCNA" "Mozilla/5.0 (Windows; U; Windows NT 6.1; it; rv:1.9.2.13) Gecko/20101203 Firefox/3.6.13"
151.49.76.38 - - [25/Jan/2011:09:35:24 +0100] "GET /js/general.js HTTP/1.1" 200 5776 "http://www.aziendaitalia.com/vendere-negozi-roma.php?gclid=CPLtucj51KYCFcULfAodrDsCNA" "Mozilla/5.0 (Windows; U; Windows NT 6.1; it; rv:1.9.2.13) Gecko/20101203 Firefox/3.6.13"
151.49.76.38 - - [25/Jan/2011:09:35:24 +0100] "GET /js/jquery-1.4.2.min.js HTTP/1.1" 200 72174 "http://www.aziendaitalia.com/vendere-negozi-roma.php?gclid=CPLtucj51KYCFcULfAodrDsCNA" "Mozilla/5.0 (Windows; U; Windows NT 6.1; it; rv:1.9.2.13) Gecko/20101203 Firefox/3.6.13"
151.49.76.38 - - [25/Jan/2011:09:35:24 +0100] "GET /img/icona-negozi.jpg HTTP/1.1" 200 69156 "http://www.aziendaitalia.com/vendere-negozi-roma.php?gclid=CPLtucj51KYCFcULfAodrDsCNA" "Mozilla/5.0 (Windows; U; Windows NT 6.1; it; rv:1.9.2.13) Gecko/20101203 Firefox/3.6.13"
151.49.76.38 - - [25/Jan/2011:09:35:24 +0100] "GET /img/layout/header.gif HTTP/1.1" 200 15655 "http://www.aziendaitalia.com/css/style.css" "Mozilla/5.0 (Windows; U; Windows NT 6.1; it; rv:1.9.2.13) Gecko/20101203 Firefox/3.6.13"
151.49.76.38 - - [25/Jan/2011:09:35:24 +0100] "GET /img/layout/menubar.gif HTTP/1.1" 200 1302 "http://www.aziendaitalia.com/css/style.css" "Mozilla/5.0 (Windows; U; Windows NT 6.1; it; rv:1.9.2.13) Gecko/20101203 Firefox/3.6.13"
151.49.76.38 - - [25/Jan/2011:09:35:24 +0100] "GET /img/layout/bg_wrapper_sub.gif HTTP/1.1" 200 102 "http://www.aziendaitalia.com/css/style.css" "Mozilla/5.0 (Windows; U; Windows NT 6.1; it; rv:1.9.2.13) Gecko/20101203 Firefox/3.6.13"
151.49.76.38 - - [25/Jan/2011:09:35:24 +0100] "GET /img/layout/bg_sidebar_separator.gif HTTP/1.1" 200 106 "http://www.aziendaitalia.com/css/style.css" "Mozilla/5.0 (Windows; U; Windows NT 6.1; it; rv:1.9.2.13) Gecko/20101203 Firefox/3.6.13"
151.49.76.38 - - [25/Jan/2011:09:35:24 +0100] "GET /favicon.ico HTTP/1.1" 200 1406 "-" "Mozilla/5.0 (Windows; U; Windows NT 6.1; it; rv:1.9.2.13) Gecko/20101203 Firefox/3.6.13"
72.5.230.111 - - [25/Jan/2011:09:35:36 +0100] "HEAD / HTTP/1.1" 200 - "-" "Site 24 X 7"
67.195.115.117 - - [25/Jan/2011:09:35:44 +0100] "GET /RESULTS.CFM?category=140 HTTP/1.0" 404 274 "-" "Mozilla/5.0 (compatible; Yahoo! Slurp; http://help.yahoo.com/help/us/ysearch/slurp)"
151.90.254.207 - - [25/Jan/2011:09:35:49 +0100] "GET /attivita-in-vendita/a-roma_p53.html?page=2 HTTP/1.0" 200 4314 "http://www.aziendaitalia.com/attivita-in-vendita/a-roma_p53.html" "Mozilla/4.0 (compatible; MSIE 8.0; Windows NT 5.1; Trident/4.0; .NET CLR 1.1.4322; .NET CLR 2.0.50727; .NET CLR 3.0.4506.2152; .NET CLR 3.5.30729)"
151.90.254.207 - - [25/Jan/2011:09:35:56 +0100] "GET /attivita-in-vendita/a3294.html HTTP/1.0" 200 2769 "http://www.aziendaitalia.com/attivita-in-vendita/a-roma_p53.html?page=2" "Mozilla/4.0 (compatible; MSIE 8.0; Windows NT 5.1; Trident/4.0; .NET CLR 1.1.4322; .NET CLR 2.0.50727; .NET CLR 3.0.4506.2152; .NET CLR 3.5.30729)"
151.90.254.207 - - [25/Jan/2011:09:35:56 +0100] "GET /css/style.css HTTP/1.0" 200 3366 "http://www.aziendaitalia.com/attivita-in-vendita/a3294.html" "Mozilla/4.0 (compatible; MSIE 8.0; Windows NT 5.1; Trident/4.0; .NET CLR 1.1.4322; .NET CLR 2.0.50727; .NET CLR 3.0.4506.2152; .NET CLR 3.5.30729)"
151.90.254.207 - - [25/Jan/2011:09:35:57 +0100] "GET /img/thumb/phpThumb.php?src=/admin/img/1284039612_1145-8097Y-B.jpg&w=148&h=138&zc=1&q=90 HTTP/1.0" 200 8149 "http://www.aziendaitalia.com/attivita-in-vendita/a3294.html" "Mozilla/4.0 (compatible; MSIE 8.0; Windows NT 5.1; Trident/4.0; .NET CLR 1.1.4322; .NET CLR 2.0.50727; .NET CLR 3.0.4506.2152; .NET CLR 3.5.30729)"
151.90.254.207 - - [25/Jan/2011:09:35:57 +0100] "GET /img/thumb/phpThumb.php?src=/admin/img/1284039616_1145-8097Y-C.jpg&w=148&h=138&zc=1&q=90 HTTP/1.0" 200 6945 "http://www.aziendaitalia.com/attivita-in-vendita/a3294.html" "Mozilla/4.0 (compatible; MSIE 8.0; Windows NT 5.1; Trident/4.0; .NET CLR 1.1.4322; .NET CLR 2.0.50727; .NET CLR 3.0.4506.2152; .NET CLR 3.5.30729)"
151.90.254.207 - - [25/Jan/2011:09:35:57 +0100] "GET /img/thumb/phpThumb.php?src=/admin/img/1284039607_1145-8097Y-A.jpg&w=148&h=138&zc=1&q=90 HTTP/1.0" 200 7689 "http://www.aziendaitalia.com/attivita-in-vendita/a3294.html" "Mozilla/4.0 (compatible; MSIE 8.0; Windows NT 5.1; Trident/4.0; .NET CLR 1.1.4322; .NET CLR 2.0.50727; .NET CLR 3.0.4506.2152; .NET CLR 3.5.30729)"
151.90.254.207 - - [25/Jan/2011:09:35:57 +0100] "GET /img/thumb/phpThumb.php?src=/admin/img/1284039620_1145-8097Y-D.jpg&w=148&h=138&zc=1&q=90 HTTP/1.0" 200 6742 "http://www.aziendaitalia.com/attivita-in-vendita/a3294.html" "Mozilla/4.0 (compatible; MSIE 8.0; Windows NT 5.1; Trident/4.0; .NET CLR 1.1.4322; .NET CLR 2.0.50727; .NET CLR 3.0.4506.2152; .NET CLR 3.5.30729)"
207.46.195.224 - - [25/Jan/2011:09:36:01 +0100] "GET /bancadati-scheda.php?idreg=1&idind=&idcat=&idazienda=9483 HTTP/1.1" 404 277 "-" "Mozilla/5.0 (compatible; bingbot/2.0; +http://www.bing.com/bingbot.htm)"
67.195.115.117 - - [25/Jan/2011:09:36:03 +0100] "GET /immobili-in-vendita/i224.html HTTP/1.0" 200 3021 "-" "Mozilla/5.0 (compatible; Yahoo! Slurp; http://help.yahoo.com/help/us/ysearch/slurp)"
151.90.254.207 - - [25/Jan/2011:09:36:04 +0100] "GET /attivita-in-vendita/a3275.html HTTP/1.0" 200 2719 "http://www.aziendaitalia.com/attivita-in-vendita/a-roma_p53.html?page=2" "Mozilla/4.0 (compatible; MSIE 8.0; Windows NT 5.1; Trident/4.0; .NET CLR 1.1.4322; .NET CLR 2.0.50727; .NET CLR 3.0.4506.2152; .NET CLR 3.5.30729)"
151.90.254.207 - - [25/Jan/2011:09:36:05 +0100] "GET /img/thumb/phpThumb.php?src=/admin/img/1284028743_8719-4142N-A1.JPG&w=148&h=138&zc=1&q=90 HTTP/1.0" 200 6168 "http://www.aziendaitalia.com/attivita-in-vendita/a3275.html" "Mozilla/4.0 (compatible; MSIE 8.0; Windows NT 5.1; Trident/4.0; .NET CLR 1.1.4322; .NET CLR 2.0.50727; .NET CLR 3.0.4506.2152; .NET CLR 3.5.30729)"
151.90.254.207 - - [25/Jan/2011:09:36:05 +0100] "GET /img/thumb/phpThumb.php?src=/admin/img/1284028748_8719-4142N-B1.JPG&w=148&h=138&zc=1&q=90 HTTP/1.0" 200 7017 "http://www.aziendaitalia.com/attivita-in-vendita/a3275.html" "Mozilla/4.0 (compatible; MSIE 8.0; Windows NT 5.1; Trident/4.0; .NET CLR 1.1.4322; .NET CLR 2.0.50727; .NET CLR 3.0.4506.2152; .NET CLR 3.5.30729)"
151.90.254.207 - - [25/Jan/2011:09:36:05 +0100] "GET /img/thumb/phpThumb.php?src=/admin/img/1284028752_8719-4142N-C1.JPG&w=148&h=138&zc=1&q=90 HTTP/1.0" 200 7518 "http://www.aziendaitalia.com/attivita-in-vendita/a3275.html" "Mozilla/4.0 (compatible; MSIE 8.0; Windows NT 5.1; Trident/4.0; .NET CLR 1.1.4322; .NET CLR 2.0.50727; .NET CLR 3.0.4506.2152; .NET CLR 3.5.30729)"
178.154.161.29 - - [25/Jan/2011:09:36:10 +0100] "GET /annunci/centro-italia/pisa/8235.htm HTTP/1.1" 200 3152 "-" "Mozilla/5.0 (compatible; YandexBot/3.0; +http://yandex.com/bots)"
67.195.115.117 - - [25/Jan/2011:09:36:14 +0100] "GET /attivita/negozio-vendita-angeli.htm HTTP/1.0" 200 2095 "-" "Mozilla/5.0 (compatible; Yahoo! Slurp; http://help.yahoo.com/help/us/ysearch/slurp)"
72.5.230.111 - - [25/Jan/2011:09:36:37 +0100] "HEAD / HTTP/1.1" 200 - "-" "Site 24 X 7"
151.90.254.207 - - [25/Jan/2011:09:36:54 +0100] "GET /attivita-in-vendita/a3274.html HTTP/1.0" 200 2738 "http://www.aziendaitalia.com/attivita-in-vendita/a-roma_p53.html?page=2" "Mozilla/4.0 (compatible; MSIE 8.0; Windows NT 5.1; Trident/4.0; .NET CLR 1.1.4322; .NET CLR 2.0.50727; .NET CLR 3.0.4506.2152; .NET CLR 3.5.30729)"
151.90.254.207 - - [25/Jan/2011:09:36:54 +0100] "GET /img/thumb/phpThumb.php?src=/admin/img/1284028682_8719-4142N-B1.JPG&w=148&h=138&zc=1&q=90 HTTP/1.0" 200 7017 "http://www.aziendaitalia.com/attivita-in-vendita/a3274.html" "Mozilla/4.0 (compatible; MSIE 8.0; Windows NT 5.1; Trident/4.0; .NET CLR 1.1.4322; .NET CLR 2.0.50727; .NET CLR 3.0.4506.2152; .NET CLR 3.5.30729)"
151.90.254.207 - - [25/Jan/2011:09:36:54 +0100] "GET /img/thumb/phpThumb.php?src=/admin/img/1284028678_8719-4142N-A1.JPG&w=148&h=138&zc=1&q=90 HTTP/1.0" 200 6168 "http://www.aziendaitalia.com/attivita-in-vendita/a3274.html" "Mozilla/4.0 (compatible; MSIE 8.0; Windows NT 5.1; Trident/4.0; .NET CLR 1.1.4322; .NET CLR 2.0.50727; .NET CLR 3.0.4506.2152; .NET CLR 3.5.30729)"
207.46.195.106 - - [25/Jan/2011:09:37:02 +0100] "GET /bancadati-scheda.php?idreg=&idind=2&idcat=98&idazienda=12889 HTTP/1.1" 404 277 "-" "Mozilla/5.0 (compatible; bingbot/2.0; +http://www.bing.com/bingbot.htm)"
151.90.254.207 - - [25/Jan/2011:09:37:08 +0100] "GET /attivita-in-vendita/a3212.html HTTP/1.0" 200 2563 "http://www.aziendaitalia.com/attivita-in-vendita/a-roma_p53.html?page=2" "Mozilla/4.0 (compatible; MSIE 8.0; Windows NT 5.1; Trident/4.0; .NET CLR 1.1.4322; .NET CLR 2.0.50727; .NET CLR 3.0.4506.2152; .NET CLR 3.5.30729)"
87.11.169.152 - - [25/Jan/2011:09:37:17 +0100] "GET /attivita-in-vendita/?gclid=CPDxt_751KYCFUYifAodO3vwMw HTTP/1.1" 200 2323 "http://ricerca.virgilio.it/ricerca?f=hp&qs=vendo+la+mia+attivita%27+siti+dove+pubblicarla&qsAz=&dv=" "Mozilla/4.0 (compatible; MSIE 6.0; Windows NT 5.1; SV1; GTB6.6; InfoPath.1; .NET CLR 2.0.50727; OfficeLiveConnector.1.3; OfficeLivePatch.0.0; .NET CLR 3.0.4506.2152; .NET CLR 3.5.30729)"
87.11.169.152 - - [25/Jan/2011:09:37:17 +0100] "GET /css/style.css HTTP/1.1" 200 3366 "http://www.aziendaitalia.com/attivita-in-vendita/?gclid=CPDxt_751KYCFUYifAodO3vwMw" "Mozilla/4.0 (compatible; MSIE 6.0; Windows NT 5.1; SV1; GTB6.6; InfoPath.1; .NET CLR 2.0.50727; OfficeLiveConnector.1.3; OfficeLivePatch.0.0; .NET CLR 3.0.4506.2152; .NET CLR 3.5.30729)"
87.11.169.152 - - [25/Jan/2011:09:37:17 +0100] "GET /js/jquery-1.4.2.min.js HTTP/1.1" 200 72174 "http://www.aziendaitalia.com/attivita-in-vendita/?gclid=CPDxt_751KYCFUYifAodO3vwMw" "Mozilla/4.0 (compatible; MSIE 6.0; Windows NT 5.1; SV1; GTB6.6; InfoPath.1; .NET CLR 2.0.50727; OfficeLiveConnector.1.3; OfficeLivePatch.0.0; .NET CLR 3.0.4506.2152; .NET CLR 3.5.30729)"
87.11.169.152 - - [25/Jan/2011:09:37:18 +0100] "GET /js/general.js HTTP/1.1" 200 5776 "http://www.aziendaitalia.com/attivita-in-vendita/?gclid=CPDxt_751KYCFUYifAodO3vwMw" "Mozilla/4.0 (compatible; MSIE 6.0; Windows NT 5.1; SV1; GTB6.6; InfoPath.1; .NET CLR 2.0.50727; OfficeLiveConnector.1.3; OfficeLivePatch.0.0; .NET CLR 3.0.4506.2152; .NET CLR 3.5.30729)"
87.11.169.152 - - [25/Jan/2011:09:37:19 +0100] "GET /img/thumb/phpThumb.php?src=/admin/img/1295368730_5945-6289D-A.JPG&w=148&h=138&zc=1&q=90 HTTP/1.1" 200 9397 "http://www.aziendaitalia.com/attivita-in-vendita/?gclid=CPDxt_751KYCFUYifAodO3vwMw" "Mozilla/4.0 (compatible; MSIE 6.0; Windows NT 5.1; SV1; GTB6.6; InfoPath.1; .NET CLR 2.0.50727; OfficeLiveConnector.1.3; OfficeLivePatch.0.0; .NET CLR 3.0.4506.2152; .NET CLR 3.5.30729)"
87.11.169.152 - - [25/Jan/2011:09:37:19 +0100] "GET /img/thumb/phpThumb.php?src=/admin/img/1283511116_5135-4001Y-A.JPG&w=148&h=138&zc=1&q=90 HTTP/1.1" 200 9692 "http://www.aziendaitalia.com/attivita-in-vendita/?gclid=CPDxt_751KYCFUYifAodO3vwMw" "Mozilla/4.0 (compatible; MSIE 6.0; Windows NT 5.1; SV1; GTB6.6; InfoPath.1; .NET CLR 2.0.50727; OfficeLiveConnector.1.3; OfficeLivePatch.0.0; .NET CLR 3.0.4506.2152; .NET CLR 3.5.30729)"
87.11.169.152 - - [25/Jan/2011:09:37:19 +0100] "GET /img/layout/menubar.gif HTTP/1.1" 200 1302 "http://www.aziendaitalia.com/attivita-in-vendita/?gclid=CPDxt_751KYCFUYifAodO3vwMw" "Mozilla/4.0 (compatible; MSIE 6.0; Windows NT 5.1; SV1; GTB6.6; InfoPath.1; .NET CLR 2.0.50727; OfficeLiveConnector.1.3; OfficeLivePatch.0.0; .NET CLR 3.0.4506.2152; .NET CLR 3.5.30729)"
87.11.169.152 - - [25/Jan/2011:09:37:19 +0100] "GET /img/layout/bg_wrapper_sub.gif HTTP/1.1" 200 102 "http://www.aziendaitalia.com/attivita-in-vendita/?gclid=CPDxt_751KYCFUYifAodO3vwMw" "Mozilla/4.0 (compatible; MSIE 6.0; Windows NT 5.1; SV1; GTB6.6; InfoPath.1; .NET CLR 2.0.50727; OfficeLiveConnector.1.3; OfficeLivePatch.0.0; .NET CLR 3.0.4506.2152; .NET CLR 3.5.30729)"
87.11.169.152 - - [25/Jan/2011:09:37:19 +0100] "GET /img/thumb/phpThumb.php?src=/admin/img/1284121274_8018-5308G-A.JPG&w=148&h=138&zc=1&q=90 HTTP/1.1" 200 7134 "http://www.aziendaitalia.com/attivita-in-vendita/?gclid=CPDxt_751KYCFUYifAodO3vwMw" "Mozilla/4.0 (compatible; MSIE 6.0; Windows NT 5.1; SV1; GTB6.6; InfoPath.1; .NET CLR 2.0.50727; OfficeLiveConnector.1.3; OfficeLivePatch.0.0; .NET CLR 3.0.4506.2152; .NET CLR 3.5.30729)"
87.11.169.152 - - [25/Jan/2011:09:37:19 +0100] "GET /img/layout/bg_sidebar_separator.gif HTTP/1.1" 200 106 "http://www.aziendaitalia.com/attivita-in-vendita/?gclid=CPDxt_751KYCFUYifAodO3vwMw" "Mozilla/4.0 (compatible; MSIE 6.0; Windows NT 5.1; SV1; GTB6.6; InfoPath.1; .NET CLR 2.0.50727; OfficeLiveConnector.1.3; OfficeLivePatch.0.0; .NET CLR 3.0.4506.2152; .NET CLR 3.5.30729)"
87.11.169.152 - - [25/Jan/2011:09:37:19 +0100] "GET /img/layout/dot.png HTTP/1.1" 200 2899 "http://www.aziendaitalia.com/attivita-in-vendita/?gclid=CPDxt_751KYCFUYifAodO3vwMw" "Mozilla/4.0 (compatible; MSIE 6.0; Windows NT 5.1; SV1; GTB6.6; InfoPath.1; .NET CLR 2.0.50727; OfficeLiveConnector.1.3; OfficeLivePatch.0.0; .NET CLR 3.0.4506.2152; .NET CLR 3.5.30729)"
87.11.169.152 - - [25/Jan/2011:09:37:19 +0100] "GET /img/layout/header.gif HTTP/1.1" 200 15655 "http://www.aziendaitalia.com/attivita-in-vendita/?gclid=CPDxt_751KYCFUYifAodO3vwMw" "Mozilla/4.0 (compatible; MSIE 6.0; Windows NT 5.1; SV1; GTB6.6; InfoPath.1; .NET CLR 2.0.50727; OfficeLiveConnector.1.3; OfficeLivePatch.0.0; .NET CLR 3.0.4506.2152; .NET CLR 3.5.30729)"
67.195.115.117 - - [25/Jan/2011:09:37:21 +0100] "GET /detail.cfm?ID=10886 HTTP/1.0" 301 281 "-" "Mozilla/5.0 (compatible; Yahoo! Slurp; http://help.yahoo.com/help/us/ysearch/slurp)"
67.195.115.117 - - [25/Jan/2011:09:37:23 +0100] "GET /?ID=10886 HTTP/1.0" 200 2651 "-" "Mozilla/5.0 (compatible; Yahoo! Slurp; http://help.yahoo.com/help/us/ysearch/slurp)"
67.195.115.117 - - [25/Jan/2011:09:37:23 +0100] "GET /detail.cfm?ID=9969 HTTP/1.0" 301 280 "-" "Mozilla/5.0 (compatible; Yahoo! Slurp; http://help.yahoo.com/help/us/ysearch/slurp)"
67.195.115.117 - - [25/Jan/2011:09:37:24 +0100] "GET /?ID=9969 HTTP/1.0" 200 2649 "-" "Mozilla/5.0 (compatible; Yahoo! Slurp; http://help.yahoo.com/help/us/ysearch/slurp)"
62.89.187.211 - - [25/Jan/2011:09:37:25 +0100] "GET / HTTP/1.1" 200 2648 "-" "Mozilla/5.0 (compatible; CligooRobot/2.0; +http://www.cligoo.de)"
72.5.230.111 - - [25/Jan/2011:09:37:40 +0100] "HEAD / HTTP/1.1" 200 - "-" "Site 24 X 7"
87.11.169.152 - - [25/Jan/2011:09:37:41 +0100] "GET /cedere-attivita/ HTTP/1.1" 200 3958 "http://www.aziendaitalia.com/attivita-in-vendita/?gclid=CPDxt_751KYCFUYifAodO3vwMw" "Mozilla/4.0 (compatible; MSIE 6.0; Windows NT 5.1; SV1; GTB6.6; InfoPath.1; .NET CLR 2.0.50727; OfficeLiveConnector.1.3; OfficeLivePatch.0.0; .NET CLR 3.0.4506.2152; .NET CLR 3.5.30729)"
207.46.13.96 - - [25/Jan/2011:09:37:49 +0100] "GET /bancadati-scheda.php?idazienda=12679 HTTP/1.1" 404 277 "-" "Mozilla/5.0 (compatible; bingbot/2.0; +http://www.bing.com/bingbot.htm)"
207.46.204.178 - - [25/Jan/2011:09:37:56 +0100] "GET /bancadati-scheda.php?idreg=3&idind=&idcat=&idazienda=11125 HTTP/1.1" 404 277 "-" "Mozilla/5.0 (compatible; bingbot/2.0; +http://www.bing.com/bingbot.htm)"
151.90.254.207 - - [25/Jan/2011:09:38:06 +0100] "GET /attivita-in-vendita/a3102.html HTTP/1.0" 200 2571 "http://www.aziendaitalia.com/attivita-in-vendita/a-roma_p53.html?page=2" "Mozilla/4.0 (compatible; MSIE 8.0; Windows NT 5.1; Trident/4.0; .NET CLR 1.1.4322; .NET CLR 2.0.50727; .NET CLR 3.0.4506.2152; .NET CLR 3.5.30729)"
79.48.214.47 - - [25/Jan/2011:09:38:17 +0100] "GET /cedere-attivita?gclid=CNWKgZv61KYCFQgMfAodl1HpMw HTTP/1.1" 404 274 "http://it.ask.com/web?q=azienda+italia+cedere+attivita&qsrc=2417&o=4083&l=sem&qid=6C35475D9AE090C5526F66727ABA0779&frstpgo=0&page=2&jss=1&dm=all" "Mozilla/5.0 (Windows; U; Windows NT 6.0; en-US) AppleWebKit/534.10 (KHTML, like Gecko) Chrome/8.0.552.237 Safari/534.10"
178.154.161.29 - - [25/Jan/2011:09:38:24 +0100] "GET /attivita-in-vendita/enoteche-vendita-vini_centroitalia_s119_mr2.html HTTP/1.1" 200 2787 "-" "Mozilla/5.0 (compatible; YandexBot/3.0; +http://yandex.com/bots)"
72.5.230.111 - - [25/Jan/2011:09:38:41 +0100] "HEAD / HTTP/1.1" 200 - "-" "Site 24 X 7"
207.46.13.101 - - [25/Jan/2011:09:38:49 +0100] "GET /attivita-in-vendita/alberghi-ristoranti-bar-agriturismo-aziende-agricole_m1.html HTTP/1.1" 200 3665 "-" "Mozilla/5.0 (compatible; bingbot/2.0; +http://www.bing.com/bingbot.htm)"
151.90.254.207 - - [25/Jan/2011:09:39:01 +0100] "GET /attivita-in-vendita/a3101.html HTTP/1.0" 200 2572 "http://www.aziendaitalia.com/attivita-in-vendita/a-roma_p53.html?page=2" "Mozilla/4.0 (compatible; MSIE 8.0; Windows NT 5.1; Trident/4.0; .NET CLR 1.1.4322; .NET CLR 2.0.50727; .NET CLR 3.0.4506.2152; .NET CLR 3.5.30729)"
151.90.254.207 - - [25/Jan/2011:09:39:14 +0100] "GET /attivita-in-vendita/a3100.html HTTP/1.0" 200 2681 "http://www.aziendaitalia.com/attivita-in-vendita/a-roma_p53.html?page=2" "Mozilla/4.0 (compatible; MSIE 8.0; Windows NT 5.1; Trident/4.0; .NET CLR 1.1.4322; .NET CLR 2.0.50727; .NET CLR 3.0.4506.2152; .NET CLR 3.5.30729)"
151.90.254.207 - - [25/Jan/2011:09:39:14 +0100] "GET /css/style.css HTTP/1.0" 200 3366 "http://www.aziendaitalia.com/attivita-in-vendita/a3100.html" "Mozilla/4.0 (compatible; MSIE 8.0; Windows NT 5.1; Trident/4.0; .NET CLR 1.1.4322; .NET CLR 2.0.50727; .NET CLR 3.0.4506.2152; .NET CLR 3.5.30729)"
151.90.254.207 - - [25/Jan/2011:09:39:37 +0100] "GET /attivita-in-vendita/a-roma_p53.html?page=3 HTTP/1.0" 200 4315 "http://www.aziendaitalia.com/attivita-in-vendita/a-roma_p53.html?page=2" "Mozilla/4.0 (compatible; MSIE 8.0; Windows NT 5.1; Trident/4.0; .NET CLR 1.1.4322; .NET CLR 2.0.50727; .NET CLR 3.0.4506.2152; .NET CLR 3.5.30729)"
72.5.230.111 - - [25/Jan/2011:09:39:41 +0100] "HEAD / HTTP/1.1" 200 - "-" "Site 24 X 7"
151.90.254.207 - - [25/Jan/2011:09:40:01 +0100] "GET /attivita-in-vendita/a2945.html HTTP/1.0" 200 2829 "http://www.aziendaitalia.com/attivita-in-vendita/a-roma_p53.html?page=3" "Mozilla/4.0 (compatible; MSIE 8.0; Windows NT 5.1; Trident/4.0; .NET CLR 1.1.4322; .NET CLR 2.0.50727; .NET CLR 3.0.4506.2152; .NET CLR 3.5.30729)"
151.90.254.207 - - [25/Jan/2011:09:40:01 +0100] "GET /img/thumb/phpThumb.php?src=/admin/img/1283246589_9655-7793Y-C.JPG&w=148&h=138&zc=1&q=90 HTTP/1.0" 200 9013 "http://www.aziendaitalia.com/attivita-in-vendita/a2945.html" "Mozilla/4.0 (compatible; MSIE 8.0; Windows NT 5.1; Trident/4.0; .NET CLR 1.1.4322; .NET CLR 2.0.50727; .NET CLR 3.0.4506.2152; .NET CLR 3.5.30729)"
151.90.254.207 - - [25/Jan/2011:09:40:01 +0100] "GET /img/thumb/phpThumb.php?src=/admin/img/1283246585_9655-7793Y-B.JPG&w=148&h=138&zc=1&q=90 HTTP/1.0" 200 7993 "http://www.aziendaitalia.com/attivita-in-vendita/a2945.html" "Mozilla/4.0 (compatible; MSIE 8.0; Windows NT 5.1; Trident/4.0; .NET CLR 1.1.4322; .NET CLR 2.0.50727; .NET CLR 3.0.4506.2152; .NET CLR 3.5.30729)"
151.90.254.207 - - [25/Jan/2011:09:40:01 +0100] "GET /img/thumb/phpThumb.php?src=/admin/img/1283246582_9655-7793Y-A.JPG&w=148&h=138&zc=1&q=90 HTTP/1.0" 200 7625 "http://www.aziendaitalia.com/attivita-in-vendita/a2945.html" "Mozilla/4.0 (compatible; MSIE 8.0; Windows NT 5.1; Trident/4.0; .NET CLR 1.1.4322; .NET CLR 2.0.50727; .NET CLR 3.0.4506.2152; .NET CLR 3.5.30729)"
151.90.254.207 - - [25/Jan/2011:09:40:01 +0100] "GET /img/thumb/phpThumb.php?src=/admin/img/1283246592_9655-7793Y-D.JPG&w=148&h=138&zc=1&q=90 HTTP/1.0" 200 9478 "http://www.aziendaitalia.com/attivita-in-vendita/a2945.html" "Mozilla/4.0 (compatible; MSIE 8.0; Windows NT 5.1; Trident/4.0; .NET CLR 1.1.4322; .NET CLR 2.0.50727; .NET CLR 3.0.4506.2152; .NET CLR 3.5.30729)"
178.154.161.29 - - [25/Jan/2011:09:40:37 +0100] "GET /attivita-in-vendita/servizi-centri-fitness-estetica-servizi-alle-persone_a-ascoli-piceno_m3_p84.html HTTP/1.1" 200 2950 "-" "Mozilla/5.0 (compatible; YandexBot/3.0; +http://yandex.com/bots)"
72.5.230.111 - - [25/Jan/2011:09:40:42 +0100] "HEAD / HTTP/1.1" 200 - "-" "Site 24 X 7"
207.46.199.178 - - [25/Jan/2011:09:41:00 +0100] "GET /robots.txt HTTP/1.1" 404 332 "-" "Mozilla/5.0 (compatible; bingbot/2.0; +http://www.bing.com/bingbot.htm)"
87.11.169.152 - - [25/Jan/2011:09:41:14 +0100] "GET /cedere-attivita/richiesta-info.html HTTP/1.1" 200 3409 "http://www.aziendaitalia.com/cedere-attivita/" "Mozilla/4.0 (compatible; MSIE 6.0; Windows NT 5.1; SV1; GTB6.6; InfoPath.1; .NET CLR 2.0.50727; OfficeLiveConnector.1.3; OfficeLivePatch.0.0; .NET CLR 3.0.4506.2152; .NET CLR 3.5.30729)"
151.90.254.207 - - [25/Jan/2011:09:41:32 +0100] "GET /attivita-in-vendita/a2922.html HTTP/1.0" 200 3116 "http://www.aziendaitalia.com/attivita-in-vendita/a-roma_p53.html?page=3" "Mozilla/4.0 (compatible; MSIE 8.0; Windows NT 5.1; Trident/4.0; .NET CLR 1.1.4322; .NET CLR 2.0.50727; .NET CLR 3.0.4506.2152; .NET CLR 3.5.30729)"
151.90.254.207 - - [25/Jan/2011:09:41:32 +0100] "GET /img/thumb/phpThumb.php?src=/admin/img/1287223474_6046-4006S-C.jpg&w=148&h=138&zc=1&q=90 HTTP/1.0" 200 7143 "http://www.aziendaitalia.com/attivita-in-vendita/a2922.html" "Mozilla/4.0 (compatible; MSIE 8.0; Windows NT 5.1; Trident/4.0; .NET CLR 1.1.4322; .NET CLR 2.0.50727; .NET CLR 3.0.4506.2152; .NET CLR 3.5.30729)"
151.90.254.207 - - [25/Jan/2011:09:41:32 +0100] "GET /img/thumb/phpThumb.php?src=/admin/img/1287223471_6046-4006S-B.jpg&w=148&h=138&zc=1&q=90 HTTP/1.0" 200 6539 "http://www.aziendaitalia.com/attivita-in-vendita/a2922.html" "Mozilla/4.0 (compatible; MSIE 8.0; Windows NT 5.1; Trident/4.0; .NET CLR 1.1.4322; .NET CLR 2.0.50727; .NET CLR 3.0.4506.2152; .NET CLR 3.5.30729)"
151.90.254.207 - - [25/Jan/2011:09:41:32 +0100] "GET /img/thumb/phpThumb.php?src=/admin/img/1287223478_6046-4006S-D.jpg&w=148&h=138&zc=1&q=90 HTTP/1.0" 200 8123 "http://www.aziendaitalia.com/attivita-in-vendita/a2922.html" "Mozilla/4.0 (compatible; MSIE 8.0; Windows NT 5.1; Trident/4.0; .NET CLR 1.1.4322; .NET CLR 2.0.50727; .NET CLR 3.0.4506.2152; .NET CLR 3.5.30729)"
151.90.254.207 - - [25/Jan/2011:09:41:32 +0100] "GET /img/thumb/phpThumb.php?src=/admin/img/1287223481_6046-4006S-E.jpg&w=148&h=138&zc=1&q=90 HTTP/1.0" 200 7988 "http://www.aziendaitalia.com/attivita-in-vendita/a2922.html" "Mozilla/4.0 (compatible; MSIE 8.0; Windows NT 5.1; Trident/4.0; .NET CLR 1.1.4322; .NET CLR 2.0.50727; .NET CLR 3.0.4506.2152; .NET CLR 3.5.30729)"
66.249.71.212 - - [25/Jan/2011:09:41:36 +0100] "GET /RESULTS.CFM?PageNum_getList=3&category=365 HTTP/1.1" 404 274 "-" "Mozilla/5.0 (compatible; Googlebot/2.1; +http://www.google.com/bot.html)"
72.5.230.111 - - [25/Jan/2011:09:41:42 +0100] "HEAD / HTTP/1.1" 200 - "-" "Site 24 X 7"
67.195.115.117 - - [25/Jan/2011:09:42:11 +0100] "GET /bancadati-scheda.php?idazienda=13012 HTTP/1.0" 404 277 "-" "Mozilla/5.0 (compatible; Yahoo! Slurp; http://help.yahoo.com/help/us/ysearch/slurp)"
207.46.13.46 - - [25/Jan/2011:09:42:18 +0100] "GET /bancadati-scheda.php?idreg=2&idind=&idcat=&idazienda=13642 HTTP/1.1" 404 277 "-" "Mozilla/5.0 (compatible; bingbot/2.0; +http://www.bing.com/bingbot.htm)"
72.5.230.111 - - [25/Jan/2011:09:42:43 +0100] "HEAD / HTTP/1.1" 200 - "-" "Site 24 X 7"
178.154.161.29 - - [25/Jan/2011:09:42:51 +0100] "GET /attivita-in-vendita/installatori_a-lecco_c71_p10.html HTTP/1.1" 200 3091 "-" "Mozilla/5.0 (compatible; YandexBot/3.0; +http://yandex.com/bots)"
151.90.254.207 - - [25/Jan/2011:09:42:57 +0100] "GET /attivita-in-vendita/a2854.html HTTP/1.0" 200 2704 "http://www.aziendaitalia.com/attivita-in-vendita/a-roma_p53.html?page=3" "Mozilla/4.0 (compatible; MSIE 8.0; Windows NT 5.1; Trident/4.0; .NET CLR 1.1.4322; .NET CLR 2.0.50727; .NET CLR 3.0.4506.2152; .NET CLR 3.5.30729)"
151.90.254.207 - - [25/Jan/2011:09:42:58 +0100] "GET /css/style.css HTTP/1.0" 200 3366 "http://www.aziendaitalia.com/attivita-in-vendita/a2854.html" "Mozilla/4.0 (compatible; MSIE 8.0; Windows NT 5.1; Trident/4.0; .NET CLR 1.1.4322; .NET CLR 2.0.50727; .NET CLR 3.0.4506.2152; .NET CLR 3.5.30729)"
151.90.254.207 - - [25/Jan/2011:09:42:58 +0100] "GET /img/thumb/phpThumb.php?src=/admin/img/1282657062_9868-5726I-A.jpg&w=148&h=138&zc=1&q=90 HTTP/1.0" 200 7806 "http://www.aziendaitalia.com/attivita-in-vendita/a2854.html" "Mozilla/4.0 (compatible; MSIE 8.0; Windows NT 5.1; Trident/4.0; .NET CLR 1.1.4322; .NET CLR 2.0.50727; .NET CLR 3.0.4506.2152; .NET CLR 3.5.30729)"
151.90.254.207 - - [25/Jan/2011:09:42:58 +0100] "GET /img/thumb/phpThumb.php?src=/admin/img/1282657066_9868-5726I-B.jpg&w=148&h=138&zc=1&q=90 HTTP/1.0" 200 7056 "http://www.aziendaitalia.com/attivita-in-vendita/a2854.html" "Mozilla/4.0 (compatible; MSIE 8.0; Windows NT 5.1; Trident/4.0; .NET CLR 1.1.4322; .NET CLR 2.0.50727; .NET CLR 3.0.4506.2152; .NET CLR 3.5.30729)"
151.90.254.207 - - [25/Jan/2011:09:42:58 +0100] "GET /img/thumb/phpThumb.php?src=/admin/img/1282657071_9868-5726I-C.jpg&w=148&h=138&zc=1&q=90 HTTP/1.0" 200 6373 "http://www.aziendaitalia.com/attivita-in-vendita/a2854.html" "Mozilla/4.0 (compatible; MSIE 8.0; Windows NT 5.1; Trident/4.0; .NET CLR 1.1.4322; .NET CLR 2.0.50727; .NET CLR 3.0.4506.2152; .NET CLR 3.5.30729)"
151.90.254.207 - - [25/Jan/2011:09:42:58 +0100] "GET /img/thumb/phpThumb.php?src=/admin/img/1282657077_9868-5726I-D.jpg&w=148&h=138&zc=1&q=90 HTTP/1.0" 200 5495 "http://www.aziendaitalia.com/attivita-in-vendita/a2854.html" "Mozilla/4.0 (compatible; MSIE 8.0; Windows NT 5.1; Trident/4.0; .NET CLR 1.1.4322; .NET CLR 2.0.50727; .NET CLR 3.0.4506.2152; .NET CLR 3.5.30729)"
95.74.231.184 - - [25/Jan/2011:09:43:17 +0100] "GET /?gclid=CLGkhqr71KYCFYgh3wodq3uhIw HTTP/1.1" 200 2671 "http://ricerca.virgilio.it/ricerca?f=hp&qs=prendere+in+gestione+un%27attivita%27&qsAz=&dv=" "Mozilla/5.0 (Windows; U; Windows NT 5.1; en-US) AppleWebKit/534.10 (KHTML, like Gecko) Chrome/8.0.552.237 Safari/534.10"
95.74.231.184 - - [25/Jan/2011:09:43:18 +0100] "GET /css/style.css HTTP/1.1" 200 3366 "http://www.aziendaitalia.com/?gclid=CLGkhqr71KYCFYgh3wodq3uhIw" "Mozilla/5.0 (Windows; U; Windows NT 5.1; en-US) AppleWebKit/534.10 (KHTML, like Gecko) Chrome/8.0.552.237 Safari/534.10"
95.74.231.184 - - [25/Jan/2011:09:43:18 +0100] "GET /js/general.js HTTP/1.1" 200 5776 "http://www.aziendaitalia.com/?gclid=CLGkhqr71KYCFYgh3wodq3uhIw" "Mozilla/5.0 (Windows; U; Windows NT 5.1; en-US) AppleWebKit/534.10 (KHTML, like Gecko) Chrome/8.0.552.237 Safari/534.10"
95.74.231.184 - - [25/Jan/2011:09:43:18 +0100] "GET /js/jquery.pngfix.pack.js HTTP/1.1" 200 2485 "http://www.aziendaitalia.com/?gclid=CLGkhqr71KYCFYgh3wodq3uhIw" "Mozilla/5.0 (Windows; U; Windows NT 5.1; en-US) AppleWebKit/534.10 (KHTML, like Gecko) Chrome/8.0.552.237 Safari/534.10"
95.74.231.184 - - [25/Jan/2011:09:43:18 +0100] "GET /js/jquery-1.4.2.min.js HTTP/1.1" 200 72174 "http://www.aziendaitalia.com/?gclid=CLGkhqr71KYCFYgh3wodq3uhIw" "Mozilla/5.0 (Windows; U; Windows NT 5.1; en-US) AppleWebKit/534.10 (KHTML, like Gecko) Chrome/8.0.552.237 Safari/534.10"
95.74.231.184 - - [25/Jan/2011:09:43:20 +0100] "GET /img/layout/header.gif HTTP/1.1" 200 15655 "http://www.aziendaitalia.com/?gclid=CLGkhqr71KYCFYgh3wodq3uhIw" "Mozilla/5.0 (Windows; U; Windows NT 5.1; en-US) AppleWebKit/534.10 (KHTML, like Gecko) Chrome/8.0.552.237 Safari/534.10"
95.74.231.184 - - [25/Jan/2011:09:43:20 +0100] "GET /img/layout/menubar.gif HTTP/1.1" 200 1302 "http://www.aziendaitalia.com/?gclid=CLGkhqr71KYCFYgh3wodq3uhIw" "Mozilla/5.0 (Windows; U; Windows NT 5.1; en-US) AppleWebKit/534.10 (KHTML, like Gecko) Chrome/8.0.552.237 Safari/534.10"
95.74.231.184 - - [25/Jan/2011:09:43:20 +0100] "GET /img/layout/content_bg.gif HTTP/1.1" 200 238 "http://www.aziendaitalia.com/?gclid=CLGkhqr71KYCFYgh3wodq3uhIw" "Mozilla/5.0 (Windows; U; Windows NT 5.1; en-US) AppleWebKit/534.10 (KHTML, like Gecko) Chrome/8.0.552.237 Safari/534.10"
95.74.231.184 - - [25/Jan/2011:09:43:20 +0100] "GET /img/layout/bg_button_search.gif HTTP/1.1" 200 614 "http://www.aziendaitalia.com/?gclid=CLGkhqr71KYCFYgh3wodq3uhIw" "Mozilla/5.0 (Windows; U; Windows NT 5.1; en-US) AppleWebKit/534.10 (KHTML, like Gecko) Chrome/8.0.552.237 Safari/534.10"
95.74.231.184 - - [25/Jan/2011:09:43:20 +0100] "GET /img/layout/bg_homepage_category_buttons.gif HTTP/1.1" 200 23956 "http://www.aziendaitalia.com/?gclid=CLGkhqr71KYCFYgh3wodq3uhIw" "Mozilla/5.0 (Windows; U; Windows NT 5.1; en-US) AppleWebKit/534.10 (KHTML, like Gecko) Chrome/8.0.552.237 Safari/534.10"
95.74.231.184 - - [25/Jan/2011:09:43:20 +0100] "GET /img/layout/tooltip.png HTTP/1.1" 200 3337 "http://www.aziendaitalia.com/?gclid=CLGkhqr71KYCFYgh3wodq3uhIw" "Mozilla/5.0 (Windows; U; Windows NT 5.1; en-US) AppleWebKit/534.10 (KHTML, like Gecko) Chrome/8.0.552.237 Safari/534.10"
95.74.231.184 - - [25/Jan/2011:09:43:20 +0100] "GET /favicon.ico HTTP/1.1" 200 1406 "-" "Mozilla/5.0 (Windows; U; Windows NT 5.1; en-US) AppleWebKit/534.10 (KHTML, like Gecko) Chrome/8.0.552.237 Safari/534.10"
151.90.254.207 - - [25/Jan/2011:09:43:22 +0100] "GET /attivita-in-vendita/a2910.html HTTP/1.0" 200 2548 "http://www.aziendaitalia.com/attivita-in-vendita/a-roma_p53.html?page=3" "Mozilla/4.0 (compatible; MSIE 8.0; Windows NT 5.1; Trident/4.0; .NET CLR 1.1.4322; .NET CLR 2.0.50727; .NET CLR 3.0.4506.2152; .NET CLR 3.5.30729)"
79.18.199.90 - - [25/Jan/2011:09:43:26 +0100] "GET /rilevare-attivita/?gclid=CKDh0K771KYCFdERfAodcjTrMw HTTP/1.1" 200 3711 "http://ricerca.virgilio.it/ricerca?f=hp&qs=apertura+esercizi+commerciali&qsAz=&dv=" "Mozilla/4.0 (compatible; MSIE 7.0; Windows NT 5.1; .NET CLR 2.0.50727; .NET CLR 1.1.4322; .NET4.0C; .NET4.0E; AskTbUT2V5/5.9.1.14019)"
79.18.199.90 - - [25/Jan/2011:09:43:27 +0100] "GET /css/style.css HTTP/1.1" 200 3366 "http://www.aziendaitalia.com/rilevare-attivita/?gclid=CKDh0K771KYCFdERfAodcjTrMw" "Mozilla/4.0 (compatible; MSIE 7.0; Windows NT 5.1; .NET CLR 2.0.50727; .NET CLR 1.1.4322; .NET4.0C; .NET4.0E; AskTbUT2V5/5.9.1.14019)"
79.18.199.90 - - [25/Jan/2011:09:43:27 +0100] "GET /js/jquery-1.4.2.min.js HTTP/1.1" 200 72174 "http://www.aziendaitalia.com/rilevare-attivita/?gclid=CKDh0K771KYCFdERfAodcjTrMw" "Mozilla/4.0 (compatible; MSIE 7.0; Windows NT 5.1; .NET CLR 2.0.50727; .NET CLR 1.1.4322; .NET4.0C; .NET4.0E; AskTbUT2V5/5.9.1.14019)"
79.18.199.90 - - [25/Jan/2011:09:43:27 +0100] "GET /js/general.js HTTP/1.1" 200 5776 "http://www.aziendaitalia.com/rilevare-attivita/?gclid=CKDh0K771KYCFdERfAodcjTrMw" "Mozilla/4.0 (compatible; MSIE 7.0; Windows NT 5.1; .NET CLR 2.0.50727; .NET CLR 1.1.4322; .NET4.0C; .NET4.0E; AskTbUT2V5/5.9.1.14019)"
66.249.71.212 - - [25/Jan/2011:09:43:29 +0100] "GET /attivita-in-vendita/a3168.html HTTP/1.1" 200 2085 "-" "Mozilla/5.0 (compatible; Googlebot/2.1; +http://www.google.com/bot.html)"
151.90.254.207 - - [25/Jan/2011:09:43:42 +0100] "GET /attivita-in-vendita/a-roma_p53.html?page=4 HTTP/1.0" 200 4346 "http://www.aziendaitalia.com/attivita-in-vendita/a-roma_p53.html?page=3" "Mozilla/4.0 (compatible; MSIE 8.0; Windows NT 5.1; Trident/4.0; .NET CLR 1.1.4322; .NET CLR 2.0.50727; .NET CLR 3.0.4506.2152; .NET CLR 3.5.30729)"
72.5.230.111 - - [25/Jan/2011:09:43:44 +0100] "HEAD / HTTP/1.1" 200 - "-" "Site 24 X 7"
151.90.254.207 - - [25/Jan/2011:09:43:48 +0100] "GET /attivita-in-vendita/a2818.html HTTP/1.0" 200 2733 "http://www.aziendaitalia.com/attivita-in-vendita/a-roma_p53.html?page=4" "Mozilla/4.0 (compatible; MSIE 8.0; Windows NT 5.1; Trident/4.0; .NET CLR 1.1.4322; .NET CLR 2.0.50727; .NET CLR 3.0.4506.2152; .NET CLR 3.5.30729)"
151.90.254.207 - - [25/Jan/2011:09:43:48 +0100] "GET /img/thumb/phpThumb.php?src=/admin/img/1282579474_1576-7785T-A.jpg&w=148&h=138&zc=1&q=90 HTTP/1.0" 200 8328 "http://www.aziendaitalia.com/attivita-in-vendita/a2818.html" "Mozilla/4.0 (compatible; MSIE 8.0; Windows NT 5.1; Trident/4.0; .NET CLR 1.1.4322; .NET CLR 2.0.50727; .NET CLR 3.0.4506.2152; .NET CLR 3.5.30729)"
151.90.254.207 - - [25/Jan/2011:09:43:48 +0100] "GET /img/thumb/phpThumb.php?src=/admin/img/1282579486_1576-7785T-D.jpg&w=148&h=138&zc=1&q=90 HTTP/1.0" 200 7241 "http://www.aziendaitalia.com/attivita-in-vendita/a2818.html" "Mozilla/4.0 (compatible; MSIE 8.0; Windows NT 5.1; Trident/4.0; .NET CLR 1.1.4322; .NET CLR 2.0.50727; .NET CLR 3.0.4506.2152; .NET CLR 3.5.30729)"
151.90.254.207 - - [25/Jan/2011:09:43:48 +0100] "GET /img/thumb/phpThumb.php?src=/admin/img/1282579478_1576-7785T-B.jpg&w=148&h=138&zc=1&q=90 HTTP/1.0" 200 7018 "http://www.aziendaitalia.com/attivita-in-vendita/a2818.html" "Mozilla/4.0 (compatible; MSIE 8.0; Windows NT 5.1; Trident/4.0; .NET CLR 1.1.4322; .NET CLR 2.0.50727; .NET CLR 3.0.4506.2152; .NET CLR 3.5.30729)"
151.90.254.207 - - [25/Jan/2011:09:43:48 +0100] "GET /img/thumb/phpThumb.php?src=/admin/img/1282579482_1576-7785T-C.jpg&w=148&h=138&zc=1&q=90 HTTP/1.0" 200 5242 "http://www.aziendaitalia.com/attivita-in-vendita/a2818.html" "Mozilla/4.0 (compatible; MSIE 8.0; Windows NT 5.1; Trident/4.0; .NET CLR 1.1.4322; .NET CLR 2.0.50727; .NET CLR 3.0.4506.2152; .NET CLR 3.5.30729)"
151.90.254.207 - - [25/Jan/2011:09:44:10 +0100] "GET /attivita-in-vendita/a2817.html HTTP/1.0" 200 2715 "http://www.aziendaitalia.com/attivita-in-vendita/a-roma_p53.html?page=4" "Mozilla/4.0 (compatible; MSIE 8.0; Windows NT 5.1; Trident/4.0; .NET CLR 1.1.4322; .NET CLR 2.0.50727; .NET CLR 3.0.4506.2152; .NET CLR 3.5.30729)"
151.90.254.207 - - [25/Jan/2011:09:44:10 +0100] "GET /img/thumb/phpThumb.php?src=/admin/img/1282579451_1576-7785T-B.jpg&w=148&h=138&zc=1&q=90 HTTP/1.0" 200 7018 "http://www.aziendaitalia.com/attivita-in-vendita/a2817.html" "Mozilla/4.0 (compatible; MSIE 8.0; Windows NT 5.1; Trident/4.0; .NET CLR 1.1.4322; .NET CLR 2.0.50727; .NET CLR 3.0.4506.2152; .NET CLR 3.5.30729)"
151.90.254.207 - - [25/Jan/2011:09:44:10 +0100] "GET /img/thumb/phpThumb.php?src=/admin/img/1282579448_1576-7785T-A.jpg&w=148&h=138&zc=1&q=90 HTTP/1.0" 200 8328 "http://www.aziendaitalia.com/attivita-in-vendita/a2817.html" "Mozilla/4.0 (compatible; MSIE 8.0; Windows NT 5.1; Trident/4.0; .NET CLR 1.1.4322; .NET CLR 2.0.50727; .NET CLR 3.0.4506.2152; .NET CLR 3.5.30729)"
151.90.254.207 - - [25/Jan/2011:09:44:10 +0100] "GET /img/thumb/phpThumb.php?src=/admin/img/1282579455_1576-7785T-C.jpg&w=148&h=138&zc=1&q=90 HTTP/1.0" 200 5242 "http://www.aziendaitalia.com/attivita-in-vendita/a2817.html" "Mozilla/4.0 (compatible; MSIE 8.0; Windows NT 5.1; Trident/4.0; .NET CLR 1.1.4322; .NET CLR 2.0.50727; .NET CLR 3.0.4506.2152; .NET CLR 3.5.30729)"
151.90.254.207 - - [25/Jan/2011:09:44:10 +0100] "GET /img/thumb/phpThumb.php?src=/admin/img/1282579459_1576-7785T-D.jpg&w=148&h=138&zc=1&q=90 HTTP/1.0" 200 7241 "http://www.aziendaitalia.com/attivita-in-vendita/a2817.html" "Mozilla/4.0 (compatible; MSIE 8.0; Windows NT 5.1; Trident/4.0; .NET CLR 1.1.4322; .NET CLR 2.0.50727; .NET CLR 3.0.4506.2152; .NET CLR 3.5.30729)"
151.90.254.207 - - [25/Jan/2011:09:44:18 +0100] "GET /attivita-in-vendita/a2803.html HTTP/1.0" 200 2641 "http://www.aziendaitalia.com/attivita-in-vendita/a-roma_p53.html?page=4" "Mozilla/4.0 (compatible; MSIE 8.0; Windows NT 5.1; Trident/4.0; .NET CLR 1.1.4322; .NET CLR 2.0.50727; .NET CLR 3.0.4506.2152; .NET CLR 3.5.30729)"
87.11.169.152 - - [25/Jan/2011:09:44:18 +0100] "POST /invia-modulo.html HTTP/1.1" 200 1369 "http://www.aziendaitalia.com/cedere-attivita/richiesta-info.html" "Mozilla/4.0 (compatible; MSIE 6.0; Windows NT 5.1; SV1; GTB6.6; InfoPath.1; .NET CLR 2.0.50727; OfficeLiveConnector.1.3; OfficeLivePatch.0.0; .NET CLR 3.0.4506.2152; .NET CLR 3.5.30729)"
72.5.230.111 - - [25/Jan/2011:09:44:45 +0100] "HEAD / HTTP/1.1" 200 - "-" "Site 24 X 7"
151.90.254.207 - - [25/Jan/2011:09:44:46 +0100] "GET /attivita-in-vendita/a2732.html HTTP/1.0" 200 2508 "http://www.aziendaitalia.com/attivita-in-vendita/a-roma_p53.html?page=4" "Mozilla/4.0 (compatible; MSIE 8.0; Windows NT 5.1; Trident/4.0; .NET CLR 1.1.4322; .NET CLR 2.0.50727; .NET CLR 3.0.4506.2152; .NET CLR 3.5.30729)"
178.154.161.29 - - [25/Jan/2011:09:45:06 +0100] "GET /annunci/nord-italia/piacenza/4870.htm HTTP/1.1" 200 2731 "-" "Mozilla/5.0 (compatible; YandexBot/3.0; +http://yandex.com/bots)"
151.33.84.174 - - [25/Jan/2011:09:45:31 +0100] "GET / HTTP/1.1" 200 2648 "-" "Mozilla/4.0 (compatible; MSIE 8.0; Windows NT 5.1; Trident/4.0; User-agent: Mozilla/4.0 (compatible; MSIE 6.0; Windows NT 5.1; SV1; http://bsalsa.com) ; User-agent: Mozilla/4.0 (compatible; MSIE 6.0; Windows NT 5.1; SV1; http://bsalsa.com) (none); .NET CLR 1.1.4322; .NET CLR 2.0.50727; .NET CLR 3.0.4506.2152; .NET CLR 3.5.30729)"
151.33.84.174 - - [25/Jan/2011:09:45:31 +0100] "GET /css/style.css HTTP/1.1" 200 3366 "http://www.aziendaitalia.com/" "Mozilla/4.0 (compatible; MSIE 8.0; Windows NT 5.1; Trident/4.0; User-agent: Mozilla/4.0 (compatible; MSIE 6.0; Windows NT 5.1; SV1; http://bsalsa.com) ; User-agent: Mozilla/4.0 (compatible; MSIE 6.0; Windows NT 5.1; SV1; http://bsalsa.com) (none); .NET CLR 1.1.4322; .NET CLR 2.0.50727; .NET CLR 3.0.4506.2152; .NET CLR 3.5.30729)"
151.33.84.174 - - [25/Jan/2011:09:45:31 +0100] "GET /js/jquery-1.4.2.min.js HTTP/1.1" 200 72174 "http://www.aziendaitalia.com/" "Mozilla/4.0 (compatible; MSIE 8.0; Windows NT 5.1; Trident/4.0; User-agent: Mozilla/4.0 (compatible; MSIE 6.0; Windows NT 5.1; SV1; http://bsalsa.com) ; User-agent: Mozilla/4.0 (compatible; MSIE 6.0; Windows NT 5.1; SV1; http://bsalsa.com) (none); .NET CLR 1.1.4322; .NET CLR 2.0.50727; .NET CLR 3.0.4506.2152; .NET CLR 3.5.30729)"
151.33.84.174 - - [25/Jan/2011:09:45:31 +0100] "GET /js/jquery.pngfix.pack.js HTTP/1.1" 200 2485 "http://www.aziendaitalia.com/" "Mozilla/4.0 (compatible; MSIE 8.0; Windows NT 5.1; Trident/4.0; User-agent: Mozilla/4.0 (compatible; MSIE 6.0; Windows NT 5.1; SV1; http://bsalsa.com) ; User-agent: Mozilla/4.0 (compatible; MSIE 6.0; Windows NT 5.1; SV1; http://bsalsa.com) (none); .NET CLR 1.1.4322; .NET CLR 2.0.50727; .NET CLR 3.0.4506.2152; .NET CLR 3.5.30729)"
151.33.84.174 - - [25/Jan/2011:09:45:31 +0100] "GET /js/general.js HTTP/1.1" 200 5776 "http://www.aziendaitalia.com/" "Mozilla/4.0 (compatible; MSIE 8.0; Windows NT 5.1; Trident/4.0; User-agent: Mozilla/4.0 (compatible; MSIE 6.0; Windows NT 5.1; SV1; http://bsalsa.com) ; User-agent: Mozilla/4.0 (compatible; MSIE 6.0; Windows NT 5.1; SV1; http://bsalsa.com) (none); .NET CLR 1.1.4322; .NET CLR 2.0.50727; .NET CLR 3.0.4506.2152; .NET CLR 3.5.30729)"
151.33.84.174 - - [25/Jan/2011:09:45:31 +0100] "GET /img/layout/menubar.gif HTTP/1.1" 200 1302 "http://www.aziendaitalia.com/" "Mozilla/4.0 (compatible; MSIE 8.0; Windows NT 5.1; Trident/4.0; User-agent: Mozilla/4.0 (compatible; MSIE 6.0; Windows NT 5.1; SV1; http://bsalsa.com) ; User-agent: Mozilla/4.0 (compatible; MSIE 6.0; Windows NT 5.1; SV1; http://bsalsa.com) (none); .NET CLR 1.1.4322; .NET CLR 2.0.50727; .NET CLR 3.0.4506.2152; .NET CLR 3.5.30729)"
151.33.84.174 - - [25/Jan/2011:09:45:31 +0100] "GET /img/layout/content_bg.gif HTTP/1.1" 200 238 "http://www.aziendaitalia.com/" "Mozilla/4.0 (compatible; MSIE 8.0; Windows NT 5.1; Trident/4.0; User-agent: Mozilla/4.0 (compatible; MSIE 6.0; Windows NT 5.1; SV1; http://bsalsa.com) ; User-agent: Mozilla/4.0 (compatible; MSIE 6.0; Windows NT 5.1; SV1; http://bsalsa.com) (none); .NET CLR 1.1.4322; .NET CLR 2.0.50727; .NET CLR 3.0.4506.2152; .NET CLR 3.5.30729)"
151.33.84.174 - - [25/Jan/2011:09:45:32 +0100] "GET /img/layout/header.gif HTTP/1.1" 200 15655 "http://www.aziendaitalia.com/" "Mozilla/4.0 (compatible; MSIE 8.0; Windows NT 5.1; Trident/4.0; User-agent: Mozilla/4.0 (compatible; MSIE 6.0; Windows NT 5.1; SV1; http://bsalsa.com) ; User-agent: Mozilla/4.0 (compatible; MSIE 6.0; Windows NT 5.1; SV1; http://bsalsa.com) (none); .NET CLR 1.1.4322; .NET CLR 2.0.50727; .NET CLR 3.0.4506.2152; .NET CLR 3.5.30729)"
151.33.84.174 - - [25/Jan/2011:09:45:32 +0100] "GET /img/layout/tooltip.png HTTP/1.1" 200 3337 "http://www.aziendaitalia.com/" "Mozilla/4.0 (compatible; MSIE 8.0; Windows NT 5.1; Trident/4.0; User-agent: Mozilla/4.0 (compatible; MSIE 6.0; Windows NT 5.1; SV1; http://bsalsa.com) ; User-agent: Mozilla/4.0 (compatible; MSIE 6.0; Windows NT 5.1; SV1; http://bsalsa.com) (none); .NET CLR 1.1.4322; .NET CLR 2.0.50727; .NET CLR 3.0.4506.2152; .NET CLR 3.5.30729)"
151.33.84.174 - - [25/Jan/2011:09:45:32 +0100] "GET /img/layout/bg_button_search.gif HTTP/1.1" 200 614 "http://www.aziendaitalia.com/" "Mozilla/4.0 (compatible; MSIE 8.0; Windows NT 5.1; Trident/4.0; User-agent: Mozilla/4.0 (compatible; MSIE 6.0; Windows NT 5.1; SV1; http://bsalsa.com) ; User-agent: Mozilla/4.0 (compatible; MSIE 6.0; Windows NT 5.1; SV1; http://bsalsa.com) (none); .NET CLR 1.1.4322; .NET CLR 2.0.50727; .NET CLR 3.0.4506.2152; .NET CLR 3.5.30729)"
151.33.84.174 - - [25/Jan/2011:09:45:32 +0100] "GET /img/layout/bg_homepage_category_buttons.gif HTTP/1.1" 200 23956 "http://www.aziendaitalia.com/" "Mozilla/4.0 (compatible; MSIE 8.0; Windows NT 5.1; Trident/4.0; User-agent: Mozilla/4.0 (compatible; MSIE 6.0; Windows NT 5.1; SV1; http://bsalsa.com) ; User-agent: Mozilla/4.0 (compatible; MSIE 6.0; Windows NT 5.1; SV1; http://bsalsa.com) (none); .NET CLR 1.1.4322; .NET CLR 2.0.50727; .NET CLR 3.0.4506.2152; .NET CLR 3.5.30729)"
151.33.84.174 - - [25/Jan/2011:09:45:32 +0100] "GET /favicon.ico HTTP/1.1" 200 1406 "-" "Mozilla/4.0 (compatible; MSIE 8.0; Windows NT 5.1; Trident/4.0; User-agent: Mozilla/4.0 (compatible; MSIE 6.0; Windows NT 5.1; SV1; http://bsalsa.com) ; User-agent: Mozilla/4.0 (compatible; MSIE 6.0; Windows NT 5.1; SV1; http://bsalsa.com) (none); .NET CLR 1.1.4322; .NET CLR 2.0.50727; .NET CLR 3.0.4506.2152; .NET CLR 3.5.30729)"
151.90.254.207 - - [25/Jan/2011:09:45:35 +0100] "GET /attivita-in-vendita/a-roma_p53.html?page=5 HTTP/1.0" 200 4426 "http://www.aziendaitalia.com/attivita-in-vendita/a-roma_p53.html?page=4" "Mozilla/4.0 (compatible; MSIE 8.0; Windows NT 5.1; Trident/4.0; .NET CLR 1.1.4322; .NET CLR 2.0.50727; .NET CLR 3.0.4506.2152; .NET CLR 3.5.30729)"
151.90.254.207 - - [25/Jan/2011:09:45:39 +0100] "GET /attivita-in-vendita/a2702.html HTTP/1.0" 200 2766 "http://www.aziendaitalia.com/attivita-in-vendita/a-roma_p53.html?page=5" "Mozilla/4.0 (compatible; MSIE 8.0; Windows NT 5.1; Trident/4.0; .NET CLR 1.1.4322; .NET CLR 2.0.50727; .NET CLR 3.0.4506.2152; .NET CLR 3.5.30729)"
151.90.254.207 - - [25/Jan/2011:09:45:40 +0100] "GET /img/thumb/phpThumb.php?src=/admin/img/1282139641_5159-4775N-C1.JPG&w=148&h=138&zc=1&q=90 HTTP/1.0" 200 7714 "http://www.aziendaitalia.com/attivita-in-vendita/a2702.html" "Mozilla/4.0 (compatible; MSIE 8.0; Windows NT 5.1; Trident/4.0; .NET CLR 1.1.4322; .NET CLR 2.0.50727; .NET CLR 3.0.4506.2152; .NET CLR 3.5.30729)"
151.90.254.207 - - [25/Jan/2011:09:45:40 +0100] "GET /img/thumb/phpThumb.php?src=/admin/img/1282139631_5159-4775N-A1.JPG&w=148&h=138&zc=1&q=90 HTTP/1.0" 200 9793 "http://www.aziendaitalia.com/attivita-in-vendita/a2702.html" "Mozilla/4.0 (compatible; MSIE 8.0; Windows NT 5.1; Trident/4.0; .NET CLR 1.1.4322; .NET CLR 2.0.50727; .NET CLR 3.0.4506.2152; .NET CLR 3.5.30729)"
151.90.254.207 - - [25/Jan/2011:09:45:40 +0100] "GET /img/thumb/phpThumb.php?src=/admin/img/1282139637_5159-4775N-B1.JPG&w=148&h=138&zc=1&q=90 HTTP/1.0" 200 7620 "http://www.aziendaitalia.com/attivita-in-vendita/a2702.html" "Mozilla/4.0 (compatible; MSIE 8.0; Windows NT 5.1; Trident/4.0; .NET CLR 1.1.4322; .NET CLR 2.0.50727; .NET CLR 3.0.4506.2152; .NET CLR 3.5.30729)"
151.90.254.207 - - [25/Jan/2011:09:45:40 +0100] "GET /img/thumb/phpThumb.php?src=/admin/img/1282139655_5159-4775N-D1.JPG&w=148&h=138&zc=1&q=90 HTTP/1.0" 200 7525 "http://www.aziendaitalia.com/attivita-in-vendita/a2702.html" "Mozilla/4.0 (compatible; MSIE 8.0; Windows NT 5.1; Trident/4.0; .NET CLR 1.1.4322; .NET CLR 2.0.50727; .NET CLR 3.0.4506.2152; .NET CLR 3.5.30729)"
72.5.230.111 - - [25/Jan/2011:09:45:45 +0100] "HEAD / HTTP/1.1" 200 - "-" "Site 24 X 7"
82.188.152.163 - - [25/Jan/2011:09:45:52 +0100] "GET / HTTP/1.1" 200 2648 "-" "Mozilla/4.0 (compatible; MSIE 7.0; Windows NT 5.1; Trident/4.0; GTB6.6; .NET CLR 2.0.50727; .NET CLR 3.0.4506.2152; .NET CLR 3.5.30729)"
82.188.152.163 - - [25/Jan/2011:09:46:01 +0100] "GET /css/style.css HTTP/1.1" 200 3366 "http://www.aziendaitalia.com/" "Mozilla/4.0 (compatible; MSIE 7.0; Windows NT 5.1; Trident/4.0; GTB6.6; .NET CLR 2.0.50727; .NET CLR 3.0.4506.2152; .NET CLR 3.5.30729)"
82.188.152.163 - - [25/Jan/2011:09:46:01 +0100] "GET /js/jquery-1.4.2.min.js HTTP/1.1" 304 - "http://www.aziendaitalia.com/" "Mozilla/4.0 (compatible; MSIE 7.0; Windows NT 5.1; Trident/4.0; GTB6.6; .NET CLR 2.0.50727; .NET CLR 3.0.4506.2152; .NET CLR 3.5.30729)"
82.188.152.163 - - [25/Jan/2011:09:46:05 +0100] "GET /js/jquery.pngfix.pack.js HTTP/1.1" 304 - "http://www.aziendaitalia.com/" "Mozilla/4.0 (compatible; MSIE 7.0; Windows NT 5.1; Trident/4.0; GTB6.6; .NET CLR 2.0.50727; .NET CLR 3.0.4506.2152; .NET CLR 3.5.30729)"
82.188.152.163 - - [25/Jan/2011:09:46:05 +0100] "GET /js/general.js HTTP/1.1" 304 - "http://www.aziendaitalia.com/" "Mozilla/4.0 (compatible; MSIE 7.0; Windows NT 5.1; Trident/4.0; GTB6.6; .NET CLR 2.0.50727; .NET CLR 3.0.4506.2152; .NET CLR 3.5.30729)"
65.52.110.53 - - [25/Jan/2011:09:46:16 +0100] "GET / HTTP/1.1" 200 2648 "-" "Mozilla/5.0 (compatible; bingbot/2.0; +http://www.bing.com/bingbot.htm)"
65.52.110.53 - - [25/Jan/2011:09:46:16 +0100] "GET /en/buying-a-business.php HTTP/1.1" 200 2761 "-" "Mozilla/5.0 (compatible; bingbot/2.0; +http://www.bing.com/bingbot.htm)"
65.52.110.53 - - [25/Jan/2011:09:46:16 +0100] "GET /en/selling-a-business.php/ HTTP/1.1" 200 2727 "-" "Mozilla/5.0 (compatible; bingbot/2.0; +http://www.bing.com/bingbot.htm)"
65.52.110.53 - - [25/Jan/2011:09:46:16 +0100] "GET /en/selling-a-business.php HTTP/1.1" 200 2727 "-" "Mozilla/5.0 (compatible; bingbot/2.0; +http://www.bing.com/bingbot.htm)"
65.52.110.53 - - [25/Jan/2011:09:46:17 +0100] "GET /rilevare-attivita/ HTTP/1.1" 200 3679 "-" "Mozilla/5.0 (compatible; bingbot/2.0; +http://www.bing.com/bingbot.htm)"
65.52.110.53 - - [25/Jan/2011:09:46:17 +0100] "GET /cedere-attivita/perche-azienda-italia.html HTTP/1.1" 200 2158 "-" "Mozilla/5.0 (compatible; bingbot/2.0; +http://www.bing.com/bingbot.htm)"
65.52.110.53 - - [25/Jan/2011:09:46:17 +0100] "GET /cedere-attivita/le-fasi-della-cessione.html HTTP/1.1" 200 2664 "-" "Mozilla/5.0 (compatible; bingbot/2.0; +http://www.bing.com/bingbot.htm)"
65.52.110.53 - - [25/Jan/2011:09:46:17 +0100] "GET /cedere-attivita/preparazione-alla-cessione.html HTTP/1.1" 200 3001 "-" "Mozilla/5.0 (compatible; bingbot/2.0; +http://www.bing.com/bingbot.htm)"
65.52.110.53 - - [25/Jan/2011:09:46:17 +0100] "GET /cedere-attivita/analisi-della-azienda.html HTTP/1.1" 200 2035 "-" "Mozilla/5.0 (compatible; bingbot/2.0; +http://www.bing.com/bingbot.htm)"
65.52.110.53 - - [25/Jan/2011:09:46:17 +0100] "GET /cedere-attivita/faq.html HTTP/1.1" 200 4337 "-" "Mozilla/5.0 (compatible; bingbot/2.0; +http://www.bing.com/bingbot.htm)"
65.52.110.53 - - [25/Jan/2011:09:46:18 +0100] "GET /attivita-in-vendita/a-milano_p6.html HTTP/1.1" 200 4640 "-" "Mozilla/5.0 (compatible; bingbot/2.0; +http://www.bing.com/bingbot.htm)"
65.52.110.53 - - [25/Jan/2011:09:46:18 +0100] "GET /attivita-in-vendita/a-torino_p2.html HTTP/1.1" 200 4754 "-" "Mozilla/5.0 (compatible; bingbot/2.0; +http://www.bing.com/bingbot.htm)"
65.52.110.53 - - [25/Jan/2011:09:46:18 +0100] "GET /attivita-in-vendita/a-roma_p53.html HTTP/1.1" 200 4240 "-" "Mozilla/5.0 (compatible; bingbot/2.0; +http://www.bing.com/bingbot.htm)"
65.52.110.53 - - [25/Jan/2011:09:46:19 +0100] "GET /attivita-in-vendita/a-firenze_p62.html HTTP/1.1" 200 4506 "-" "Mozilla/5.0 (compatible; bingbot/2.0; +http://www.bing.com/bingbot.htm)"
65.52.110.53 - - [25/Jan/2011:09:46:19 +0100] "GET /attivita-in-vendita/a-bologna_p137.html HTTP/1.1" 200 4351 "-" "Mozilla/5.0 (compatible; bingbot/2.0; +http://www.bing.com/bingbot.htm)"
65.52.110.53 - - [25/Jan/2011:09:46:19 +0100] "GET /attivita-in-vendita/a-padova_p65.html HTTP/1.1" 200 4353 "-" "Mozilla/5.0 (compatible; bingbot/2.0; +http://www.bing.com/bingbot.htm)"
65.52.110.53 - - [25/Jan/2011:09:46:19 +0100] "GET /attivita-in-vendita/a-napoli_p85.html HTTP/1.1" 200 3530 "-" "Mozilla/5.0 (compatible; bingbot/2.0; +http://www.bing.com/bingbot.htm)"
65.52.110.53 - - [25/Jan/2011:09:46:20 +0100] "GET /attivita-in-vendita/a3733.html HTTP/1.1" 200 2708 "-" "Mozilla/5.0 (compatible; bingbot/2.0; +http://www.bing.com/bingbot.htm)"
65.52.110.53 - - [25/Jan/2011:09:46:20 +0100] "GET /attivita-in-vendita/a3072.html HTTP/1.1" 200 2856 "-" "Mozilla/5.0 (compatible; bingbot/2.0; +http://www.bing.com/bingbot.htm)"
65.52.110.53 - - [25/Jan/2011:09:46:20 +0100] "GET /attivita-in-vendita/a3378.html HTTP/1.1" 200 3104 "-" "Mozilla/5.0 (compatible; bingbot/2.0; +http://www.bing.com/bingbot.htm)"
65.52.110.53 - - [25/Jan/2011:09:46:20 +0100] "GET /attivita-in-vendita/cerca-agriturismo.html HTTP/1.1" 200 4954 "-" "Mozilla/5.0 (compatible; bingbot/2.0; +http://www.bing.com/bingbot.htm)"
65.52.110.53 - - [25/Jan/2011:09:46:20 +0100] "GET /attivita-in-vendita/cerca-albergo.html HTTP/1.1" 200 5531 "-" "Mozilla/5.0 (compatible; bingbot/2.0; +http://www.bing.com/bingbot.htm)"
