88.59.227.11 - - [25/Jan/2011:09:29:49 +0100] "GET /img/layout/tooltip.png HTTP/1.1" 200 3337 "http://www.aziendaitalia.com/" "Mozilla/4.0 (compatible; MSIE 8.0; Windows NT 5.1; Trident/4.0; GTB6.6; .NET CLR 2.0.50727; .NET CLR 3.0.4506.2152; .NET CLR 3.5.30729; CMDTDF; InfoPath.1)"
88.59.227.11 - - [25/Jan/2011:09:29:49 +0100] "GET /img/layout/bg_homepage_category_buttons.gif HTTP/1.1" 200 23956 "http://www.aziendaitalia.com/" "Mozilla/4.0 (compatible; MSIE 8.0; Windows NT 5.1; Trident/4.0; GTB6.6; .NET CLR 2.0.50727; .NET CLR 3.0.4506.2152; .NET CLR 3.5.30729; CMDTDF; InfoPath.1)"
88.59.227.11 - - [25/Jan/2011:09:29:50 +0100] "GET /favicon.ico HTTP/1.1" 200 1406 "-" "Mozilla/4.0 (compatible; MSIE 8.0; Windows NT 5.1; Trident/4.0; GTB6.6; .NET CLR 2.0.50727; .NET CLR 3.0.4506.2152; .NET CLR 3.5.30729; CMDTDF; InfoPath.1)"
87.8.9.68 - - [25/Jan/2011:09:29:56 +0100] "GET /attivita-in-vendita/alberghi-ristoranti-bar-agriturismo-aziende-agricole_m1.html?page=2 HTTP/1.1" 200 3554 "http://www.aziendaitalia.com/attivita-in-vendita/alberghi-ristoranti-bar-agriturismo-aziende-agricole_m1.html" "Mozilla/4.0 (compatible; MSIE 8.0; Windows NT 6.1; Trident/4.0; SLCC2; .NET CLR 2.0.50727; .NET CLR 3.5.30729; .NET CLR 3.0.30729; Media Center PC 6.0; InfoPath.3; .NET4.0C)"
95.75.155.117 - - [25/Jan/2011:09:30:00 +0100] "GET /attivita-in-vendita/a-firenze_p62.html?page=2 HTTP/1.1" 200 4676 "http://www.aziendaitalia.com/attivita-in-vendita/a-firenze_p62.html" "Mozilla/4.0 (compatible; MSIE 8.0; Windows NT 6.1; WOW64; Trident/4.0; SLCC2; .NET CLR 2.0.50727; .NET CLR 3.5.30729; .NET CLR 3.0.30729; Media Center PC 6.0; HPNTDF)"
164.132.5.189 - - [25/Jan/2011:09:30:02 +0100] "GET /vendere-negozi-bologna.php?gclid=CKT_kK_41KYCFUoKfAodIx7wMw HTTP/1.1" 200 3971 "http://www.google.it/aclk?sa=l&ai=CXqHG5Yk-Tb7MKsOX8AOhi73cBcP6mtQB8_iyrhiT_O7BUAgAEAEg5qyuCygDUMzDt84EYP3y_IPcEKABg5yh_gPIAQGpAuwTJQGo8rY-qgQZT9BEbsHIJiVwq8eZKupXcT7JqvT8Iex1l4AFkE66BRMIoJWTnfjUpgIVTIrYCh1cIKmjygUA&rct=j&q=negozio%20in%20vendita%20bologna&ei=5Yk-TeCOKcyU4gbcwKSdCg&sig=AGiWqtzN_mj0LDQJ2799Xr8QlhC6yy78dg&adurl=http://www.aziendaitalia.com/vendere-negozi-bologna.php" "Mozilla/4.0 (compatible; MSIE 8.0; Windows NT 6.1; WOW64; Trident/4.0; GTB6.6; SLCC2; .NET CLR 2.0.50727; .NET CLR 3.5.30729; .NET CLR 3.0.30729; Media Center PC 6.0; eSobiSubscriber 2.0.4.16; .NET4.0C)"
164.132.5.189 - - [25/Jan/2011:09:30:03 +0100] "GET /css/style.css HTTP/1.1" 200 3366 "http://www.aziendaitalia.com/vendere-negozi-bologna.php?gclid=CKT_kK_41KYCFUoKfAodIx7wMw" "Mozilla/4.0 (compatible; MSIE 8.0; Windows NT 6.1; WOW64; Trident/4.0; GTB6.6; SLCC2; .NET CLR 2.0.50727; .NET CLR 3.5.30729; .NET CLR 3.0.30729; Media Center PC 6.0; eSobiSubscriber 2.0.4.16; .NET4.0C)"
87.8.9.68 - - [25/Jan/2011:09:30:03 +0100] "GET /attivita-in-vendita/alberghi-ristoranti-bar-agriturismo-aziende-agricole_m1.html?page=3 HTTP/1.1" 200 3679 "http://www.aziendaitalia.com/attivita-in-vendita/alberghi-ristoranti-bar-agriturismo-aziende-agricole_m1.html?page=2" "Mozilla/4.0 (compatible; MSIE 8.0; Windows NT 6.1; Trident/4.0; SLCC2; .NET CLR 2.0.50727; .NET CLR 3.5.30729; .NET CLR 3.0.30729; Media Center PC 6.0; InfoPath.3; .NET4.0C)"
164.132.5.189 - - [25/Jan/2011:09:30:04 +0100] "GET /js/jquery-1.4.2.min.js HTTP/1.1" 304 - "http://www.aziendaitalia.com/vendere-negozi-bologna.php?gclid=CKT_kK_41KYCFUoKfAodIx7wMw" "Mozilla/4.0 (compatible; MSIE 8.0; Windows NT 6.1; WOW64; Trident/4.0; GTB6.6; SLCC2; .NET CLR 2.0.50727; .NET CLR 3.5.30729; .NET CLR 3.0.30729; Media Center PC 6.0; eSobiSubscriber 2.0.4.16; .NET4.0C)"
164.132.5.189 - - [25/Jan/2011:09:30:04 +0100] "GET /js/general.js HTTP/1.1" 304 - "http://www.aziendaitalia.com/vendere-negozi-bologna.php?gclid=CKT_kK_41KYCFUoKfAodIx7wMw" "Mozilla/4.0 (compatible; MSIE 8.0; Windows NT 6.1; WOW64; Trident/4.0; GTB6.6; SLCC2; .NET CLR 2.0.50727; .NET CLR 3.5.30729; .NET CLR 3.0.30729; Media Center PC 6.0; eSobiSubscriber 2.0.4.16; .NET4.0C)"
164.132.5.189 - - [25/Jan/2011:09:30:05 +0100] "GET /img/layout/menubar.gif HTTP/1.1" 304 - "http://www.aziendaitalia.com/vendere-negozi-bologna.php?gclid=CKT_kK_41KYCFUoKfAodIx7wMw" "Mozilla/4.0 (compatible; MSIE 8.0; Windows NT 6.1; WOW64; Trident/4.0; GTB6.6; SLCC2; .NET CLR 2.0.50727; .NET CLR 3.5.30729; .NET CLR 3.0.30729; Media Center PC 6.0; eSobiSubscriber 2.0.4.16; .NET4.0C)"
164.132.5.189 - - [25/Jan/2011:09:30:05 +0100] "GET /img/layout/bg_wrapper_sub.gif HTTP/1.1" 304 - "http://www.aziendaitalia.com/vendere-negozi-bologna.php?gclid=CKT_kK_41KYCFUoKfAodIx7wMw" "Mozilla/4.0 (compatible; MSIE 8.0; Windows NT 6.1; WOW64; Trident/4.0; GTB6.6; SLCC2; .NET CLR 2.0.50727; .NET CLR 3.5.30729; .NET CLR 3.0.30729; Media Center PC 6.0; eSobiSubscriber 2.0.4.16; .NET4.0C)"
164.132.5.189 - - [25/Jan/2011:09:30:06 +0100] "GET /img/layout/header.gif HTTP/1.1" 304 - "http://www.aziendaitalia.com/vendere-negozi-bologna.php?gclid=CKT_kK_41KYCFUoKfAodIx7wMw" "Mozilla/4.0 (compatible; MSIE 8.0; Windows NT 6.1; WOW64; Trident/4.0; GTB6.6; SLCC2; .NET CLR 2.0.50727; .NET CLR 3.5.30729; .NET CLR 3.0.30729; Media Center PC 6.0; eSobiSubscriber 2.0.4.16; .NET4.0C)"
164.132.5.189 - - [25/Jan/2011:09:30:05 +0100] "GET /img/icona-negozi.jpg HTTP/1.1" 200 69156 "http://www.aziendaitalia.com/vendere-negozi-bologna.php?gclid=CKT_kK_41KYCFUoKfAodIx7wMw" "Mozilla/4.0 (compatible; MSIE 8.0; Windows NT 6.1; WOW64; Trident/4.0; GTB6.6; SLCC2; .NET CLR 2.0.50727; .NET CLR 3.5.30729; .NET CLR 3.0.30729; Media Center PC 6.0; eSobiSubscriber 2.0.4.16; .NET4.0C)"
164.132.5.189 - - [25/Jan/2011:09:30:06 +0100] "GET /img/layout/bg_sidebar_separator.gif HTTP/1.1" 304 - "http://www.aziendaitalia.com/vendere-negozi-bologna.php?gclid=CKT_kK_41KYCFUoKfAodIx7wMw" "Mozilla/4.0 (compatible; MSIE 8.0; Windows NT 6.1; WOW64; Trident/4.0; GTB6.6; SLCC2; .NET CLR 2.0.50727; .NET CLR 3.5.30729; .NET CLR 3.0.30729; Media Center PC 6.0; eSobiSubscriber 2.0.4.16; .NET4.0C)"
95.75.155.117 - - [25/Jan/2011:09:30:09 +0100] "GET /attivita-in-vendita/a-firenze_p62.html?page=2 HTTP/1.1" 200 4676 "http://www.aziendaitalia.com/attivita-in-vendita/a-firenze_p62.html" "Mozilla/4.0 (compatible; MSIE 8.0; Windows NT 6.1; WOW64; Trident/4.0; SLCC2; .NET CLR 2.0.50727; .NET CLR 3.5.30729; .NET CLR 3.0.30729; Media Center PC 6.0; HPNTDF)"
78.134.86.178 - - [25/Jan/2011:09:30:15 +0100] "GET /rilevare-attivita/la-giusta-rappresentanza.html HTTP/1.1" 200 2285 "http://www.aziendaitalia.com/rilevare-attivita/l-importanza-della-scelta.html" "Mozilla/4.0 (compatible; MSIE 8.0; Windows NT 5.1; Trident/4.0; .NET CLR 2.0.50727; .NET CLR 3.0.4506.2152; .NET CLR 3.5.30729; InfoPath.2)"
151.61.147.128 - - [25/Jan/2011:09:30:19 +0100] "GET /attivita-in-vendita/?gclid=CPOEiLf41KYCFdERfAodcjTrMw HTTP/1.1" 200 2322 "http://www.subito.it/annunci-piemonte/vendita/usato/?q=cedesi%20attivita%20trasporti&th=1" "Mozilla/5.0 (Windows; U; Windows NT 5.1; it; rv:1.9.1.16) Gecko/20101130 Firefox/3.5.16"
151.61.147.128 - - [25/Jan/2011:09:30:19 +0100] "GET /css/style.css HTTP/1.1" 200 3366 "http://www.aziendaitalia.com/attivita-in-vendita/?gclid=CPOEiLf41KYCFdERfAodcjTrMw" "Mozilla/5.0 (Windows; U; Windows NT 5.1; it; rv:1.9.1.16) Gecko/20101130 Firefox/3.5.16"
151.61.147.128 - - [25/Jan/2011:09:30:19 +0100] "GET /js/general.js HTTP/1.1" 200 5776 "http://www.aziendaitalia.com/attivita-in-vendita/?gclid=CPOEiLf41KYCFdERfAodcjTrMw" "Mozilla/5.0 (Windows; U; Windows NT 5.1; it; rv:1.9.1.16) Gecko/20101130 Firefox/3.5.16"
151.61.147.128 - - [25/Jan/2011:09:30:19 +0100] "GET /js/jquery-1.4.2.min.js HTTP/1.1" 200 72174 "http://www.aziendaitalia.com/attivita-in-vendita/?gclid=CPOEiLf41KYCFdERfAodcjTrMw" "Mozilla/5.0 (Windows; U; Windows NT 5.1; it; rv:1.9.1.16) Gecko/20101130 Firefox/3.5.16"
151.61.147.128 - - [25/Jan/2011:09:30:20 +0100] "GET /img/thumb/phpThumb.php?src=/admin/img/1283511116_5135-4001Y-A.JPG&w=148&h=138&zc=1&q=90 HTTP/1.1" 200 9692 "http://www.aziendaitalia.com/attivita-in-vendita/?gclid=CPOEiLf41KYCFdERfAodcjTrMw" "Mozilla/5.0 (Windows; U; Windows NT 5.1; it; rv:1.9.1.16) Gecko/20101130 Firefox/3.5.16"
151.61.147.128 - - [25/Jan/2011:09:30:20 +0100] "GET /img/thumb/phpThumb.php?src=/admin/img/1284121274_8018-5308G-A.JPG&w=148&h=138&zc=1&q=90 HTTP/1.1" 200 7134 "http://www.aziendaitalia.com/attivita-in-vendita/?gclid=CPOEiLf41KYCFdERfAodcjTrMw" "Mozilla/5.0 (Windows; U; Windows NT 5.1; it; rv:1.9.1.16) Gecko/20101130 Firefox/3.5.16"
151.61.147.128 - - [25/Jan/2011:09:30:20 +0100] "GET /img/thumb/phpThumb.php?src=/admin/img/1295368730_5945-6289D-A.JPG&w=148&h=138&zc=1&q=90 HTTP/1.1" 200 9397 "http://www.aziendaitalia.com/attivita-in-vendita/?gclid=CPOEiLf41KYCFdERfAodcjTrMw" "Mozilla/5.0 (Windows; U; Windows NT 5.1; it; rv:1.9.1.16) Gecko/20101130 Firefox/3.5.16"
151.61.147.128 - - [25/Jan/2011:09:30:20 +0100] "GET /img/layout/header.gif HTTP/1.1" 200 15655 "http://www.aziendaitalia.com/css/style.css" "Mozilla/5.0 (Windows; U; Windows NT 5.1; it; rv:1.9.1.16) Gecko/20101130 Firefox/3.5.16"
151.61.147.128 - - [25/Jan/2011:09:30:20 +0100] "GET /img/layout/menubar.gif HTTP/1.1" 200 1302 "http://www.aziendaitalia.com/css/style.css" "Mozilla/5.0 (Windows; U; Windows NT 5.1; it; rv:1.9.1.16) Gecko/20101130 Firefox/3.5.16"
151.61.147.128 - - [25/Jan/2011:09:30:20 +0100] "GET /img/layout/bg_wrapper_sub.gif HTTP/1.1" 200 102 "http://www.aziendaitalia.com/css/style.css" "Mozilla/5.0 (Windows; U; Windows NT 5.1; it; rv:1.9.1.16) Gecko/20101130 Firefox/3.5.16"
151.61.147.128 - - [25/Jan/2011:09:30:20 +0100] "GET /img/layout/bg_sidebar_separator.gif HTTP/1.1" 200 106 "http://www.aziendaitalia.com/css/style.css" "Mozilla/5.0 (Windows; U; Windows NT 5.1; it; rv:1.9.1.16) Gecko/20101130 Firefox/3.5.16"
151.61.147.128 - - [25/Jan/2011:09:30:20 +0100] "GET /img/layout/dot.png HTTP/1.1" 200 2899 "http://www.aziendaitalia.com/css/style.css" "Mozilla/5.0 (Windows; U; Windows NT 5.1; it; rv:1.9.1.16) Gecko/20101130 Firefox/3.5.16"
151.61.147.128 - - [25/Jan/2011:09:30:20 +0100] "GET /favicon.ico HTTP/1.1" 200 1406 "-" "Mozilla/5.0 (Windows; U; Windows NT 5.1; it; rv:1.9.1.16) Gecko/20101130 Firefox/3.5.16"
151.61.147.128 - - [25/Jan/2011:09:30:29 +0100] "GET /attivita-in-vendita/a-torino_p2.html HTTP/1.1" 200 4754 "http://www.aziendaitalia.com/attivita-in-vendita/?gclid=CPOEiLf41KYCFdERfAodcjTrMw" "Mozilla/5.0 (Windows; U; Windows NT 5.1; it; rv:1.9.1.16) Gecko/20101130 Firefox/3.5.16"
151.61.147.128 - - [25/Jan/2011:09:30:29 +0100] "GET /css/style.css HTTP/1.1" 200 3366 "http://www.aziendaitalia.com/attivita-in-vendita/a-torino_p2.html" "Mozilla/5.0 (Windows; U; Windows NT 5.1; it; rv:1.9.1.16) Gecko/20101130 Firefox/3.5.16"
151.61.147.128 - - [25/Jan/2011:09:30:29 +0100] "GET /img/layout/italia/italynorth.gif HTTP/1.1" 200 3837 "http://www.aziendaitalia.com/attivita-in-vendita/a-torino_p2.html" "Mozilla/5.0 (Windows; U; Windows NT 5.1; it; rv:1.9.1.16) Gecko/20101130 Firefox/3.5.16"
151.90.254.207 - - [25/Jan/2011:09:30:33 +0100] "GET /attivita-in-vendita/?gclid=CPy487341KYCFYMI3wodAlVVGg HTTP/1.0" 200 2323 "http://www.google.it/aclk?sa=l&ai=Cb9xMIIo-TenhJsT6sgbg0_wzw_qa1AG7iIawF52O08cpCAAQAVDWiJ27BmD9iqKE1BKgAYOcof4DyAEBqQLsEyUBqPK2PqoEG0_Qy_tNjiq8fNXbDvpAHIrlxUJwPLIpqQiRMw&sig=AGiWqtzVMmNSq7knXDWoO8fVRVDWtkxVWA&adurl=http://www.aziendaitalia.com/attivita-in-vendita/&rct=j&q=cedesi%20attivit%C3%A0%20roma" "Mozilla/4.0 (compatible; MSIE 8.0; Windows NT 5.1; Trident/4.0; .NET CLR 1.1.4322; .NET CLR 2.0.50727; .NET CLR 3.0.4506.2152; .NET CLR 3.5.30729)"
151.90.254.207 - - [25/Jan/2011:09:30:34 +0100] "GET /css/style.css HTTP/1.0" 200 3366 "http://www.aziendaitalia.com/attivita-in-vendita/?gclid=CPy487341KYCFYMI3wodAlVVGg" "Mozilla/4.0 (compatible; MSIE 8.0; Windows NT 5.1; Trident/4.0; .NET CLR 1.1.4322; .NET CLR 2.0.50727; .NET CLR 3.0.4506.2152; .NET CLR 3.5.30729)"
72.5.230.111 - - [25/Jan/2011:09:30:34 +0100] "HEAD / HTTP/1.1" 200 - "-" "Site 24 X 7"
151.90.254.207 - - [25/Jan/2011:09:30:34 +0100] "GET /js/jquery-1.4.2.min.js HTTP/1.0" 200 72174 "http://www.aziendaitalia.com/attivita-in-vendita/?gclid=CPy487341KYCFYMI3wodAlVVGg" "Mozilla/4.0 (compatible; MSIE 8.0; Windows NT 5.1; Trident/4.0; .NET CLR 1.1.4322; .NET CLR 2.0.50727; .NET CLR 3.0.4506.2152; .NET CLR 3.5.30729)"
151.90.254.207 - - [25/Jan/2011:09:30:36 +0100] "GET /js/general.js HTTP/1.0" 200 5776 "http://www.aziendaitalia.com/attivita-in-vendita/?gclid=CPy487341KYCFYMI3wodAlVVGg" "Mozilla/4.0 (compatible; MSIE 8.0; Windows NT 5.1; Trident/4.0; .NET CLR 1.1.4322; .NET CLR 2.0.50727; .NET CLR 3.0.4506.2152; .NET CLR 3.5.30729)"
151.90.254.207 - - [25/Jan/2011:09:30:37 +0100] "GET /img/thumb/phpThumb.php?src=/admin/img/1283511116_5135-4001Y-A.JPG&w=148&h=138&zc=1&q=90 HTTP/1.0" 200 9692 "http://www.aziendaitalia.com/attivita-in-vendita/?gclid=CPy487341KYCFYMI3wodAlVVGg" "Mozilla/4.0 (compatible; MSIE 8.0; Windows NT 5.1; Trident/4.0; .NET CLR 1.1.4322; .NET CLR 2.0.50727; .NET CLR 3.0.4506.2152; .NET CLR 3.5.30729)"
151.90.254.207 - - [25/Jan/2011:09:30:37 +0100] "GET /img/layout/menubar.gif HTTP/1.0" 200 1302 "http://www.aziendaitalia.com/attivita-in-vendita/?gclid=CPy487341KYCFYMI3wodAlVVGg" "Mozilla/4.0 (compatible; MSIE 8.0; Windows NT 5.1; Trident/4.0; .NET CLR 1.1.4322; .NET CLR 2.0.50727; .NET CLR 3.0.4506.2152; .NET CLR 3.5.30729)"
151.90.254.207 - - [25/Jan/2011:09:30:37 +0100] "GET /img/thumb/phpThumb.php?src=/admin/img/1284121274_8018-5308G-A.JPG&w=148&h=138&zc=1&q=90 HTTP/1.0" 200 7134 "http://www.aziendaitalia.com/attivita-in-vendita/?gclid=CPy487341KYCFYMI3wodAlVVGg" "Mozilla/4.0 (compatible; MSIE 8.0; Windows NT 5.1; Trident/4.0; .NET CLR 1.1.4322; .NET CLR 2.0.50727; .NET CLR 3.0.4506.2152; .NET CLR 3.5.30729)"
151.90.254.207 - - [25/Jan/2011:09:30:37 +0100] "GET /img/layout/bg_wrapper_sub.gif HTTP/1.0" 200 102 "http://www.aziendaitalia.com/attivita-in-vendita/?gclid=CPy487341KYCFYMI3wodAlVVGg" "Mozilla/4.0 (compatible; MSIE 8.0; Windows NT 5.1; Trident/4.0; .NET CLR 1.1.4322; .NET CLR 2.0.50727; .NET CLR 3.0.4506.2152; .NET CLR 3.5.30729)"
151.90.254.207 - - [25/Jan/2011:09:30:37 +0100] "GET /img/layout/dot.png HTTP/1.0" 200 2899 "http://www.aziendaitalia.com/attivita-in-vendita/?gclid=CPy487341KYCFYMI3wodAlVVGg" "Mozilla/4.0 (compatible; MSIE 8.0; Windows NT 5.1; Trident/4.0; .NET CLR 1.1.4322; .NET CLR 2.0.50727; .NET CLR 3.0.4506.2152; .NET CLR 3.5.30729)"
151.90.254.207 - - [25/Jan/2011:09:30:37 +0100] "GET /img/layout/bg_sidebar_separator.gif HTTP/1.0" 200 106 "http://www.aziendaitalia.com/attivita-in-vendita/?gclid=CPy487341KYCFYMI3wodAlVVGg" "Mozilla/4.0 (compatible; MSIE 8.0; Windows NT 5.1; Trident/4.0; .NET CLR 1.1.4322; .NET CLR 2.0.50727; .NET CLR 3.0.4506.2152; .NET CLR 3.5.30729)"
151.90.254.207 - - [25/Jan/2011:09:30:37 +0100] "GET /img/layout/header.gif HTTP/1.0" 200 15655 "http://www.aziendaitalia.com/attivita-in-vendita/?gclid=CPy487341KYCFYMI3wodAlVVGg" "Mozilla/4.0 (compatible; MSIE 8.0; Windows NT 5.1; Trident/4.0; .NET CLR 1.1.4322; .NET CLR 2.0.50727; .NET CLR 3.0.4506.2152; .NET CLR 3.5.30729)"
151.61.147.128 - - [25/Jan/2011:09:30:37 +0100] "GET /attivita-in-vendita/a-torino_p2.html HTTP/1.1" 200 4754 "http://www.aziendaitalia.com/attivita-in-vendita/a-torino_p2.html" "Mozilla/5.0 (Windows; U; Windows NT 5.1; it; rv:1.9.1.16) Gecko/20101130 Firefox/3.5.16"
151.61.147.128 - - [25/Jan/2011:09:30:37 +0100] "GET /css/style.css HTTP/1.1" 200 3366 "http://www.aziendaitalia.com/attivita-in-vendita/a-torino_p2.html" "Mozilla/5.0 (Windows; U; Windows NT 5.1; it; rv:1.9.1.16) Gecko/20101130 Firefox/3.5.16"
67.195.115.117 - - [25/Jan/2011:09:30:38 +0100] "GET /RESULTS.CFM?PageNum_getList=106 HTTP/1.0" 404 274 "-" "Mozilla/5.0 (compatible; Yahoo! Slurp; http://help.yahoo.com/help/us/ysearch/slurp)"
151.90.254.207 - - [25/Jan/2011:09:30:40 +0100] "GET /img/thumb/phpThumb.php?src=/admin/img/1295368730_5945-6289D-A.JPG&w=148&h=138&zc=1&q=90 HTTP/1.0" 200 9397 "http://www.aziendaitalia.com/attivita-in-vendita/?gclid=CPy487341KYCFYMI3wodAlVVGg" "Mozilla/4.0 (compatible; MSIE 8.0; Windows NT 5.1; Trident/4.0; .NET CLR 1.1.4322; .NET CLR 2.0.50727; .NET CLR 3.0.4506.2152; .NET CLR 3.5.30729)"
151.90.254.207 - - [25/Jan/2011:09:30:40 +0100] "GET /favicon.ico HTTP/1.0" 200 1406 "-" "Mozilla/4.0 (compatible; MSIE 8.0; Windows NT 5.1; Trident/4.0; .NET CLR 1.1.4322; .NET CLR 2.0.50727; .NET CLR 3.0.4506.2152; .NET CLR 3.5.30729)"
87.22.230.123 - - [25/Jan/2011:09:30:44 +0100] "GET /attivita/ditte-produzione-e-vendita-pali-di-illuminazione-stradale.htm HTTP/1.1" 200 2187 "http://www.google.it/search?q=ditte+pali+illuminazione+pubblica&hl=it&prmd=ivns&ei=7Ik-TcGPMYuUOoqYpfYK&sa=N&aq=f&aqi=&aql=&oq=" "Mozilla/4.0 (compatible; MSIE 6.0; Windows NT 5.1; SV1; .NET CLR 1.1.4322; .NET CLR 2.0.50727; .NET CLR 3.0.04506.30)"
87.22.230.123 - - [25/Jan/2011:09:30:44 +0100] "GET /attivita/images/bg.gif HTTP/1.1" 200 48 "http://www.aziendaitalia.com/attivita/ditte-produzione-e-vendita-pali-di-illuminazione-stradale.htm" "Mozilla/4.0 (compatible; MSIE 6.0; Windows NT 5.1; SV1; .NET CLR 1.1.4322; .NET CLR 2.0.50727; .NET CLR 3.0.04506.30)"
87.22.230.123 - - [25/Jan/2011:09:30:45 +0100] "GET /attivita/images/barrona1.gif HTTP/1.1" 200 25108 "http://www.aziendaitalia.com/attivita/ditte-produzione-e-vendita-pali-di-illuminazione-stradale.htm" "Mozilla/4.0 (compatible; MSIE 6.0; Windows NT 5.1; SV1; .NET CLR 1.1.4322; .NET CLR 2.0.50727; .NET CLR 3.0.04506.30)"
87.22.230.123 - - [25/Jan/2011:09:30:45 +0100] "GET /attivita/images/rigasopra.gif HTTP/1.1" 200 171 "http://www.aziendaitalia.com/attivita/ditte-produzione-e-vendita-pali-di-illuminazione-stradale.htm" "Mozilla/4.0 (compatible; MSIE 6.0; Windows NT 5.1; SV1; .NET CLR 1.1.4322; .NET CLR 2.0.50727; .NET CLR 3.0.04506.30)"
87.22.230.123 - - [25/Jan/2011:09:30:45 +0100] "GET /attivita/images/barrona2.gif HTTP/1.1" 200 19345 "http://www.aziendaitalia.com/attivita/ditte-produzione-e-vendita-pali-di-illuminazione-stradale.htm" "Mozilla/4.0 (compatible; MSIE 6.0; Windows NT 5.1; SV1; .NET CLR 1.1.4322; .NET CLR 2.0.50727; .NET CLR 3.0.04506.30)"
87.22.230.123 - - [25/Jan/2011:09:30:45 +0100] "GET /attivita/images/loghetto.gif HTTP/1.1" 200 6105 "http://www.aziendaitalia.com/attivita/ditte-produzione-e-vendita-pali-di-illuminazione-stradale.htm" "Mozilla/4.0 (compatible; MSIE 6.0; Windows NT 5.1; SV1; .NET CLR 1.1.4322; .NET CLR 2.0.50727; .NET CLR 3.0.04506.30)"
87.22.230.123 - - [25/Jan/2011:09:30:45 +0100] "GET /attivita/images/indirizzo.gif HTTP/1.1" 200 4022 "http://www.aziendaitalia.com/attivita/ditte-produzione-e-vendita-pali-di-illuminazione-stradale.htm" "Mozilla/4.0 (compatible; MSIE 6.0; Windows NT 5.1; SV1; .NET CLR 1.1.4322; .NET CLR 2.0.50727; .NET CLR 3.0.04506.30)"
151.90.254.207 - - [25/Jan/2011:09:30:46 +0100] "GET /attivita-in-vendita/a-roma_p53.html HTTP/1.0" 200 4240 "http://www.aziendaitalia.com/attivita-in-vendita/?gclid=CPy487341KYCFYMI3wodAlVVGg" "Mozilla/4.0 (compatible; MSIE 8.0; Windows NT 5.1; Trident/4.0; .NET CLR 1.1.4322; .NET CLR 2.0.50727; .NET CLR 3.0.4506.2152; .NET CLR 3.5.30729)"
151.90.254.207 - - [25/Jan/2011:09:30:46 +0100] "GET /img/layout/italia/italycenter.gif HTTP/1.0" 200 3933 "http://www.aziendaitalia.com/attivita-in-vendita/a-roma_p53.html" "Mozilla/4.0 (compatible; MSIE 8.0; Windows NT 5.1; Trident/4.0; .NET CLR 1.1.4322; .NET CLR 2.0.50727; .NET CLR 3.0.4506.2152; .NET CLR 3.5.30729)"
78.134.86.178 - - [25/Jan/2011:09:30:52 +0100] "GET /attivita-in-vendita/ HTTP/1.1" 200 2294 "http://www.aziendaitalia.com/rilevare-attivita/la-giusta-rappresentanza.html" "Mozilla/4.0 (compatible; MSIE 8.0; Windows NT 5.1; Trident/4.0; .NET CLR 2.0.50727; .NET CLR 3.0.4506.2152; .NET CLR 3.5.30729; InfoPath.2)"
78.134.86.178 - - [25/Jan/2011:09:30:52 +0100] "GET /img/thumb/phpThumb.php?src=/admin/img/1283511116_5135-4001Y-A.JPG&w=148&h=138&zc=1&q=90 HTTP/1.1" 200 9692 "http://www.aziendaitalia.com/attivita-in-vendita/" "Mozilla/4.0 (compatible; MSIE 8.0; Windows NT 5.1; Trident/4.0; .NET CLR 2.0.50727; .NET CLR 3.0.4506.2152; .NET CLR 3.5.30729; InfoPath.2)"
78.134.86.178 - - [25/Jan/2011:09:30:52 +0100] "GET /img/thumb/phpThumb.php?src=/admin/img/1284121274_8018-5308G-A.JPG&w=148&h=138&zc=1&q=90 HTTP/1.1" 200 7134 "http://www.aziendaitalia.com/attivita-in-vendita/" "Mozilla/4.0 (compatible; MSIE 8.0; Windows NT 5.1; Trident/4.0; .NET CLR 2.0.50727; .NET CLR 3.0.4506.2152; .NET CLR 3.5.30729; InfoPath.2)"
78.134.86.178 - - [25/Jan/2011:09:30:52 +0100] "GET /img/thumb/phpThumb.php?src=/admin/img/1295368730_5945-6289D-A.JPG&w=148&h=138&zc=1&q=90 HTTP/1.1" 200 9397 "http://www.aziendaitalia.com/attivita-in-vendita/" "Mozilla/4.0 (compatible; MSIE 8.0; Windows NT 5.1; Trident/4.0; .NET CLR 2.0.50727; .NET CLR 3.0.4506.2152; .NET CLR 3.5.30729; InfoPath.2)"
207.46.199.50 - - [25/Jan/2011:09:30:56 +0100] "GET /attivita-in-vendita/alberghi-ristoranti-bar-agriturismo-aziende-agricole_suditalia_m1_mr3.html HTTP/1.1" 200 4013 "-" "Mozilla/5.0 (compatible; bingbot/2.0; +http://www.bing.com/bingbot.htm)"
151.61.147.128 - - [25/Jan/2011:09:30:59 +0100] "GET /attivita-in-vendita/a-torino_p2.html?page=2 HTTP/1.1" 200 4355 "http://www.aziendaitalia.com/attivita-in-vendita/a-torino_p2.html" "Mozilla/5.0 (Windows; U; Windows NT 5.1; it; rv:1.9.1.16) Gecko/20101130 Firefox/3.5.16"
151.61.147.128 - - [25/Jan/2011:09:30:59 +0100] "GET /css/style.css HTTP/1.1" 200 3366 "http://www.aziendaitalia.com/attivita-in-vendita/a-torino_p2.html?page=2" "Mozilla/5.0 (Windows; U; Windows NT 5.1; it; rv:1.9.1.16) Gecko/20101130 Firefox/3.5.16"
151.61.147.128 - - [25/Jan/2011:09:31:12 +0100] "GET /attivita-in-vendita/a-torino_p2.html?page=3 HTTP/1.1" 200 4833 "http://www.aziendaitalia.com/attivita-in-vendita/a-torino_p2.html?page=2" "Mozilla/5.0 (Windows; U; Windows NT 5.1; it; rv:1.9.1.16) Gecko/20101130 Firefox/3.5.16"
151.61.147.128 - - [25/Jan/2011:09:31:12 +0100] "GET /css/style.css HTTP/1.1" 200 3366 "http://www.aziendaitalia.com/attivita-in-vendita/a-torino_p2.html?page=3" "Mozilla/5.0 (Windows; U; Windows NT 5.1; it; rv:1.9.1.16) Gecko/20101130 Firefox/3.5.16"
95.75.155.117 - - [25/Jan/2011:09:31:15 +0100] "GET /attivita-in-vendita/a1313.html HTTP/1.1" 200 2678 "http://www.aziendaitalia.com/attivita-in-vendita/a-firenze_p62.html?page=2" "Mozilla/4.0 (compatible; MSIE 8.0; Windows NT 6.1; WOW64; Trident/4.0; SLCC2; .NET CLR 2.0.50727; .NET CLR 3.5.30729; .NET CLR 3.0.30729; Media Center PC 6.0; HPNTDF)"
95.75.155.117 - - [25/Jan/2011:09:31:15 +0100] "GET /img/thumb/phpThumb.php?src=/admin/img/1279723871_170-1683G-a.gif&w=148&h=138&zc=1&q=90 HTTP/1.1" 200 7654 "http://www.aziendaitalia.com/attivita-in-vendita/a1313.html" "Mozilla/4.0 (compatible; MSIE 8.0; Windows NT 6.1; WOW64; Trident/4.0; SLCC2; .NET CLR 2.0.50727; .NET CLR 3.5.30729; .NET CLR 3.0.30729; Media Center PC 6.0; HPNTDF)"
95.75.155.117 - - [25/Jan/2011:09:31:16 +0100] "GET /img/thumb/phpThumb.php?src=/admin/img/1279723877_170-1683G-b.gif&w=148&h=138&zc=1&q=90 HTTP/1.1" 200 6902 "http://www.aziendaitalia.com/attivita-in-vendita/a1313.html" "Mozilla/4.0 (compatible; MSIE 8.0; Windows NT 6.1; WOW64; Trident/4.0; SLCC2; .NET CLR 2.0.50727; .NET CLR 3.5.30729; .NET CLR 3.0.30729; Media Center PC 6.0; HPNTDF)"
95.75.155.117 - - [25/Jan/2011:09:31:16 +0100] "GET /img/thumb/phpThumb.php?src=/admin/img/1279723883_170-1683G-c.gif&w=148&h=138&zc=1&q=90 HTTP/1.1" 200 7959 "http://www.aziendaitalia.com/attivita-in-vendita/a1313.html" "Mozilla/4.0 (compatible; MSIE 8.0; Windows NT 6.1; WOW64; Trident/4.0; SLCC2; .NET CLR 2.0.50727; .NET CLR 3.5.30729; .NET CLR 3.0.30729; Media Center PC 6.0; HPNTDF)"
95.75.155.117 - - [25/Jan/2011:09:31:16 +0100] "GET /img/thumb/phpThumb.php?src=/admin/img/1279723887_170-1683G-d.gif&w=148&h=138&zc=1&q=90 HTTP/1.1" 200 6840 "http://www.aziendaitalia.com/attivita-in-vendita/a1313.html" "Mozilla/4.0 (compatible; MSIE 8.0; Windows NT 6.1; WOW64; Trident/4.0; SLCC2; .NET CLR 2.0.50727; .NET CLR 3.5.30729; .NET CLR 3.0.30729; Media Center PC 6.0; HPNTDF)"
79.48.214.47 - - [25/Jan/2011:09:31:22 +0100] "GET /cedere-attivita?gclid=CN2ditX41KYCFQEOfAodrm70Mw HTTP/1.1" 404 274 "http://it.ask.com/web?qsrc=2417&o=4078&l=sem&q=vendesi+attivita%27+ristoranti+in+porto+recanati" "Mozilla/5.0 (Windows; U; Windows NT 6.0; en-US) AppleWebKit/534.10 (KHTML, like Gecko) Chrome/8.0.552.237 Safari/534.10"
79.48.214.47 - - [25/Jan/2011:09:31:22 +0100] "GET /favicon.ico HTTP/1.1" 200 1406 "-" "Mozilla/5.0 (Windows; U; Windows NT 6.0; en-US) AppleWebKit/534.10 (KHTML, like Gecko) Chrome/8.0.552.237 Safari/534.10"
151.61.147.128 - - [25/Jan/2011:09:31:27 +0100] "GET /attivita-in-vendita/a-torino_p2.html?page=4 HTTP/1.1" 200 4600 "http://www.aziendaitalia.com/attivita-in-vendita/a-torino_p2.html?page=3" "Mozilla/5.0 (Windows; U; Windows NT 5.1; it; rv:1.9.1.16) Gecko/20101130 Firefox/3.5.16"
151.61.147.128 - - [25/Jan/2011:09:31:27 +0100] "GET /css/style.css HTTP/1.1" 200 3366 "http://www.aziendaitalia.com/attivita-in-vendita/a-torino_p2.html?page=4" "Mozilla/5.0 (Windows; U; Windows NT 5.1; it; rv:1.9.1.16) Gecko/20101130 Firefox/3.5.16"
151.90.254.207 - - [25/Jan/2011:09:31:28 +0100] "GET /attivita-in-vendita/a3334.html HTTP/1.0" 200 2524 "http://www.aziendaitalia.com/attivita-in-vendita/a-roma_p53.html" "Mozilla/4.0 (compatible; MSIE 8.0; Windows NT 5.1; Trident/4.0; .NET CLR 1.1.4322; .NET CLR 2.0.50727; .NET CLR 3.0.4506.2152; .NET CLR 3.5.30729)"
72.5.230.111 - - [25/Jan/2011:09:31:35 +0100] "HEAD / HTTP/1.1" 200 - "-" "Site 24 X 7"
151.61.147.128 - - [25/Jan/2011:09:31:36 +0100] "GET /attivita-in-vendita/a-torino_p2.html?page=5 HTTP/1.1" 200 4566 "http://www.aziendaitalia.com/attivita-in-vendita/a-torino_p2.html?page=4" "Mozilla/5.0 (Windows; U; Windows NT 5.1; it; rv:1.9.1.16) Gecko/20101130 Firefox/3.5.16"
151.61.147.128 - - [25/Jan/2011:09:31:36 +0100] "GET /css/style.css HTTP/1.1" 200 3366 "http://www.aziendaitalia.com/attivita-in-vendita/a-torino_p2.html?page=5" "Mozilla/5.0 (Windows; U; Windows NT 5.1; it; rv:1.9.1.16) Gecko/20101130 Firefox/3.5.16"
78.134.86.178 - - [25/Jan/2011:09:31:41 +0100] "GET /cedere-attivita/ HTTP/1.1" 200 3958 "http://www.aziendaitalia.com/attivita-in-vendita/alberghi-ristoranti-bar-agriturismo-aziende-agricole_lombardia_m1_r9.html?page=11" "Mozilla/4.0 (compatible; MSIE 8.0; Windows NT 5.1; Trident/4.0; .NET CLR 2.0.50727; .NET CLR 3.0.4506.2152; .NET CLR 3.5.30729; InfoPath.2)"
178.154.161.29 - - [25/Jan/2011:09:31:43 +0100] "GET /attivita-in-vendita/rivenditori-di-gas-in-bombole_centroitalia_s63_mr2.html HTTP/1.1" 200 2956 "-" "Mozilla/5.0 (compatible; YandexBot/3.0; +http://yandex.com/bots)"
151.61.147.128 - - [25/Jan/2011:09:31:45 +0100] "GET /attivita-in-vendita/a-torino_p2.html?page=6 HTTP/1.1" 200 4600 "http://www.aziendaitalia.com/attivita-in-vendita/a-torino_p2.html?page=5" "Mozilla/5.0 (Windows; U; Windows NT 5.1; it; rv:1.9.1.16) Gecko/20101130 Firefox/3.5.16"
151.61.147.128 - - [25/Jan/2011:09:31:45 +0100] "GET /css/style.css HTTP/1.1" 200 3366 "http://www.aziendaitalia.com/attivita-in-vendita/a-torino_p2.html?page=6" "Mozilla/5.0 (Windows; U; Windows NT 5.1; it; rv:1.9.1.16) Gecko/20101130 Firefox/3.5.16"
151.61.147.128 - - [25/Jan/2011:09:32:00 +0100] "GET /attivita-in-vendita/a-torino_p2.html?page=7 HTTP/1.1" 200 4902 "http://www.aziendaitalia.com/attivita-in-vendita/a-torino_p2.html?page=6" "Mozilla/5.0 (Windows; U; Windows NT 5.1; it; rv:1.9.1.16) Gecko/20101130 Firefox/3.5.16"
151.61.147.128 - - [25/Jan/2011:09:32:01 +0100] "GET /css/style.css HTTP/1.1" 200 3366 "http://www.aziendaitalia.com/attivita-in-vendita/a-torino_p2.html?page=7" "Mozilla/5.0 (Windows; U; Windows NT 5.1; it; rv:1.9.1.16) Gecko/20101130 Firefox/3.5.16"
151.61.147.128 - - [25/Jan/2011:09:32:09 +0100] "GET /attivita-in-vendita/a-torino_p2.html?page=8 HTTP/1.1" 200 4676 "http://www.aziendaitalia.com/attivita-in-vendita/a-torino_p2.html?page=7" "Mozilla/5.0 (Windows; U; Windows NT 5.1; it; rv:1.9.1.16) Gecko/20101130 Firefox/3.5.16"
151.61.147.128 - - [25/Jan/2011:09:32:09 +0100] "GET /css/style.css HTTP/1.1" 200 3366 "http://www.aziendaitalia.com/attivita-in-vendita/a-torino_p2.html?page=8" "Mozilla/5.0 (Windows; U; Windows NT 5.1; it; rv:1.9.1.16) Gecko/20101130 Firefox/3.5.16"
151.61.147.128 - - [25/Jan/2011:09:32:15 +0100] "GET /attivita-in-vendita/a-torino_p2.html?page=9 HTTP/1.1" 200 4503 "http://www.aziendaitalia.com/attivita-in-vendita/a-torino_p2.html?page=8" "Mozilla/5.0 (Windows; U; Windows NT 5.1; it; rv:1.9.1.16) Gecko/20101130 Firefox/3.5.16"
151.61.147.128 - - [25/Jan/2011:09:32:15 +0100] "GET /css/style.css HTTP/1.1" 200 3366 "http://www.aziendaitalia.com/attivita-in-vendita/a-torino_p2.html?page=9" "Mozilla/5.0 (Windows; U; Windows NT 5.1; it; rv:1.9.1.16) Gecko/20101130 Firefox/3.5.16"
151.61.147.128 - - [25/Jan/2011:09:32:27 +0100] "GET /attivita-in-vendita/a-torino_p2.html?page=11 HTTP/1.1" 200 4466 "http://www.aziendaitalia.com/attivita-in-vendita/a-torino_p2.html?page=9" "Mozilla/5.0 (Windows; U; Windows NT 5.1; it; rv:1.9.1.16) Gecko/20101130 Firefox/3.5.16"
151.61.147.128 - - [25/Jan/2011:09:32:27 +0100] "GET /css/style.css HTTP/1.1" 200 3366 "http://www.aziendaitalia.com/attivita-in-vendita/a-torino_p2.html?page=11" "Mozilla/5.0 (Windows; U; Windows NT 5.1; it; rv:1.9.1.16) Gecko/20101130 Firefox/3.5.16"
93.47.114.90 - - [25/Jan/2011:09:32:29 +0100] "GET /?gclid=CMWYpPX41KYCFcwmfAodaA2KKg HTTP/1.1" 200 2671 "http://www.google.it/search?client=firefox-a&rls=org.mozilla%3Ait%3Aofficial&channel=s&hl=it&source=hp&q=azienda+italia&meta=lr%3Dlang_it&btnG=Cerca+con+Google" "Mozilla/5.0 (Windows; U; Windows NT 5.1; it; rv:1.9.2.13) Gecko/20101203 Firefox/3.6.13"
93.47.114.90 - - [25/Jan/2011:09:32:29 +0100] "GET /css/style.css HTTP/1.1" 200 3366 "http://www.aziendaitalia.com/?gclid=CMWYpPX41KYCFcwmfAodaA2KKg" "Mozilla/5.0 (Windows; U; Windows NT 5.1; it; rv:1.9.2.13) Gecko/20101203 Firefox/3.6.13"
93.47.114.90 - - [25/Jan/2011:09:32:29 +0100] "GET /js/jquery.pngfix.pack.js HTTP/1.1" 200 2485 "http://www.aziendaitalia.com/?gclid=CMWYpPX41KYCFcwmfAodaA2KKg" "Mozilla/5.0 (Windows; U; Windows NT 5.1; it; rv:1.9.2.13) Gecko/20101203 Firefox/3.6.13"
93.47.114.90 - - [25/Jan/2011:09:32:29 +0100] "GET /js/general.js HTTP/1.1" 200 5776 "http://www.aziendaitalia.com/?gclid=CMWYpPX41KYCFcwmfAodaA2KKg" "Mozilla/5.0 (Windows; U; Windows NT 5.1; it; rv:1.9.2.13) Gecko/20101203 Firefox/3.6.13"
93.47.114.90 - - [25/Jan/2011:09:32:29 +0100] "GET /js/jquery-1.4.2.min.js HTTP/1.1" 200 72174 "http://www.aziendaitalia.com/?gclid=CMWYpPX41KYCFcwmfAodaA2KKg" "Mozilla/5.0 (Windows; U; Windows NT 5.1; it; rv:1.9.2.13) Gecko/20101203 Firefox/3.6.13"
93.47.114.90 - - [25/Jan/2011:09:32:30 +0100] "GET /img/layout/header.gif HTTP/1.1" 200 15655 "http://www.aziendaitalia.com/css/style.css" "Mozilla/5.0 (Windows; U; Windows NT 5.1; it; rv:1.9.2.13) Gecko/20101203 Firefox/3.6.13"
93.47.114.90 - - [25/Jan/2011:09:32:30 +0100] "GET /img/layout/menubar.gif HTTP/1.1" 200 1302 "http://www.aziendaitalia.com/css/style.css" "Mozilla/5.0 (Windows; U; Windows NT 5.1; it; rv:1.9.2.13) Gecko/20101203 Firefox/3.6.13"
93.47.114.90 - - [25/Jan/2011:09:32:30 +0100] "GET /img/layout/content_bg.gif HTTP/1.1" 200 238 "http://www.aziendaitalia.com/css/style.css" "Mozilla/5.0 (Windows; U; Windows NT 5.1; it; rv:1.9.2.13) Gecko/20101203 Firefox/3.6.13"
93.47.114.90 - - [25/Jan/2011:09:32:30 +0100] "GET /img/layout/bg_button_search.gif HTTP/1.1" 200 614 "http://www.aziendaitalia.com/css/style.css" "Mozilla/5.0 (Windows; U; Windows NT 5.1; it; rv:1.9.2.13) Gecko/20101203 Firefox/3.6.13"
93.47.114.90 - - [25/Jan/2011:09:32:30 +0100] "GET /img/layout/bg_homepage_category_buttons.gif HTTP/1.1" 200 23956 "http://www.aziendaitalia.com/css/style.css" "Mozilla/5.0 (Windows; U; Windows NT 5.1; it; rv:1.9.2.13) Gecko/20101203 Firefox/3.6.13"
93.47.114.90 - - [25/Jan/2011:09:32:30 +0100] "GET /favicon.ico HTTP/1.1" 200 1406 "-" "Mozilla/5.0 (Windows; U; Windows NT 5.1; it; rv:1.9.2.13) Gecko/20101203 Firefox/3.6.13"
151.90.254.207 - - [25/Jan/2011:09:32:33 +0100] "GET /attivita-in-vendita/a3318.html HTTP/1.0" 200 2750 "http://www.aziendaitalia.com/attivita-in-vendita/a-roma_p53.html" "Mozilla/4.0 (compatible; MSIE 8.0; Windows NT 5.1; Trident/4.0; .NET CLR 1.1.4322; .NET CLR 2.0.50727; .NET CLR 3.0.4506.2152; .NET CLR 3.5.30729)"
93.47.114.90 - - [25/Jan/2011:09:32:35 +0100] "GET /img/layout/tooltip.png HTTP/1.1" 200 3337 "http://www.aziendaitalia.com/css/style.css" "Mozilla/5.0 (Windows; U; Windows NT 5.1; it; rv:1.9.2.13) Gecko/20101203 Firefox/3.6.13"
72.5.230.111 - - [25/Jan/2011:09:32:35 +0100] "HEAD / HTTP/1.1" 200 - "-" "Site 24 X 7"
93.47.114.90 - - [25/Jan/2011:09:32:36 +0100] "GET /attivita-in-vendita/rivendita-negozi_m2.html HTTP/1.1" 200 3793 "http://www.aziendaitalia.com/?gclid=CMWYpPX41KYCFcwmfAodaA2KKg" "Mozilla/5.0 (Windows; U; Windows NT 5.1; it; rv:1.9.2.13) Gecko/20101203 Firefox/3.6.13"
93.47.114.90 - - [25/Jan/2011:09:32:36 +0100] "GET /css/style.css HTTP/1.1" 200 3366 "http://www.aziendaitalia.com/attivita-in-vendita/rivendita-negozi_m2.html" "Mozilla/5.0 (Windows; U; Windows NT 5.1; it; rv:1.9.2.13) Gecko/20101203 Firefox/3.6.13"
93.47.114.90 - - [25/Jan/2011:09:32:36 +0100] "GET /img/layout/bg_wrapper_sub.gif HTTP/1.1" 200 102 "http://www.aziendaitalia.com/css/style.css" "Mozilla/5.0 (Windows; U; Windows NT 5.1; it; rv:1.9.2.13) Gecko/20101203 Firefox/3.6.13"
93.47.114.90 - - [25/Jan/2011:09:32:36 +0100] "GET /img/layout/bg_sidebar_separator.gif HTTP/1.1" 200 106 "http://www.aziendaitalia.com/css/style.css" "Mozilla/5.0 (Windows; U; Windows NT 5.1; it; rv:1.9.2.13) Gecko/20101203 Firefox/3.6.13"
93.47.114.90 - - [25/Jan/2011:09:32:36 +0100] "GET /img/layout/dot.png HTTP/1.1" 200 2899 "http://www.aziendaitalia.com/css/style.css" "Mozilla/5.0 (Windows; U; Windows NT 5.1; it; rv:1.9.2.13) Gecko/20101203 Firefox/3.6.13"
82.51.95.75 - - [25/Jan/2011:09:32:47 +0100] "GET /rilevare-attivita/?gclid=CP6M9v341KYCFYEOfAodl1X6Mw HTTP/1.1" 200 3713 "http://www.google.it/search?client=firefox-a&rls=org.mozilla%3Ait%3Aofficial&channel=s&hl=it&source=hp&q=sito+per+pubblicizzare+la+compravendita+di+attivit%C3%A0+commerciali+nella+citt%C3%A0+di+ancona&meta=&btnG=Cerca+con+Google" "Mozilla/5.0 (Windows; U; Windows NT 6.1; it; rv:1.9.2.13) Gecko/20101203 Firefox/3.6.13"
82.51.95.75 - - [25/Jan/2011:09:32:48 +0100] "GET /css/style.css HTTP/1.1" 200 3366 "http://www.aziendaitalia.com/rilevare-attivita/?gclid=CP6M9v341KYCFYEOfAodl1X6Mw" "Mozilla/5.0 (Windows; U; Windows NT 6.1; it; rv:1.9.2.13) Gecko/20101203 Firefox/3.6.13"
82.51.95.75 - - [25/Jan/2011:09:32:48 +0100] "GET /js/general.js HTTP/1.1" 200 5776 "http://www.aziendaitalia.com/rilevare-attivita/?gclid=CP6M9v341KYCFYEOfAodl1X6Mw" "Mozilla/5.0 (Windows; U; Windows NT 6.1; it; rv:1.9.2.13) Gecko/20101203 Firefox/3.6.13"
151.90.254.207 - - [25/Jan/2011:09:32:48 +0100] "GET /img/layout/italia/italyisles.gif HTTP/1.0" 200 3919 "http://www.aziendaitalia.com/attivita-in-vendita/a-roma_p53.html" "Mozilla/4.0 (compatible; MSIE 8.0; Windows NT 5.1; Trident/4.0; .NET CLR 1.1.4322; .NET CLR 2.0.50727; .NET CLR 3.0.4506.2152; .NET CLR 3.5.30729)"
82.51.95.75 - - [25/Jan/2011:09:32:48 +0100] "GET /js/jquery-1.4.2.min.js HTTP/1.1" 200 72174 "http://www.aziendaitalia.com/rilevare-attivita/?gclid=CP6M9v341KYCFYEOfAodl1X6Mw" "Mozilla/5.0 (Windows; U; Windows NT 6.1; it; rv:1.9.2.13) Gecko/20101203 Firefox/3.6.13"
82.51.95.75 - - [25/Jan/2011:09:32:48 +0100] "GET /img/layout/header.gif HTTP/1.1" 200 15655 "http://www.aziendaitalia.com/css/style.css" "Mozilla/5.0 (Windows; U; Windows NT 6.1; it; rv:1.9.2.13) Gecko/20101203 Firefox/3.6.13"
82.51.95.75 - - [25/Jan/2011:09:32:48 +0100] "GET /img/layout/menubar.gif HTTP/1.1" 200 1302 "http://www.aziendaitalia.com/css/style.css" "Mozilla/5.0 (Windows; U; Windows NT 6.1; it; rv:1.9.2.13) Gecko/20101203 Firefox/3.6.13"
82.51.95.75 - - [25/Jan/2011:09:32:48 +0100] "GET /img/layout/bg_wrapper_sub.gif HTTP/1.1" 200 102 "http://www.aziendaitalia.com/css/style.css" "Mozilla/5.0 (Windows; U; Windows NT 6.1; it; rv:1.9.2.13) Gecko/20101203 Firefox/3.6.13"
82.51.95.75 - - [25/Jan/2011:09:32:48 +0100] "GET /img/layout/bg_sidebar_separator.gif HTTP/1.1" 200 106 "http://www.aziendaitalia.com/css/style.css" "Mozilla/5.0 (Windows; U; Windows NT 6.1; it; rv:1.9.2.13) Gecko/20101203 Firefox/3.6.13"
82.51.95.75 - - [25/Jan/2011:09:32:49 +0100] "GET /favicon.ico HTTP/1.1" 200 1406 "-" "Mozilla/5.0 (Windows; U; Windows NT 6.1; it; rv:1.9.2.13) Gecko/20101203 Firefox/3.6.13"
94.165.141.160 - - [25/Jan/2011:09:32:56 +0100] "GET /vendere-negozi-roma.php?gclid=CLuu74H51KYCFcyOzAodCzu4Gw HTTP/1.1" 200 3975 "http://www.google.it/search?hl=it&rlz=1G1GGLQ_ITIT397&q=vendita+macchine+ricamatrici+a+roma&aq=f&aqi=&aql=&oq=" "Mozilla/4.0 (compatible; MSIE 7.0; Windows NT 6.0; SLCC1; .NET CLR 2.0.50727; .NET CLR 1.1.4322; 3P_UVRMIT 1.0.11.0; .NET CLR 3.5.30729; .NET CLR 3.0.30618; InfoPath.1)"
94.165.141.160 - - [25/Jan/2011:09:32:57 +0100] "GET /css/style.css HTTP/1.1" 200 3366 "http://www.aziendaitalia.com/vendere-negozi-roma.php?gclid=CLuu74H51KYCFcyOzAodCzu4Gw" "Mozilla/4.0 (compatible; MSIE 7.0; Windows NT 6.0; SLCC1; .NET CLR 2.0.50727; .NET CLR 1.1.4322; 3P_UVRMIT 1.0.11.0; .NET CLR 3.5.30729; .NET CLR 3.0.30618; InfoPath.1)"
94.165.141.160 - - [25/Jan/2011:09:32:57 +0100] "GET /js/jquery-1.4.2.min.js HTTP/1.1" 200 72174 "http://www.aziendaitalia.com/vendere-negozi-roma.php?gclid=CLuu74H51KYCFcyOzAodCzu4Gw" "Mozilla/4.0 (compatible; MSIE 7.0; Windows NT 6.0; SLCC1; .NET CLR 2.0.50727; .NET CLR 1.1.4322; 3P_UVRMIT 1.0.11.0; .NET CLR 3.5.30729; .NET CLR 3.0.30618; InfoPath.1)"
94.165.141.160 - - [25/Jan/2011:09:33:01 +0100] "GET /js/general.js HTTP/1.1" 200 5776 "http://www.aziendaitalia.com/vendere-negozi-roma.php?gclid=CLuu74H51KYCFcyOzAodCzu4Gw" "Mozilla/4.0 (compatible; MSIE 7.0; Windows NT 6.0; SLCC1; .NET CLR 2.0.50727; .NET CLR 1.1.4322; 3P_UVRMIT 1.0.11.0; .NET CLR 3.5.30729; .NET CLR 3.0.30618; InfoPath.1)"
151.90.254.207 - - [25/Jan/2011:09:33:02 +0100] "GET /attivita-in-vendita/a3316.html HTTP/1.0" 200 2759 "http://www.aziendaitalia.com/attivita-in-vendita/a-roma_p53.html" "Mozilla/4.0 (compatible; MSIE 8.0; Windows NT 5.1; Trident/4.0; .NET CLR 1.1.4322; .NET CLR 2.0.50727; .NET CLR 3.0.4506.2152; .NET CLR 3.5.30729)"
151.90.254.207 - - [25/Jan/2011:09:33:02 +0100] "GET /css/style.css HTTP/1.0" 200 3366 "http://www.aziendaitalia.com/attivita-in-vendita/a3316.html" "Mozilla/4.0 (compatible; MSIE 8.0; Windows NT 5.1; Trident/4.0; .NET CLR 1.1.4322; .NET CLR 2.0.50727; .NET CLR 3.0.4506.2152; .NET CLR 3.5.30729)"
94.165.141.160 - - [25/Jan/2011:09:33:04 +0100] "GET /img/layout/menubar.gif HTTP/1.1" 200 1302 "http://www.aziendaitalia.com/vendere-negozi-roma.php?gclid=CLuu74H51KYCFcyOzAodCzu4Gw" "Mozilla/4.0 (compatible; MSIE 7.0; Windows NT 6.0; SLCC1; .NET CLR 2.0.50727; .NET CLR 1.1.4322; 3P_UVRMIT 1.0.11.0; .NET CLR 3.5.30729; .NET CLR 3.0.30618; InfoPath.1)"
94.165.141.160 - - [25/Jan/2011:09:33:06 +0100] "GET /img/layout/bg_wrapper_sub.gif HTTP/1.1" 200 102 "http://www.aziendaitalia.com/vendere-negozi-roma.php?gclid=CLuu74H51KYCFcyOzAodCzu4Gw" "Mozilla/4.0 (compatible; MSIE 7.0; Windows NT 6.0; SLCC1; .NET CLR 2.0.50727; .NET CLR 1.1.4322; 3P_UVRMIT 1.0.11.0; .NET CLR 3.5.30729; .NET CLR 3.0.30618; InfoPath.1)"
67.195.115.117 - - [25/Jan/2011:09:33:07 +0100] "GET /RESULTS.CFM?PageNum_getList=39&zona=6 HTTP/1.0" 404 274 "-" "Mozilla/5.0 (compatible; Yahoo! Slurp; http://help.yahoo.com/help/us/ysearch/slurp)"
94.165.141.160 - - [25/Jan/2011:09:33:07 +0100] "GET /img/layout/bg_sidebar_separator.gif HTTP/1.1" 200 106 "http://www.aziendaitalia.com/vendere-negozi-roma.php?gclid=CLuu74H51KYCFcyOzAodCzu4Gw" "Mozilla/4.0 (compatible; MSIE 7.0; Windows NT 6.0; SLCC1; .NET CLR 2.0.50727; .NET CLR 1.1.4322; 3P_UVRMIT 1.0.11.0; .NET CLR 3.5.30729; .NET CLR 3.0.30618; InfoPath.1)"
94.165.141.160 - - [25/Jan/2011:09:33:04 +0100] "GET /img/icona-negozi.jpg HTTP/1.1" 200 69156 "http://www.aziendaitalia.com/vendere-negozi-roma.php?gclid=CLuu74H51KYCFcyOzAodCzu4Gw" "Mozilla/4.0 (compatible; MSIE 7.0; Windows NT 6.0; SLCC1; .NET CLR 2.0.50727; .NET CLR 1.1.4322; 3P_UVRMIT 1.0.11.0; .NET CLR 3.5.30729; .NET CLR 3.0.30618; InfoPath.1)"
151.90.254.207 - - [25/Jan/2011:09:33:14 +0100] "GET /attivita-in-vendita/a3295.html HTTP/1.0" 200 2755 "http://www.aziendaitalia.com/attivita-in-vendita/a-roma_p53.html" "Mozilla/4.0 (compatible; MSIE 8.0; Windows NT 5.1; Trident/4.0; .NET CLR 1.1.4322; .NET CLR 2.0.50727; .NET CLR 3.0.4506.2152; .NET CLR 3.5.30729)"
151.90.254.207 - - [25/Jan/2011:09:33:14 +0100] "GET /css/style.css HTTP/1.0" 200 3366 "http://www.aziendaitalia.com/attivita-in-vendita/a3295.html" "Mozilla/4.0 (compatible; MSIE 8.0; Windows NT 5.1; Trident/4.0; .NET CLR 1.1.4322; .NET CLR 2.0.50727; .NET CLR 3.0.4506.2152; .NET CLR 3.5.30729)"
151.90.254.207 - - [25/Jan/2011:09:33:15 +0100] "GET /img/thumb/phpThumb.php?src=/admin/img/1284039651_1145-8097Y-B.jpg&w=148&h=138&zc=1&q=90 HTTP/1.0" 200 8149 "http://www.aziendaitalia.com/attivita-in-vendita/a3295.html" "Mozilla/4.0 (compatible; MSIE 8.0; Windows NT 5.1; Trident/4.0; .NET CLR 1.1.4322; .NET CLR 2.0.50727; .NET CLR 3.0.4506.2152; .NET CLR 3.5.30729)"
151.90.254.207 - - [25/Jan/2011:09:33:15 +0100] "GET /img/thumb/phpThumb.php?src=/admin/img/1284039655_1145-8097Y-C.jpg&w=148&h=138&zc=1&q=90 HTTP/1.0" 200 6945 "http://www.aziendaitalia.com/attivita-in-vendita/a3295.html" "Mozilla/4.0 (compatible; MSIE 8.0; Windows NT 5.1; Trident/4.0; .NET CLR 1.1.4322; .NET CLR 2.0.50727; .NET CLR 3.0.4506.2152; .NET CLR 3.5.30729)"
151.90.254.207 - - [25/Jan/2011:09:33:15 +0100] "GET /img/thumb/phpThumb.php?src=/admin/img/1284039647_1145-8097Y-A.jpg&w=148&h=138&zc=1&q=90 HTTP/1.0" 200 7689 "http://www.aziendaitalia.com/attivita-in-vendita/a3295.html" "Mozilla/4.0 (compatible; MSIE 8.0; Windows NT 5.1; Trident/4.0; .NET CLR 1.1.4322; .NET CLR 2.0.50727; .NET CLR 3.0.4506.2152; .NET CLR 3.5.30729)"
151.90.254.207 - - [25/Jan/2011:09:33:15 +0100] "GET /img/thumb/phpThumb.php?src=/admin/img/1284039659_1145-8097Y-D.jpg&w=148&h=138&zc=1&q=90 HTTP/1.0" 200 6742 "http://www.aziendaitalia.com/attivita-in-vendita/a3295.html" "Mozilla/4.0 (compatible; MSIE 8.0; Windows NT 5.1; Trident/4.0; .NET CLR 1.1.4322; .NET CLR 2.0.50727; .NET CLR 3.0.4506.2152; .NET CLR 3.5.30729)"
93.47.114.90 - - [25/Jan/2011:09:33:20 +0100] "GET /attivita-in-vendita/rivendita-negozi_italia_m2_n1.html HTTP/1.1" 200 4376 "http://www.aziendaitalia.com/attivita-in-vendita/rivendita-negozi_m2.html" "Mozilla/5.0 (Windows; U; Windows NT 5.1; it; rv:1.9.2.13) Gecko/20101203 Firefox/3.6.13"
93.47.114.90 - - [25/Jan/2011:09:33:20 +0100] "GET /css/style.css HTTP/1.1" 200 3366 "http://www.aziendaitalia.com/attivita-in-vendita/rivendita-negozi_italia_m2_n1.html" "Mozilla/5.0 (Windows; U; Windows NT 5.1; it; rv:1.9.2.13) Gecko/20101203 Firefox/3.6.13"
93.47.114.90 - - [25/Jan/2011:09:33:20 +0100] "GET /img/layout/italia/italyoff.gif HTTP/1.1" 200 3852 "http://www.aziendaitalia.com/attivita-in-vendita/rivendita-negozi_italia_m2_n1.html" "Mozilla/5.0 (Windows; U; Windows NT 5.1; it; rv:1.9.2.13) Gecko/20101203 Firefox/3.6.13"
93.47.114.90 - - [25/Jan/2011:09:33:22 +0100] "GET /attivita-in-vendita/rivendita-negozi_isole_m2_mr4.html HTTP/1.1" 200 4318 "http://www.aziendaitalia.com/attivita-in-vendita/rivendita-negozi_italia_m2_n1.html" "Mozilla/5.0 (Windows; U; Windows NT 5.1; it; rv:1.9.2.13) Gecko/20101203 Firefox/3.6.13"
93.47.114.90 - - [25/Jan/2011:09:33:24 +0100] "GET /css/style.css HTTP/1.1" 200 3366 "http://www.aziendaitalia.com/attivita-in-vendita/rivendita-negozi_isole_m2_mr4.html" "Mozilla/5.0 (Windows; U; Windows NT 5.1; it; rv:1.9.2.13) Gecko/20101203 Firefox/3.6.13"
93.47.114.90 - - [25/Jan/2011:09:33:24 +0100] "GET /img/layout/italia/italyisles.gif HTTP/1.1" 200 3919 "http://www.aziendaitalia.com/attivita-in-vendita/rivendita-negozi_isole_m2_mr4.html" "Mozilla/5.0 (Windows; U; Windows NT 5.1; it; rv:1.9.2.13) Gecko/20101203 Firefox/3.6.13"
93.47.114.90 - - [25/Jan/2011:09:33:27 +0100] "GET /attivita-in-vendita/rivendita-negozi_a-sassari_m2_p139.html HTTP/1.1" 200 2729 "http://www.aziendaitalia.com/attivita-in-vendita/rivendita-negozi_isole_m2_mr4.html" "Mozilla/5.0 (Windows; U; Windows NT 5.1; it; rv:1.9.2.13) Gecko/20101203 Firefox/3.6.13"
93.47.114.90 - - [25/Jan/2011:09:33:28 +0100] "GET /css/style.css HTTP/1.1" 200 3366 "http://www.aziendaitalia.com/attivita-in-vendita/rivendita-negozi_a-sassari_m2_p139.html" "Mozilla/5.0 (Windows; U; Windows NT 5.1; it; rv:1.9.2.13) Gecko/20101203 Firefox/3.6.13"
72.5.230.111 - - [25/Jan/2011:09:33:36 +0100] "HEAD / HTTP/1.1" 200 - "-" "Site 24 X 7"
93.47.114.90 - - [25/Jan/2011:09:33:45 +0100] "GET /attivita-in-vendita/a2979.html HTTP/1.1" 200 2721 "http://www.aziendaitalia.com/attivita-in-vendita/rivendita-negozi_a-sassari_m2_p139.html" "Mozilla/5.0 (Windows; U; Windows NT 5.1; it; rv:1.9.2.13) Gecko/20101203 Firefox/3.6.13"
93.47.114.90 - - [25/Jan/2011:09:33:45 +0100] "GET /css/style.css HTTP/1.1" 200 3366 "http://www.aziendaitalia.com/attivita-in-vendita/a2979.html" "Mozilla/5.0 (Windows; U; Windows NT 5.1; it; rv:1.9.2.13) Gecko/20101203 Firefox/3.6.13"
93.47.114.90 - - [25/Jan/2011:09:33:45 +0100] "GET /img/thumb/phpThumb.php?src=/admin/img/1283334198_5127-6564F-D.JPG&w=148&h=138&zc=1&q=90 HTTP/1.1" 200 8723 "http://www.aziendaitalia.com/attivita-in-vendita/a2979.html" "Mozilla/5.0 (Windows; U; Windows NT 5.1; it; rv:1.9.2.13) Gecko/20101203 Firefox/3.6.13"
93.47.114.90 - - [25/Jan/2011:09:33:45 +0100] "GET /img/thumb/phpThumb.php?src=/admin/img/1283334191_5127-6564F-C.JPG&w=148&h=138&zc=1&q=90 HTTP/1.1" 200 9489 "http://www.aziendaitalia.com/attivita-in-vendita/a2979.html" "Mozilla/5.0 (Windows; U; Windows NT 5.1; it; rv:1.9.2.13) Gecko/20101203 Firefox/3.6.13"
93.47.114.90 - - [25/Jan/2011:09:33:45 +0100] "GET /img/thumb/phpThumb.php?src=/admin/img/1283334188_5127-6564F-B.JPG&w=148&h=138&zc=1&q=90 HTTP/1.1" 200 8778 "http://www.aziendaitalia.com/attivita-in-vendita/a2979.html" "Mozilla/5.0 (Windows; U; Windows NT 5.1; it; rv:1.9.2.13) Gecko/20101203 Firefox/3.6.13"
93.47.114.90 - - [25/Jan/2011:09:33:45 +0100] "GET /img/thumb/phpThumb.php?src=/admin/img/1283334012_5127-6564F-A.JPG&w=148&h=138&zc=1&q=90 HTTP/1.1" 200 9060 "http://www.aziendaitalia.com/attivita-in-vendita/a2979.html" "Mozilla/5.0 (Windows; U; Windows NT 5.1; it; rv:1.9.2.13) Gecko/20101203 Firefox/3.6.13"
178.154.161.29 - - [25/Jan/2011:09:33:57 +0100] "GET /annunci/nord-italia/brescia/8195.htm HTTP/1.1" 200 3137 "-" "Mozilla/5.0 (compatible; YandexBot/3.0; +http://yandex.com/bots)"
65.52.110.67 - - [25/Jan/2011:09:34:22 +0100] "GET /annunci/nord-italia/milano/7604.htm HTTP/1.1" 200 3092 "-" "Mozilla/5.0 (compatible; bingbot/2.0; +http://www.bing.com/bingbot.htm)"
82.51.95.75 - - [25/Jan/2011:09:34:26 +0100] "GET /rilevare-attivita/?gclid=COOp_az51KYCFUQTfAodaDq2zQ HTTP/1.1" 200 3711 "http://www.google.it/search?client=firefox-a&rls=org.mozilla%3Ait%3Aofficial&channel=s&hl=it&source=hp&q=sito+per+pubblicizzare+la+compravendita+di+attivit%C3%A0+commerciali+nella+citt%C3%A0+di+ancona&meta=&btnG=Cerca+con+Google" "Mozilla/5.0 (Windows; U; Windows NT 6.1; it; rv:1.9.2.13) Gecko/20101203 Firefox/3.6.13"
82.51.95.75 - - [25/Jan/2011:09:34:26 +0100] "GET /css/style.css HTTP/1.1" 200 3366 "http://www.aziendaitalia.com/rilevare-attivita/?gclid=COOp_az51KYCFUQTfAodaDq2zQ" "Mozilla/5.0 (Windows; U; Windows NT 6.1; it; rv:1.9.2.13) Gecko/20101203 Firefox/3.6.13"
72.5.230.111 - - [25/Jan/2011:09:34:36 +0100] "HEAD / HTTP/1.1" 200 - "-" "Site 24 X 7"
93.44.82.28 - - [25/Jan/2011:09:35:05 +0100] "GET /rilevare-attivita/?gclid=CNn86b_51KYCFUkhfAodiVHyMw HTTP/1.1" 200 3713 "http://www.subito.it/annunci-campania/vendita/usato/?q=attivita%20commerciale%20casalnuovo&th=1" "Mozilla/4.0 (compatible; MSIE 7.0; Windows NT 6.0; SLCC1; .NET CLR 2.0.50727; OfficeLiveConnector.1.3; OfficeLivePatch.0.0; .NET CLR 3.5.30729; .NET CLR 3.0.30618)"
93.44.82.28 - - [25/Jan/2011:09:35:06 +0100] "GET /css/style.css HTTP/1.1" 200 3366 "http://www.aziendaitalia.com/rilevare-attivita/?gclid=CNn86b_51KYCFUkhfAodiVHyMw" "Mozilla/4.0 (compatible; MSIE 7.0; Windows NT 6.0; SLCC1; .NET CLR 2.0.50727; OfficeLiveConnector.1.3; OfficeLivePatch.0.0; .NET CLR 3.5.30729; .NET CLR 3.0.30618)"
93.44.82.28 - - [25/Jan/2011:09:35:06 +0100] "GET /js/jquery-1.4.2.min.js HTTP/1.1" 200 72174 "http://www.aziendaitalia.com/rilevare-attivita/?gclid=CNn86b_51KYCFUkhfAodiVHyMw" "Mozilla/4.0 (compatible; MSIE 7.0; Windows NT 6.0; SLCC1; .NET CLR 2.0.50727; OfficeLiveConnector.1.3; OfficeLivePatch.0.0; .NET CLR 3.5.30729; .NET CLR 3.0.30618)"
93.44.82.28 - - [25/Jan/2011:09:35:06 +0100] "GET /js/general.js HTTP/1.1" 200 5776 "http://www.aziendaitalia.com/rilevare-attivita/?gclid=CNn86b_51KYCFUkhfAodiVHyMw" "Mozilla/4.0 (compatible; MSIE 7.0; Windows NT 6.0; SLCC1; .NET CLR 2.0.50727; OfficeLiveConnector.1.3; OfficeLivePatch.0.0; .NET CLR 3.5.30729; .NET CLR 3.0.30618)"
93.44.82.28 - - [25/Jan/2011:09:35:06 +0100] "GET /img/layout/menubar.gif HTTP/1.1" 200 1302 "http://www.aziendaitalia.com/rilevare-attivita/?gclid=CNn86b_51KYCFUkhfAodiVHyMw" "Mozilla/4.0 (compatible; MSIE 7.0; Windows NT 6.0; SLCC1; .NET CLR 2.0.50727; OfficeLiveConnector.1.3; OfficeLivePatch.0.0; .NET CLR 3.5.30729; .NET CLR 3.0.30618)"
93.44.82.28 - - [25/Jan/2011:09:35:06 +0100] "GET /img/layout/bg_sidebar_separator.gif HTTP/1.1" 200 106 "http://www.aziendaitalia.com/rilevare-attivita/?gclid=CNn86b_51KYCFUkhfAodiVHyMw" "Mozilla/4.0 (compatible; MSIE 7.0; Windows NT 6.0; SLCC1; .NET CLR 2.0.50727; OfficeLiveConnector.1.3; OfficeLivePatch.0.0; .NET CLR 3.5.30729; .NET CLR 3.0.30618)"
93.44.82.28 - - [25/Jan/2011:09:35:06 +0100] "GET /img/layout/bg_wrapper_sub.gif HTTP/1.1" 200 102 "http://www.aziendaitalia.com/rilevare-attivita/?gclid=CNn86b_51KYCFUkhfAodiVHyMw" "Mozilla/4.0 (compatible; MSIE 7.0; Windows NT 6.0; SLCC1; .NET CLR 2.0.50727; OfficeLiveConnector.1.3; OfficeLivePatch.0.0; .NET CLR 3.5.30729; .NET CLR 3.0.30618)"
