87.23.53.103 - - [25/Jan/2011:11:00:17 +0100] "GET /css/style.css HTTP/1.1" 200 3366 "http://www.aziendaitalia.com/attivita-in-vendita/ristoranti-bar_norditalia_c21_mr1.html" "Mozilla/5.0 (Macintosh; U; Intel Mac OS X 10.5; it; rv:1.9.1.16) Gecko/20101130 Firefox/3.5.16"
87.23.53.103 - - [25/Jan/2011:11:00:17 +0100] "GET /img/thumb/phpThumb.php?src=/admin/img/1295352032_3556-6537T-A.jpg&w=148&h=138&zc=1&q=90 HTTP/1.1" 200 11401 "http://www.aziendaitalia.com/attivita-in-vendita/ristoranti-bar_norditalia_c21_mr1.html" "Mozilla/5.0 (Macintosh; U; Intel Mac OS X 10.5; it; rv:1.9.1.16) Gecko/20101130 Firefox/3.5.16"
87.23.53.103 - - [25/Jan/2011:11:00:17 +0100] "GET /img/thumb/phpThumb.php?src=/admin/img/1295351086_6682-6246Y-A.jpg&w=148&h=138&zc=1&q=90 HTTP/1.1" 200 6730 "http://www.aziendaitalia.com/attivita-in-vendita/ristoranti-bar_norditalia_c21_mr1.html" "Mozilla/5.0 (Macintosh; U; Intel Mac OS X 10.5; it; rv:1.9.1.16) Gecko/20101130 Firefox/3.5.16"
87.23.53.103 - - [25/Jan/2011:11:00:17 +0100] "GET /img/thumb/phpThumb.php?src=/admin/img/1295351573_3633-9173Q-A.jpg&w=148&h=138&zc=1&q=90 HTTP/1.1" 200 8925 "http://www.aziendaitalia.com/attivita-in-vendita/ristoranti-bar_norditalia_c21_mr1.html" "Mozilla/5.0 (Macintosh; U; Intel Mac OS X 10.5; it; rv:1.9.1.16) Gecko/20101130 Firefox/3.5.16"
95.225.34.185 - - [25/Jan/2011:11:00:20 +0100] "GET /attivita-in-vendita/a-milano_p6.html HTTP/1.1" 200 4640 "http://www.aziendaitalia.com/attivita-in-vendita/?gclid=CKGRsbuM1aYCFcwmfAodaA2KKg" "Mozilla/4.0 (compatible; MSIE 8.0; Windows NT 5.1; Trident/4.0; .NET CLR 1.1.4322; .NET CLR 2.0.50727; eSobiSubscriber 2.0.4.16; .NET CLR 3.0.4506.2152; .NET CLR 3.5.30729)"
87.23.53.103 - - [25/Jan/2011:11:00:21 +0100] "GET /attivita-in-vendita/ristoranti-bar_a-bergamo_c21_p7.html HTTP/1.1" 200 4254 "http://www.aziendaitalia.com/attivita-in-vendita/ristoranti-bar_norditalia_c21_mr1.html" "Mozilla/5.0 (Macintosh; U; Intel Mac OS X 10.5; it; rv:1.9.1.16) Gecko/20101130 Firefox/3.5.16"
87.23.53.103 - - [25/Jan/2011:11:00:21 +0100] "GET /css/style.css HTTP/1.1" 200 3366 "http://www.aziendaitalia.com/attivita-in-vendita/ristoranti-bar_a-bergamo_c21_p7.html" "Mozilla/5.0 (Macintosh; U; Intel Mac OS X 10.5; it; rv:1.9.1.16) Gecko/20101130 Firefox/3.5.16"
95.225.34.185 - - [25/Jan/2011:11:00:21 +0100] "GET /img/layout/italia/italynorth.gif HTTP/1.1" 200 3837 "http://www.aziendaitalia.com/attivita-in-vendita/a-milano_p6.html" "Mozilla/4.0 (compatible; MSIE 8.0; Windows NT 5.1; Trident/4.0; .NET CLR 1.1.4322; .NET CLR 2.0.50727; eSobiSubscriber 2.0.4.16; .NET CLR 3.0.4506.2152; .NET CLR 3.5.30729)"
95.225.34.185 - - [25/Jan/2011:11:00:24 +0100] "GET /attivita-in-vendita/rivendita-negozi_a-milano_m2_p6.html HTTP/1.1" 200 4654 "http://www.aziendaitalia.com/attivita-in-vendita/a-milano_p6.html" "Mozilla/4.0 (compatible; MSIE 8.0; Windows NT 5.1; Trident/4.0; .NET CLR 1.1.4322; .NET CLR 2.0.50727; eSobiSubscriber 2.0.4.16; .NET CLR 3.0.4506.2152; .NET CLR 3.5.30729)"
79.39.218.7 - - [25/Jan/2011:11:00:29 +0100] "GET /rilevare-attivita/?gclid=CMLJ78qM1aYCFUQTfAodaDq2zQ HTTP/1.1" 200 3712 "http://it.ask.com/web?q=vendita+locale+campobasso&qsrc=999&o=4093&l=sem&qid=3857FB9D0FE385E0FAB6870124104D55&frstpgo=&page=3&jss=1&dm=all" "Mozilla/5.0 (Windows; U; Windows NT 6.0; it; rv:1.9.2.13) Gecko/20101203 Firefox/3.6.13"
79.39.218.7 - - [25/Jan/2011:11:00:29 +0100] "GET /css/style.css HTTP/1.1" 200 3366 "http://www.aziendaitalia.com/rilevare-attivita/?gclid=CMLJ78qM1aYCFUQTfAodaDq2zQ" "Mozilla/5.0 (Windows; U; Windows NT 6.0; it; rv:1.9.2.13) Gecko/20101203 Firefox/3.6.13"
95.225.34.185 - - [25/Jan/2011:11:00:34 +0100] "GET /attivita-in-vendita/commercio-varie-tipologie_a-milano_c7_p6.html HTTP/1.1" 200 4809 "http://www.aziendaitalia.com/attivita-in-vendita/rivendita-negozi_a-milano_m2_p6.html" "Mozilla/4.0 (compatible; MSIE 8.0; Windows NT 5.1; Trident/4.0; .NET CLR 1.1.4322; .NET CLR 2.0.50727; eSobiSubscriber 2.0.4.16; .NET CLR 3.0.4506.2152; .NET CLR 3.5.30729)"
95.225.34.185 - - [25/Jan/2011:11:00:37 +0100] "GET /attivita-in-vendita/farmacie-erboristerie-profumerie_a-milano_s47_p6.html HTTP/1.1" 200 3495 "http://www.aziendaitalia.com/attivita-in-vendita/commercio-varie-tipologie_a-milano_c7_p6.html" "Mozilla/4.0 (compatible; MSIE 8.0; Windows NT 5.1; Trident/4.0; .NET CLR 1.1.4322; .NET CLR 2.0.50727; eSobiSubscriber 2.0.4.16; .NET CLR 3.0.4506.2152; .NET CLR 3.5.30729)"
87.28.161.50 - - [25/Jan/2011:11:00:38 +0100] "GET /attivita-in-vendita/a3263.html HTTP/1.1" 200 2571 "http://www.aziendaitalia.com/attivita-in-vendita/alberghi-ristoranti-bar-agriturismo-aziende-agricole_a-milano_m1_p6.html" "Mozilla/4.0 (compatible; MSIE 8.0; Windows NT 6.1; WOW64; Trident/4.0; SLCC2; .NET CLR 2.0.50727; .NET CLR 3.5.30729; .NET CLR 3.0.30729; Media Center PC 6.0; OfficeLiveConnector.1.3; OfficeLivePatch.0.0)"
87.23.53.103 - - [25/Jan/2011:11:00:41 +0100] "GET /attivita-in-vendita/a3353.html HTTP/1.1" 200 2681 "http://www.aziendaitalia.com/attivita-in-vendita/ristoranti-bar_a-bergamo_c21_p7.html" "Mozilla/5.0 (Macintosh; U; Intel Mac OS X 10.5; it; rv:1.9.1.16) Gecko/20101130 Firefox/3.5.16"
87.23.53.103 - - [25/Jan/2011:11:00:41 +0100] "GET /css/style.css HTTP/1.1" 200 3366 "http://www.aziendaitalia.com/attivita-in-vendita/a3353.html" "Mozilla/5.0 (Macintosh; U; Intel Mac OS X 10.5; it; rv:1.9.1.16) Gecko/20101130 Firefox/3.5.16"
95.225.34.185 - - [25/Jan/2011:11:00:41 +0100] "GET /attivita-in-vendita/farmacie-erboristerie-profumerie_a-milano_s47_p6.html HTTP/1.1" 200 3495 "http://www.aziendaitalia.com/attivita-in-vendita/farmacie-erboristerie-profumerie_a-milano_s47_p6.html" "Mozilla/4.0 (compatible; MSIE 8.0; Windows NT 5.1; Trident/4.0; .NET CLR 1.1.4322; .NET CLR 2.0.50727; eSobiSubscriber 2.0.4.16; .NET CLR 3.0.4506.2152; .NET CLR 3.5.30729)"
109.117.173.8 - - [25/Jan/2011:11:00:46 +0100] "GET /cedere-bar.php?gclid=CNqyhNOM1aYCFYMTfAod81fvMw HTTP/1.1" 200 3919 "http://www.google.it/aclk?sa=l&ai=CqqDJ-Zk-TdwNyvuyBtXU6TfD-prUAbv6w5EYw6CmrBgIABABKAJQ4t_slAFg_er6g8wQoAGDnKH-A8gBAakC7BMlAajytj6qBBtP0H5BMBKQAsEP3YEdIF0HzS5n-hmiJYbD6lg&sig=AGiWqtzGBexocU8Jrk4LOz9hmtt9k0WJSQ&adurl=http://www.aziendaitalia.com/cedere-bar.php&rct=j&q=bar%20ristorante%20in%20vendita%20a%20Dalmine" "Mozilla/5.0 (Windows; U; Windows NT 5.1; en-US) AppleWebKit/534.10 (KHTML, like Gecko) Chrome/8.0.552.237 Safari/534.10"
109.117.173.8 - - [25/Jan/2011:11:00:46 +0100] "GET /css/style.css HTTP/1.1" 200 3366 "http://www.aziendaitalia.com/cedere-bar.php?gclid=CNqyhNOM1aYCFYMTfAod81fvMw" "Mozilla/5.0 (Windows; U; Windows NT 5.1; en-US) AppleWebKit/534.10 (KHTML, like Gecko) Chrome/8.0.552.237 Safari/534.10"
109.117.173.8 - - [25/Jan/2011:11:00:46 +0100] "GET /js/general.js HTTP/1.1" 200 5776 "http://www.aziendaitalia.com/cedere-bar.php?gclid=CNqyhNOM1aYCFYMTfAod81fvMw" "Mozilla/5.0 (Windows; U; Windows NT 5.1; en-US) AppleWebKit/534.10 (KHTML, like Gecko) Chrome/8.0.552.237 Safari/534.10"
109.117.173.8 - - [25/Jan/2011:11:00:46 +0100] "GET /js/jquery-1.4.2.min.js HTTP/1.1" 200 72174 "http://www.aziendaitalia.com/cedere-bar.php?gclid=CNqyhNOM1aYCFYMTfAod81fvMw" "Mozilla/5.0 (Windows; U; Windows NT 5.1; en-US) AppleWebKit/534.10 (KHTML, like Gecko) Chrome/8.0.552.237 Safari/534.10"
109.117.173.8 - - [25/Jan/2011:11:00:47 +0100] "GET /img/layout/header.gif HTTP/1.1" 200 15655 "http://www.aziendaitalia.com/cedere-bar.php?gclid=CNqyhNOM1aYCFYMTfAod81fvMw" "Mozilla/5.0 (Windows; U; Windows NT 5.1; en-US) AppleWebKit/534.10 (KHTML, like Gecko) Chrome/8.0.552.237 Safari/534.10"
109.117.173.8 - - [25/Jan/2011:11:00:47 +0100] "GET /img/layout/menubar.gif HTTP/1.1" 200 1302 "http://www.aziendaitalia.com/cedere-bar.php?gclid=CNqyhNOM1aYCFYMTfAod81fvMw" "Mozilla/5.0 (Windows; U; Windows NT 5.1; en-US) AppleWebKit/534.10 (KHTML, like Gecko) Chrome/8.0.552.237 Safari/534.10"
109.117.173.8 - - [25/Jan/2011:11:00:47 +0100] "GET /img/layout/bg_sidebar_separator.gif HTTP/1.1" 200 106 "http://www.aziendaitalia.com/cedere-bar.php?gclid=CNqyhNOM1aYCFYMTfAod81fvMw" "Mozilla/5.0 (Windows; U; Windows NT 5.1; en-US) AppleWebKit/534.10 (KHTML, like Gecko) Chrome/8.0.552.237 Safari/534.10"
109.117.173.8 - - [25/Jan/2011:11:00:47 +0100] "GET /img/layout/bg_wrapper_sub.gif HTTP/1.1" 200 102 "http://www.aziendaitalia.com/cedere-bar.php?gclid=CNqyhNOM1aYCFYMTfAod81fvMw" "Mozilla/5.0 (Windows; U; Windows NT 5.1; en-US) AppleWebKit/534.10 (KHTML, like Gecko) Chrome/8.0.552.237 Safari/534.10"
109.117.173.8 - - [25/Jan/2011:11:00:47 +0100] "GET /img/icona-ristoranti-bar.jpg HTTP/1.1" 200 74379 "http://www.aziendaitalia.com/cedere-bar.php?gclid=CNqyhNOM1aYCFYMTfAod81fvMw" "Mozilla/5.0 (Windows; U; Windows NT 5.1; en-US) AppleWebKit/534.10 (KHTML, like Gecko) Chrome/8.0.552.237 Safari/534.10"
87.28.161.50 - - [25/Jan/2011:11:00:48 +0100] "GET /attivita-in-vendita/alberghi-ristoranti-bar-agriturismo-aziende-agricole_a-milano_m1_p6.html?page=2 HTTP/1.1" 200 3986 "http://www.aziendaitalia.com/attivita-in-vendita/alberghi-ristoranti-bar-agriturismo-aziende-agricole_a-milano_m1_p6.html" "Mozilla/4.0 (compatible; MSIE 8.0; Windows NT 6.1; WOW64; Trident/4.0; SLCC2; .NET CLR 2.0.50727; .NET CLR 3.5.30729; .NET CLR 3.0.30729; Media Center PC 6.0; OfficeLiveConnector.1.3; OfficeLivePatch.0.0)"
109.117.173.8 - - [25/Jan/2011:11:00:48 +0100] "GET /favicon.ico HTTP/1.1" 200 1406 "-" "Mozilla/5.0 (Windows; U; Windows NT 5.1; en-US) AppleWebKit/534.10 (KHTML, like Gecko) Chrome/8.0.552.237 Safari/534.10"
178.154.161.29 - - [25/Jan/2011:11:00:51 +0100] "GET /attivita-in-vendita/alberghi-hotel_suditalia_c22_mr3.html HTTP/1.1" 200 4446 "-" "Mozilla/5.0 (compatible; YandexBot/3.0; +http://yandex.com/bots)"
79.39.218.7 - - [25/Jan/2011:11:00:57 +0100] "GET /rilevare-attivita/?gclid=CO_yqNiM1aYCFUYifAodO3vwMw HTTP/1.1" 200 3711 "http://it.ask.com/web?q=vendita+locale+campobasso&qsrc=999&o=4093&l=sem&qid=3857FB9D0FE385E0FAB6870124104D55&frstpgo=&page=3&jss=1&dm=all" "Mozilla/5.0 (Windows; U; Windows NT 6.0; it; rv:1.9.2.13) Gecko/20101203 Firefox/3.6.13"
79.39.218.7 - - [25/Jan/2011:11:00:57 +0100] "GET /css/style.css HTTP/1.1" 200 3366 "http://www.aziendaitalia.com/rilevare-attivita/?gclid=CO_yqNiM1aYCFUYifAodO3vwMw" "Mozilla/5.0 (Windows; U; Windows NT 6.0; it; rv:1.9.2.13) Gecko/20101203 Firefox/3.6.13"
87.28.161.50 - - [25/Jan/2011:11:00:58 +0100] "GET /attivita-in-vendita/a3255.html HTTP/1.1" 200 3002 "http://www.aziendaitalia.com/attivita-in-vendita/alberghi-ristoranti-bar-agriturismo-aziende-agricole_a-milano_m1_p6.html?page=2" "Mozilla/4.0 (compatible; MSIE 8.0; Windows NT 6.1; WOW64; Trident/4.0; SLCC2; .NET CLR 2.0.50727; .NET CLR 3.5.30729; .NET CLR 3.0.30729; Media Center PC 6.0; OfficeLiveConnector.1.3; OfficeLivePatch.0.0)"
79.39.94.93 - - [25/Jan/2011:11:01:03 +0100] "GET /cedere-attivita/?gclid=CNvPgNuM1aYCFYIlfAod_grLOQ HTTP/1.1" 200 3991 "http://www.google.it/search?hl=it&rls=com.microsoft%3Ait%3AIE-SearchBox&rlz=1I7MOOI_it&q=cedesi+attivit%C3%A0+commerciale+napoli&aq=9&aqi=g10&aql=&oq=cedesi+attivita+" "Mozilla/4.0 (compatible; MSIE 8.0; Windows NT 5.1; Trident/4.0; GTB6.6; InfoPath.1; .NET CLR 2.0.50727; .NET CLR 3.0.4506.2152; .NET CLR 3.5.30729; AskTbCDS/5.9.1.14019)"
79.39.94.93 - - [25/Jan/2011:11:01:03 +0100] "GET /css/style.css HTTP/1.1" 200 3366 "http://www.aziendaitalia.com/cedere-attivita/?gclid=CNvPgNuM1aYCFYIlfAod_grLOQ" "Mozilla/4.0 (compatible; MSIE 8.0; Windows NT 5.1; Trident/4.0; GTB6.6; InfoPath.1; .NET CLR 2.0.50727; .NET CLR 3.0.4506.2152; .NET CLR 3.5.30729; AskTbCDS/5.9.1.14019)"
79.39.94.93 - - [25/Jan/2011:11:01:03 +0100] "GET /css/style.css HTTP/1.1" 200 3366 "http://www.aziendaitalia.com/cedere-attivita/?gclid=CNvPgNuM1aYCFYIlfAod_grLOQ" "Mozilla/4.0 (compatible; MSIE 8.0; Windows NT 5.1; Trident/4.0; GTB6.6; InfoPath.1; .NET CLR 2.0.50727; .NET CLR 3.0.4506.2152; .NET CLR 3.5.30729; AskTbCDS/5.9.1.14019)"
79.39.94.93 - - [25/Jan/2011:11:01:03 +0100] "GET /js/jquery-1.4.2.min.js HTTP/1.1" 200 72174 "http://www.aziendaitalia.com/cedere-attivita/?gclid=CNvPgNuM1aYCFYIlfAod_grLOQ" "Mozilla/4.0 (compatible; MSIE 8.0; Windows NT 5.1; Trident/4.0; GTB6.6; InfoPath.1; .NET CLR 2.0.50727; .NET CLR 3.0.4506.2152; .NET CLR 3.5.30729; AskTbCDS/5.9.1.14019)"
79.39.94.93 - - [25/Jan/2011:11:01:04 +0100] "GET /js/general.js HTTP/1.1" 200 5776 "http://www.aziendaitalia.com/cedere-attivita/?gclid=CNvPgNuM1aYCFYIlfAod_grLOQ" "Mozilla/4.0 (compatible; MSIE 8.0; Windows NT 5.1; Trident/4.0; GTB6.6; InfoPath.1; .NET CLR 2.0.50727; .NET CLR 3.0.4506.2152; .NET CLR 3.5.30729; AskTbCDS/5.9.1.14019)"
79.39.94.93 - - [25/Jan/2011:11:01:04 +0100] "GET /img/layout/menubar.gif HTTP/1.1" 200 1302 "http://www.aziendaitalia.com/cedere-attivita/?gclid=CNvPgNuM1aYCFYIlfAod_grLOQ" "Mozilla/4.0 (compatible; MSIE 8.0; Windows NT 5.1; Trident/4.0; GTB6.6; InfoPath.1; .NET CLR 2.0.50727; .NET CLR 3.0.4506.2152; .NET CLR 3.5.30729; AskTbCDS/5.9.1.14019)"
79.39.94.93 - - [25/Jan/2011:11:01:04 +0100] "GET /img/layout/bg_wrapper_sub.gif HTTP/1.1" 200 102 "http://www.aziendaitalia.com/cedere-attivita/?gclid=CNvPgNuM1aYCFYIlfAod_grLOQ" "Mozilla/4.0 (compatible; MSIE 8.0; Windows NT 5.1; Trident/4.0; GTB6.6; InfoPath.1; .NET CLR 2.0.50727; .NET CLR 3.0.4506.2152; .NET CLR 3.5.30729; AskTbCDS/5.9.1.14019)"
79.39.94.93 - - [25/Jan/2011:11:01:04 +0100] "GET /img/layout/header.gif HTTP/1.1" 200 15655 "http://www.aziendaitalia.com/cedere-attivita/?gclid=CNvPgNuM1aYCFYIlfAod_grLOQ" "Mozilla/4.0 (compatible; MSIE 8.0; Windows NT 5.1; Trident/4.0; GTB6.6; InfoPath.1; .NET CLR 2.0.50727; .NET CLR 3.0.4506.2152; .NET CLR 3.5.30729; AskTbCDS/5.9.1.14019)"
79.39.94.93 - - [25/Jan/2011:11:01:04 +0100] "GET /img/layout/bg_sidebar_separator.gif HTTP/1.1" 200 106 "http://www.aziendaitalia.com/cedere-attivita/?gclid=CNvPgNuM1aYCFYIlfAod_grLOQ" "Mozilla/4.0 (compatible; MSIE 8.0; Windows NT 5.1; Trident/4.0; GTB6.6; InfoPath.1; .NET CLR 2.0.50727; .NET CLR 3.0.4506.2152; .NET CLR 3.5.30729; AskTbCDS/5.9.1.14019)"
79.39.94.93 - - [25/Jan/2011:11:01:04 +0100] "GET /favicon.ico HTTP/1.1" 200 1406 "-" "Mozilla/4.0 (compatible; MSIE 8.0; Windows NT 5.1; Trident/4.0; GTB6.6; InfoPath.1; .NET CLR 2.0.50727; .NET CLR 3.0.4506.2152; .NET CLR 3.5.30729; AskTbCDS/5.9.1.14019)"
95.225.34.185 - - [25/Jan/2011:11:01:06 +0100] "GET /img/layout/italia/italycenter.gif HTTP/1.1" 200 3933 "http://www.aziendaitalia.com/attivita-in-vendita/farmacie-erboristerie-profumerie_a-milano_s47_p6.html" "Mozilla/4.0 (compatible; MSIE 8.0; Windows NT 5.1; Trident/4.0; .NET CLR 1.1.4322; .NET CLR 2.0.50727; eSobiSubscriber 2.0.4.16; .NET CLR 3.0.4506.2152; .NET CLR 3.5.30729)"
94.160.191.62 - - [25/Jan/2011:11:01:06 +0100] "GET /attivita-in-vendita/a-milano_p6.html HTTP/1.1" 200 4640 "http://www.aziendaitalia.com/attivita-in-vendita/cerca-bar.html" "Mozilla/4.0 (compatible; MSIE 8.0; Windows NT 6.1; Trident/4.0; GTB6.6; SLCC2; .NET CLR 2.0.50727; .NET CLR 3.5.30729; .NET CLR 3.0.30729)"
94.160.191.62 - - [25/Jan/2011:11:01:07 +0100] "GET /img/layout/italia/italynorth.gif HTTP/1.1" 200 3837 "http://www.aziendaitalia.com/attivita-in-vendita/a-milano_p6.html" "Mozilla/4.0 (compatible; MSIE 8.0; Windows NT 6.1; Trident/4.0; GTB6.6; SLCC2; .NET CLR 2.0.50727; .NET CLR 3.5.30729; .NET CLR 3.0.30729)"
95.225.34.185 - - [25/Jan/2011:11:01:07 +0100] "GET /attivita-in-vendita/piemonte_r12.html HTTP/1.1" 200 4471 "http://www.aziendaitalia.com/attivita-in-vendita/farmacie-erboristerie-profumerie_a-milano_s47_p6.html" "Mozilla/4.0 (compatible; MSIE 8.0; Windows NT 5.1; Trident/4.0; .NET CLR 1.1.4322; .NET CLR 2.0.50727; eSobiSubscriber 2.0.4.16; .NET CLR 3.0.4506.2152; .NET CLR 3.5.30729)"
72.5.230.111 - - [25/Jan/2011:11:01:13 +0100] "HEAD / HTTP/1.1" 200 - "-" "Site 24 X 7"
95.225.34.185 - - [25/Jan/2011:11:01:14 +0100] "GET /attivita-in-vendita/a-biella_p1.html HTTP/1.1" 200 4553 "http://www.aziendaitalia.com/attivita-in-vendita/piemonte_r12.html" "Mozilla/4.0 (compatible; MSIE 8.0; Windows NT 5.1; Trident/4.0; .NET CLR 1.1.4322; .NET CLR 2.0.50727; eSobiSubscriber 2.0.4.16; .NET CLR 3.0.4506.2152; .NET CLR 3.5.30729)"
95.225.34.185 - - [25/Jan/2011:11:01:18 +0100] "GET /attivita-in-vendita/rivendita-negozi_a-biella_m2_p1.html HTTP/1.1" 200 3756 "http://www.aziendaitalia.com/attivita-in-vendita/a-biella_p1.html" "Mozilla/4.0 (compatible; MSIE 8.0; Windows NT 5.1; Trident/4.0; .NET CLR 1.1.4322; .NET CLR 2.0.50727; eSobiSubscriber 2.0.4.16; .NET CLR 3.0.4506.2152; .NET CLR 3.5.30729)"
95.225.34.185 - - [25/Jan/2011:11:01:25 +0100] "GET /attivita-in-vendita/commercio-varie-tipologie_a-biella_c7_p1.html HTTP/1.1" 200 3292 "http://www.aziendaitalia.com/attivita-in-vendita/rivendita-negozi_a-biella_m2_p1.html" "Mozilla/4.0 (compatible; MSIE 8.0; Windows NT 5.1; Trident/4.0; .NET CLR 1.1.4322; .NET CLR 2.0.50727; eSobiSubscriber 2.0.4.16; .NET CLR 3.0.4506.2152; .NET CLR 3.5.30729)"
94.160.191.62 - - [25/Jan/2011:11:01:30 +0100] "GET /attivita-in-vendita/a-milano_p6.html HTTP/1.1" 200 4640 "http://www.aziendaitalia.com/attivita-in-vendita/a-milano_p6.html" "Mozilla/4.0 (compatible; MSIE 8.0; Windows NT 6.1; Trident/4.0; GTB6.6; SLCC2; .NET CLR 2.0.50727; .NET CLR 3.5.30729; .NET CLR 3.0.30729)"
95.225.34.185 - - [25/Jan/2011:11:01:31 +0100] "GET /attivita-in-vendita/vivai-piante-fiorai_a-biella_s65_p1.html HTTP/1.1" 200 2834 "http://www.aziendaitalia.com/attivita-in-vendita/commercio-varie-tipologie_a-biella_c7_p1.html" "Mozilla/4.0 (compatible; MSIE 8.0; Windows NT 5.1; Trident/4.0; .NET CLR 1.1.4322; .NET CLR 2.0.50727; eSobiSubscriber 2.0.4.16; .NET CLR 3.0.4506.2152; .NET CLR 3.5.30729)"
207.46.199.42 - - [25/Jan/2011:11:01:32 +0100] "GET /attivita-in-vendita/centroitalia_mr2.html HTTP/1.1" 200 4898 "-" "Mozilla/5.0 (compatible; bingbot/2.0; +http://www.bing.com/bingbot.htm)"
66.249.71.212 - - [25/Jan/2011:11:01:33 +0100] "GET /attivita-in-vendita/industria-attrezzature-da-trasporto_isole_c89_mr4.html?page=36 HTTP/1.1" 200 2341 "-" "Mozilla/5.0 (compatible; Googlebot/2.1; +http://www.google.com/bot.html)"
94.160.191.62 - - [25/Jan/2011:11:01:36 +0100] "GET /attivita-in-vendita/lombardia_r9.html HTTP/1.1" 200 4555 "http://www.aziendaitalia.com/attivita-in-vendita/a-milano_p6.html" "Mozilla/4.0 (compatible; MSIE 8.0; Windows NT 6.1; Trident/4.0; GTB6.6; SLCC2; .NET CLR 2.0.50727; .NET CLR 3.5.30729; .NET CLR 3.0.30729)"
95.225.34.185 - - [25/Jan/2011:11:01:39 +0100] "GET /attivita-in-vendita/bottiglierie-vini-superalcolici_a-biella_s48_p1.html HTTP/1.1" 200 2858 "http://www.aziendaitalia.com/attivita-in-vendita/vivai-piante-fiorai_a-biella_s65_p1.html" "Mozilla/4.0 (compatible; MSIE 8.0; Windows NT 5.1; Trident/4.0; .NET CLR 1.1.4322; .NET CLR 2.0.50727; eSobiSubscriber 2.0.4.16; .NET CLR 3.0.4506.2152; .NET CLR 3.5.30729)"
95.225.34.185 - - [25/Jan/2011:11:01:43 +0100] "GET /attivita-in-vendita/articoli-regalo-souvenir-bomboniere-accessori_a-biella_s538_p1.html HTTP/1.1" 200 2916 "http://www.aziendaitalia.com/attivita-in-vendita/bottiglierie-vini-superalcolici_a-biella_s48_p1.html" "Mozilla/4.0 (compatible; MSIE 8.0; Windows NT 5.1; Trident/4.0; .NET CLR 1.1.4322; .NET CLR 2.0.50727; eSobiSubscriber 2.0.4.16; .NET CLR 3.0.4506.2152; .NET CLR 3.5.30729)"
109.117.173.8 - - [25/Jan/2011:11:01:46 +0100] "GET /attivita-in-vendita/ristoranti-bar_c21.html HTTP/1.1" 200 3867 "http://www.aziendaitalia.com/cedere-bar.php?gclid=CNqyhNOM1aYCFYMTfAod81fvMw" "Mozilla/5.0 (Windows; U; Windows NT 5.1; en-US) AppleWebKit/534.10 (KHTML, like Gecko) Chrome/8.0.552.237 Safari/534.10"
109.117.173.8 - - [25/Jan/2011:11:01:47 +0100] "GET /img/thumb/phpThumb.php?src=/admin/img/1295352032_3556-6537T-A.jpg&w=148&h=138&zc=1&q=90 HTTP/1.1" 200 11401 "http://www.aziendaitalia.com/attivita-in-vendita/ristoranti-bar_c21.html" "Mozilla/5.0 (Windows; U; Windows NT 5.1; en-US) AppleWebKit/534.10 (KHTML, like Gecko) Chrome/8.0.552.237 Safari/534.10"
109.117.173.8 - - [25/Jan/2011:11:01:47 +0100] "GET /img/layout/dot.png HTTP/1.1" 200 2899 "http://www.aziendaitalia.com/attivita-in-vendita/ristoranti-bar_c21.html" "Mozilla/5.0 (Windows; U; Windows NT 5.1; en-US) AppleWebKit/534.10 (KHTML, like Gecko) Chrome/8.0.552.237 Safari/534.10"
109.117.173.8 - - [25/Jan/2011:11:01:47 +0100] "GET /img/thumb/phpThumb.php?src=/admin/img/1295351573_3633-9173Q-A.jpg&w=148&h=138&zc=1&q=90 HTTP/1.1" 200 8925 "http://www.aziendaitalia.com/attivita-in-vendita/ristoranti-bar_c21.html" "Mozilla/5.0 (Windows; U; Windows NT 5.1; en-US) AppleWebKit/534.10 (KHTML, like Gecko) Chrome/8.0.552.237 Safari/534.10"
109.117.173.8 - - [25/Jan/2011:11:01:47 +0100] "GET /img/thumb/phpThumb.php?src=/admin/img/1295351086_6682-6246Y-A.jpg&w=148&h=138&zc=1&q=90 HTTP/1.1" 200 6730 "http://www.aziendaitalia.com/attivita-in-vendita/ristoranti-bar_c21.html" "Mozilla/5.0 (Windows; U; Windows NT 5.1; en-US) AppleWebKit/534.10 (KHTML, like Gecko) Chrome/8.0.552.237 Safari/534.10"
95.225.34.185 - - [25/Jan/2011:11:01:58 +0100] "GET /attivita-in-vendita/articoli-regalo-souvenir-bomboniere-accessori_piemonte_s538_r12.html HTTP/1.1" 200 3880 "http://www.aziendaitalia.com/attivita-in-vendita/articoli-regalo-souvenir-bomboniere-accessori_a-biella_s538_p1.html" "Mozilla/4.0 (compatible; MSIE 8.0; Windows NT 5.1; Trident/4.0; .NET CLR 1.1.4322; .NET CLR 2.0.50727; eSobiSubscriber 2.0.4.16; .NET CLR 3.0.4506.2152; .NET CLR 3.5.30729)"
95.225.34.185 - - [25/Jan/2011:11:01:58 +0100] "GET /css/style.css HTTP/1.1" 200 3366 "http://www.aziendaitalia.com/attivita-in-vendita/articoli-regalo-souvenir-bomboniere-accessori_piemonte_s538_r12.html" "Mozilla/4.0 (compatible; MSIE 8.0; Windows NT 5.1; Trident/4.0; .NET CLR 1.1.4322; .NET CLR 2.0.50727; eSobiSubscriber 2.0.4.16; .NET CLR 3.0.4506.2152; .NET CLR 3.5.30729)"
151.54.245.26 - - [25/Jan/2011:11:02:00 +0100] "GET /attivita-in-vendita/a3275.html HTTP/1.1" 200 2720 "http://www.aziendaitalia.com/attivita-in-vendita/alberghi-ristoranti-bar-agriturismo-aziende-agricole_a-roma_m1_p53.html" "Mozilla/5.0 (Windows; U; Windows NT 5.1; en-US) AppleWebKit/534.10 (KHTML, like Gecko) Chrome/8.0.552.224 Safari/534.10"
151.54.245.26 - - [25/Jan/2011:11:02:00 +0100] "GET /css/style.css HTTP/1.1" 200 3366 "http://www.aziendaitalia.com/attivita-in-vendita/a3275.html" "Mozilla/5.0 (Windows; U; Windows NT 5.1; en-US) AppleWebKit/534.10 (KHTML, like Gecko) Chrome/8.0.552.224 Safari/534.10"
151.54.245.26 - - [25/Jan/2011:11:02:00 +0100] "GET /img/thumb/phpThumb.php?src=/admin/img/1284028743_8719-4142N-A1.JPG&w=148&h=138&zc=1&q=90 HTTP/1.1" 200 6168 "http://www.aziendaitalia.com/attivita-in-vendita/a3275.html" "Mozilla/5.0 (Windows; U; Windows NT 5.1; en-US) AppleWebKit/534.10 (KHTML, like Gecko) Chrome/8.0.552.224 Safari/534.10"
151.54.245.26 - - [25/Jan/2011:11:02:00 +0100] "GET /img/thumb/phpThumb.php?src=/admin/img/1284028748_8719-4142N-B1.JPG&w=148&h=138&zc=1&q=90 HTTP/1.1" 200 7017 "http://www.aziendaitalia.com/attivita-in-vendita/a3275.html" "Mozilla/5.0 (Windows; U; Windows NT 5.1; en-US) AppleWebKit/534.10 (KHTML, like Gecko) Chrome/8.0.552.224 Safari/534.10"
151.54.245.26 - - [25/Jan/2011:11:02:00 +0100] "GET /img/thumb/phpThumb.php?src=/admin/img/1284028752_8719-4142N-C1.JPG&w=148&h=138&zc=1&q=90 HTTP/1.1" 200 7518 "http://www.aziendaitalia.com/attivita-in-vendita/a3275.html" "Mozilla/5.0 (Windows; U; Windows NT 5.1; en-US) AppleWebKit/534.10 (KHTML, like Gecko) Chrome/8.0.552.224 Safari/534.10"
94.160.191.62 - - [25/Jan/2011:11:02:02 +0100] "GET /attivita-in-vendita/alberghi-ristoranti-bar-agriturismo-aziende-agricole_lombardia_m1_r9.html HTTP/1.1" 200 4428 "http://www.aziendaitalia.com/attivita-in-vendita/lombardia_r9.html" "Mozilla/4.0 (compatible; MSIE 8.0; Windows NT 6.1; Trident/4.0; GTB6.6; SLCC2; .NET CLR 2.0.50727; .NET CLR 3.5.30729; .NET CLR 3.0.30729)"
95.225.34.185 - - [25/Jan/2011:11:02:03 +0100] "GET /attivita-in-vendita/articoli-regalo-souvenir-bomboniere-accessori_a-biella_s538_p1.html HTTP/1.1" 200 2916 "http://www.aziendaitalia.com/attivita-in-vendita/articoli-regalo-souvenir-bomboniere-accessori_piemonte_s538_r12.html" "Mozilla/4.0 (compatible; MSIE 8.0; Windows NT 5.1; Trident/4.0; .NET CLR 1.1.4322; .NET CLR 2.0.50727; eSobiSubscriber 2.0.4.16; .NET CLR 3.0.4506.2152; .NET CLR 3.5.30729)"
95.225.34.185 - - [25/Jan/2011:11:02:06 +0100] "GET /attivita-in-vendita/articoli-regalo-souvenir-bomboniere-accessori_piemonte_s538_r12.html HTTP/1.1" 200 3880 "http://www.aziendaitalia.com/attivita-in-vendita/articoli-regalo-souvenir-bomboniere-accessori_a-biella_s538_p1.html" "Mozilla/4.0 (compatible; MSIE 8.0; Windows NT 5.1; Trident/4.0; .NET CLR 1.1.4322; .NET CLR 2.0.50727; eSobiSubscriber 2.0.4.16; .NET CLR 3.0.4506.2152; .NET CLR 3.5.30729)"
2.40.23.124 - - [25/Jan/2011:11:02:08 +0100] "GET /vendere-bar-torino.php?gclid=CNXWgfqM1aYCFcomfAodu0nsGw HTTP/1.1" 200 3972 "http://case.trovit.it/bar-gestione-riscatto-torino" "Mozilla/5.0 (Windows; U; Windows NT 6.0; en-US) AppleWebKit/534.10 (KHTML, like Gecko) Chrome/8.0.552.237 Safari/534.10"
2.40.23.124 - - [25/Jan/2011:11:02:08 +0100] "GET /css/style.css HTTP/1.1" 200 3366 "http://www.aziendaitalia.com/vendere-bar-torino.php?gclid=CNXWgfqM1aYCFcomfAodu0nsGw" "Mozilla/5.0 (Windows; U; Windows NT 6.0; en-US) AppleWebKit/534.10 (KHTML, like Gecko) Chrome/8.0.552.237 Safari/534.10"
2.40.23.124 - - [25/Jan/2011:11:02:08 +0100] "GET /js/general.js HTTP/1.1" 200 5776 "http://www.aziendaitalia.com/vendere-bar-torino.php?gclid=CNXWgfqM1aYCFcomfAodu0nsGw" "Mozilla/5.0 (Windows; U; Windows NT 6.0; en-US) AppleWebKit/534.10 (KHTML, like Gecko) Chrome/8.0.552.237 Safari/534.10"
95.225.34.185 - - [25/Jan/2011:11:02:08 +0100] "GET /attivita-in-vendita/farmacie-erboristerie-profumerie_piemonte_s47_r12.html HTTP/1.1" 200 3829 "http://www.aziendaitalia.com/attivita-in-vendita/articoli-regalo-souvenir-bomboniere-accessori_piemonte_s538_r12.html" "Mozilla/4.0 (compatible; MSIE 8.0; Windows NT 5.1; Trident/4.0; .NET CLR 1.1.4322; .NET CLR 2.0.50727; eSobiSubscriber 2.0.4.16; .NET CLR 3.0.4506.2152; .NET CLR 3.5.30729)"
2.40.23.124 - - [25/Jan/2011:11:02:08 +0100] "GET /js/jquery-1.4.2.min.js HTTP/1.1" 200 72174 "http://www.aziendaitalia.com/vendere-bar-torino.php?gclid=CNXWgfqM1aYCFcomfAodu0nsGw" "Mozilla/5.0 (Windows; U; Windows NT 6.0; en-US) AppleWebKit/534.10 (KHTML, like Gecko) Chrome/8.0.552.237 Safari/534.10"
2.40.23.124 - - [25/Jan/2011:11:02:09 +0100] "GET /img/layout/header.gif HTTP/1.1" 200 15655 "http://www.aziendaitalia.com/vendere-bar-torino.php?gclid=CNXWgfqM1aYCFcomfAodu0nsGw" "Mozilla/5.0 (Windows; U; Windows NT 6.0; en-US) AppleWebKit/534.10 (KHTML, like Gecko) Chrome/8.0.552.237 Safari/534.10"
2.40.23.124 - - [25/Jan/2011:11:02:09 +0100] "GET /img/layout/bg_wrapper_sub.gif HTTP/1.1" 200 102 "http://www.aziendaitalia.com/vendere-bar-torino.php?gclid=CNXWgfqM1aYCFcomfAodu0nsGw" "Mozilla/5.0 (Windows; U; Windows NT 6.0; en-US) AppleWebKit/534.10 (KHTML, like Gecko) Chrome/8.0.552.237 Safari/534.10"
2.40.23.124 - - [25/Jan/2011:11:02:09 +0100] "GET /img/layout/menubar.gif HTTP/1.1" 200 1302 "http://www.aziendaitalia.com/vendere-bar-torino.php?gclid=CNXWgfqM1aYCFcomfAodu0nsGw" "Mozilla/5.0 (Windows; U; Windows NT 6.0; en-US) AppleWebKit/534.10 (KHTML, like Gecko) Chrome/8.0.552.237 Safari/534.10"
2.40.23.124 - - [25/Jan/2011:11:02:09 +0100] "GET /img/layout/bg_sidebar_separator.gif HTTP/1.1" 200 106 "http://www.aziendaitalia.com/vendere-bar-torino.php?gclid=CNXWgfqM1aYCFcomfAodu0nsGw" "Mozilla/5.0 (Windows; U; Windows NT 6.0; en-US) AppleWebKit/534.10 (KHTML, like Gecko) Chrome/8.0.552.237 Safari/534.10"
2.40.23.124 - - [25/Jan/2011:11:02:09 +0100] "GET /img/icona-ristoranti-bar.jpg HTTP/1.1" 200 74379 "http://www.aziendaitalia.com/vendere-bar-torino.php?gclid=CNXWgfqM1aYCFcomfAodu0nsGw" "Mozilla/5.0 (Windows; U; Windows NT 6.0; en-US) AppleWebKit/534.10 (KHTML, like Gecko) Chrome/8.0.552.237 Safari/534.10"
2.40.23.124 - - [25/Jan/2011:11:02:09 +0100] "GET /favicon.ico HTTP/1.1" 200 1406 "-" "Mozilla/5.0 (Windows; U; Windows NT 6.0; en-US) AppleWebKit/534.10 (KHTML, like Gecko) Chrome/8.0.552.237 Safari/534.10"
72.5.230.111 - - [25/Jan/2011:11:02:14 +0100] "HEAD / HTTP/1.1" 200 - "-" "Site 24 X 7"
109.117.173.8 - - [25/Jan/2011:11:02:23 +0100] "GET /attivita-in-vendita/ristoranti-bar_c21.html?page=2 HTTP/1.1" 200 3739 "http://www.aziendaitalia.com/attivita-in-vendita/ristoranti-bar_c21.html" "Mozilla/5.0 (Windows; U; Windows NT 5.1; en-US) AppleWebKit/534.10 (KHTML, like Gecko) Chrome/8.0.552.237 Safari/534.10"
109.117.173.8 - - [25/Jan/2011:11:02:23 +0100] "GET /img/thumb/phpThumb.php?src=/admin/img/1295352032_3556-6537T-A.jpg&w=148&h=138&zc=1&q=90 HTTP/1.1" 200 11401 "http://www.aziendaitalia.com/attivita-in-vendita/ristoranti-bar_c21.html?page=2" "Mozilla/5.0 (Windows; U; Windows NT 5.1; en-US) AppleWebKit/534.10 (KHTML, like Gecko) Chrome/8.0.552.237 Safari/534.10"
109.117.173.8 - - [25/Jan/2011:11:02:23 +0100] "GET /img/thumb/phpThumb.php?src=/admin/img/1295351086_6682-6246Y-A.jpg&w=148&h=138&zc=1&q=90 HTTP/1.1" 200 6730 "http://www.aziendaitalia.com/attivita-in-vendita/ristoranti-bar_c21.html?page=2" "Mozilla/5.0 (Windows; U; Windows NT 5.1; en-US) AppleWebKit/534.10 (KHTML, like Gecko) Chrome/8.0.552.237 Safari/534.10"
109.117.173.8 - - [25/Jan/2011:11:02:23 +0100] "GET /img/thumb/phpThumb.php?src=/admin/img/1295351573_3633-9173Q-A.jpg&w=148&h=138&zc=1&q=90 HTTP/1.1" 200 8925 "http://www.aziendaitalia.com/attivita-in-vendita/ristoranti-bar_c21.html?page=2" "Mozilla/5.0 (Windows; U; Windows NT 5.1; en-US) AppleWebKit/534.10 (KHTML, like Gecko) Chrome/8.0.552.237 Safari/534.10"
109.117.173.8 - - [25/Jan/2011:11:02:28 +0100] "GET /attivita-in-vendita/bar-caff%C3%A9_s149.html HTTP/1.1" 200 3907 "http://www.aziendaitalia.com/attivita-in-vendita/ristoranti-bar_c21.html?page=2" "Mozilla/5.0 (Windows; U; Windows NT 5.1; en-US) AppleWebKit/534.10 (KHTML, like Gecko) Chrome/8.0.552.237 Safari/534.10"
93.44.65.242 - - [25/Jan/2011:11:02:28 +0100] "GET /rilevare-attivita/?gclid=CJC7-oON1aYCFcwmfAodaA2KKg HTTP/1.1" 200 3710 "http://www.google.it/aclk?sa=l&ai=CRYs8iJ8-TbioEMniswbKrrA0w_qa1AHDqf6vF-z-vgkIABABKANQgoPO8v3_____AWD9ipeE_BGgAYOcof4DyAEBqQLsEyUBqPK2PqoEG0_QhWGSirfnAkOMoLRQHLkZYL5GobKhcfWs8w&sig=AGiWqtwGm2PAKno_WoxoTryY0zQUh_3Oiw&adurl=http://www.aziendaitalia.com/rilevare-attivita/&rct=j&q=nuove%20attivit%C3%A0%20commerciali" "Mozilla/4.0 (compatible; MSIE 8.0; Windows NT 5.1; Trident/4.0; SIMBAR={B653471D-CBEF-11DF-A87D-00235AEA0A37}; .NET CLR 2.0.50727; .NET CLR 3.0.4506.2152; .NET CLR 3.5.30729; ShopperReports 3.0.489.0; SRS_IT_E879027FBD76595B3FA191)"
93.44.65.242 - - [25/Jan/2011:11:02:28 +0100] "GET /css/style.css HTTP/1.1" 200 3366 "http://www.aziendaitalia.com/rilevare-attivita/?gclid=CJC7-oON1aYCFcwmfAodaA2KKg" "Mozilla/4.0 (compatible; MSIE 8.0; Windows NT 5.1; Trident/4.0; SIMBAR={B653471D-CBEF-11DF-A87D-00235AEA0A37}; .NET CLR 2.0.50727; .NET CLR 3.0.4506.2152; .NET CLR 3.5.30729; ShopperReports 3.0.489.0; SRS_IT_E879027FBD76595B3FA191)"
93.44.65.242 - - [25/Jan/2011:11:02:28 +0100] "GET /js/jquery-1.4.2.min.js HTTP/1.1" 200 72174 "http://www.aziendaitalia.com/rilevare-attivita/?gclid=CJC7-oON1aYCFcwmfAodaA2KKg" "Mozilla/4.0 (compatible; MSIE 8.0; Windows NT 5.1; Trident/4.0; SIMBAR={B653471D-CBEF-11DF-A87D-00235AEA0A37}; .NET CLR 2.0.50727; .NET CLR 3.0.4506.2152; .NET CLR 3.5.30729; ShopperReports 3.0.489.0; SRS_IT_E879027FBD76595B3FA191)"
93.44.65.242 - - [25/Jan/2011:11:02:29 +0100] "GET /js/general.js HTTP/1.1" 200 5776 "http://www.aziendaitalia.com/rilevare-attivita/?gclid=CJC7-oON1aYCFcwmfAodaA2KKg" "Mozilla/4.0 (compatible; MSIE 8.0; Windows NT 5.1; Trident/4.0; SIMBAR={B653471D-CBEF-11DF-A87D-00235AEA0A37}; .NET CLR 2.0.50727; .NET CLR 3.0.4506.2152; .NET CLR 3.5.30729; ShopperReports 3.0.489.0; SRS_IT_E879027FBD76595B3FA191)"
93.44.65.242 - - [25/Jan/2011:11:02:29 +0100] "GET /img/layout/menubar.gif HTTP/1.1" 200 1302 "http://www.aziendaitalia.com/rilevare-attivita/?gclid=CJC7-oON1aYCFcwmfAodaA2KKg" "Mozilla/4.0 (compatible; MSIE 8.0; Windows NT 5.1; Trident/4.0; SIMBAR={B653471D-CBEF-11DF-A87D-00235AEA0A37}; .NET CLR 2.0.50727; .NET CLR 3.0.4506.2152; .NET CLR 3.5.30729; ShopperReports 3.0.489.0; SRS_IT_E879027FBD76595B3FA191)"
93.44.65.242 - - [25/Jan/2011:11:02:29 +0100] "GET /img/layout/bg_wrapper_sub.gif HTTP/1.1" 200 102 "http://www.aziendaitalia.com/rilevare-attivita/?gclid=CJC7-oON1aYCFcwmfAodaA2KKg" "Mozilla/4.0 (compatible; MSIE 8.0; Windows NT 5.1; Trident/4.0; SIMBAR={B653471D-CBEF-11DF-A87D-00235AEA0A37}; .NET CLR 2.0.50727; .NET CLR 3.0.4506.2152; .NET CLR 3.5.30729; ShopperReports 3.0.489.0; SRS_IT_E879027FBD76595B3FA191)"
93.44.65.242 - - [25/Jan/2011:11:02:29 +0100] "GET /img/layout/bg_sidebar_separator.gif HTTP/1.1" 200 106 "http://www.aziendaitalia.com/rilevare-attivita/?gclid=CJC7-oON1aYCFcwmfAodaA2KKg" "Mozilla/4.0 (compatible; MSIE 8.0; Windows NT 5.1; Trident/4.0; SIMBAR={B653471D-CBEF-11DF-A87D-00235AEA0A37}; .NET CLR 2.0.50727; .NET CLR 3.0.4506.2152; .NET CLR 3.5.30729; ShopperReports 3.0.489.0; SRS_IT_E879027FBD76595B3FA191)"
93.44.65.242 - - [25/Jan/2011:11:02:29 +0100] "GET /img/layout/header.gif HTTP/1.1" 200 15655 "http://www.aziendaitalia.com/rilevare-attivita/?gclid=CJC7-oON1aYCFcwmfAodaA2KKg" "Mozilla/4.0 (compatible; MSIE 8.0; Windows NT 5.1; Trident/4.0; SIMBAR={B653471D-CBEF-11DF-A87D-00235AEA0A37}; .NET CLR 2.0.50727; .NET CLR 3.0.4506.2152; .NET CLR 3.5.30729; ShopperReports 3.0.489.0; SRS_IT_E879027FBD76595B3FA191)"
93.44.65.242 - - [25/Jan/2011:11:02:29 +0100] "GET /favicon.ico HTTP/1.1" 200 1406 "-" "Mozilla/4.0 (compatible; MSIE 8.0; Windows NT 5.1; Trident/4.0; SIMBAR={B653471D-CBEF-11DF-A87D-00235AEA0A37}; .NET CLR 2.0.50727; .NET CLR 3.0.4506.2152; .NET CLR 3.5.30729; ShopperReports 3.0.489.0; SRS_IT_E879027FBD76595B3FA191)"
109.117.173.8 - - [25/Jan/2011:11:02:33 +0100] "GET /attivita-in-vendita/bar-caff%C3%A9_s149.html?page=2 HTTP/1.1" 200 3886 "http://www.aziendaitalia.com/attivita-in-vendita/bar-caff%C3%A9_s149.html" "Mozilla/5.0 (Windows; U; Windows NT 5.1; en-US) AppleWebKit/534.10 (KHTML, like Gecko) Chrome/8.0.552.237 Safari/534.10"
95.225.34.185 - - [25/Jan/2011:11:02:34 +0100] "GET /attivita-in-vendita/a1682.html HTTP/1.1" 200 2504 "http://www.aziendaitalia.com/attivita-in-vendita/farmacie-erboristerie-profumerie_piemonte_s47_r12.html" "Mozilla/4.0 (compatible; MSIE 8.0; Windows NT 5.1; Trident/4.0; .NET CLR 1.1.4322; .NET CLR 2.0.50727; eSobiSubscriber 2.0.4.16; .NET CLR 3.0.4506.2152; .NET CLR 3.5.30729)"
109.117.173.8 - - [25/Jan/2011:11:02:44 +0100] "GET /attivita-in-vendita/bar-caff%C3%A9_s149.html?page=3 HTTP/1.1" 200 3979 "http://www.aziendaitalia.com/attivita-in-vendita/bar-caff%C3%A9_s149.html?page=2" "Mozilla/5.0 (Windows; U; Windows NT 5.1; en-US) AppleWebKit/534.10 (KHTML, like Gecko) Chrome/8.0.552.237 Safari/534.10"
79.39.218.7 - - [25/Jan/2011:11:02:51 +0100] "GET /cedere-attivita/?gclid=CK-Wg4-N1aYCFQsTfAodag9LXA HTTP/1.1" 200 3990 "http://www.google.it/search?q=attivita+in+vendita+campobasso&ie=utf-8&oe=utf-8&aq=t&rls=org.mozilla:it:official&client=firefox-a" "Mozilla/5.0 (Windows; U; Windows NT 6.0; it; rv:1.9.2.13) Gecko/20101203 Firefox/3.6.13"
79.39.218.7 - - [25/Jan/2011:11:02:52 +0100] "GET /css/style.css HTTP/1.1" 200 3366 "http://www.aziendaitalia.com/cedere-attivita/?gclid=CK-Wg4-N1aYCFQsTfAodag9LXA" "Mozilla/5.0 (Windows; U; Windows NT 6.0; it; rv:1.9.2.13) Gecko/20101203 Firefox/3.6.13"
109.117.173.8 - - [25/Jan/2011:11:02:52 +0100] "GET /attivita-in-vendita/bar-caff%C3%A9_s149.html?page=4 HTTP/1.1" 200 4033 "http://www.aziendaitalia.com/attivita-in-vendita/bar-caff%C3%A9_s149.html?page=3" "Mozilla/5.0 (Windows; U; Windows NT 5.1; en-US) AppleWebKit/534.10 (KHTML, like Gecko) Chrome/8.0.552.237 Safari/534.10"
109.117.173.8 - - [25/Jan/2011:11:03:03 +0100] "GET /attivita-in-vendita/bar-caff%C3%A9_s149.html?page=6 HTTP/1.1" 200 3932 "http://www.aziendaitalia.com/attivita-in-vendita/bar-caff%C3%A9_s149.html?page=4" "Mozilla/5.0 (Windows; U; Windows NT 5.1; en-US) AppleWebKit/534.10 (KHTML, like Gecko) Chrome/8.0.552.237 Safari/534.10"
178.154.161.29 - - [25/Jan/2011:11:03:05 +0100] "GET /annunci/nord-italia/brescia/9773.htm HTTP/1.1" 200 2894 "-" "Mozilla/5.0 (compatible; YandexBot/3.0; +http://yandex.com/bots)"
109.117.173.8 - - [25/Jan/2011:11:03:14 +0100] "GET /attivita-in-vendita/bar-caff%C3%A9_s149.html?page=7 HTTP/1.1" 200 3986 "http://www.aziendaitalia.com/attivita-in-vendita/bar-caff%C3%A9_s149.html?page=6" "Mozilla/5.0 (Windows; U; Windows NT 5.1; en-US) AppleWebKit/534.10 (KHTML, like Gecko) Chrome/8.0.552.237 Safari/534.10"
72.5.230.111 - - [25/Jan/2011:11:03:14 +0100] "HEAD / HTTP/1.1" 200 - "-" "Site 24 X 7"
94.160.191.62 - - [25/Jan/2011:11:03:20 +0100] "GET /attivita-in-vendita/a3653.html HTTP/1.1" 200 2778 "http://www.aziendaitalia.com/attivita-in-vendita/alberghi-ristoranti-bar-agriturismo-aziende-agricole_lombardia_m1_r9.html" "Mozilla/4.0 (compatible; MSIE 8.0; Windows NT 6.1; Trident/4.0; GTB6.6; SLCC2; .NET CLR 2.0.50727; .NET CLR 3.5.30729; .NET CLR 3.0.30729)"
109.117.173.8 - - [25/Jan/2011:11:03:25 +0100] "GET /attivita-in-vendita/bar-caff%C3%A9_s149.html?page=8 HTTP/1.1" 200 3909 "http://www.aziendaitalia.com/attivita-in-vendita/bar-caff%C3%A9_s149.html?page=7" "Mozilla/5.0 (Windows; U; Windows NT 5.1; en-US) AppleWebKit/534.10 (KHTML, like Gecko) Chrome/8.0.552.237 Safari/534.10"
109.117.173.8 - - [25/Jan/2011:11:03:35 +0100] "GET /attivita-in-vendita/bar-caff%C3%A9_s149.html?page=9 HTTP/1.1" 200 3965 "http://www.aziendaitalia.com/attivita-in-vendita/bar-caff%C3%A9_s149.html?page=8" "Mozilla/5.0 (Windows; U; Windows NT 5.1; en-US) AppleWebKit/534.10 (KHTML, like Gecko) Chrome/8.0.552.237 Safari/534.10"
66.249.71.212 - - [25/Jan/2011:11:03:42 +0100] "GET /attivita-in-vendita/servizi-non-altrimenti-classificati_isole_c59_mr4.html?page=36 HTTP/1.1" 200 2340 "-" "Mozilla/5.0 (compatible; Googlebot/2.1; +http://www.google.com/bot.html)"
66.249.71.212 - - [25/Jan/2011:11:03:43 +0100] "GET /attivita-in-vendita/noleggio-leasing-automobili_estero_s261_n2.html?page=36 HTTP/1.1" 200 1729 "-" "Mozilla/5.0 (compatible; Googlebot/2.1; +http://www.google.com/bot.html)"
109.117.173.8 - - [25/Jan/2011:11:03:45 +0100] "GET /attivita-in-vendita/bar-caff%C3%A9_s149.html?page=10 HTTP/1.1" 200 3959 "http://www.aziendaitalia.com/attivita-in-vendita/bar-caff%C3%A9_s149.html?page=9" "Mozilla/5.0 (Windows; U; Windows NT 5.1; en-US) AppleWebKit/534.10 (KHTML, like Gecko) Chrome/8.0.552.237 Safari/534.10"
207.46.199.37 - - [25/Jan/2011:11:03:50 +0100] "GET /annunci/nord-italia/torino/5188.htm HTTP/1.1" 200 2729 "-" "Mozilla/5.0 (compatible; bingbot/2.0; +http://www.bing.com/bingbot.htm)"
109.117.173.8 - - [25/Jan/2011:11:03:54 +0100] "GET /attivita-in-vendita/bar-caff%C3%A9_s149.html?page=11 HTTP/1.1" 200 3614 "http://www.aziendaitalia.com/attivita-in-vendita/bar-caff%C3%A9_s149.html?page=10" "Mozilla/5.0 (Windows; U; Windows NT 5.1; en-US) AppleWebKit/534.10 (KHTML, like Gecko) Chrome/8.0.552.237 Safari/534.10"
109.117.173.8 - - [25/Jan/2011:11:04:03 +0100] "GET /attivita-in-vendita/bar-caff%C3%A9_s149.html?page=12 HTTP/1.1" 200 3635 "http://www.aziendaitalia.com/attivita-in-vendita/bar-caff%C3%A9_s149.html?page=11" "Mozilla/5.0 (Windows; U; Windows NT 5.1; en-US) AppleWebKit/534.10 (KHTML, like Gecko) Chrome/8.0.552.237 Safari/534.10"
109.117.173.8 - - [25/Jan/2011:11:04:14 +0100] "GET /attivita-in-vendita/bar-caff%C3%A9_s149.html?page=13 HTTP/1.1" 200 3686 "http://www.aziendaitalia.com/attivita-in-vendita/bar-caff%C3%A9_s149.html?page=12" "Mozilla/5.0 (Windows; U; Windows NT 5.1; en-US) AppleWebKit/534.10 (KHTML, like Gecko) Chrome/8.0.552.237 Safari/534.10"
72.5.230.111 - - [25/Jan/2011:11:04:15 +0100] "HEAD / HTTP/1.1" 200 - "-" "Site 24 X 7"
207.46.13.46 - - [25/Jan/2011:11:04:16 +0100] "GET /bancadati-scheda.php?idreg=1&idind=&idcat=&idazienda=12964 HTTP/1.1" 404 277 "-" "Mozilla/5.0 (compatible; bingbot/2.0; +http://www.bing.com/bingbot.htm)"
93.62.0.137 - - [25/Jan/2011:11:04:19 +0100] "GET /rilevare-attivita/?gclid=CKmqzbiN1aYCFcwmfAodaA2KKg HTTP/1.1" 200 3711 "http://www.google.it/aclk?sa=l&ai=CcWk_wp8-TaOOEcngswa70bA5w_qa1AHDqf6vF-z-vgkIABACKANQgoPO8v3_____AWD9gpGE6BGgAYOcof4DyAEBqQLsEyUBqPK2PqoEG0_Qp4POe1zwlwrX2IxgoaJ6xQrD1I0HRDD5mQ&sig=AGiWqtwSg6-w4Qiz1Pks5doAhPkRD5fNpg&adurl=http://www.aziendaitalia.com/rilevare-attivita/&rct=j&q=aprire%20un'attivit%C3%A0%20commerciale%20con%2020.000%20euro" "Mozilla/4.0 (compatible; MSIE 8.0; Windows NT 5.1; Trident/4.0; GTB6.6; .NET CLR 1.1.4322; .NET CLR 2.0.50727; .NET CLR 3.0.04506.30; MDDS; .NET CLR 3.0.4506.2152; .NET CLR 3.5.30729)"
93.62.0.137 - - [25/Jan/2011:11:04:19 +0100] "GET /css/style.css HTTP/1.1" 200 3366 "http://www.aziendaitalia.com/rilevare-attivita/?gclid=CKmqzbiN1aYCFcwmfAodaA2KKg" "Mozilla/4.0 (compatible; MSIE 8.0; Windows NT 5.1; Trident/4.0; GTB6.6; .NET CLR 1.1.4322; .NET CLR 2.0.50727; .NET CLR 3.0.04506.30; MDDS; .NET CLR 3.0.4506.2152; .NET CLR 3.5.30729)"
93.62.0.137 - - [25/Jan/2011:11:04:19 +0100] "GET /js/jquery-1.4.2.min.js HTTP/1.1" 200 72174 "http://www.aziendaitalia.com/rilevare-attivita/?gclid=CKmqzbiN1aYCFcwmfAodaA2KKg" "Mozilla/4.0 (compatible; MSIE 8.0; Windows NT 5.1; Trident/4.0; GTB6.6; .NET CLR 1.1.4322; .NET CLR 2.0.50727; .NET CLR 3.0.04506.30; MDDS; .NET CLR 3.0.4506.2152; .NET CLR 3.5.30729)"
93.62.0.137 - - [25/Jan/2011:11:04:20 +0100] "GET /js/general.js HTTP/1.1" 200 5776 "http://www.aziendaitalia.com/rilevare-attivita/?gclid=CKmqzbiN1aYCFcwmfAodaA2KKg" "Mozilla/4.0 (compatible; MSIE 8.0; Windows NT 5.1; Trident/4.0; GTB6.6; .NET CLR 1.1.4322; .NET CLR 2.0.50727; .NET CLR 3.0.04506.30; MDDS; .NET CLR 3.0.4506.2152; .NET CLR 3.5.30729)"
93.62.0.137 - - [25/Jan/2011:11:04:20 +0100] "GET /img/layout/menubar.gif HTTP/1.1" 200 1302 "http://www.aziendaitalia.com/rilevare-attivita/?gclid=CKmqzbiN1aYCFcwmfAodaA2KKg" "Mozilla/4.0 (compatible; MSIE 8.0; Windows NT 5.1; Trident/4.0; GTB6.6; .NET CLR 1.1.4322; .NET CLR 2.0.50727; .NET CLR 3.0.04506.30; MDDS; .NET CLR 3.0.4506.2152; .NET CLR 3.5.30729)"
93.62.0.137 - - [25/Jan/2011:11:04:20 +0100] "GET /img/layout/bg_wrapper_sub.gif HTTP/1.1" 200 102 "http://www.aziendaitalia.com/rilevare-attivita/?gclid=CKmqzbiN1aYCFcwmfAodaA2KKg" "Mozilla/4.0 (compatible; MSIE 8.0; Windows NT 5.1; Trident/4.0; GTB6.6; .NET CLR 1.1.4322; .NET CLR 2.0.50727; .NET CLR 3.0.04506.30; MDDS; .NET CLR 3.0.4506.2152; .NET CLR 3.5.30729)"
93.62.0.137 - - [25/Jan/2011:11:04:20 +0100] "GET /img/layout/header.gif HTTP/1.1" 200 15655 "http://www.aziendaitalia.com/rilevare-attivita/?gclid=CKmqzbiN1aYCFcwmfAodaA2KKg" "Mozilla/4.0 (compatible; MSIE 8.0; Windows NT 5.1; Trident/4.0; GTB6.6; .NET CLR 1.1.4322; .NET CLR 2.0.50727; .NET CLR 3.0.04506.30; MDDS; .NET CLR 3.0.4506.2152; .NET CLR 3.5.30729)"
93.62.0.137 - - [25/Jan/2011:11:04:20 +0100] "GET /img/layout/bg_sidebar_separator.gif HTTP/1.1" 200 106 "http://www.aziendaitalia.com/rilevare-attivita/?gclid=CKmqzbiN1aYCFcwmfAodaA2KKg" "Mozilla/4.0 (compatible; MSIE 8.0; Windows NT 5.1; Trident/4.0; GTB6.6; .NET CLR 1.1.4322; .NET CLR 2.0.50727; .NET CLR 3.0.04506.30; MDDS; .NET CLR 3.0.4506.2152; .NET CLR 3.5.30729)"
93.62.0.137 - - [25/Jan/2011:11:04:21 +0100] "GET /favicon.ico HTTP/1.1" 200 1406 "-" "Mozilla/4.0 (compatible; MSIE 8.0; Windows NT 5.1; Trident/4.0; GTB6.6; .NET CLR 1.1.4322; .NET CLR 2.0.50727; .NET CLR 3.0.04506.30; MDDS; .NET CLR 3.0.4506.2152; .NET CLR 3.5.30729)"
109.117.173.8 - - [25/Jan/2011:11:04:23 +0100] "GET /attivita-in-vendita/bar-caff%C3%A9_s149.html?page=14 HTTP/1.1" 200 3766 "http://www.aziendaitalia.com/attivita-in-vendita/bar-caff%C3%A9_s149.html?page=13" "Mozilla/5.0 (Windows; U; Windows NT 5.1; en-US) AppleWebKit/534.10 (KHTML, like Gecko) Chrome/8.0.552.237 Safari/534.10"
151.54.245.26 - - [25/Jan/2011:11:04:26 +0100] "GET /img/layout/italia/italynorth.gif HTTP/1.1" 200 3837 "http://www.aziendaitalia.com/attivita-in-vendita/alberghi-ristoranti-bar-agriturismo-aziende-agricole_a-roma_m1_p53.html" "Mozilla/5.0 (Windows; U; Windows NT 5.1; en-US) AppleWebKit/534.10 (KHTML, like Gecko) Chrome/8.0.552.224 Safari/534.10"
151.54.245.26 - - [25/Jan/2011:11:04:36 +0100] "GET /img/layout/italia/italysouth.gif HTTP/1.1" 200 3901 "http://www.aziendaitalia.com/attivita-in-vendita/alberghi-ristoranti-bar-agriturismo-aziende-agricole_a-roma_m1_p53.html" "Mozilla/5.0 (Windows; U; Windows NT 5.1; en-US) AppleWebKit/534.10 (KHTML, like Gecko) Chrome/8.0.552.224 Safari/534.10"
79.40.99.212 - - [25/Jan/2011:11:04:37 +0100] "GET /cedere-attivita/?gclid=CMzrlcGN1aYCFUYifAodO3vwMw HTTP/1.1" 200 3990 "http://www.google.it/search?client=safari&rls=en&q=idee+attivit%C3%A0+in+proprio&ie=UTF-8&oe=UTF-8&redir_esc=&ei=vp8-TYGvFYufOsz7wJoL" "Mozilla/5.0 (Macintosh; U; Intel Mac OS X 10_6_6; it-it) AppleWebKit/533.19.4 (KHTML, like Gecko) Version/5.0.3 Safari/533.19.4"
79.40.99.212 - - [25/Jan/2011:11:04:37 +0100] "GET /css/style.css HTTP/1.1" 200 3366 "http://www.aziendaitalia.com/cedere-attivita/?gclid=CMzrlcGN1aYCFUYifAodO3vwMw" "Mozilla/5.0 (Macintosh; U; Intel Mac OS X 10_6_6; it-it) AppleWebKit/533.19.4 (KHTML, like Gecko) Version/5.0.3 Safari/533.19.4"
79.40.99.212 - - [25/Jan/2011:11:04:37 +0100] "GET /js/general.js HTTP/1.1" 200 5776 "http://www.aziendaitalia.com/cedere-attivita/?gclid=CMzrlcGN1aYCFUYifAodO3vwMw" "Mozilla/5.0 (Macintosh; U; Intel Mac OS X 10_6_6; it-it) AppleWebKit/533.19.4 (KHTML, like Gecko) Version/5.0.3 Safari/533.19.4"
79.40.99.212 - - [25/Jan/2011:11:04:37 +0100] "GET /js/jquery-1.4.2.min.js HTTP/1.1" 200 72174 "http://www.aziendaitalia.com/cedere-attivita/?gclid=CMzrlcGN1aYCFUYifAodO3vwMw" "Mozilla/5.0 (Macintosh; U; Intel Mac OS X 10_6_6; it-it) AppleWebKit/533.19.4 (KHTML, like Gecko) Version/5.0.3 Safari/533.19.4"
79.40.99.212 - - [25/Jan/2011:11:04:37 +0100] "GET /img/layout/menubar.gif HTTP/1.1" 200 1302 "http://www.aziendaitalia.com/cedere-attivita/?gclid=CMzrlcGN1aYCFUYifAodO3vwMw" "Mozilla/5.0 (Macintosh; U; Intel Mac OS X 10_6_6; it-it) AppleWebKit/533.19.4 (KHTML, like Gecko) Version/5.0.3 Safari/533.19.4"
79.40.99.212 - - [25/Jan/2011:11:04:37 +0100] "GET /img/layout/bg_sidebar_separator.gif HTTP/1.1" 200 106 "http://www.aziendaitalia.com/cedere-attivita/?gclid=CMzrlcGN1aYCFUYifAodO3vwMw" "Mozilla/5.0 (Macintosh; U; Intel Mac OS X 10_6_6; it-it) AppleWebKit/533.19.4 (KHTML, like Gecko) Version/5.0.3 Safari/533.19.4"
79.40.99.212 - - [25/Jan/2011:11:04:37 +0100] "GET /img/layout/header.gif HTTP/1.1" 200 15655 "http://www.aziendaitalia.com/cedere-attivita/?gclid=CMzrlcGN1aYCFUYifAodO3vwMw" "Mozilla/5.0 (Macintosh; U; Intel Mac OS X 10_6_6; it-it) AppleWebKit/533.19.4 (KHTML, like Gecko) Version/5.0.3 Safari/533.19.4"
79.40.99.212 - - [25/Jan/2011:11:04:37 +0100] "GET /img/layout/bg_wrapper_sub.gif HTTP/1.1" 200 102 "http://www.aziendaitalia.com/cedere-attivita/?gclid=CMzrlcGN1aYCFUYifAodO3vwMw" "Mozilla/5.0 (Macintosh; U; Intel Mac OS X 10_6_6; it-it) AppleWebKit/533.19.4 (KHTML, like Gecko) Version/5.0.3 Safari/533.19.4"
79.40.99.212 - - [25/Jan/2011:11:04:37 +0100] "GET /favicon.ico HTTP/1.1" 200 1406 "http://www.aziendaitalia.com/cedere-attivita/?gclid=CMzrlcGN1aYCFUYifAodO3vwMw" "Mozilla/5.0 (Macintosh; U; Intel Mac OS X 10_6_6; it-it) AppleWebKit/533.19.4 (KHTML, like Gecko) Version/5.0.3 Safari/533.19.4"
109.117.173.8 - - [25/Jan/2011:11:04:44 +0100] "GET /attivita-in-vendita/a2157.html HTTP/1.1" 200 2593 "http://www.aziendaitalia.com/attivita-in-vendita/bar-caff%C3%A9_s149.html?page=14" "Mozilla/5.0 (Windows; U; Windows NT 5.1; en-US) AppleWebKit/534.10 (KHTML, like Gecko) Chrome/8.0.552.237 Safari/534.10"
207.46.204.242 - - [25/Jan/2011:11:04:54 +0100] "GET /attivita-in-vendita/a-torino_p2.html?page=3 HTTP/1.1" 200 4833 "-" "Mozilla/5.0 (compatible; bingbot/2.0; +http://www.bing.com/bingbot.htm)"
93.44.73.205 - - [25/Jan/2011:11:04:57 +0100] "GET /vendere-negozi-napoli.php?gclid=CPT-7cqN1aYCFYVjfAoduQj1Mw HTTP/1.1" 200 3968 "http://www.subito.it/annunci-campania/cerco/uffici-locali-commerciali/napoli/?th=1&ros=1&roe=1" "Mozilla/5.0 (Windows; U; Windows NT 5.1; it; rv:1.9.2.13) Gecko/20101203 Firefox/3.6.13"
93.44.73.205 - - [25/Jan/2011:11:04:57 +0100] "GET /css/style.css HTTP/1.1" 200 3366 "http://www.aziendaitalia.com/vendere-negozi-napoli.php?gclid=CPT-7cqN1aYCFYVjfAoduQj1Mw" "Mozilla/5.0 (Windows; U; Windows NT 5.1; it; rv:1.9.2.13) Gecko/20101203 Firefox/3.6.13"
93.44.73.205 - - [25/Jan/2011:11:04:57 +0100] "GET /img/icona-negozi.jpg HTTP/1.1" 200 69156 "http://www.aziendaitalia.com/vendere-negozi-napoli.php?gclid=CPT-7cqN1aYCFYVjfAoduQj1Mw" "Mozilla/5.0 (Windows; U; Windows NT 5.1; it; rv:1.9.2.13) Gecko/20101203 Firefox/3.6.13"
94.160.191.62 - - [25/Jan/2011:11:04:59 +0100] "GET /attivita-in-vendita/alberghi-ristoranti-bar-agriturismo-aziende-agricole_lombardia_m1_r9.html?page=2 HTTP/1.1" 200 4682 "http://www.aziendaitalia.com/attivita-in-vendita/alberghi-ristoranti-bar-agriturismo-aziende-agricole_lombardia_m1_r9.html" "Mozilla/4.0 (compatible; MSIE 8.0; Windows NT 6.1; Trident/4.0; GTB6.6; SLCC2; .NET CLR 2.0.50727; .NET CLR 3.5.30729; .NET CLR 3.0.30729)"
87.4.147.174 - - [25/Jan/2011:11:05:05 +0100] "GET /rilevare-attivita/?gclid=CO2B1M6N1aYCFQgMfAodl1HpMw HTTP/1.1" 200 3714 "http://it.ask.com/web?qsrc=2417&o=4107&l=sem&q=comprare+attivit%C3%A0+oreficeria+brillo+camnago+lentate" "Mozilla/4.0 (compatible; MSIE 8.0; Windows NT 5.1; Trident/4.0)"
87.4.147.174 - - [25/Jan/2011:11:05:06 +0100] "GET /css/style.css HTTP/1.1" 200 3366 "http://www.aziendaitalia.com/rilevare-attivita/?gclid=CO2B1M6N1aYCFQgMfAodl1HpMw" "Mozilla/4.0 (compatible; MSIE 8.0; Windows NT 5.1; Trident/4.0)"
87.4.147.174 - - [25/Jan/2011:11:05:06 +0100] "GET /js/jquery-1.4.2.min.js HTTP/1.1" 200 72174 "http://www.aziendaitalia.com/rilevare-attivita/?gclid=CO2B1M6N1aYCFQgMfAodl1HpMw" "Mozilla/4.0 (compatible; MSIE 8.0; Windows NT 5.1; Trident/4.0)"
87.4.147.174 - - [25/Jan/2011:11:05:06 +0100] "GET /js/general.js HTTP/1.1" 200 5776 "http://www.aziendaitalia.com/rilevare-attivita/?gclid=CO2B1M6N1aYCFQgMfAodl1HpMw" "Mozilla/4.0 (compatible; MSIE 8.0; Windows NT 5.1; Trident/4.0)"
