65.52.110.51 - - [25/Jan/2011:09:25:51 +0100] "GET /attivita-in-vendita/a3490.html HTTP/1.1" 200 2498 "-" "Mozilla/5.0 (compatible; bingbot/2.0; +http://www.bing.com/bingbot.htm)"
151.62.221.44 - - [25/Jan/2011:09:25:55 +0100] "GET /attivita-in-vendita/a2303.html HTTP/1.1" 200 2915 "http://www.aziendaitalia.com/attivita-in-vendita/cerca-+catania.html" "Mozilla/4.0 (compatible; MSIE 7.0; Windows NT 5.1; InfoPath.1)"
151.62.221.44 - - [25/Jan/2011:09:25:56 +0100] "GET /img/thumb/phpThumb.php?src=/admin/img/1281372494_3263-6031E-A.jpg&w=148&h=138&zc=1&q=90 HTTP/1.1" 200 8352 "http://www.aziendaitalia.com/attivita-in-vendita/a2303.html" "Mozilla/4.0 (compatible; MSIE 7.0; Windows NT 5.1; InfoPath.1)"
151.62.221.44 - - [25/Jan/2011:09:25:56 +0100] "GET /img/thumb/phpThumb.php?src=/admin/img/1281372499_3263-6031E-B.jpg&w=148&h=138&zc=1&q=90 HTTP/1.1" 200 7372 "http://www.aziendaitalia.com/attivita-in-vendita/a2303.html" "Mozilla/4.0 (compatible; MSIE 7.0; Windows NT 5.1; InfoPath.1)"
151.62.221.44 - - [25/Jan/2011:09:25:56 +0100] "GET /img/thumb/phpThumb.php?src=/admin/img/1281372505_3263-6031E-C.jpg&w=148&h=138&zc=1&q=90 HTTP/1.1" 200 7302 "http://www.aziendaitalia.com/attivita-in-vendita/a2303.html" "Mozilla/4.0 (compatible; MSIE 7.0; Windows NT 5.1; InfoPath.1)"
151.62.221.44 - - [25/Jan/2011:09:25:56 +0100] "GET /img/thumb/phpThumb.php?src=/admin/img/1281372514_3263-6031E-D.jpg&w=148&h=138&zc=1&q=90 HTTP/1.1" 200 6498 "http://www.aziendaitalia.com/attivita-in-vendita/a2303.html" "Mozilla/4.0 (compatible; MSIE 7.0; Windows NT 5.1; InfoPath.1)"
95.75.155.117 - - [25/Jan/2011:09:25:56 +0100] "GET /attivita-in-vendita/a3375.html HTTP/1.1" 200 2638 "http://www.aziendaitalia.com/attivita-in-vendita/a-firenze_p62.html" "Mozilla/4.0 (compatible; MSIE 8.0; Windows NT 6.1; WOW64; Trident/4.0; SLCC2; .NET CLR 2.0.50727; .NET CLR 3.5.30729; .NET CLR 3.0.30729; Media Center PC 6.0; HPNTDF)"
95.75.155.117 - - [25/Jan/2011:09:25:56 +0100] "GET /css/style.css HTTP/1.1" 200 3366 "http://www.aziendaitalia.com/attivita-in-vendita/a3375.html" "Mozilla/4.0 (compatible; MSIE 8.0; Windows NT 6.1; WOW64; Trident/4.0; SLCC2; .NET CLR 2.0.50727; .NET CLR 3.5.30729; .NET CLR 3.0.30729; Media Center PC 6.0; HPNTDF)"
95.75.155.117 - - [25/Jan/2011:09:25:57 +0100] "GET /img/thumb/phpThumb.php?src=/admin/img/1284541043_2768-6572V-A.JPG&w=148&h=138&zc=1&q=90 HTTP/1.1" 200 6123 "http://www.aziendaitalia.com/attivita-in-vendita/a3375.html" "Mozilla/4.0 (compatible; MSIE 8.0; Windows NT 6.1; WOW64; Trident/4.0; SLCC2; .NET CLR 2.0.50727; .NET CLR 3.5.30729; .NET CLR 3.0.30729; Media Center PC 6.0; HPNTDF)"
95.75.155.117 - - [25/Jan/2011:09:25:57 +0100] "GET /img/thumb/phpThumb.php?src=/admin/img/1284541049_2768-6572V-B.JPG&w=148&h=138&zc=1&q=90 HTTP/1.1" 200 6958 "http://www.aziendaitalia.com/attivita-in-vendita/a3375.html" "Mozilla/4.0 (compatible; MSIE 8.0; Windows NT 6.1; WOW64; Trident/4.0; SLCC2; .NET CLR 2.0.50727; .NET CLR 3.5.30729; .NET CLR 3.0.30729; Media Center PC 6.0; HPNTDF)"
95.75.155.117 - - [25/Jan/2011:09:25:57 +0100] "GET /img/thumb/phpThumb.php?src=/admin/img/1284541054_2768-6572V-C.JPG&w=148&h=138&zc=1&q=90 HTTP/1.1" 200 6143 "http://www.aziendaitalia.com/attivita-in-vendita/a3375.html" "Mozilla/4.0 (compatible; MSIE 8.0; Windows NT 6.1; WOW64; Trident/4.0; SLCC2; .NET CLR 2.0.50727; .NET CLR 3.5.30729; .NET CLR 3.0.30729; Media Center PC 6.0; HPNTDF)"
95.75.155.117 - - [25/Jan/2011:09:25:57 +0100] "GET /img/thumb/phpThumb.php?src=/admin/img/1284541059_2768-6572V-D.JPG&w=148&h=138&zc=1&q=90 HTTP/1.1" 200 5503 "http://www.aziendaitalia.com/attivita-in-vendita/a3375.html" "Mozilla/4.0 (compatible; MSIE 8.0; Windows NT 6.1; WOW64; Trident/4.0; SLCC2; .NET CLR 2.0.50727; .NET CLR 3.5.30729; .NET CLR 3.0.30729; Media Center PC 6.0; HPNTDF)"
78.134.86.178 - - [25/Jan/2011:09:26:05 +0100] "GET /img/layout/italia/italysouth.gif HTTP/1.1" 200 3901 "http://www.aziendaitalia.com/attivita-in-vendita/alberghi-ristoranti-bar-agriturismo-aziende-agricole_lombardia_m1_r9.html" "Mozilla/4.0 (compatible; MSIE 8.0; Windows NT 5.1; Trident/4.0; .NET CLR 2.0.50727; .NET CLR 3.0.4506.2152; .NET CLR 3.5.30729; InfoPath.2)"
78.134.86.178 - - [25/Jan/2011:09:26:12 +0100] "GET /attivita-in-vendita/alberghi-ristoranti-bar-agriturismo-aziende-agricole_lombardia_m1_r9.html?page=2 HTTP/1.1" 200 4682 "http://www.aziendaitalia.com/attivita-in-vendita/alberghi-ristoranti-bar-agriturismo-aziende-agricole_lombardia_m1_r9.html" "Mozilla/4.0 (compatible; MSIE 8.0; Windows NT 5.1; Trident/4.0; .NET CLR 2.0.50727; .NET CLR 3.0.4506.2152; .NET CLR 3.5.30729; InfoPath.2)"
151.62.221.44 - - [25/Jan/2011:09:26:15 +0100] "GET /attivita-in-vendita/a2300.html HTTP/1.1" 200 2700 "http://www.aziendaitalia.com/attivita-in-vendita/cerca-+catania.html" "Mozilla/4.0 (compatible; MSIE 7.0; Windows NT 5.1; InfoPath.1)"
151.62.221.44 - - [25/Jan/2011:09:26:15 +0100] "GET /img/thumb/phpThumb.php?src=/admin/img/1281371348_4610-3396T-A.jpg&w=148&h=138&zc=1&q=90 HTTP/1.1" 200 8058 "http://www.aziendaitalia.com/attivita-in-vendita/a2300.html" "Mozilla/4.0 (compatible; MSIE 7.0; Windows NT 5.1; InfoPath.1)"
151.62.221.44 - - [25/Jan/2011:09:26:15 +0100] "GET /img/thumb/phpThumb.php?src=/admin/img/1281371353_4610-3396T-B.jpg&w=148&h=138&zc=1&q=90 HTTP/1.1" 200 10123 "http://www.aziendaitalia.com/attivita-in-vendita/a2300.html" "Mozilla/4.0 (compatible; MSIE 7.0; Windows NT 5.1; InfoPath.1)"
151.62.221.44 - - [25/Jan/2011:09:26:15 +0100] "GET /img/thumb/phpThumb.php?src=/admin/img/1281371357_4610-3396T-C.jpg&w=148&h=138&zc=1&q=90 HTTP/1.1" 200 8778 "http://www.aziendaitalia.com/attivita-in-vendita/a2300.html" "Mozilla/4.0 (compatible; MSIE 7.0; Windows NT 5.1; InfoPath.1)"
151.62.221.44 - - [25/Jan/2011:09:26:16 +0100] "GET /img/thumb/phpThumb.php?src=/admin/img/1281371364_4610-3396T-D.jpg&w=148&h=138&zc=1&q=90 HTTP/1.1" 200 8691 "http://www.aziendaitalia.com/attivita-in-vendita/a2300.html" "Mozilla/4.0 (compatible; MSIE 7.0; Windows NT 5.1; InfoPath.1)"
78.134.86.178 - - [25/Jan/2011:09:26:19 +0100] "GET /attivita-in-vendita/alberghi-ristoranti-bar-agriturismo-aziende-agricole_lombardia_m1_r9.html?page=3 HTTP/1.1" 200 4568 "http://www.aziendaitalia.com/attivita-in-vendita/alberghi-ristoranti-bar-agriturismo-aziende-agricole_lombardia_m1_r9.html?page=2" "Mozilla/4.0 (compatible; MSIE 8.0; Windows NT 5.1; Trident/4.0; .NET CLR 2.0.50727; .NET CLR 3.0.4506.2152; .NET CLR 3.5.30729; InfoPath.2)"
78.134.86.178 - - [25/Jan/2011:09:26:22 +0100] "GET /attivita-in-vendita/alberghi-ristoranti-bar-agriturismo-aziende-agricole_lombardia_m1_r9.html?page=4 HTTP/1.1" 200 4430 "http://www.aziendaitalia.com/attivita-in-vendita/alberghi-ristoranti-bar-agriturismo-aziende-agricole_lombardia_m1_r9.html?page=3" "Mozilla/4.0 (compatible; MSIE 8.0; Windows NT 5.1; Trident/4.0; .NET CLR 2.0.50727; .NET CLR 3.0.4506.2152; .NET CLR 3.5.30729; InfoPath.2)"
151.50.5.156 - - [25/Jan/2011:09:26:31 +0100] "GET /rilevare-attivita/?gclid=CJ_ir8r31KYCFUoKfAodIx7wMw HTTP/1.1" 200 3712 "http://www.google.it/search?hl=it&source=hp&q=vendita+locali+commerciali+roma&aq=0&aqi=g10&aql=&oq=vendita+locali+" "Mozilla/4.0 (compatible; MSIE 7.0; Windows NT 5.1; .NET CLR 1.1.4322; .NET CLR 2.0.50727; .NET CLR 3.0.4506.2152; .NET CLR 3.5.30729; InfoPath.2)"
151.50.5.156 - - [25/Jan/2011:09:26:31 +0100] "GET /css/style.css HTTP/1.1" 200 3366 "http://www.aziendaitalia.com/rilevare-attivita/?gclid=CJ_ir8r31KYCFUoKfAodIx7wMw" "Mozilla/4.0 (compatible; MSIE 7.0; Windows NT 5.1; .NET CLR 1.1.4322; .NET CLR 2.0.50727; .NET CLR 3.0.4506.2152; .NET CLR 3.5.30729; InfoPath.2)"
151.50.5.156 - - [25/Jan/2011:09:26:31 +0100] "GET /js/jquery-1.4.2.min.js HTTP/1.1" 200 72174 "http://www.aziendaitalia.com/rilevare-attivita/?gclid=CJ_ir8r31KYCFUoKfAodIx7wMw" "Mozilla/4.0 (compatible; MSIE 7.0; Windows NT 5.1; .NET CLR 1.1.4322; .NET CLR 2.0.50727; .NET CLR 3.0.4506.2152; .NET CLR 3.5.30729; InfoPath.2)"
151.50.5.156 - - [25/Jan/2011:09:26:31 +0100] "GET /js/general.js HTTP/1.1" 200 5776 "http://www.aziendaitalia.com/rilevare-attivita/?gclid=CJ_ir8r31KYCFUoKfAodIx7wMw" "Mozilla/4.0 (compatible; MSIE 7.0; Windows NT 5.1; .NET CLR 1.1.4322; .NET CLR 2.0.50727; .NET CLR 3.0.4506.2152; .NET CLR 3.5.30729; InfoPath.2)"
151.50.5.156 - - [25/Jan/2011:09:26:32 +0100] "GET /img/layout/menubar.gif HTTP/1.1" 200 1302 "http://www.aziendaitalia.com/rilevare-attivita/?gclid=CJ_ir8r31KYCFUoKfAodIx7wMw" "Mozilla/4.0 (compatible; MSIE 7.0; Windows NT 5.1; .NET CLR 1.1.4322; .NET CLR 2.0.50727; .NET CLR 3.0.4506.2152; .NET CLR 3.5.30729; InfoPath.2)"
151.50.5.156 - - [25/Jan/2011:09:26:32 +0100] "GET /img/layout/bg_wrapper_sub.gif HTTP/1.1" 200 102 "http://www.aziendaitalia.com/rilevare-attivita/?gclid=CJ_ir8r31KYCFUoKfAodIx7wMw" "Mozilla/4.0 (compatible; MSIE 7.0; Windows NT 5.1; .NET CLR 1.1.4322; .NET CLR 2.0.50727; .NET CLR 3.0.4506.2152; .NET CLR 3.5.30729; InfoPath.2)"
151.50.5.156 - - [25/Jan/2011:09:26:32 +0100] "GET /img/layout/bg_sidebar_separator.gif HTTP/1.1" 200 106 "http://www.aziendaitalia.com/rilevare-attivita/?gclid=CJ_ir8r31KYCFUoKfAodIx7wMw" "Mozilla/4.0 (compatible; MSIE 7.0; Windows NT 5.1; .NET CLR 1.1.4322; .NET CLR 2.0.50727; .NET CLR 3.0.4506.2152; .NET CLR 3.5.30729; InfoPath.2)"
151.50.5.156 - - [25/Jan/2011:09:26:32 +0100] "GET /img/layout/header.gif HTTP/1.1" 200 15655 "http://www.aziendaitalia.com/rilevare-attivita/?gclid=CJ_ir8r31KYCFUoKfAodIx7wMw" "Mozilla/4.0 (compatible; MSIE 7.0; Windows NT 5.1; .NET CLR 1.1.4322; .NET CLR 2.0.50727; .NET CLR 3.0.4506.2152; .NET CLR 3.5.30729; InfoPath.2)"
151.50.5.156 - - [25/Jan/2011:09:26:32 +0100] "GET /favicon.ico HTTP/1.1" 200 1406 "-" "Mozilla/4.0 (compatible; MSIE 7.0; Windows NT 5.1; .NET CLR 1.1.4322; .NET CLR 2.0.50727; .NET CLR 3.0.4506.2152; .NET CLR 3.5.30729; InfoPath.2)"
78.134.86.178 - - [25/Jan/2011:09:26:32 +0100] "GET /attivita-in-vendita/alberghi-ristoranti-bar-agriturismo-aziende-agricole_lombardia_m1_r9.html?page=5 HTTP/1.1" 200 4527 "http://www.aziendaitalia.com/attivita-in-vendita/alberghi-ristoranti-bar-agriturismo-aziende-agricole_lombardia_m1_r9.html?page=4" "Mozilla/4.0 (compatible; MSIE 8.0; Windows NT 5.1; Trident/4.0; .NET CLR 2.0.50727; .NET CLR 3.0.4506.2152; .NET CLR 3.5.30729; InfoPath.2)"
72.5.230.111 - - [25/Jan/2011:09:26:33 +0100] "HEAD / HTTP/1.1" 200 - "-" "Site 24 X 7"
78.134.86.178 - - [25/Jan/2011:09:26:38 +0100] "GET /attivita-in-vendita/alberghi-ristoranti-bar-agriturismo-aziende-agricole_lombardia_m1_r9.html?page=6 HTTP/1.1" 200 4343 "http://www.aziendaitalia.com/attivita-in-vendita/alberghi-ristoranti-bar-agriturismo-aziende-agricole_lombardia_m1_r9.html?page=5" "Mozilla/4.0 (compatible; MSIE 8.0; Windows NT 5.1; Trident/4.0; .NET CLR 2.0.50727; .NET CLR 3.0.4506.2152; .NET CLR 3.5.30729; InfoPath.2)"
151.62.221.44 - - [25/Jan/2011:09:26:38 +0100] "GET /attivita-in-vendita/a2295.html HTTP/1.1" 200 2683 "http://www.aziendaitalia.com/attivita-in-vendita/cerca-+catania.html" "Mozilla/4.0 (compatible; MSIE 7.0; Windows NT 5.1; InfoPath.1)"
151.62.221.44 - - [25/Jan/2011:09:26:39 +0100] "GET /img/thumb/phpThumb.php?src=/admin/img/1281370318_4265-3554O-A1.jpg&w=148&h=138&zc=1&q=90 HTTP/1.1" 200 7576 "http://www.aziendaitalia.com/attivita-in-vendita/a2295.html" "Mozilla/4.0 (compatible; MSIE 7.0; Windows NT 5.1; InfoPath.1)"
151.62.221.44 - - [25/Jan/2011:09:26:39 +0100] "GET /img/thumb/phpThumb.php?src=/admin/img/1281370324_4265-3554O-B1.jpg&w=148&h=138&zc=1&q=90 HTTP/1.1" 200 6375 "http://www.aziendaitalia.com/attivita-in-vendita/a2295.html" "Mozilla/4.0 (compatible; MSIE 7.0; Windows NT 5.1; InfoPath.1)"
151.62.221.44 - - [25/Jan/2011:09:26:39 +0100] "GET /img/thumb/phpThumb.php?src=/admin/img/1281370328_4265-3554O-C1.jpg&w=148&h=138&zc=1&q=90 HTTP/1.1" 200 6586 "http://www.aziendaitalia.com/attivita-in-vendita/a2295.html" "Mozilla/4.0 (compatible; MSIE 7.0; Windows NT 5.1; InfoPath.1)"
151.62.221.44 - - [25/Jan/2011:09:26:39 +0100] "GET /img/thumb/phpThumb.php?src=/admin/img/1281370333_4265-3554O-D1.jpg&w=148&h=138&zc=1&q=90 HTTP/1.1" 200 8487 "http://www.aziendaitalia.com/attivita-in-vendita/a2295.html" "Mozilla/4.0 (compatible; MSIE 7.0; Windows NT 5.1; InfoPath.1)"
78.134.86.178 - - [25/Jan/2011:09:26:40 +0100] "GET /attivita-in-vendita/alberghi-ristoranti-bar-agriturismo-aziende-agricole_lombardia_m1_r9.html?page=8 HTTP/1.1" 200 4639 "http://www.aziendaitalia.com/attivita-in-vendita/alberghi-ristoranti-bar-agriturismo-aziende-agricole_lombardia_m1_r9.html?page=6" "Mozilla/4.0 (compatible; MSIE 8.0; Windows NT 5.1; Trident/4.0; .NET CLR 2.0.50727; .NET CLR 3.0.4506.2152; .NET CLR 3.5.30729; InfoPath.2)"
78.134.86.178 - - [25/Jan/2011:09:26:42 +0100] "GET /attivita-in-vendita/alberghi-ristoranti-bar-agriturismo-aziende-agricole_lombardia_m1_r9.html?page=9 HTTP/1.1" 200 4433 "http://www.aziendaitalia.com/attivita-in-vendita/alberghi-ristoranti-bar-agriturismo-aziende-agricole_lombardia_m1_r9.html?page=8" "Mozilla/4.0 (compatible; MSIE 8.0; Windows NT 5.1; Trident/4.0; .NET CLR 2.0.50727; .NET CLR 3.0.4506.2152; .NET CLR 3.5.30729; InfoPath.2)"
78.134.86.178 - - [25/Jan/2011:09:26:45 +0100] "GET /attivita-in-vendita/alberghi-ristoranti-bar-agriturismo-aziende-agricole_lombardia_m1_r9.html?page=10 HTTP/1.1" 200 4217 "http://www.aziendaitalia.com/attivita-in-vendita/alberghi-ristoranti-bar-agriturismo-aziende-agricole_lombardia_m1_r9.html?page=9" "Mozilla/4.0 (compatible; MSIE 8.0; Windows NT 5.1; Trident/4.0; .NET CLR 2.0.50727; .NET CLR 3.0.4506.2152; .NET CLR 3.5.30729; InfoPath.2)"
78.134.86.178 - - [25/Jan/2011:09:26:47 +0100] "GET /attivita-in-vendita/alberghi-ristoranti-bar-agriturismo-aziende-agricole_lombardia_m1_r9.html?page=11 HTTP/1.1" 200 4420 "http://www.aziendaitalia.com/attivita-in-vendita/alberghi-ristoranti-bar-agriturismo-aziende-agricole_lombardia_m1_r9.html?page=10" "Mozilla/4.0 (compatible; MSIE 8.0; Windows NT 5.1; Trident/4.0; .NET CLR 2.0.50727; .NET CLR 3.0.4506.2152; .NET CLR 3.5.30729; InfoPath.2)"
95.75.155.117 - - [25/Jan/2011:09:26:48 +0100] "GET /cedere-attivita/ HTTP/1.1" 200 3958 "http://www.aziendaitalia.com/attivita-in-vendita/a3375.html" "Mozilla/4.0 (compatible; MSIE 8.0; Windows NT 6.1; WOW64; Trident/4.0; SLCC2; .NET CLR 2.0.50727; .NET CLR 3.5.30729; .NET CLR 3.0.30729; Media Center PC 6.0; HPNTDF)"
78.134.86.178 - - [25/Jan/2011:09:26:48 +0100] "GET /attivita-in-vendita/alberghi-ristoranti-bar-agriturismo-aziende-agricole_lombardia_m1_r9.html?page=12 HTTP/1.1" 200 4418 "http://www.aziendaitalia.com/attivita-in-vendita/alberghi-ristoranti-bar-agriturismo-aziende-agricole_lombardia_m1_r9.html?page=11" "Mozilla/4.0 (compatible; MSIE 8.0; Windows NT 5.1; Trident/4.0; .NET CLR 2.0.50727; .NET CLR 3.0.4506.2152; .NET CLR 3.5.30729; InfoPath.2)"
78.134.86.178 - - [25/Jan/2011:09:26:52 +0100] "GET /attivita-in-vendita/alberghi-ristoranti-bar-agriturismo-aziende-agricole_lombardia_m1_r9.html HTTP/1.1" 200 4428 "http://www.aziendaitalia.com/attivita-in-vendita/alberghi-ristoranti-bar-agriturismo-aziende-agricole_lombardia_m1_r9.html?page=12" "Mozilla/4.0 (compatible; MSIE 8.0; Windows NT 5.1; Trident/4.0; .NET CLR 2.0.50727; .NET CLR 3.0.4506.2152; .NET CLR 3.5.30729; InfoPath.2)"
207.46.204.184 - - [25/Jan/2011:09:26:53 +0100] "GET /bancadati-scheda.php?idreg=1&idind=&idcat=&idazienda=9458 HTTP/1.1" 404 277 "-" "Mozilla/5.0 (compatible; bingbot/2.0; +http://www.bing.com/bingbot.htm)"
217.112.109.65 - - [25/Jan/2011:09:26:53 +0100] "GET /attivita-in-vendita/?gclid=CKy-ptX31KYCFQEOfAodrm70Mw HTTP/1.0" 200 2323 "http://case.trovit.it/attivit%C3%A0-panificio" "Mozilla/4.0 (compatible; MSIE 7.0; Windows NT 5.1; Trident/4.0; .NET CLR 1.1.4322; .NET CLR 2.0.50727; .NET CLR 3.0.04506.30; MDDR; .NET CLR 3.0.4506.2152; .NET CLR 3.5.30729)"
217.112.109.65 - - [25/Jan/2011:09:26:54 +0100] "GET /css/style.css HTTP/1.0" 200 3366 "http://www.aziendaitalia.com/attivita-in-vendita/?gclid=CKy-ptX31KYCFQEOfAodrm70Mw" "Mozilla/4.0 (compatible; MSIE 8.0; Windows NT 5.1; Trident/4.0; .NET CLR 1.1.4322; .NET CLR 2.0.50727; .NET CLR 3.0.04506.30; MDDR; .NET CLR 3.0.4506.2152; .NET CLR 3.5.30729)"
217.112.109.65 - - [25/Jan/2011:09:26:54 +0100] "GET /js/jquery-1.4.2.min.js HTTP/1.0" 200 72174 "http://www.aziendaitalia.com/attivita-in-vendita/?gclid=CKy-ptX31KYCFQEOfAodrm70Mw" "Mozilla/4.0 (compatible; MSIE 8.0; Windows NT 5.1; Trident/4.0; .NET CLR 1.1.4322; .NET CLR 2.0.50727; .NET CLR 3.0.04506.30; MDDR; .NET CLR 3.0.4506.2152; .NET CLR 3.5.30729)"
217.112.109.65 - - [25/Jan/2011:09:26:54 +0100] "GET /js/general.js HTTP/1.0" 200 5776 "http://www.aziendaitalia.com/attivita-in-vendita/?gclid=CKy-ptX31KYCFQEOfAodrm70Mw" "Mozilla/4.0 (compatible; MSIE 8.0; Windows NT 5.1; Trident/4.0; .NET CLR 1.1.4322; .NET CLR 2.0.50727; .NET CLR 3.0.04506.30; MDDR; .NET CLR 3.0.4506.2152; .NET CLR 3.5.30729)"
217.112.109.65 - - [25/Jan/2011:09:26:54 +0100] "GET /img/layout/menubar.gif HTTP/1.0" 200 1302 "http://www.aziendaitalia.com/attivita-in-vendita/?gclid=CKy-ptX31KYCFQEOfAodrm70Mw" "Mozilla/4.0 (compatible; MSIE 8.0; Windows NT 5.1; Trident/4.0; .NET CLR 1.1.4322; .NET CLR 2.0.50727; .NET CLR 3.0.04506.30; MDDR; .NET CLR 3.0.4506.2152; .NET CLR 3.5.30729)"
217.112.109.65 - - [25/Jan/2011:09:26:54 +0100] "GET /img/layout/bg_sidebar_separator.gif HTTP/1.0" 200 106 "http://www.aziendaitalia.com/attivita-in-vendita/?gclid=CKy-ptX31KYCFQEOfAodrm70Mw" "Mozilla/4.0 (compatible; MSIE 8.0; Windows NT 5.1; Trident/4.0; .NET CLR 1.1.4322; .NET CLR 2.0.50727; .NET CLR 3.0.04506.30; MDDR; .NET CLR 3.0.4506.2152; .NET CLR 3.5.30729)"
217.112.109.65 - - [25/Jan/2011:09:26:54 +0100] "GET /img/thumb/phpThumb.php?src=/admin/img/1283511116_5135-4001Y-A.JPG&w=148&h=138&zc=1&q=90 HTTP/1.0" 200 9692 "http://www.aziendaitalia.com/attivita-in-vendita/?gclid=CKy-ptX31KYCFQEOfAodrm70Mw" "Mozilla/4.0 (compatible; MSIE 8.0; Windows NT 5.1; Trident/4.0; .NET CLR 1.1.4322; .NET CLR 2.0.50727; .NET CLR 3.0.04506.30; MDDR; .NET CLR 3.0.4506.2152; .NET CLR 3.5.30729)"
217.112.109.65 - - [25/Jan/2011:09:26:54 +0100] "GET /img/layout/bg_wrapper_sub.gif HTTP/1.0" 200 102 "http://www.aziendaitalia.com/attivita-in-vendita/?gclid=CKy-ptX31KYCFQEOfAodrm70Mw" "Mozilla/4.0 (compatible; MSIE 8.0; Windows NT 5.1; Trident/4.0; .NET CLR 1.1.4322; .NET CLR 2.0.50727; .NET CLR 3.0.04506.30; MDDR; .NET CLR 3.0.4506.2152; .NET CLR 3.5.30729)"
217.112.109.65 - - [25/Jan/2011:09:26:54 +0100] "GET /img/layout/header.gif HTTP/1.0" 200 15655 "http://www.aziendaitalia.com/attivita-in-vendita/?gclid=CKy-ptX31KYCFQEOfAodrm70Mw" "Mozilla/4.0 (compatible; MSIE 8.0; Windows NT 5.1; Trident/4.0; .NET CLR 1.1.4322; .NET CLR 2.0.50727; .NET CLR 3.0.04506.30; MDDR; .NET CLR 3.0.4506.2152; .NET CLR 3.5.30729)"
217.112.109.65 - - [25/Jan/2011:09:26:54 +0100] "GET /img/thumb/phpThumb.php?src=/admin/img/1295368730_5945-6289D-A.JPG&w=148&h=138&zc=1&q=90 HTTP/1.0" 200 9397 "http://www.aziendaitalia.com/attivita-in-vendita/?gclid=CKy-ptX31KYCFQEOfAodrm70Mw" "Mozilla/4.0 (compatible; MSIE 8.0; Windows NT 5.1; Trident/4.0; .NET CLR 1.1.4322; .NET CLR 2.0.50727; .NET CLR 3.0.04506.30; MDDR; .NET CLR 3.0.4506.2152; .NET CLR 3.5.30729)"
217.112.109.65 - - [25/Jan/2011:09:26:54 +0100] "GET /img/thumb/phpThumb.php?src=/admin/img/1284121274_8018-5308G-A.JPG&w=148&h=138&zc=1&q=90 HTTP/1.0" 200 7134 "http://www.aziendaitalia.com/attivita-in-vendita/?gclid=CKy-ptX31KYCFQEOfAodrm70Mw" "Mozilla/4.0 (compatible; MSIE 8.0; Windows NT 5.1; Trident/4.0; .NET CLR 1.1.4322; .NET CLR 2.0.50727; .NET CLR 3.0.04506.30; MDDR; .NET CLR 3.0.4506.2152; .NET CLR 3.5.30729)"
217.112.109.65 - - [25/Jan/2011:09:26:54 +0100] "GET /img/layout/dot.png HTTP/1.0" 200 2899 "http://www.aziendaitalia.com/attivita-in-vendita/?gclid=CKy-ptX31KYCFQEOfAodrm70Mw" "Mozilla/4.0 (compatible; MSIE 8.0; Windows NT 5.1; Trident/4.0; .NET CLR 1.1.4322; .NET CLR 2.0.50727; .NET CLR 3.0.04506.30; MDDR; .NET CLR 3.0.4506.2152; .NET CLR 3.5.30729)"
217.112.109.65 - - [25/Jan/2011:09:26:55 +0100] "GET /favicon.ico HTTP/1.0" 200 1406 "-" "Mozilla/4.0 (compatible; MSIE 8.0; Windows NT 5.1; Trident/4.0; .NET CLR 1.1.4322; .NET CLR 2.0.50727; .NET CLR 3.0.04506.30; MDDR; .NET CLR 3.0.4506.2152; .NET CLR 3.5.30729)"
95.75.155.117 - - [25/Jan/2011:09:26:57 +0100] "GET /attivita-in-vendita/ HTTP/1.1" 200 2294 "http://www.aziendaitalia.com/cedere-attivita/" "Mozilla/4.0 (compatible; MSIE 8.0; Windows NT 6.1; WOW64; Trident/4.0; SLCC2; .NET CLR 2.0.50727; .NET CLR 3.5.30729; .NET CLR 3.0.30729; Media Center PC 6.0; HPNTDF)"
95.75.155.117 - - [25/Jan/2011:09:26:57 +0100] "GET /attivita-in-vendita/ HTTP/1.1" 200 2294 "http://www.aziendaitalia.com/cedere-attivita/" "Mozilla/4.0 (compatible; MSIE 8.0; Windows NT 6.1; WOW64; Trident/4.0; SLCC2; .NET CLR 2.0.50727; .NET CLR 3.5.30729; .NET CLR 3.0.30729; Media Center PC 6.0; HPNTDF)"
78.134.86.178 - - [25/Jan/2011:09:27:00 +0100] "GET /cedere-attivita/ HTTP/1.1" 200 3958 "http://www.aziendaitalia.com/attivita-in-vendita/alberghi-ristoranti-bar-agriturismo-aziende-agricole_lombardia_m1_r9.html" "Mozilla/4.0 (compatible; MSIE 8.0; Windows NT 5.1; Trident/4.0; .NET CLR 2.0.50727; .NET CLR 3.0.4506.2152; .NET CLR 3.5.30729; InfoPath.2)"
78.134.86.178 - - [25/Jan/2011:09:27:05 +0100] "GET / HTTP/1.1" 200 2648 "http://www.aziendaitalia.com/cedere-attivita/" "Mozilla/4.0 (compatible; MSIE 8.0; Windows NT 5.1; Trident/4.0; .NET CLR 2.0.50727; .NET CLR 3.0.4506.2152; .NET CLR 3.5.30729; InfoPath.2)"
78.134.86.178 - - [25/Jan/2011:09:27:05 +0100] "GET /js/jquery.pngfix.pack.js HTTP/1.1" 200 2485 "http://www.aziendaitalia.com/" "Mozilla/4.0 (compatible; MSIE 8.0; Windows NT 5.1; Trident/4.0; .NET CLR 2.0.50727; .NET CLR 3.0.4506.2152; .NET CLR 3.5.30729; InfoPath.2)"
78.134.86.178 - - [25/Jan/2011:09:27:06 +0100] "GET /img/layout/content_bg.gif HTTP/1.1" 200 238 "http://www.aziendaitalia.com/" "Mozilla/4.0 (compatible; MSIE 8.0; Windows NT 5.1; Trident/4.0; .NET CLR 2.0.50727; .NET CLR 3.0.4506.2152; .NET CLR 3.5.30729; InfoPath.2)"
78.134.86.178 - - [25/Jan/2011:09:27:06 +0100] "GET /img/layout/bg_button_search.gif HTTP/1.1" 200 614 "http://www.aziendaitalia.com/" "Mozilla/4.0 (compatible; MSIE 8.0; Windows NT 5.1; Trident/4.0; .NET CLR 2.0.50727; .NET CLR 3.0.4506.2152; .NET CLR 3.5.30729; InfoPath.2)"
78.134.86.178 - - [25/Jan/2011:09:27:06 +0100] "GET /img/layout/tooltip.png HTTP/1.1" 200 3337 "http://www.aziendaitalia.com/" "Mozilla/4.0 (compatible; MSIE 8.0; Windows NT 5.1; Trident/4.0; .NET CLR 2.0.50727; .NET CLR 3.0.4506.2152; .NET CLR 3.5.30729; InfoPath.2)"
78.134.86.178 - - [25/Jan/2011:09:27:06 +0100] "GET /img/layout/bg_homepage_category_buttons.gif HTTP/1.1" 200 23956 "http://www.aziendaitalia.com/" "Mozilla/4.0 (compatible; MSIE 8.0; Windows NT 5.1; Trident/4.0; .NET CLR 2.0.50727; .NET CLR 3.0.4506.2152; .NET CLR 3.5.30729; InfoPath.2)"
95.75.155.117 - - [25/Jan/2011:09:27:09 +0100] "GET /attivita-in-vendita/a-firenze_p62.html HTTP/1.1" 200 4506 "http://www.aziendaitalia.com/attivita-in-vendita/" "Mozilla/4.0 (compatible; MSIE 8.0; Windows NT 6.1; WOW64; Trident/4.0; SLCC2; .NET CLR 2.0.50727; .NET CLR 3.5.30729; .NET CLR 3.0.30729; Media Center PC 6.0; HPNTDF)"
178.154.161.29 - - [25/Jan/2011:09:27:15 +0100] "GET /annunci/nord-italia/torino/8339.htm HTTP/1.1" 200 3117 "-" "Mozilla/5.0 (compatible; YandexBot/3.0; +http://yandex.com/bots)"
95.75.155.117 - - [25/Jan/2011:09:27:24 +0100] "GET /rilevare-attivita/ HTTP/1.1" 200 3679 "http://www.aziendaitalia.com/attivita-in-vendita/a-firenze_p62.html" "Mozilla/4.0 (compatible; MSIE 8.0; Windows NT 6.1; WOW64; Trident/4.0; SLCC2; .NET CLR 2.0.50727; .NET CLR 3.5.30729; .NET CLR 3.0.30729; Media Center PC 6.0; HPNTDF)"
87.29.41.25 - - [25/Jan/2011:09:27:23 +0100] "POST /invia-modulo.html HTTP/1.1" 200 1378 "http://www.aziendaitalia.com/rilevare-attivita/?gclid=CKPg5Kb31KYCFRIRfAodDhH4gA" "Mozilla/4.0 (compatible; MSIE 8.0; Windows NT 5.1; Trident/4.0; GTB6.5; SIMBAR={3C5B33E7-1E53-11E0-9C99-000FFE746884}; .NET CLR 1.1.4322; .NET CLR 2.0.50727; Hotbar 10.2.230.0; .NET CLR 3.0.4506.2152; .NET CLR 3.5.30729)"
217.112.109.65 - - [25/Jan/2011:09:27:28 +0100] "GET /cedere-attivita/ HTTP/1.0" 200 3958 "http://www.aziendaitalia.com/attivita-in-vendita/?gclid=CKy-ptX31KYCFQEOfAodrm70Mw" "Mozilla/4.0 (compatible; MSIE 8.0; Windows NT 5.1; Trident/4.0; .NET CLR 1.1.4322; .NET CLR 2.0.50727; .NET CLR 3.0.04506.30; MDDR; .NET CLR 3.0.4506.2152; .NET CLR 3.5.30729)"
217.112.109.65 - - [25/Jan/2011:09:27:28 +0100] "GET /css/style.css HTTP/1.0" 200 3366 "http://www.aziendaitalia.com/cedere-attivita/" "Mozilla/4.0 (compatible; MSIE 8.0; Windows NT 5.1; Trident/4.0; .NET CLR 1.1.4322; .NET CLR 2.0.50727; .NET CLR 3.0.04506.30; MDDR; .NET CLR 3.0.4506.2152; .NET CLR 3.5.30729)"
207.46.13.94 - - [25/Jan/2011:09:27:29 +0100] "GET /bancadati-scheda.php?idazienda=13438 HTTP/1.1" 404 277 "-" "Mozilla/5.0 (compatible; bingbot/2.0; +http://www.bing.com/bingbot.htm)"
87.29.41.25 - - [25/Jan/2011:09:27:32 +0100] "GET /attivita-in-vendita/ HTTP/1.1" 200 2294 "http://www.aziendaitalia.com/invia-modulo.html" "Mozilla/4.0 (compatible; MSIE 8.0; Windows NT 5.1; Trident/4.0; GTB6.5; SIMBAR={3C5B33E7-1E53-11E0-9C99-000FFE746884}; .NET CLR 1.1.4322; .NET CLR 2.0.50727; Hotbar 10.2.230.0; .NET CLR 3.0.4506.2152; .NET CLR 3.5.30729)"
87.29.41.25 - - [25/Jan/2011:09:27:32 +0100] "GET /css/style.css HTTP/1.1" 200 3366 "http://www.aziendaitalia.com/attivita-in-vendita/" "Mozilla/4.0 (compatible; MSIE 8.0; Windows NT 5.1; Trident/4.0; GTB6.5; SIMBAR={3C5B33E7-1E53-11E0-9C99-000FFE746884}; .NET CLR 1.1.4322; .NET CLR 2.0.50727; Hotbar 10.2.230.0; .NET CLR 3.0.4506.2152; .NET CLR 3.5.30729)"
72.5.230.111 - - [25/Jan/2011:09:27:33 +0100] "HEAD / HTTP/1.1" 200 - "-" "Site 24 X 7"
87.29.41.25 - - [25/Jan/2011:09:27:33 +0100] "GET /img/layout/dot.png HTTP/1.1" 200 2899 "http://www.aziendaitalia.com/attivita-in-vendita/" "Mozilla/4.0 (compatible; MSIE 8.0; Windows NT 5.1; Trident/4.0; GTB6.5; SIMBAR={3C5B33E7-1E53-11E0-9C99-000FFE746884}; .NET CLR 1.1.4322; .NET CLR 2.0.50727; Hotbar 10.2.230.0; .NET CLR 3.0.4506.2152; .NET CLR 3.5.30729)"
87.29.41.25 - - [25/Jan/2011:09:27:33 +0100] "GET /img/thumb/phpThumb.php?src=/admin/img/1283511116_5135-4001Y-A.JPG&w=148&h=138&zc=1&q=90 HTTP/1.1" 200 9692 "http://www.aziendaitalia.com/attivita-in-vendita/" "Mozilla/4.0 (compatible; MSIE 8.0; Windows NT 5.1; Trident/4.0; GTB6.5; SIMBAR={3C5B33E7-1E53-11E0-9C99-000FFE746884}; .NET CLR 1.1.4322; .NET CLR 2.0.50727; Hotbar 10.2.230.0; .NET CLR 3.0.4506.2152; .NET CLR 3.5.30729)"
87.29.41.25 - - [25/Jan/2011:09:27:33 +0100] "GET /img/thumb/phpThumb.php?src=/admin/img/1295368730_5945-6289D-A.JPG&w=148&h=138&zc=1&q=90 HTTP/1.1" 200 9397 "http://www.aziendaitalia.com/attivita-in-vendita/" "Mozilla/4.0 (compatible; MSIE 8.0; Windows NT 5.1; Trident/4.0; GTB6.5; SIMBAR={3C5B33E7-1E53-11E0-9C99-000FFE746884}; .NET CLR 1.1.4322; .NET CLR 2.0.50727; Hotbar 10.2.230.0; .NET CLR 3.0.4506.2152; .NET CLR 3.5.30729)"
87.29.41.25 - - [25/Jan/2011:09:27:33 +0100] "GET /img/thumb/phpThumb.php?src=/admin/img/1284121274_8018-5308G-A.JPG&w=148&h=138&zc=1&q=90 HTTP/1.1" 200 7134 "http://www.aziendaitalia.com/attivita-in-vendita/" "Mozilla/4.0 (compatible; MSIE 8.0; Windows NT 5.1; Trident/4.0; GTB6.5; SIMBAR={3C5B33E7-1E53-11E0-9C99-000FFE746884}; .NET CLR 1.1.4322; .NET CLR 2.0.50727; Hotbar 10.2.230.0; .NET CLR 3.0.4506.2152; .NET CLR 3.5.30729)"
66.249.71.212 - - [25/Jan/2011:09:27:46 +0100] "GET /attivita-in-vendita/telefonia-impianti-apparecchi_suditalia_s215_mr3.html?page=35 HTTP/1.1" 200 2464 "-" "Mozilla/5.0 (compatible; Googlebot/2.1; +http://www.google.com/bot.html)"
78.134.86.178 - - [25/Jan/2011:09:27:46 +0100] "GET /attivita-in-vendita/alberghi-ristoranti-bar-agriturismo-aziende-agricole_m1.html HTTP/1.1" 200 3665 "http://www.aziendaitalia.com/" "Mozilla/4.0 (compatible; MSIE 8.0; Windows NT 5.1; Trident/4.0; .NET CLR 2.0.50727; .NET CLR 3.0.4506.2152; .NET CLR 3.5.30729; InfoPath.2)"
66.249.71.212 - - [25/Jan/2011:09:27:46 +0100] "GET /attivita-in-vendita/industria-manufatti-in-metallo_suditalia_c86_mr3.html?page=36 HTTP/1.1" 200 2458 "-" "Mozilla/5.0 (compatible; Googlebot/2.1; +http://www.google.com/bot.html)"
66.249.71.212 - - [25/Jan/2011:09:27:47 +0100] "GET /attivita-in-vendita/bed-breakfast_suditalia_s153_mr3.html?page=28 HTTP/1.1" 200 2528 "-" "Mozilla/5.0 (compatible; Googlebot/2.1; +http://www.google.com/bot.html)"
66.249.71.212 - - [25/Jan/2011:09:27:48 +0100] "GET /attivita-in-vendita/bed-breakfast_isole_s153_mr4.html?page=29 HTTP/1.1" 200 2362 "-" "Mozilla/5.0 (compatible; Googlebot/2.1; +http://www.google.com/bot.html)"
66.249.71.212 - - [25/Jan/2011:09:27:48 +0100] "GET /attivita-in-vendita/viti-bulloni-rivetti-rondelle_suditalia_s440_mr3.html?page=35 HTTP/1.1" 200 2462 "-" "Mozilla/5.0 (compatible; Googlebot/2.1; +http://www.google.com/bot.html)"
66.249.71.212 - - [25/Jan/2011:09:27:49 +0100] "GET /attivita-in-vendita/articoli-per-il-giardinaggio-serre_isole_s18_mr4.html?page=35 HTTP/1.1" 200 2374 "-" "Mozilla/5.0 (compatible; Googlebot/2.1; +http://www.google.com/bot.html)"
66.249.71.212 - - [25/Jan/2011:09:27:49 +0100] "GET /attivita-in-vendita/medicali-articoli-commercio_centroitalia_s76_mr2.html?page=35 HTTP/1.1" 200 2537 "-" "Mozilla/5.0 (compatible; Googlebot/2.1; +http://www.google.com/bot.html)"
67.195.115.117 - - [25/Jan/2011:09:27:50 +0100] "GET /attivita/acquisto-aziende-cedute.htm HTTP/1.0" 200 2074 "-" "Mozilla/5.0 (compatible; Yahoo! Slurp; http://help.yahoo.com/help/us/ysearch/slurp)"
66.249.71.212 - - [25/Jan/2011:09:27:50 +0100] "GET /attivita-in-vendita/librerie_isole_s51_mr4.html?page=36 HTTP/1.1" 200 2533 "-" "Mozilla/5.0 (compatible; Googlebot/2.1; +http://www.google.com/bot.html)"
66.249.71.212 - - [25/Jan/2011:09:27:51 +0100] "GET /attivita-in-vendita/altre-attivit%C3%A0-n-a-c-_centroitalia_s355_mr2.html?page=55 HTTP/1.1" 200 2508 "-" "Mozilla/5.0 (compatible; Googlebot/2.1; +http://www.google.com/bot.html)"
66.249.71.212 - - [25/Jan/2011:09:27:51 +0100] "GET /attivita-in-vendita/impianti-idraulici-termoidraulici_isole_s340_mr4.html?page=35 HTTP/1.1" 200 2329 "-" "Mozilla/5.0 (compatible; Googlebot/2.1; +http://www.google.com/bot.html)"
66.249.71.212 - - [25/Jan/2011:09:27:52 +0100] "GET /attivita-in-vendita/bed-breakfast_norditalia_s153_mr1.html?page=30 HTTP/1.1" 200 2746 "-" "Mozilla/5.0 (compatible; Googlebot/2.1; +http://www.google.com/bot.html)"
95.75.155.117 - - [25/Jan/2011:09:27:58 +0100] "GET /attivita-in-vendita/ HTTP/1.1" 200 2294 "http://www.aziendaitalia.com/rilevare-attivita/" "Mozilla/4.0 (compatible; MSIE 8.0; Windows NT 6.1; WOW64; Trident/4.0; SLCC2; .NET CLR 2.0.50727; .NET CLR 3.5.30729; .NET CLR 3.0.30729; Media Center PC 6.0; HPNTDF)"
66.249.71.212 - - [25/Jan/2011:09:27:58 +0100] "GET /attivita-in-vendita/agenti-di-assicurazione-e-servizi_estero_s223_n2.html?page=63 HTTP/1.1" 200 1736 "-" "Mozilla/5.0 (compatible; Googlebot/2.1; +http://www.google.com/bot.html)"
93.64.193.95 - - [25/Jan/2011:09:27:58 +0100] "GET /rilevare-attivita/?gclid=CJm66vP31KYCFcwmfAodaA2KKg HTTP/1.1" 200 3715 "http://www.icitta.it/attivita_commerciali-scilla-1-1-r.html" "Mozilla/4.0 (compatible; MSIE 8.0; Windows NT 5.1; Trident/4.0; .NET CLR 1.1.4322; .NET CLR 2.0.50727; .NET CLR 3.0.4506.2152; .NET CLR 3.5.30729; MAAU; OfficeLiveConnector.1.3; OfficeLivePatch.0.0)"
93.64.193.95 - - [25/Jan/2011:09:27:59 +0100] "GET /css/style.css HTTP/1.1" 200 3366 "http://www.aziendaitalia.com/rilevare-attivita/?gclid=CJm66vP31KYCFcwmfAodaA2KKg" "Mozilla/4.0 (compatible; MSIE 8.0; Windows NT 5.1; Trident/4.0; .NET CLR 1.1.4322; .NET CLR 2.0.50727; .NET CLR 3.0.4506.2152; .NET CLR 3.5.30729; MAAU; OfficeLiveConnector.1.3; OfficeLivePatch.0.0)"
93.64.193.95 - - [25/Jan/2011:09:27:59 +0100] "GET /css/style.css HTTP/1.1" 200 3366 "http://www.aziendaitalia.com/rilevare-attivita/?gclid=CJm66vP31KYCFcwmfAodaA2KKg" "Mozilla/4.0 (compatible; MSIE 8.0; Windows NT 5.1; Trident/4.0; .NET CLR 1.1.4322; .NET CLR 2.0.50727; .NET CLR 3.0.4506.2152; .NET CLR 3.5.30729; MAAU; OfficeLiveConnector.1.3; OfficeLivePatch.0.0)"
93.64.193.95 - - [25/Jan/2011:09:27:59 +0100] "GET /js/jquery-1.4.2.min.js HTTP/1.1" 200 72174 "http://www.aziendaitalia.com/rilevare-attivita/?gclid=CJm66vP31KYCFcwmfAodaA2KKg" "Mozilla/4.0 (compatible; MSIE 8.0; Windows NT 5.1; Trident/4.0; .NET CLR 1.1.4322; .NET CLR 2.0.50727; .NET CLR 3.0.4506.2152; .NET CLR 3.5.30729; MAAU; OfficeLiveConnector.1.3; OfficeLivePatch.0.0)"
93.64.193.95 - - [25/Jan/2011:09:28:00 +0100] "GET /js/general.js HTTP/1.1" 200 5776 "http://www.aziendaitalia.com/rilevare-attivita/?gclid=CJm66vP31KYCFcwmfAodaA2KKg" "Mozilla/4.0 (compatible; MSIE 8.0; Windows NT 5.1; Trident/4.0; .NET CLR 1.1.4322; .NET CLR 2.0.50727; .NET CLR 3.0.4506.2152; .NET CLR 3.5.30729; MAAU; OfficeLiveConnector.1.3; OfficeLivePatch.0.0)"
93.64.193.95 - - [25/Jan/2011:09:28:00 +0100] "GET /img/layout/bg_wrapper_sub.gif HTTP/1.1" 200 102 "http://www.aziendaitalia.com/rilevare-attivita/?gclid=CJm66vP31KYCFcwmfAodaA2KKg" "Mozilla/4.0 (compatible; MSIE 8.0; Windows NT 5.1; Trident/4.0; .NET CLR 1.1.4322; .NET CLR 2.0.50727; .NET CLR 3.0.4506.2152; .NET CLR 3.5.30729; MAAU; OfficeLiveConnector.1.3; OfficeLivePatch.0.0)"
93.64.193.95 - - [25/Jan/2011:09:28:00 +0100] "GET /img/layout/menubar.gif HTTP/1.1" 200 1302 "http://www.aziendaitalia.com/rilevare-attivita/?gclid=CJm66vP31KYCFcwmfAodaA2KKg" "Mozilla/4.0 (compatible; MSIE 8.0; Windows NT 5.1; Trident/4.0; .NET CLR 1.1.4322; .NET CLR 2.0.50727; .NET CLR 3.0.4506.2152; .NET CLR 3.5.30729; MAAU; OfficeLiveConnector.1.3; OfficeLivePatch.0.0)"
93.64.193.95 - - [25/Jan/2011:09:28:00 +0100] "GET /img/layout/header.gif HTTP/1.1" 200 15655 "http://www.aziendaitalia.com/rilevare-attivita/?gclid=CJm66vP31KYCFcwmfAodaA2KKg" "Mozilla/4.0 (compatible; MSIE 8.0; Windows NT 5.1; Trident/4.0; .NET CLR 1.1.4322; .NET CLR 2.0.50727; .NET CLR 3.0.4506.2152; .NET CLR 3.5.30729; MAAU; OfficeLiveConnector.1.3; OfficeLivePatch.0.0)"
93.64.193.95 - - [25/Jan/2011:09:28:00 +0100] "GET /img/layout/bg_sidebar_separator.gif HTTP/1.1" 200 106 "http://www.aziendaitalia.com/rilevare-attivita/?gclid=CJm66vP31KYCFcwmfAodaA2KKg" "Mozilla/4.0 (compatible; MSIE 8.0; Windows NT 5.1; Trident/4.0; .NET CLR 1.1.4322; .NET CLR 2.0.50727; .NET CLR 3.0.4506.2152; .NET CLR 3.5.30729; MAAU; OfficeLiveConnector.1.3; OfficeLivePatch.0.0)"
93.64.193.95 - - [25/Jan/2011:09:28:00 +0100] "GET /favicon.ico HTTP/1.1" 200 1406 "-" "Mozilla/4.0 (compatible; MSIE 8.0; Windows NT 5.1; Trident/4.0; .NET CLR 1.1.4322; .NET CLR 2.0.50727; .NET CLR 3.0.4506.2152; .NET CLR 3.5.30729; MAAU; OfficeLiveConnector.1.3; OfficeLivePatch.0.0)"
87.29.41.25 - - [25/Jan/2011:09:28:07 +0100] "GET /cedere-attivita/ HTTP/1.1" 200 3958 "http://www.aziendaitalia.com/attivita-in-vendita/" "Mozilla/4.0 (compatible; MSIE 8.0; Windows NT 5.1; Trident/4.0; GTB6.5; SIMBAR={3C5B33E7-1E53-11E0-9C99-000FFE746884}; .NET CLR 1.1.4322; .NET CLR 2.0.50727; Hotbar 10.2.230.0; .NET CLR 3.0.4506.2152; .NET CLR 3.5.30729)"
66.249.71.212 - - [25/Jan/2011:09:28:09 +0100] "GET /attivita-in-vendita/altre-attivit%C3%A0-n-a-c-_estero_s355_n2.html?page=50 HTTP/1.1" 200 1717 "-" "Mozilla/5.0 (compatible; Googlebot/2.1; +http://www.google.com/bot.html)"
66.249.71.212 - - [25/Jan/2011:09:28:10 +0100] "GET /attivita-in-vendita/grande-distribuzione_centroitalia_c12_mr2.html?page=36 HTTP/1.1" 200 2597 "-" "Mozilla/5.0 (compatible; Googlebot/2.1; +http://www.google.com/bot.html)"
66.249.71.212 - - [25/Jan/2011:09:28:10 +0100] "GET /attivita-in-vendita/medicali-articoli-commercio_isole_s76_mr4.html?page=35 HTTP/1.1" 200 2326 "-" "Mozilla/5.0 (compatible; Googlebot/2.1; +http://www.google.com/bot.html)"
66.249.71.212 - - [25/Jan/2011:09:28:11 +0100] "GET /attivita-in-vendita/servizi-di-riparazione_suditalia_s279_mr3.html?page=35 HTTP/1.1" 200 2447 "-" "Mozilla/5.0 (compatible; Googlebot/2.1; +http://www.google.com/bot.html)"
66.249.71.212 - - [25/Jan/2011:09:28:12 +0100] "GET /attivita-in-vendita/carpenterie-metalliche_suditalia_s432_mr3.html?page=35 HTTP/1.1" 200 2446 "-" "Mozilla/5.0 (compatible; Googlebot/2.1; +http://www.google.com/bot.html)"
72.5.230.111 - - [25/Jan/2011:09:28:33 +0100] "HEAD / HTTP/1.1" 200 - "-" "Site 24 X 7"
78.134.86.178 - - [25/Jan/2011:09:28:34 +0100] "GET /rilevare-attivita/ HTTP/1.1" 200 3679 "http://www.aziendaitalia.com/attivita-in-vendita/alberghi-ristoranti-bar-agriturismo-aziende-agricole_m1.html" "Mozilla/4.0 (compatible; MSIE 8.0; Windows NT 5.1; Trident/4.0; .NET CLR 2.0.50727; .NET CLR 3.0.4506.2152; .NET CLR 3.5.30729; InfoPath.2)"
66.249.71.212 - - [25/Jan/2011:09:28:39 +0100] "GET /news/2006/ottobre/ott02.htm HTTP/1.1" 304 - "-" "Mozilla/5.0 (compatible; Googlebot/2.1; +http://www.google.com/bot.html)"
87.8.9.68 - - [25/Jan/2011:09:28:44 +0100] "GET /rilevare-attivita/?gclid=CJvu2In41KYCFUEOfAod7Vj_Mw HTTP/1.1" 200 3711 "http://www.treviso.cazar.it/risultati_ricerca.php?ricerca_v_a=3&ricerca_tipologia=12&osCsidTV=f20df44b01efabef67f81f02f299ad1a" "Mozilla/4.0 (compatible; MSIE 8.0; Windows NT 6.1; Trident/4.0; SLCC2; .NET CLR 2.0.50727; .NET CLR 3.5.30729; .NET CLR 3.0.30729; Media Center PC 6.0; InfoPath.3; .NET4.0C)"
87.8.9.68 - - [25/Jan/2011:09:28:44 +0100] "GET /css/style.css HTTP/1.1" 200 3366 "http://www.aziendaitalia.com/rilevare-attivita/?gclid=CJvu2In41KYCFUEOfAod7Vj_Mw" "Mozilla/4.0 (compatible; MSIE 8.0; Windows NT 6.1; Trident/4.0; SLCC2; .NET CLR 2.0.50727; .NET CLR 3.5.30729; .NET CLR 3.0.30729; Media Center PC 6.0; InfoPath.3; .NET4.0C)"
87.8.9.68 - - [25/Jan/2011:09:28:44 +0100] "GET /js/jquery-1.4.2.min.js HTTP/1.1" 304 - "http://www.aziendaitalia.com/rilevare-attivita/?gclid=CJvu2In41KYCFUEOfAod7Vj_Mw" "Mozilla/4.0 (compatible; MSIE 8.0; Windows NT 6.1; Trident/4.0; SLCC2; .NET CLR 2.0.50727; .NET CLR 3.5.30729; .NET CLR 3.0.30729; Media Center PC 6.0; InfoPath.3; .NET4.0C)"
87.8.9.68 - - [25/Jan/2011:09:28:44 +0100] "GET /js/general.js HTTP/1.1" 304 - "http://www.aziendaitalia.com/rilevare-attivita/?gclid=CJvu2In41KYCFUEOfAod7Vj_Mw" "Mozilla/4.0 (compatible; MSIE 8.0; Windows NT 6.1; Trident/4.0; SLCC2; .NET CLR 2.0.50727; .NET CLR 3.5.30729; .NET CLR 3.0.30729; Media Center PC 6.0; InfoPath.3; .NET4.0C)"
87.8.9.68 - - [25/Jan/2011:09:28:45 +0100] "GET /img/layout/menubar.gif HTTP/1.1" 304 - "http://www.aziendaitalia.com/rilevare-attivita/?gclid=CJvu2In41KYCFUEOfAod7Vj_Mw" "Mozilla/4.0 (compatible; MSIE 8.0; Windows NT 6.1; Trident/4.0; SLCC2; .NET CLR 2.0.50727; .NET CLR 3.5.30729; .NET CLR 3.0.30729; Media Center PC 6.0; InfoPath.3; .NET4.0C)"
87.8.9.68 - - [25/Jan/2011:09:28:45 +0100] "GET /img/layout/bg_wrapper_sub.gif HTTP/1.1" 304 - "http://www.aziendaitalia.com/rilevare-attivita/?gclid=CJvu2In41KYCFUEOfAod7Vj_Mw" "Mozilla/4.0 (compatible; MSIE 8.0; Windows NT 6.1; Trident/4.0; SLCC2; .NET CLR 2.0.50727; .NET CLR 3.5.30729; .NET CLR 3.0.30729; Media Center PC 6.0; InfoPath.3; .NET4.0C)"
87.8.9.68 - - [25/Jan/2011:09:28:45 +0100] "GET /img/layout/header.gif HTTP/1.1" 304 - "http://www.aziendaitalia.com/rilevare-attivita/?gclid=CJvu2In41KYCFUEOfAod7Vj_Mw" "Mozilla/4.0 (compatible; MSIE 8.0; Windows NT 6.1; Trident/4.0; SLCC2; .NET CLR 2.0.50727; .NET CLR 3.5.30729; .NET CLR 3.0.30729; Media Center PC 6.0; InfoPath.3; .NET4.0C)"
87.8.9.68 - - [25/Jan/2011:09:28:45 +0100] "GET /img/layout/bg_sidebar_separator.gif HTTP/1.1" 304 - "http://www.aziendaitalia.com/rilevare-attivita/?gclid=CJvu2In41KYCFUEOfAod7Vj_Mw" "Mozilla/4.0 (compatible; MSIE 8.0; Windows NT 6.1; Trident/4.0; SLCC2; .NET CLR 2.0.50727; .NET CLR 3.5.30729; .NET CLR 3.0.30729; Media Center PC 6.0; InfoPath.3; .NET4.0C)"
207.46.12.239 - - [25/Jan/2011:09:29:01 +0100] "GET /attivita-in-vendita/a-taranto_p57.html HTTP/1.1" 200 3857 "-" "Mozilla/5.0 (compatible; bingbot/2.0; +http://www.bing.com/bingbot.htm)"
66.249.71.212 - - [25/Jan/2011:09:29:08 +0100] "GET /attivita-in-vendita/radio-televisioni-hi-fi_suditalia_s45_mr3.html?page=35 HTTP/1.1" 200 2565 "-" "Mozilla/5.0 (compatible; Googlebot/2.1; +http://www.google.com/bot.html)"
87.8.9.68 - - [25/Jan/2011:09:29:23 +0100] "GET /attivita-in-vendita/ HTTP/1.1" 200 2294 "http://www.aziendaitalia.com/rilevare-attivita/?gclid=CJvu2In41KYCFUEOfAod7Vj_Mw" "Mozilla/4.0 (compatible; MSIE 8.0; Windows NT 6.1; Trident/4.0; SLCC2; .NET CLR 2.0.50727; .NET CLR 3.5.30729; .NET CLR 3.0.30729; Media Center PC 6.0; InfoPath.3; .NET4.0C)"
87.8.9.68 - - [25/Jan/2011:09:29:23 +0100] "GET /img/thumb/phpThumb.php?src=/admin/img/1283511116_5135-4001Y-A.JPG&w=148&h=138&zc=1&q=90 HTTP/1.1" 200 9692 "http://www.aziendaitalia.com/attivita-in-vendita/" "Mozilla/4.0 (compatible; MSIE 8.0; Windows NT 6.1; Trident/4.0; SLCC2; .NET CLR 2.0.50727; .NET CLR 3.5.30729; .NET CLR 3.0.30729; Media Center PC 6.0; InfoPath.3; .NET4.0C)"
87.8.9.68 - - [25/Jan/2011:09:29:23 +0100] "GET /img/thumb/phpThumb.php?src=/admin/img/1295368730_5945-6289D-A.JPG&w=148&h=138&zc=1&q=90 HTTP/1.1" 200 9397 "http://www.aziendaitalia.com/attivita-in-vendita/" "Mozilla/4.0 (compatible; MSIE 8.0; Windows NT 6.1; Trident/4.0; SLCC2; .NET CLR 2.0.50727; .NET CLR 3.5.30729; .NET CLR 3.0.30729; Media Center PC 6.0; InfoPath.3; .NET4.0C)"
87.8.9.68 - - [25/Jan/2011:09:29:24 +0100] "GET /img/thumb/phpThumb.php?src=/admin/img/1284121274_8018-5308G-A.JPG&w=148&h=138&zc=1&q=90 HTTP/1.1" 200 7134 "http://www.aziendaitalia.com/attivita-in-vendita/" "Mozilla/4.0 (compatible; MSIE 8.0; Windows NT 6.1; Trident/4.0; SLCC2; .NET CLR 2.0.50727; .NET CLR 3.5.30729; .NET CLR 3.0.30729; Media Center PC 6.0; InfoPath.3; .NET4.0C)"
87.8.9.68 - - [25/Jan/2011:09:29:24 +0100] "GET /img/layout/dot.png HTTP/1.1" 304 - "http://www.aziendaitalia.com/attivita-in-vendita/" "Mozilla/4.0 (compatible; MSIE 8.0; Windows NT 6.1; Trident/4.0; SLCC2; .NET CLR 2.0.50727; .NET CLR 3.5.30729; .NET CLR 3.0.30729; Media Center PC 6.0; InfoPath.3; .NET4.0C)"
95.75.155.117 - - [25/Jan/2011:09:29:24 +0100] "GET /attivita-in-vendita/a-firenze_p62.html HTTP/1.1" 200 4506 "http://www.aziendaitalia.com/attivita-in-vendita/" "Mozilla/4.0 (compatible; MSIE 8.0; Windows NT 6.1; WOW64; Trident/4.0; SLCC2; .NET CLR 2.0.50727; .NET CLR 3.5.30729; .NET CLR 3.0.30729; Media Center PC 6.0; HPNTDF)"
78.134.86.178 - - [25/Jan/2011:09:29:26 +0100] "GET /rilevare-attivita/l-importanza-della-scelta.html HTTP/1.1" 200 2168 "http://www.aziendaitalia.com/rilevare-attivita/" "Mozilla/4.0 (compatible; MSIE 8.0; Windows NT 5.1; Trident/4.0; .NET CLR 2.0.50727; .NET CLR 3.0.4506.2152; .NET CLR 3.5.30729; InfoPath.2)"
178.154.161.29 - - [25/Jan/2011:09:29:29 +0100] "GET /annunci/nord-italia/torino/8982.htm HTTP/1.1" 200 3287 "-" "Mozilla/5.0 (compatible; YandexBot/3.0; +http://yandex.com/bots)"
87.8.9.68 - - [25/Jan/2011:09:29:31 +0100] "GET /attivita-in-vendita/cerca-ristorante.html HTTP/1.1" 200 5386 "http://www.aziendaitalia.com/attivita-in-vendita/" "Mozilla/4.0 (compatible; MSIE 8.0; Windows NT 6.1; Trident/4.0; SLCC2; .NET CLR 2.0.50727; .NET CLR 3.5.30729; .NET CLR 3.0.30729; Media Center PC 6.0; InfoPath.3; .NET4.0C)"
87.8.9.68 - - [25/Jan/2011:09:29:31 +0100] "GET /css/style.css HTTP/1.1" 200 3366 "http://www.aziendaitalia.com/attivita-in-vendita/cerca-ristorante.html" "Mozilla/4.0 (compatible; MSIE 8.0; Windows NT 6.1; Trident/4.0; SLCC2; .NET CLR 2.0.50727; .NET CLR 3.5.30729; .NET CLR 3.0.30729; Media Center PC 6.0; InfoPath.3; .NET4.0C)"
72.5.230.111 - - [25/Jan/2011:09:29:34 +0100] "HEAD / HTTP/1.1" 200 - "-" "Site 24 X 7"
88.62.190.50 - - [25/Jan/2011:09:29:36 +0100] "GET /vendere-negozi-bologna.php?gclid=CM73waL41KYCFYVjfAoduQj1Mw HTTP/1.1" 200 3972 "http://it.ask.com/web?l=sem&ifr=1&qsrc=999&q=NEGOZI%20CALZATURE%20FRAU%20BOLOGNA&siteid=4093&sq=1&o=4093&ar_uid=234578e0629baf0dbb4ab074d5cdb87d3732b418" "Mozilla/4.0 (compatible; MSIE 8.0; Windows NT 6.1; Trident/4.0; GTB6.6; SLCC2; .NET CLR 2.0.50727; .NET CLR 3.5.30729; .NET CLR 3.0.30729; Media Center PC 6.0)"
88.62.190.50 - - [25/Jan/2011:09:29:36 +0100] "GET /css/style.css HTTP/1.1" 200 3366 "http://www.aziendaitalia.com/vendere-negozi-bologna.php?gclid=CM73waL41KYCFYVjfAoduQj1Mw" "Mozilla/4.0 (compatible; MSIE 8.0; Windows NT 6.1; Trident/4.0; GTB6.6; SLCC2; .NET CLR 2.0.50727; .NET CLR 3.5.30729; .NET CLR 3.0.30729; Media Center PC 6.0)"
88.62.190.50 - - [25/Jan/2011:09:29:36 +0100] "GET /js/jquery-1.4.2.min.js HTTP/1.1" 200 72174 "http://www.aziendaitalia.com/vendere-negozi-bologna.php?gclid=CM73waL41KYCFYVjfAoduQj1Mw" "Mozilla/4.0 (compatible; MSIE 8.0; Windows NT 6.1; Trident/4.0; GTB6.6; SLCC2; .NET CLR 2.0.50727; .NET CLR 3.5.30729; .NET CLR 3.0.30729; Media Center PC 6.0)"
88.62.190.50 - - [25/Jan/2011:09:29:36 +0100] "GET /js/general.js HTTP/1.1" 200 5776 "http://www.aziendaitalia.com/vendere-negozi-bologna.php?gclid=CM73waL41KYCFYVjfAoduQj1Mw" "Mozilla/4.0 (compatible; MSIE 8.0; Windows NT 6.1; Trident/4.0; GTB6.6; SLCC2; .NET CLR 2.0.50727; .NET CLR 3.5.30729; .NET CLR 3.0.30729; Media Center PC 6.0)"
88.62.190.50 - - [25/Jan/2011:09:29:37 +0100] "GET /img/icona-negozi.jpg HTTP/1.1" 200 69156 "http://www.aziendaitalia.com/vendere-negozi-bologna.php?gclid=CM73waL41KYCFYVjfAoduQj1Mw" "Mozilla/4.0 (compatible; MSIE 8.0; Windows NT 6.1; Trident/4.0; GTB6.6; SLCC2; .NET CLR 2.0.50727; .NET CLR 3.5.30729; .NET CLR 3.0.30729; Media Center PC 6.0)"
88.62.190.50 - - [25/Jan/2011:09:29:37 +0100] "GET /img/layout/menubar.gif HTTP/1.1" 200 1302 "http://www.aziendaitalia.com/vendere-negozi-bologna.php?gclid=CM73waL41KYCFYVjfAoduQj1Mw" "Mozilla/4.0 (compatible; MSIE 8.0; Windows NT 6.1; Trident/4.0; GTB6.6; SLCC2; .NET CLR 2.0.50727; .NET CLR 3.5.30729; .NET CLR 3.0.30729; Media Center PC 6.0)"
88.62.190.50 - - [25/Jan/2011:09:29:37 +0100] "GET /img/layout/bg_wrapper_sub.gif HTTP/1.1" 200 102 "http://www.aziendaitalia.com/vendere-negozi-bologna.php?gclid=CM73waL41KYCFYVjfAoduQj1Mw" "Mozilla/4.0 (compatible; MSIE 8.0; Windows NT 6.1; Trident/4.0; GTB6.6; SLCC2; .NET CLR 2.0.50727; .NET CLR 3.5.30729; .NET CLR 3.0.30729; Media Center PC 6.0)"
88.62.190.50 - - [25/Jan/2011:09:29:37 +0100] "GET /img/layout/bg_sidebar_separator.gif HTTP/1.1" 200 106 "http://www.aziendaitalia.com/vendere-negozi-bologna.php?gclid=CM73waL41KYCFYVjfAoduQj1Mw" "Mozilla/4.0 (compatible; MSIE 8.0; Windows NT 6.1; Trident/4.0; GTB6.6; SLCC2; .NET CLR 2.0.50727; .NET CLR 3.5.30729; .NET CLR 3.0.30729; Media Center PC 6.0)"
88.62.190.50 - - [25/Jan/2011:09:29:37 +0100] "GET /img/layout/header.gif HTTP/1.1" 200 15655 "http://www.aziendaitalia.com/vendere-negozi-bologna.php?gclid=CM73waL41KYCFYVjfAoduQj1Mw" "Mozilla/4.0 (compatible; MSIE 8.0; Windows NT 6.1; Trident/4.0; GTB6.6; SLCC2; .NET CLR 2.0.50727; .NET CLR 3.5.30729; .NET CLR 3.0.30729; Media Center PC 6.0)"
88.62.190.50 - - [25/Jan/2011:09:29:37 +0100] "GET /favicon.ico HTTP/1.1" 200 1406 "-" "Mozilla/4.0 (compatible; MSIE 8.0; Windows NT 6.1; Trident/4.0; GTB6.6; SLCC2; .NET CLR 2.0.50727; .NET CLR 3.5.30729; .NET CLR 3.0.30729; Media Center PC 6.0)"
88.59.227.11 - - [25/Jan/2011:09:29:47 +0100] "GET / HTTP/1.1" 200 2648 "http://www.google.it/search?sourceid=navclient&aq=0&oq=AZIENDAIT&hl=it&ie=UTF-8&rlz=1T4ADFA_itIT395IT395&q=azienda+italia" "Mozilla/4.0 (compatible; MSIE 8.0; Windows NT 5.1; Trident/4.0; GTB6.6; .NET CLR 2.0.50727; .NET CLR 3.0.4506.2152; .NET CLR 3.5.30729; CMDTDF; InfoPath.1)"
88.59.227.11 - - [25/Jan/2011:09:29:47 +0100] "GET /css/style.css HTTP/1.1" 200 3366 "http://www.aziendaitalia.com/" "Mozilla/4.0 (compatible; MSIE 8.0; Windows NT 5.1; Trident/4.0; GTB6.6; .NET CLR 2.0.50727; .NET CLR 3.0.4506.2152; .NET CLR 3.5.30729; CMDTDF; InfoPath.1)"
87.8.9.68 - - [25/Jan/2011:09:29:48 +0100] "GET /attivita-in-vendita/alberghi-ristoranti-bar-agriturismo-aziende-agricole_m1.html HTTP/1.1" 200 3665 "http://www.aziendaitalia.com/attivita-in-vendita/" "Mozilla/4.0 (compatible; MSIE 8.0; Windows NT 6.1; Trident/4.0; SLCC2; .NET CLR 2.0.50727; .NET CLR 3.5.30729; .NET CLR 3.0.30729; Media Center PC 6.0; InfoPath.3; .NET4.0C)"
88.59.227.11 - - [25/Jan/2011:09:29:47 +0100] "GET /js/jquery-1.4.2.min.js HTTP/1.1" 200 72174 "http://www.aziendaitalia.com/" "Mozilla/4.0 (compatible; MSIE 8.0; Windows NT 5.1; Trident/4.0; GTB6.6; .NET CLR 2.0.50727; .NET CLR 3.0.4506.2152; .NET CLR 3.5.30729; CMDTDF; InfoPath.1)"
88.59.227.11 - - [25/Jan/2011:09:29:49 +0100] "GET /js/jquery.pngfix.pack.js HTTP/1.1" 200 2485 "http://www.aziendaitalia.com/" "Mozilla/4.0 (compatible; MSIE 8.0; Windows NT 5.1; Trident/4.0; GTB6.6; .NET CLR 2.0.50727; .NET CLR 3.0.4506.2152; .NET CLR 3.5.30729; CMDTDF; InfoPath.1)"
88.59.227.11 - - [25/Jan/2011:09:29:49 +0100] "GET /js/general.js HTTP/1.1" 200 5776 "http://www.aziendaitalia.com/" "Mozilla/4.0 (compatible; MSIE 8.0; Windows NT 5.1; Trident/4.0; GTB6.6; .NET CLR 2.0.50727; .NET CLR 3.0.4506.2152; .NET CLR 3.5.30729; CMDTDF; InfoPath.1)"
88.59.227.11 - - [25/Jan/2011:09:29:49 +0100] "GET /img/layout/menubar.gif HTTP/1.1" 200 1302 "http://www.aziendaitalia.com/" "Mozilla/4.0 (compatible; MSIE 8.0; Windows NT 5.1; Trident/4.0; GTB6.6; .NET CLR 2.0.50727; .NET CLR 3.0.4506.2152; .NET CLR 3.5.30729; CMDTDF; InfoPath.1)"
88.59.227.11 - - [25/Jan/2011:09:29:49 +0100] "GET /img/layout/content_bg.gif HTTP/1.1" 200 238 "http://www.aziendaitalia.com/" "Mozilla/4.0 (compatible; MSIE 8.0; Windows NT 5.1; Trident/4.0; GTB6.6; .NET CLR 2.0.50727; .NET CLR 3.0.4506.2152; .NET CLR 3.5.30729; CMDTDF; InfoPath.1)"
88.59.227.11 - - [25/Jan/2011:09:29:49 +0100] "GET /img/layout/header.gif HTTP/1.1" 200 15655 "http://www.aziendaitalia.com/" "Mozilla/4.0 (compatible; MSIE 8.0; Windows NT 5.1; Trident/4.0; GTB6.6; .NET CLR 2.0.50727; .NET CLR 3.0.4506.2152; .NET CLR 3.5.30729; CMDTDF; InfoPath.1)"
88.59.227.11 - - [25/Jan/2011:09:29:49 +0100] "GET /img/layout/bg_button_search.gif HTTP/1.1" 200 614 "http://www.aziendaitalia.com/" "Mozilla/4.0 (compatible; MSIE 8.0; Windows NT 5.1; Trident/4.0; GTB6.6; .NET CLR 2.0.50727; .NET CLR 3.0.4506.2152; .NET CLR 3.5.30729; CMDTDF; InfoPath.1)"
