93.36.142.131 - - [25/Jan/2011:11:09:45 +0100] "GET /favicon.ico HTTP/1.1" 200 1406 "-" "Mozilla/4.0 (compatible; MSIE 7.0; Windows NT 5.1; InfoPath.1; .NET CLR 1.1.4322; .NET CLR 2.0.50727; .NET CLR 3.0.4506.2152; .NET CLR 3.5.30729)"
87.30.19.161 - - [25/Jan/2011:11:09:46 +0100] "GET /img/layout/menubar.gif HTTP/1.1" 200 1302 "http://www.aziendaitalia.com/" "Mozilla/4.0 (compatible; MSIE 7.0; Windows NT 5.1; .NET CLR 1.1.4322; .NET CLR 2.0.50727; .NET CLR 3.0.4506.2152; .NET CLR 3.5.30729; .NET4.0C)"
87.30.19.161 - - [25/Jan/2011:11:09:46 +0100] "GET /img/layout/content_bg.gif HTTP/1.1" 200 238 "http://www.aziendaitalia.com/" "Mozilla/4.0 (compatible; MSIE 7.0; Windows NT 5.1; .NET CLR 1.1.4322; .NET CLR 2.0.50727; .NET CLR 3.0.4506.2152; .NET CLR 3.5.30729; .NET4.0C)"
87.30.19.161 - - [25/Jan/2011:11:09:46 +0100] "GET /img/layout/bg_button_search.gif HTTP/1.1" 200 614 "http://www.aziendaitalia.com/" "Mozilla/4.0 (compatible; MSIE 7.0; Windows NT 5.1; .NET CLR 1.1.4322; .NET CLR 2.0.50727; .NET CLR 3.0.4506.2152; .NET CLR 3.5.30729; .NET4.0C)"
87.30.19.161 - - [25/Jan/2011:11:09:46 +0100] "GET /img/layout/header.gif HTTP/1.1" 200 15655 "http://www.aziendaitalia.com/" "Mozilla/4.0 (compatible; MSIE 7.0; Windows NT 5.1; .NET CLR 1.1.4322; .NET CLR 2.0.50727; .NET CLR 3.0.4506.2152; .NET CLR 3.5.30729; .NET4.0C)"
87.30.19.161 - - [25/Jan/2011:11:09:46 +0100] "GET /img/layout/tooltip.png HTTP/1.1" 200 3337 "http://www.aziendaitalia.com/" "Mozilla/4.0 (compatible; MSIE 7.0; Windows NT 5.1; .NET CLR 1.1.4322; .NET CLR 2.0.50727; .NET CLR 3.0.4506.2152; .NET CLR 3.5.30729; .NET4.0C)"
178.154.161.29 - - [25/Jan/2011:11:09:46 +0100] "GET /annunci/nord-italia/venezia/7771.htm HTTP/1.1" 200 3383 "-" "Mozilla/5.0 (compatible; YandexBot/3.0; +http://yandex.com/bots)"
87.30.19.161 - - [25/Jan/2011:11:09:46 +0100] "GET /img/layout/bg_homepage_category_buttons.gif HTTP/1.1" 200 23956 "http://www.aziendaitalia.com/" "Mozilla/4.0 (compatible; MSIE 7.0; Windows NT 5.1; .NET CLR 1.1.4322; .NET CLR 2.0.50727; .NET CLR 3.0.4506.2152; .NET CLR 3.5.30729; .NET4.0C)"
87.30.19.161 - - [25/Jan/2011:11:09:46 +0100] "GET /favicon.ico HTTP/1.1" 200 1406 "-" "Mozilla/4.0 (compatible; MSIE 7.0; Windows NT 5.1; .NET CLR 1.1.4322; .NET CLR 2.0.50727; .NET CLR 3.0.4506.2152; .NET CLR 3.5.30729; .NET4.0C)"
109.117.173.8 - - [25/Jan/2011:11:09:51 +0100] "GET /attivita-in-vendita/bar-caff%C3%A9_s149.html?page=26 HTTP/1.1" 200 3657 "http://www.aziendaitalia.com/attivita-in-vendita/bar-caff%C3%A9_s149.html?page=25" "Mozilla/5.0 (Windows; U; Windows NT 5.1; en-US) AppleWebKit/534.10 (KHTML, like Gecko) Chrome/8.0.552.237 Safari/534.10"
151.54.245.26 - - [25/Jan/2011:11:09:57 +0100] "GET /attivita-in-vendita/a2818.html HTTP/1.1" 200 2734 "http://www.aziendaitalia.com/attivita-in-vendita/alberghi-ristoranti-bar-agriturismo-aziende-agricole_a-roma_m1_p53.html?page=2" "Mozilla/5.0 (Windows; U; Windows NT 5.1; en-US) AppleWebKit/534.10 (KHTML, like Gecko) Chrome/8.0.552.224 Safari/534.10"
151.54.245.26 - - [25/Jan/2011:11:09:57 +0100] "GET /css/style.css HTTP/1.1" 200 3366 "http://www.aziendaitalia.com/attivita-in-vendita/a2818.html" "Mozilla/5.0 (Windows; U; Windows NT 5.1; en-US) AppleWebKit/534.10 (KHTML, like Gecko) Chrome/8.0.552.224 Safari/534.10"
151.54.245.26 - - [25/Jan/2011:11:09:57 +0100] "GET /img/thumb/phpThumb.php?src=/admin/img/1282579474_1576-7785T-A.jpg&w=148&h=138&zc=1&q=90 HTTP/1.1" 200 8328 "http://www.aziendaitalia.com/attivita-in-vendita/a2818.html" "Mozilla/5.0 (Windows; U; Windows NT 5.1; en-US) AppleWebKit/534.10 (KHTML, like Gecko) Chrome/8.0.552.224 Safari/534.10"
151.54.245.26 - - [25/Jan/2011:11:09:58 +0100] "GET /img/thumb/phpThumb.php?src=/admin/img/1282579478_1576-7785T-B.jpg&w=148&h=138&zc=1&q=90 HTTP/1.1" 200 7018 "http://www.aziendaitalia.com/attivita-in-vendita/a2818.html" "Mozilla/5.0 (Windows; U; Windows NT 5.1; en-US) AppleWebKit/534.10 (KHTML, like Gecko) Chrome/8.0.552.224 Safari/534.10"
151.54.245.26 - - [25/Jan/2011:11:09:58 +0100] "GET /img/thumb/phpThumb.php?src=/admin/img/1282579482_1576-7785T-C.jpg&w=148&h=138&zc=1&q=90 HTTP/1.1" 200 5242 "http://www.aziendaitalia.com/attivita-in-vendita/a2818.html" "Mozilla/5.0 (Windows; U; Windows NT 5.1; en-US) AppleWebKit/534.10 (KHTML, like Gecko) Chrome/8.0.552.224 Safari/534.10"
151.54.245.26 - - [25/Jan/2011:11:09:58 +0100] "GET /img/thumb/phpThumb.php?src=/admin/img/1282579486_1576-7785T-D.jpg&w=148&h=138&zc=1&q=90 HTTP/1.1" 200 7241 "http://www.aziendaitalia.com/attivita-in-vendita/a2818.html" "Mozilla/5.0 (Windows; U; Windows NT 5.1; en-US) AppleWebKit/534.10 (KHTML, like Gecko) Chrome/8.0.552.224 Safari/534.10"
87.30.19.161 - - [25/Jan/2011:11:10:01 +0100] "GET /attivita-in-vendita/industria-produzione-installatori-lavorazione_m6.html HTTP/1.1" 200 4708 "http://www.aziendaitalia.com/" "Mozilla/4.0 (compatible; MSIE 7.0; Windows NT 5.1; .NET CLR 1.1.4322; .NET CLR 2.0.50727; .NET CLR 3.0.4506.2152; .NET CLR 3.5.30729; .NET4.0C)"
87.30.19.161 - - [25/Jan/2011:11:10:02 +0100] "GET /img/thumb/phpThumb.php?src=/admin/img/1295368513_2790-7100S-A.jpg&w=148&h=138&zc=1&q=90 HTTP/1.1" 200 8043 "http://www.aziendaitalia.com/attivita-in-vendita/industria-produzione-installatori-lavorazione_m6.html" "Mozilla/4.0 (compatible; MSIE 7.0; Windows NT 5.1; .NET CLR 1.1.4322; .NET CLR 2.0.50727; .NET CLR 3.0.4506.2152; .NET CLR 3.5.30729; .NET4.0C)"
87.30.19.161 - - [25/Jan/2011:11:10:02 +0100] "GET /img/thumb/phpThumb.php?src=/admin/img/1286828115_16237098Xa.jpg&w=148&h=138&zc=1&q=90 HTTP/1.1" 200 8801 "http://www.aziendaitalia.com/attivita-in-vendita/industria-produzione-installatori-lavorazione_m6.html" "Mozilla/4.0 (compatible; MSIE 7.0; Windows NT 5.1; .NET CLR 1.1.4322; .NET CLR 2.0.50727; .NET CLR 3.0.4506.2152; .NET CLR 3.5.30729; .NET4.0C)"
87.30.19.161 - - [25/Jan/2011:11:10:02 +0100] "GET /img/thumb/phpThumb.php?src=/admin/img/1288949049_1831-9506J-A.jpg&w=148&h=138&zc=1&q=90 HTTP/1.1" 200 8812 "http://www.aziendaitalia.com/attivita-in-vendita/industria-produzione-installatori-lavorazione_m6.html" "Mozilla/4.0 (compatible; MSIE 7.0; Windows NT 5.1; .NET CLR 1.1.4322; .NET CLR 2.0.50727; .NET CLR 3.0.4506.2152; .NET CLR 3.5.30729; .NET4.0C)"
87.30.19.161 - - [25/Jan/2011:11:10:02 +0100] "GET /img/layout/bg_wrapper_sub.gif HTTP/1.1" 200 102 "http://www.aziendaitalia.com/attivita-in-vendita/industria-produzione-installatori-lavorazione_m6.html" "Mozilla/4.0 (compatible; MSIE 7.0; Windows NT 5.1; .NET CLR 1.1.4322; .NET CLR 2.0.50727; .NET CLR 3.0.4506.2152; .NET CLR 3.5.30729; .NET4.0C)"
87.30.19.161 - - [25/Jan/2011:11:10:02 +0100] "GET /img/layout/bg_sidebar_separator.gif HTTP/1.1" 200 106 "http://www.aziendaitalia.com/attivita-in-vendita/industria-produzione-installatori-lavorazione_m6.html" "Mozilla/4.0 (compatible; MSIE 7.0; Windows NT 5.1; .NET CLR 1.1.4322; .NET CLR 2.0.50727; .NET CLR 3.0.4506.2152; .NET CLR 3.5.30729; .NET4.0C)"
87.30.19.161 - - [25/Jan/2011:11:10:02 +0100] "GET /img/layout/dot.png HTTP/1.1" 200 2899 "http://www.aziendaitalia.com/attivita-in-vendita/industria-produzione-installatori-lavorazione_m6.html" "Mozilla/4.0 (compatible; MSIE 7.0; Windows NT 5.1; .NET CLR 1.1.4322; .NET CLR 2.0.50727; .NET CLR 3.0.4506.2152; .NET CLR 3.5.30729; .NET4.0C)"
66.249.71.212 - - [25/Jan/2011:11:10:09 +0100] "GET /attivita-in-vendita/tipografie-stampe-commerciali_norditalia_s169_mr1.html?page=35 HTTP/1.1" 200 2661 "-" "Mozilla/5.0 (compatible; Googlebot/2.1; +http://www.google.com/bot.html)"
65.52.110.64 - - [25/Jan/2011:11:10:12 +0100] "GET /bancadati-scheda.php?idreg=2&idind=&idcat=&idazienda=10256 HTTP/1.1" 404 277 "-" "Mozilla/5.0 (compatible; bingbot/2.0; +http://www.bing.com/bingbot.htm)"
109.117.173.8 - - [25/Jan/2011:11:10:13 +0100] "GET /attivita-in-vendita/bar-caff%C3%A9_s149.html HTTP/1.1" 200 3907 "http://www.aziendaitalia.com/attivita-in-vendita/bar-caff%C3%A9_s149.html?page=25" "Mozilla/5.0 (Windows; U; Windows NT 5.1; en-US) AppleWebKit/534.10 (KHTML, like Gecko) Chrome/8.0.552.237 Safari/534.10"
87.30.19.161 - - [25/Jan/2011:11:10:13 +0100] "GET /attivita-in-vendita/industria-produzione-installatori-lavorazione_italia_m6_n1.html HTTP/1.1" 200 5278 "http://www.aziendaitalia.com/attivita-in-vendita/industria-produzione-installatori-lavorazione_m6.html" "Mozilla/4.0 (compatible; MSIE 7.0; Windows NT 5.1; .NET CLR 1.1.4322; .NET CLR 2.0.50727; .NET CLR 3.0.4506.2152; .NET CLR 3.5.30729; .NET4.0C)"
87.30.19.161 - - [25/Jan/2011:11:10:14 +0100] "GET /img/layout/italia/italyoff.gif HTTP/1.1" 200 3852 "http://www.aziendaitalia.com/attivita-in-vendita/industria-produzione-installatori-lavorazione_italia_m6_n1.html" "Mozilla/4.0 (compatible; MSIE 7.0; Windows NT 5.1; .NET CLR 1.1.4322; .NET CLR 2.0.50727; .NET CLR 3.0.4506.2152; .NET CLR 3.5.30729; .NET4.0C)"
109.117.189.223 - - [25/Jan/2011:11:10:15 +0100] "GET /rilevare-attivita/ HTTP/1.1" 200 3679 "http://www.aziendaitalia.com/vendere-bar-milano.php?gclid=CMPI372O1aYCFUoKfAodIx7wMw" "Mozilla/4.0 (compatible; MSIE 8.0; Windows NT 6.1; Trident/4.0; GTB6.6; SLCC2; .NET CLR 2.0.50727; .NET CLR 3.5.30729; .NET CLR 3.0.30729)"
72.5.230.111 - - [25/Jan/2011:11:10:18 +0100] "HEAD / HTTP/1.1" 200 - "-" "Site 24 X 7"
109.117.189.223 - - [25/Jan/2011:11:10:23 +0100] "GET /attivita-in-vendita/ HTTP/1.1" 200 2294 "http://www.aziendaitalia.com/rilevare-attivita/" "Mozilla/4.0 (compatible; MSIE 8.0; Windows NT 6.1; Trident/4.0; GTB6.6; SLCC2; .NET CLR 2.0.50727; .NET CLR 3.5.30729; .NET CLR 3.0.30729)"
109.117.189.223 - - [25/Jan/2011:11:10:23 +0100] "GET /img/layout/dot.png HTTP/1.1" 200 2899 "http://www.aziendaitalia.com/attivita-in-vendita/" "Mozilla/4.0 (compatible; MSIE 8.0; Windows NT 6.1; Trident/4.0; GTB6.6; SLCC2; .NET CLR 2.0.50727; .NET CLR 3.5.30729; .NET CLR 3.0.30729)"
109.117.189.223 - - [25/Jan/2011:11:10:23 +0100] "GET /img/thumb/phpThumb.php?src=/admin/img/1283511116_5135-4001Y-A.JPG&w=148&h=138&zc=1&q=90 HTTP/1.1" 200 9692 "http://www.aziendaitalia.com/attivita-in-vendita/" "Mozilla/4.0 (compatible; MSIE 8.0; Windows NT 6.1; Trident/4.0; GTB6.6; SLCC2; .NET CLR 2.0.50727; .NET CLR 3.5.30729; .NET CLR 3.0.30729)"
109.117.189.223 - - [25/Jan/2011:11:10:23 +0100] "GET /img/thumb/phpThumb.php?src=/admin/img/1284121274_8018-5308G-A.JPG&w=148&h=138&zc=1&q=90 HTTP/1.1" 200 7134 "http://www.aziendaitalia.com/attivita-in-vendita/" "Mozilla/4.0 (compatible; MSIE 8.0; Windows NT 6.1; Trident/4.0; GTB6.6; SLCC2; .NET CLR 2.0.50727; .NET CLR 3.5.30729; .NET CLR 3.0.30729)"
109.117.189.223 - - [25/Jan/2011:11:10:23 +0100] "GET /img/thumb/phpThumb.php?src=/admin/img/1295368730_5945-6289D-A.JPG&w=148&h=138&zc=1&q=90 HTTP/1.1" 200 9397 "http://www.aziendaitalia.com/attivita-in-vendita/" "Mozilla/4.0 (compatible; MSIE 8.0; Windows NT 6.1; Trident/4.0; GTB6.6; SLCC2; .NET CLR 2.0.50727; .NET CLR 3.5.30729; .NET CLR 3.0.30729)"
87.30.19.161 - - [25/Jan/2011:11:10:19 +0100] "GET /attivita-in-vendita/industria-produzione-installatori-lavorazione_norditalia_m6_mr1.html HTTP/1.1" 200 5914 "http://www.aziendaitalia.com/attivita-in-vendita/industria-produzione-installatori-lavorazione_italia_m6_n1.html" "Mozilla/4.0 (compatible; MSIE 7.0; Windows NT 5.1; .NET CLR 1.1.4322; .NET CLR 2.0.50727; .NET CLR 3.0.4506.2152; .NET CLR 3.5.30729; .NET4.0C)"
87.30.19.161 - - [25/Jan/2011:11:10:24 +0100] "GET /img/layout/italia/italynorth.gif HTTP/1.1" 200 3837 "http://www.aziendaitalia.com/attivita-in-vendita/industria-produzione-installatori-lavorazione_norditalia_m6_mr1.html" "Mozilla/4.0 (compatible; MSIE 7.0; Windows NT 5.1; .NET CLR 1.1.4322; .NET CLR 2.0.50727; .NET CLR 3.0.4506.2152; .NET CLR 3.5.30729; .NET4.0C)"
212.97.42.14 - - [25/Jan/2011:11:10:31 +0100] "GET /?gclid=CNqeleqO1aYCFYEOfAodl1X6Mw HTTP/1.0" 200 7489 "http://www.google.it/search?hl=it&source=hp&q=attivita+vendita+monza+brianza&meta=&aq=f&aqi=&aql=&oq=" "Mozilla/4.0 (compatible; MSIE 6.0; Windows NT 5.1; SV1; .NET CLR 1.1.4322; .NET CLR 2.0.50727; .NET CLR 3.0.04506.30)"
212.97.42.14 - - [25/Jan/2011:11:10:31 +0100] "GET /css/style.css HTTP/1.0" 200 13313 "http://www.aziendaitalia.com/?gclid=CNqeleqO1aYCFYEOfAodl1X6Mw" "Mozilla/4.0 (compatible; MSIE 6.0; Windows NT 5.1; SV1; .NET CLR 1.1.4322; .NET CLR 2.0.50727; .NET CLR 3.0.04506.30)"
212.97.42.14 - - [25/Jan/2011:11:10:31 +0100] "GET /js/jquery-1.4.2.min.js HTTP/1.0" 200 72174 "http://www.aziendaitalia.com/?gclid=CNqeleqO1aYCFYEOfAodl1X6Mw" "Mozilla/4.0 (compatible; MSIE 6.0; Windows NT 5.1; SV1; .NET CLR 1.1.4322; .NET CLR 2.0.50727; .NET CLR 3.0.04506.30)"
212.97.42.14 - - [25/Jan/2011:11:10:32 +0100] "GET /js/jquery.pngfix.pack.js HTTP/1.0" 200 2485 "http://www.aziendaitalia.com/?gclid=CNqeleqO1aYCFYEOfAodl1X6Mw" "Mozilla/4.0 (compatible; MSIE 6.0; Windows NT 5.1; SV1; .NET CLR 1.1.4322; .NET CLR 2.0.50727; .NET CLR 3.0.04506.30)"
212.97.42.14 - - [25/Jan/2011:11:10:32 +0100] "GET /js/general.js HTTP/1.0" 200 5776 "http://www.aziendaitalia.com/?gclid=CNqeleqO1aYCFYEOfAodl1X6Mw" "Mozilla/4.0 (compatible; MSIE 6.0; Windows NT 5.1; SV1; .NET CLR 1.1.4322; .NET CLR 2.0.50727; .NET CLR 3.0.04506.30)"
212.97.42.14 - - [25/Jan/2011:11:10:32 +0100] "GET /img/layout/bg_button_search.gif HTTP/1.0" 200 614 "http://www.aziendaitalia.com/?gclid=CNqeleqO1aYCFYEOfAodl1X6Mw" "Mozilla/4.0 (compatible; MSIE 6.0; Windows NT 5.1; SV1; .NET CLR 1.1.4322; .NET CLR 2.0.50727; .NET CLR 3.0.04506.30)"
212.97.42.14 - - [25/Jan/2011:11:10:32 +0100] "GET /img/layout/content_bg.gif HTTP/1.0" 200 238 "http://www.aziendaitalia.com/?gclid=CNqeleqO1aYCFYEOfAodl1X6Mw" "Mozilla/4.0 (compatible; MSIE 6.0; Windows NT 5.1; SV1; .NET CLR 1.1.4322; .NET CLR 2.0.50727; .NET CLR 3.0.04506.30)"
212.97.42.14 - - [25/Jan/2011:11:10:32 +0100] "GET /img/layout/tooltip.png HTTP/1.0" 200 3337 "http://www.aziendaitalia.com/?gclid=CNqeleqO1aYCFYEOfAodl1X6Mw" "Mozilla/4.0 (compatible; MSIE 6.0; Windows NT 5.1; SV1; .NET CLR 1.1.4322; .NET CLR 2.0.50727; .NET CLR 3.0.04506.30)"
212.97.42.14 - - [25/Jan/2011:11:10:32 +0100] "GET /img/layout/menubar.gif HTTP/1.0" 200 1302 "http://www.aziendaitalia.com/?gclid=CNqeleqO1aYCFYEOfAodl1X6Mw" "Mozilla/4.0 (compatible; MSIE 6.0; Windows NT 5.1; SV1; .NET CLR 1.1.4322; .NET CLR 2.0.50727; .NET CLR 3.0.04506.30)"
212.97.42.14 - - [25/Jan/2011:11:10:32 +0100] "GET /img/layout/header.gif HTTP/1.0" 200 15655 "http://www.aziendaitalia.com/?gclid=CNqeleqO1aYCFYEOfAodl1X6Mw" "Mozilla/4.0 (compatible; MSIE 6.0; Windows NT 5.1; SV1; .NET CLR 1.1.4322; .NET CLR 2.0.50727; .NET CLR 3.0.04506.30)"
212.97.42.14 - - [25/Jan/2011:11:10:32 +0100] "GET /img/layout/bg_homepage_category_buttons.gif HTTP/1.0" 200 23956 "http://www.aziendaitalia.com/?gclid=CNqeleqO1aYCFYEOfAodl1X6Mw" "Mozilla/4.0 (compatible; MSIE 6.0; Windows NT 5.1; SV1; .NET CLR 1.1.4322; .NET CLR 2.0.50727; .NET CLR 3.0.04506.30)"
66.249.71.212 - - [25/Jan/2011:11:10:36 +0100] "GET /attivita-in-vendita/strumenti-medici-chirurgici_isole_s500_mr4.html?page=35 HTTP/1.1" 200 2327 "-" "Mozilla/5.0 (compatible; Googlebot/2.1; +http://www.google.com/bot.html)"
212.97.42.14 - - [25/Jan/2011:11:10:36 +0100] "GET /attivita-in-vendita/ HTTP/1.0" 200 6498 "http://www.aziendaitalia.com/?gclid=CNqeleqO1aYCFYEOfAodl1X6Mw" "Mozilla/4.0 (compatible; MSIE 6.0; Windows NT 5.1; SV1; .NET CLR 1.1.4322; .NET CLR 2.0.50727; .NET CLR 3.0.04506.30)"
212.97.42.14 - - [25/Jan/2011:11:10:37 +0100] "GET /img/layout/bg_wrapper_sub.gif HTTP/1.0" 200 102 "http://www.aziendaitalia.com/attivita-in-vendita/" "Mozilla/4.0 (compatible; MSIE 6.0; Windows NT 5.1; SV1; .NET CLR 1.1.4322; .NET CLR 2.0.50727; .NET CLR 3.0.04506.30)"
212.97.42.14 - - [25/Jan/2011:11:10:37 +0100] "GET /img/layout/dot.png HTTP/1.0" 200 2899 "http://www.aziendaitalia.com/attivita-in-vendita/" "Mozilla/4.0 (compatible; MSIE 6.0; Windows NT 5.1; SV1; .NET CLR 1.1.4322; .NET CLR 2.0.50727; .NET CLR 3.0.04506.30)"
212.97.42.14 - - [25/Jan/2011:11:10:37 +0100] "GET /img/layout/bg_sidebar_separator.gif HTTP/1.0" 200 106 "http://www.aziendaitalia.com/attivita-in-vendita/" "Mozilla/4.0 (compatible; MSIE 6.0; Windows NT 5.1; SV1; .NET CLR 1.1.4322; .NET CLR 2.0.50727; .NET CLR 3.0.04506.30)"
212.97.42.14 - - [25/Jan/2011:11:10:37 +0100] "GET /img/thumb/phpThumb.php?src=/admin/img/1284121274_8018-5308G-A.JPG&w=148&h=138&zc=1&q=90 HTTP/1.0" 200 7134 "http://www.aziendaitalia.com/attivita-in-vendita/" "Mozilla/4.0 (compatible; MSIE 6.0; Windows NT 5.1; SV1; .NET CLR 1.1.4322; .NET CLR 2.0.50727; .NET CLR 3.0.04506.30)"
212.97.42.14 - - [25/Jan/2011:11:10:37 +0100] "GET /img/thumb/phpThumb.php?src=/admin/img/1283511116_5135-4001Y-A.JPG&w=148&h=138&zc=1&q=90 HTTP/1.0" 200 9692 "http://www.aziendaitalia.com/attivita-in-vendita/" "Mozilla/4.0 (compatible; MSIE 6.0; Windows NT 5.1; SV1; .NET CLR 1.1.4322; .NET CLR 2.0.50727; .NET CLR 3.0.04506.30)"
212.97.42.14 - - [25/Jan/2011:11:10:37 +0100] "GET /img/thumb/phpThumb.php?src=/admin/img/1295368730_5945-6289D-A.JPG&w=148&h=138&zc=1&q=90 HTTP/1.0" 200 9397 "http://www.aziendaitalia.com/attivita-in-vendita/" "Mozilla/4.0 (compatible; MSIE 6.0; Windows NT 5.1; SV1; .NET CLR 1.1.4322; .NET CLR 2.0.50727; .NET CLR 3.0.04506.30)"
212.97.42.14 - - [25/Jan/2011:11:10:42 +0100] "GET /attivita-in-vendita/a-milano_p6.html HTTP/1.0" 200 15611 "http://www.aziendaitalia.com/attivita-in-vendita/" "Mozilla/4.0 (compatible; MSIE 6.0; Windows NT 5.1; SV1; .NET CLR 1.1.4322; .NET CLR 2.0.50727; .NET CLR 3.0.04506.30)"
94.160.191.62 - - [25/Jan/2011:11:10:42 +0100] "GET /vendere-bar-milano.php?gclid=COuklO-O1aYCFQzxzAodun-FJA HTTP/1.1" 200 3973 "http://www.google.it/aclk?sa=l&ai=CNEhQmqE-Tfa0OIafhQfOhtThCMP6mtQBg_HIqRibit-0UAgAEAIoA1DVmJuY______8BYP2CkYToEaABg5yh_gPIAQGpAuwTJQGo8rY-qgQWT9BO-FeDXJCRsFAu0YpUU7fKnhSDpQ&sig=AGiWqtySpCJVRpnzZpZhCY653fOTuSKbTQ&adurl=http://www.aziendaitalia.com/vendere-bar-milano.php&rct=j&q=bar%20in%20vendita%20a%20milano" "Mozilla/4.0 (compatible; MSIE 8.0; Windows NT 6.1; Trident/4.0; GTB6.6; SLCC2; .NET CLR 2.0.50727; .NET CLR 3.5.30729; .NET CLR 3.0.30729)"
212.97.42.14 - - [25/Jan/2011:11:10:42 +0100] "GET /img/layout/italia/italynorth.gif HTTP/1.0" 200 3837 "http://www.aziendaitalia.com/attivita-in-vendita/a-milano_p6.html" "Mozilla/4.0 (compatible; MSIE 6.0; Windows NT 5.1; SV1; .NET CLR 1.1.4322; .NET CLR 2.0.50727; .NET CLR 3.0.04506.30)"
95.226.164.96 - - [25/Jan/2011:11:10:43 +0100] "GET /attivita-in-vendita/cerca-industria.html HTTP/1.1" 200 6656 "http://www.bing.com/search?q=attivit%C3%A0%20arigianale%20metalmeccanica%20in%20vendita&pc=conduit&form=CONTLB&ptag=A79532A4DA6FC4188B7F&conlogo=CT2530241" "Mozilla/4.0 (compatible; MSIE 8.0; Windows NT 5.1; Trident/4.0; GTB6.6; .NET CLR 1.1.4322; .NET CLR 2.0.50727; .NET CLR 3.0.04506.648; .NET CLR 3.5.21022; eSobiSubscriber 2.0.4.16; .NET CLR 3.0.4506.2152; .NET CLR 3.5.30729)"
62.77.53.208 - - [25/Jan/2011:11:10:44 +0100] "GET /cedere-attivita/?gclid=CPasvvCO1aYCFcoifAod2FLpMw HTTP/1.1" 200 11663 "http://www.google.it/search?hl=it&source=hp&q=vendita+attivit%C3%A0+commerciale+roma&aq=f&aqi=g1&aql=&oq=" "Mozilla/4.0 (compatible; MSIE 7.0; Windows NT 5.1; .NET CLR 2.0.50727; .NET CLR 1.1.4322; AskTB5.3)"
62.77.53.208 - - [25/Jan/2011:11:10:45 +0100] "GET /css/style.css HTTP/1.1" 200 13313 "http://www.aziendaitalia.com/cedere-attivita/?gclid=CPasvvCO1aYCFcoifAod2FLpMw" "Mozilla/4.0 (compatible; MSIE 7.0; Windows NT 5.1; .NET CLR 2.0.50727; .NET CLR 1.1.4322; AskTB5.3)"
62.77.53.208 - - [25/Jan/2011:11:10:45 +0100] "GET /js/jquery-1.4.2.min.js HTTP/1.1" 200 72174 "http://www.aziendaitalia.com/cedere-attivita/?gclid=CPasvvCO1aYCFcoifAod2FLpMw" "Mozilla/4.0 (compatible; MSIE 7.0; Windows NT 5.1; .NET CLR 2.0.50727; .NET CLR 1.1.4322; AskTB5.3)"
62.77.53.208 - - [25/Jan/2011:11:10:45 +0100] "GET /js/general.js HTTP/1.1" 200 5776 "http://www.aziendaitalia.com/cedere-attivita/?gclid=CPasvvCO1aYCFcoifAod2FLpMw" "Mozilla/4.0 (compatible; MSIE 7.0; Windows NT 5.1; .NET CLR 2.0.50727; .NET CLR 1.1.4322; AskTB5.3)"
62.77.53.208 - - [25/Jan/2011:11:10:45 +0100] "GET /img/layout/menubar.gif HTTP/1.1" 200 1302 "http://www.aziendaitalia.com/cedere-attivita/?gclid=CPasvvCO1aYCFcoifAod2FLpMw" "Mozilla/4.0 (compatible; MSIE 7.0; Windows NT 5.1; .NET CLR 2.0.50727; .NET CLR 1.1.4322; AskTB5.3)"
62.77.53.208 - - [25/Jan/2011:11:10:45 +0100] "GET /img/layout/bg_sidebar_separator.gif HTTP/1.1" 200 106 "http://www.aziendaitalia.com/cedere-attivita/?gclid=CPasvvCO1aYCFcoifAod2FLpMw" "Mozilla/4.0 (compatible; MSIE 7.0; Windows NT 5.1; .NET CLR 2.0.50727; .NET CLR 1.1.4322; AskTB5.3)"
62.77.53.208 - - [25/Jan/2011:11:10:45 +0100] "GET /img/layout/bg_wrapper_sub.gif HTTP/1.1" 200 102 "http://www.aziendaitalia.com/cedere-attivita/?gclid=CPasvvCO1aYCFcoifAod2FLpMw" "Mozilla/4.0 (compatible; MSIE 7.0; Windows NT 5.1; .NET CLR 2.0.50727; .NET CLR 1.1.4322; AskTB5.3)"
62.77.53.208 - - [25/Jan/2011:11:10:45 +0100] "GET /img/layout/header.gif HTTP/1.1" 200 15655 "http://www.aziendaitalia.com/cedere-attivita/?gclid=CPasvvCO1aYCFcoifAod2FLpMw" "Mozilla/4.0 (compatible; MSIE 7.0; Windows NT 5.1; .NET CLR 2.0.50727; .NET CLR 1.1.4322; AskTB5.3)"
109.117.189.223 - - [25/Jan/2011:11:10:45 +0100] "GET /attivita-in-vendita/cerca-bar.html HTTP/1.1" 200 5880 "http://www.aziendaitalia.com/attivita-in-vendita/" "Mozilla/4.0 (compatible; MSIE 8.0; Windows NT 6.1; Trident/4.0; GTB6.6; SLCC2; .NET CLR 2.0.50727; .NET CLR 3.5.30729; .NET CLR 3.0.30729)"
62.77.53.208 - - [25/Jan/2011:11:10:45 +0100] "GET /favicon.ico HTTP/1.1" 200 1406 "-" "Mozilla/4.0 (compatible; MSIE 7.0; Windows NT 5.1; .NET CLR 2.0.50727; .NET CLR 1.1.4322; AskTB5.3)"
212.97.42.14 - - [25/Jan/2011:11:10:48 +0100] "GET /attivita-in-vendita/a-milano_p6.html HTTP/1.0" 200 15611 "http://www.aziendaitalia.com/attivita-in-vendita/a-milano_p6.html" "Mozilla/4.0 (compatible; MSIE 6.0; Windows NT 5.1; SV1; .NET CLR 1.1.4322; .NET CLR 2.0.50727; .NET CLR 3.0.04506.30)"
151.54.245.26 - - [25/Jan/2011:11:10:52 +0100] "GET /attivita-in-vendita/a2803.html HTTP/1.1" 200 2640 "http://www.aziendaitalia.com/attivita-in-vendita/alberghi-ristoranti-bar-agriturismo-aziende-agricole_a-roma_m1_p53.html?page=2" "Mozilla/5.0 (Windows; U; Windows NT 5.1; en-US) AppleWebKit/534.10 (KHTML, like Gecko) Chrome/8.0.552.224 Safari/534.10"
151.54.245.26 - - [25/Jan/2011:11:10:52 +0100] "GET /css/style.css HTTP/1.1" 200 3366 "http://www.aziendaitalia.com/attivita-in-vendita/a2803.html" "Mozilla/5.0 (Windows; U; Windows NT 5.1; en-US) AppleWebKit/534.10 (KHTML, like Gecko) Chrome/8.0.552.224 Safari/534.10"
109.117.189.223 - - [25/Jan/2011:11:10:56 +0100] "GET /attivita-in-vendita/a-milano_p6.html HTTP/1.1" 200 4640 "http://www.aziendaitalia.com/attivita-in-vendita/cerca-bar.html" "Mozilla/4.0 (compatible; MSIE 8.0; Windows NT 6.1; Trident/4.0; GTB6.6; SLCC2; .NET CLR 2.0.50727; .NET CLR 3.5.30729; .NET CLR 3.0.30729)"
109.117.189.223 - - [25/Jan/2011:11:10:57 +0100] "GET /img/layout/italia/italynorth.gif HTTP/1.1" 200 3837 "http://www.aziendaitalia.com/attivita-in-vendita/a-milano_p6.html" "Mozilla/4.0 (compatible; MSIE 8.0; Windows NT 6.1; Trident/4.0; GTB6.6; SLCC2; .NET CLR 2.0.50727; .NET CLR 3.5.30729; .NET CLR 3.0.30729)"
84.223.228.80 - - [25/Jan/2011:11:10:58 +0100] "GET /rilevare-attivita/ HTTP/1.1" 200 3679 "http://www.aziendaitalia.com/cedere-bar.php?gclid=CLDY5eiN1aYCFUENfAodkFvoMw" "Mozilla/5.0 (Windows; U; Windows NT 5.1; it; rv:1.9.2.13) Gecko/20101203 Firefox/3.6.13 (.NET CLR 3.5.30729)"
84.223.228.80 - - [25/Jan/2011:11:10:58 +0100] "GET /css/style.css HTTP/1.1" 200 3366 "http://www.aziendaitalia.com/rilevare-attivita/" "Mozilla/5.0 (Windows; U; Windows NT 5.1; it; rv:1.9.2.13) Gecko/20101203 Firefox/3.6.13 (.NET CLR 3.5.30729)"
84.223.228.80 - - [25/Jan/2011:11:10:59 +0100] "GET /about-us/unita-locali.html HTTP/1.1" 200 2140 "http://www.aziendaitalia.com/rilevare-attivita/" "Mozilla/5.0 (Windows; U; Windows NT 5.1; it; rv:1.9.2.13) Gecko/20101203 Firefox/3.6.13 (.NET CLR 3.5.30729)"
84.223.228.80 - - [25/Jan/2011:11:10:59 +0100] "GET /css/style.css HTTP/1.1" 200 3366 "http://www.aziendaitalia.com/about-us/unita-locali.html" "Mozilla/5.0 (Windows; U; Windows NT 5.1; it; rv:1.9.2.13) Gecko/20101203 Firefox/3.6.13 (.NET CLR 3.5.30729)"
84.223.228.80 - - [25/Jan/2011:11:11:01 +0100] "GET /attivita-in-vendita/ HTTP/1.1" 200 2294 "http://www.aziendaitalia.com/about-us/unita-locali.html" "Mozilla/5.0 (Windows; U; Windows NT 5.1; it; rv:1.9.2.13) Gecko/20101203 Firefox/3.6.13 (.NET CLR 3.5.30729)"
84.223.228.80 - - [25/Jan/2011:11:11:01 +0100] "GET /css/style.css HTTP/1.1" 200 3366 "http://www.aziendaitalia.com/attivita-in-vendita/" "Mozilla/5.0 (Windows; U; Windows NT 5.1; it; rv:1.9.2.13) Gecko/20101203 Firefox/3.6.13 (.NET CLR 3.5.30729)"
84.223.228.80 - - [25/Jan/2011:11:11:01 +0100] "GET /img/layout/dot.png HTTP/1.1" 200 2899 "http://www.aziendaitalia.com/css/style.css" "Mozilla/5.0 (Windows; U; Windows NT 5.1; it; rv:1.9.2.13) Gecko/20101203 Firefox/3.6.13 (.NET CLR 3.5.30729)"
84.223.228.80 - - [25/Jan/2011:11:11:01 +0100] "GET /img/thumb/phpThumb.php?src=/admin/img/1283511116_5135-4001Y-A.JPG&w=148&h=138&zc=1&q=90 HTTP/1.1" 200 9692 "http://www.aziendaitalia.com/attivita-in-vendita/" "Mozilla/5.0 (Windows; U; Windows NT 5.1; it; rv:1.9.2.13) Gecko/20101203 Firefox/3.6.13 (.NET CLR 3.5.30729)"
84.223.228.80 - - [25/Jan/2011:11:11:01 +0100] "GET /img/thumb/phpThumb.php?src=/admin/img/1284121274_8018-5308G-A.JPG&w=148&h=138&zc=1&q=90 HTTP/1.1" 200 7134 "http://www.aziendaitalia.com/attivita-in-vendita/" "Mozilla/5.0 (Windows; U; Windows NT 5.1; it; rv:1.9.2.13) Gecko/20101203 Firefox/3.6.13 (.NET CLR 3.5.30729)"
84.223.228.80 - - [25/Jan/2011:11:11:01 +0100] "GET /img/thumb/phpThumb.php?src=/admin/img/1295368730_5945-6289D-A.JPG&w=148&h=138&zc=1&q=90 HTTP/1.1" 200 9397 "http://www.aziendaitalia.com/attivita-in-vendita/" "Mozilla/5.0 (Windows; U; Windows NT 5.1; it; rv:1.9.2.13) Gecko/20101203 Firefox/3.6.13 (.NET CLR 3.5.30729)"
87.28.161.50 - - [25/Jan/2011:11:11:04 +0100] "GET /attivita-in-vendita/alberghi-ristoranti-bar-agriturismo-aziende-agricole_a-milano_m1_p6.html?page=4 HTTP/1.1" 200 4469 "http://www.aziendaitalia.com/attivita-in-vendita/alberghi-ristoranti-bar-agriturismo-aziende-agricole_a-milano_m1_p6.html?page=3" "Mozilla/4.0 (compatible; MSIE 8.0; Windows NT 6.1; WOW64; Trident/4.0; SLCC2; .NET CLR 2.0.50727; .NET CLR 3.5.30729; .NET CLR 3.0.30729; Media Center PC 6.0; OfficeLiveConnector.1.3; OfficeLivePatch.0.0)"
109.117.189.223 - - [25/Jan/2011:11:11:04 +0100] "GET /attivita-in-vendita/a-milano_p6.html HTTP/1.1" 200 4640 "http://www.aziendaitalia.com/attivita-in-vendita/a-milano_p6.html" "Mozilla/4.0 (compatible; MSIE 8.0; Windows NT 6.1; Trident/4.0; GTB6.6; SLCC2; .NET CLR 2.0.50727; .NET CLR 3.5.30729; .NET CLR 3.0.30729)"
109.55.18.50 - - [25/Jan/2011:11:11:05 +0100] "GET /cedere-attivita/?gclid=CNbmlvqO1aYCFULwzAodG0ISIA HTTP/1.1" 200 3991 "http://www.google.it/search?q=immobiliare+2000+attivita+artigianali&ie=utf-8&oe=utf-8&aq=t&rls=org.mozilla:it:official&client=firefox-a" "Mozilla/5.0 (Windows; U; Windows NT 6.0; it; rv:1.9.2.8) Gecko/20100722 Firefox/3.6.8"
109.55.18.50 - - [25/Jan/2011:11:11:05 +0100] "GET /css/style.css HTTP/1.1" 200 3366 "http://www.aziendaitalia.com/cedere-attivita/?gclid=CNbmlvqO1aYCFULwzAodG0ISIA" "Mozilla/5.0 (Windows; U; Windows NT 6.0; it; rv:1.9.2.8) Gecko/20100722 Firefox/3.6.8"
109.55.18.50 - - [25/Jan/2011:11:11:06 +0100] "GET /js/general.js HTTP/1.1" 200 5776 "http://www.aziendaitalia.com/cedere-attivita/?gclid=CNbmlvqO1aYCFULwzAodG0ISIA" "Mozilla/5.0 (Windows; U; Windows NT 6.0; it; rv:1.9.2.8) Gecko/20100722 Firefox/3.6.8"
109.55.18.50 - - [25/Jan/2011:11:11:05 +0100] "GET /js/jquery-1.4.2.min.js HTTP/1.1" 200 72174 "http://www.aziendaitalia.com/cedere-attivita/?gclid=CNbmlvqO1aYCFULwzAodG0ISIA" "Mozilla/5.0 (Windows; U; Windows NT 6.0; it; rv:1.9.2.8) Gecko/20100722 Firefox/3.6.8"
109.55.18.50 - - [25/Jan/2011:11:11:06 +0100] "GET /img/layout/header.gif HTTP/1.1" 200 15655 "http://www.aziendaitalia.com/css/style.css" "Mozilla/5.0 (Windows; U; Windows NT 6.0; it; rv:1.9.2.8) Gecko/20100722 Firefox/3.6.8"
109.55.18.50 - - [25/Jan/2011:11:11:06 +0100] "GET /img/layout/menubar.gif HTTP/1.1" 200 1302 "http://www.aziendaitalia.com/css/style.css" "Mozilla/5.0 (Windows; U; Windows NT 6.0; it; rv:1.9.2.8) Gecko/20100722 Firefox/3.6.8"
109.55.18.50 - - [25/Jan/2011:11:11:06 +0100] "GET /img/layout/bg_wrapper_sub.gif HTTP/1.1" 200 102 "http://www.aziendaitalia.com/css/style.css" "Mozilla/5.0 (Windows; U; Windows NT 6.0; it; rv:1.9.2.8) Gecko/20100722 Firefox/3.6.8"
109.55.18.50 - - [25/Jan/2011:11:11:06 +0100] "GET /img/layout/bg_sidebar_separator.gif HTTP/1.1" 200 106 "http://www.aziendaitalia.com/css/style.css" "Mozilla/5.0 (Windows; U; Windows NT 6.0; it; rv:1.9.2.8) Gecko/20100722 Firefox/3.6.8"
109.55.18.50 - - [25/Jan/2011:11:11:07 +0100] "GET /favicon.ico HTTP/1.1" 200 1406 "-" "Mozilla/5.0 (Windows; U; Windows NT 6.0; it; rv:1.9.2.8) Gecko/20100722 Firefox/3.6.8"
87.30.19.161 - - [25/Jan/2011:11:11:13 +0100] "GET /attivita-in-vendita/industria-produzione-installatori-lavorazione_a-lecco_m6_p10.html HTTP/1.1" 200 3101 "http://www.aziendaitalia.com/attivita-in-vendita/industria-produzione-installatori-lavorazione_norditalia_m6_mr1.html" "Mozilla/4.0 (compatible; MSIE 7.0; Windows NT 5.1; .NET CLR 1.1.4322; .NET CLR 2.0.50727; .NET CLR 3.0.4506.2152; .NET CLR 3.5.30729; .NET4.0C)"
109.55.18.50 - - [25/Jan/2011:11:11:18 +0100] "GET /attivita-in-vendita/ HTTP/1.1" 200 2294 "http://www.aziendaitalia.com/cedere-attivita/?gclid=CNbmlvqO1aYCFULwzAodG0ISIA" "Mozilla/5.0 (Windows; U; Windows NT 6.0; it; rv:1.9.2.8) Gecko/20100722 Firefox/3.6.8"
72.5.230.111 - - [25/Jan/2011:11:11:18 +0100] "HEAD / HTTP/1.1" 200 - "-" "Site 24 X 7"
109.55.18.50 - - [25/Jan/2011:11:11:19 +0100] "GET /css/style.css HTTP/1.1" 200 3366 "http://www.aziendaitalia.com/attivita-in-vendita/" "Mozilla/5.0 (Windows; U; Windows NT 6.0; it; rv:1.9.2.8) Gecko/20100722 Firefox/3.6.8"
109.55.18.50 - - [25/Jan/2011:11:11:19 +0100] "GET /img/thumb/phpThumb.php?src=/admin/img/1283511116_5135-4001Y-A.JPG&w=148&h=138&zc=1&q=90 HTTP/1.1" 200 9692 "http://www.aziendaitalia.com/attivita-in-vendita/" "Mozilla/5.0 (Windows; U; Windows NT 6.0; it; rv:1.9.2.8) Gecko/20100722 Firefox/3.6.8"
109.55.18.50 - - [25/Jan/2011:11:11:19 +0100] "GET /img/thumb/phpThumb.php?src=/admin/img/1284121274_8018-5308G-A.JPG&w=148&h=138&zc=1&q=90 HTTP/1.1" 200 7134 "http://www.aziendaitalia.com/attivita-in-vendita/" "Mozilla/5.0 (Windows; U; Windows NT 6.0; it; rv:1.9.2.8) Gecko/20100722 Firefox/3.6.8"
109.55.18.50 - - [25/Jan/2011:11:11:19 +0100] "GET /img/thumb/phpThumb.php?src=/admin/img/1295368730_5945-6289D-A.JPG&w=148&h=138&zc=1&q=90 HTTP/1.1" 200 9397 "http://www.aziendaitalia.com/attivita-in-vendita/" "Mozilla/5.0 (Windows; U; Windows NT 6.0; it; rv:1.9.2.8) Gecko/20100722 Firefox/3.6.8"
109.55.18.50 - - [25/Jan/2011:11:11:19 +0100] "GET /img/layout/dot.png HTTP/1.1" 200 2899 "http://www.aziendaitalia.com/css/style.css" "Mozilla/5.0 (Windows; U; Windows NT 6.0; it; rv:1.9.2.8) Gecko/20100722 Firefox/3.6.8"
87.28.161.50 - - [25/Jan/2011:11:11:22 +0100] "GET /attivita-in-vendita/a1867.html HTTP/1.1" 200 2658 "http://www.aziendaitalia.com/attivita-in-vendita/alberghi-ristoranti-bar-agriturismo-aziende-agricole_a-milano_m1_p6.html?page=4" "Mozilla/4.0 (compatible; MSIE 8.0; Windows NT 6.1; WOW64; Trident/4.0; SLCC2; .NET CLR 2.0.50727; .NET CLR 3.5.30729; .NET CLR 3.0.30729; Media Center PC 6.0; OfficeLiveConnector.1.3; OfficeLivePatch.0.0)"
87.28.161.50 - - [25/Jan/2011:11:11:23 +0100] "GET /img/thumb/phpThumb.php?src=/admin/img/1280333234_1716-7559S-d1.gif&w=148&h=138&zc=1&q=90 HTTP/1.1" 200 7685 "http://www.aziendaitalia.com/attivita-in-vendita/a1867.html" "Mozilla/4.0 (compatible; MSIE 8.0; Windows NT 6.1; WOW64; Trident/4.0; SLCC2; .NET CLR 2.0.50727; .NET CLR 3.5.30729; .NET CLR 3.0.30729; Media Center PC 6.0; OfficeLiveConnector.1.3; OfficeLivePatch.0.0)"
87.28.161.50 - - [25/Jan/2011:11:11:23 +0100] "GET /img/thumb/phpThumb.php?src=/admin/img/1280333217_1716-7559S-a1.gif&w=148&h=138&zc=1&q=90 HTTP/1.1" 200 7966 "http://www.aziendaitalia.com/attivita-in-vendita/a1867.html" "Mozilla/4.0 (compatible; MSIE 8.0; Windows NT 6.1; WOW64; Trident/4.0; SLCC2; .NET CLR 2.0.50727; .NET CLR 3.5.30729; .NET CLR 3.0.30729; Media Center PC 6.0; OfficeLiveConnector.1.3; OfficeLivePatch.0.0)"
151.64.183.254 - - [25/Jan/2011:11:11:23 +0100] "GET /cedere-bar.php?gclid=CMzekoOP1aYCFUYifAodO3vwMw HTTP/1.1" 200 3917 "http://search.vivastreet.virgilio.it/attivita-commerciali+lombardia?lb=new&search=1&start_field=1&keywords=bar+in+vendasi+curno+bergamo&sp_common_price%5Bstart%5D=100000&sp_common_main_type=Altre+attivita%27+commerciali&sp_common_price%5Bend%5D=200000&geosearch_text=&searchGeoId=1292&end_field=" "Mozilla/4.0 (compatible; MSIE 8.0; Windows NT 6.0; Trident/4.0; GTB0.0; SLCC1; .NET CLR 2.0.50727; Media Center PC 5.0; .NET CLR 3.5.30729; .NET CLR 3.0.30729; OfficeLiveConnector.1.3; OfficeLivePatch.0.0)"
151.64.183.254 - - [25/Jan/2011:11:11:24 +0100] "GET /css/style.css HTTP/1.1" 200 3366 "http://www.aziendaitalia.com/cedere-bar.php?gclid=CMzekoOP1aYCFUYifAodO3vwMw" "Mozilla/4.0 (compatible; MSIE 8.0; Windows NT 6.0; Trident/4.0; GTB0.0; SLCC1; .NET CLR 2.0.50727; Media Center PC 5.0; .NET CLR 3.5.30729; .NET CLR 3.0.30729; OfficeLiveConnector.1.3; OfficeLivePatch.0.0)"
151.64.183.254 - - [25/Jan/2011:11:11:24 +0100] "GET /css/style.css HTTP/1.1" 200 3366 "http://www.aziendaitalia.com/cedere-bar.php?gclid=CMzekoOP1aYCFUYifAodO3vwMw" "Mozilla/4.0 (compatible; MSIE 8.0; Windows NT 6.0; Trident/4.0; GTB0.0; SLCC1; .NET CLR 2.0.50727; Media Center PC 5.0; .NET CLR 3.5.30729; .NET CLR 3.0.30729; OfficeLiveConnector.1.3; OfficeLivePatch.0.0)"
87.28.161.50 - - [25/Jan/2011:11:11:26 +0100] "GET /img/thumb/phpThumb.php?src=/admin/img/1280333226_1716-7559S-b1.gif&w=148&h=138&zc=1&q=90 HTTP/1.1" 200 5650 "http://www.aziendaitalia.com/attivita-in-vendita/a1867.html" "Mozilla/4.0 (compatible; MSIE 8.0; Windows NT 6.1; WOW64; Trident/4.0; SLCC2; .NET CLR 2.0.50727; .NET CLR 3.5.30729; .NET CLR 3.0.30729; Media Center PC 6.0; OfficeLiveConnector.1.3; OfficeLivePatch.0.0)"
87.28.161.50 - - [25/Jan/2011:11:11:26 +0100] "GET /img/thumb/phpThumb.php?src=/admin/img/1280333230_1716-7559S-c1.gif&w=148&h=138&zc=1&q=90 HTTP/1.1" 200 4941 "http://www.aziendaitalia.com/attivita-in-vendita/a1867.html" "Mozilla/4.0 (compatible; MSIE 8.0; Windows NT 6.1; WOW64; Trident/4.0; SLCC2; .NET CLR 2.0.50727; .NET CLR 3.5.30729; .NET CLR 3.0.30729; Media Center PC 6.0; OfficeLiveConnector.1.3; OfficeLivePatch.0.0)"
151.64.183.254 - - [25/Jan/2011:11:11:24 +0100] "GET /js/jquery-1.4.2.min.js HTTP/1.1" 200 72174 "http://www.aziendaitalia.com/cedere-bar.php?gclid=CMzekoOP1aYCFUYifAodO3vwMw" "Mozilla/4.0 (compatible; MSIE 8.0; Windows NT 6.0; Trident/4.0; GTB0.0; SLCC1; .NET CLR 2.0.50727; Media Center PC 5.0; .NET CLR 3.5.30729; .NET CLR 3.0.30729; OfficeLiveConnector.1.3; OfficeLivePatch.0.0)"
151.64.183.254 - - [25/Jan/2011:11:11:28 +0100] "GET /js/general.js HTTP/1.1" 200 5776 "http://www.aziendaitalia.com/cedere-bar.php?gclid=CMzekoOP1aYCFUYifAodO3vwMw" "Mozilla/4.0 (compatible; MSIE 8.0; Windows NT 6.0; Trident/4.0; GTB0.0; SLCC1; .NET CLR 2.0.50727; Media Center PC 5.0; .NET CLR 3.5.30729; .NET CLR 3.0.30729; OfficeLiveConnector.1.3; OfficeLivePatch.0.0)"
151.64.183.254 - - [25/Jan/2011:11:11:29 +0100] "GET /img/layout/menubar.gif HTTP/1.1" 200 1302 "http://www.aziendaitalia.com/cedere-bar.php?gclid=CMzekoOP1aYCFUYifAodO3vwMw" "Mozilla/4.0 (compatible; MSIE 8.0; Windows NT 6.0; Trident/4.0; GTB0.0; SLCC1; .NET CLR 2.0.50727; Media Center PC 5.0; .NET CLR 3.5.30729; .NET CLR 3.0.30729; OfficeLiveConnector.1.3; OfficeLivePatch.0.0)"
151.64.183.254 - - [25/Jan/2011:11:11:29 +0100] "GET /img/layout/bg_wrapper_sub.gif HTTP/1.1" 200 102 "http://www.aziendaitalia.com/cedere-bar.php?gclid=CMzekoOP1aYCFUYifAodO3vwMw" "Mozilla/4.0 (compatible; MSIE 8.0; Windows NT 6.0; Trident/4.0; GTB0.0; SLCC1; .NET CLR 2.0.50727; Media Center PC 5.0; .NET CLR 3.5.30729; .NET CLR 3.0.30729; OfficeLiveConnector.1.3; OfficeLivePatch.0.0)"
151.64.183.254 - - [25/Jan/2011:11:11:29 +0100] "GET /img/layout/header.gif HTTP/1.1" 200 15655 "http://www.aziendaitalia.com/cedere-bar.php?gclid=CMzekoOP1aYCFUYifAodO3vwMw" "Mozilla/4.0 (compatible; MSIE 8.0; Windows NT 6.0; Trident/4.0; GTB0.0; SLCC1; .NET CLR 2.0.50727; Media Center PC 5.0; .NET CLR 3.5.30729; .NET CLR 3.0.30729; OfficeLiveConnector.1.3; OfficeLivePatch.0.0)"
151.64.183.254 - - [25/Jan/2011:11:11:29 +0100] "GET /img/layout/bg_sidebar_separator.gif HTTP/1.1" 200 106 "http://www.aziendaitalia.com/cedere-bar.php?gclid=CMzekoOP1aYCFUYifAodO3vwMw" "Mozilla/4.0 (compatible; MSIE 8.0; Windows NT 6.0; Trident/4.0; GTB0.0; SLCC1; .NET CLR 2.0.50727; Media Center PC 5.0; .NET CLR 3.5.30729; .NET CLR 3.0.30729; OfficeLiveConnector.1.3; OfficeLivePatch.0.0)"
151.64.183.254 - - [25/Jan/2011:11:11:28 +0100] "GET /img/icona-ristoranti-bar.jpg HTTP/1.1" 200 74379 "http://www.aziendaitalia.com/cedere-bar.php?gclid=CMzekoOP1aYCFUYifAodO3vwMw" "Mozilla/4.0 (compatible; MSIE 8.0; Windows NT 6.0; Trident/4.0; GTB0.0; SLCC1; .NET CLR 2.0.50727; Media Center PC 5.0; .NET CLR 3.5.30729; .NET CLR 3.0.30729; OfficeLiveConnector.1.3; OfficeLivePatch.0.0)"
151.64.183.254 - - [25/Jan/2011:11:11:32 +0100] "GET /favicon.ico HTTP/1.1" 200 1406 "-" "Mozilla/4.0 (compatible; MSIE 8.0; Windows NT 6.0; Trident/4.0; GTB0.0; SLCC1; .NET CLR 2.0.50727; Media Center PC 5.0; .NET CLR 3.5.30729; .NET CLR 3.0.30729; OfficeLiveConnector.1.3; OfficeLivePatch.0.0)"
151.64.183.254 - - [25/Jan/2011:11:11:45 +0100] "GET /attivita-in-vendita/ HTTP/1.1" 200 2294 "http://www.aziendaitalia.com/cedere-bar.php?gclid=CMzekoOP1aYCFUYifAodO3vwMw" "Mozilla/4.0 (compatible; MSIE 8.0; Windows NT 6.0; Trident/4.0; GTB0.0; SLCC1; .NET CLR 2.0.50727; Media Center PC 5.0; .NET CLR 3.5.30729; .NET CLR 3.0.30729; OfficeLiveConnector.1.3; OfficeLivePatch.0.0)"
82.188.152.163 - - [25/Jan/2011:11:11:52 +0100] "GET / HTTP/1.1" 200 2648 "-" "Mozilla/5.0 (Windows; U; Windows NT 5.1; en-US) AppleWebKit/534.10 (KHTML, like Gecko) Chrome/8.0.552.237 Safari/534.10"
87.30.19.161 - - [25/Jan/2011:11:11:52 +0100] "GET /attivita-in-vendita/a-milano_p6.html HTTP/1.1" 200 4640 "http://www.aziendaitalia.com/attivita-in-vendita/industria-produzione-installatori-lavorazione_a-lecco_m6_p10.html" "Mozilla/4.0 (compatible; MSIE 7.0; Windows NT 5.1; .NET CLR 1.1.4322; .NET CLR 2.0.50727; .NET CLR 3.0.4506.2152; .NET CLR 3.5.30729; .NET4.0C)"
82.188.152.163 - - [25/Jan/2011:11:11:53 +0100] "GET /css/style.css HTTP/1.1" 200 3366 "http://www.aziendaitalia.com/" "Mozilla/5.0 (Windows; U; Windows NT 5.1; en-US) AppleWebKit/534.10 (KHTML, like Gecko) Chrome/8.0.552.237 Safari/534.10"
87.30.19.161 - - [25/Jan/2011:11:11:55 +0100] "GET /attivita-in-vendita/a-lecco_p10.html HTTP/1.1" 200 4495 "http://www.aziendaitalia.com/attivita-in-vendita/a-milano_p6.html" "Mozilla/4.0 (compatible; MSIE 7.0; Windows NT 5.1; .NET CLR 1.1.4322; .NET CLR 2.0.50727; .NET CLR 3.0.4506.2152; .NET CLR 3.5.30729; .NET4.0C)"
87.30.19.161 - - [25/Jan/2011:11:11:58 +0100] "GET /attivita-in-vendita/industria-produzione-installatori-lavorazione_a-lecco_m6_p10.html HTTP/1.1" 200 3101 "http://www.aziendaitalia.com/attivita-in-vendita/a-lecco_p10.html" "Mozilla/4.0 (compatible; MSIE 7.0; Windows NT 5.1; .NET CLR 1.1.4322; .NET CLR 2.0.50727; .NET CLR 3.0.4506.2152; .NET CLR 3.5.30729; .NET4.0C)"
178.154.161.29 - - [25/Jan/2011:11:11:59 +0100] "GET /annunci/nord-italia/torino/6465.htm HTTP/1.1" 200 2728 "-" "Mozilla/5.0 (compatible; YandexBot/3.0; +http://yandex.com/bots)"
151.54.245.26 - - [25/Jan/2011:11:12:03 +0100] "GET /attivita-in-vendita/a2403.html HTTP/1.1" 200 2672 "http://www.aziendaitalia.com/attivita-in-vendita/alberghi-ristoranti-bar-agriturismo-aziende-agricole_a-roma_m1_p53.html?page=2" "Mozilla/5.0 (Windows; U; Windows NT 5.1; en-US) AppleWebKit/534.10 (KHTML, like Gecko) Chrome/8.0.552.224 Safari/534.10"
151.54.245.26 - - [25/Jan/2011:11:12:03 +0100] "GET /css/style.css HTTP/1.1" 200 3366 "http://www.aziendaitalia.com/attivita-in-vendita/a2403.html" "Mozilla/5.0 (Windows; U; Windows NT 5.1; en-US) AppleWebKit/534.10 (KHTML, like Gecko) Chrome/8.0.552.224 Safari/534.10"
151.54.245.26 - - [25/Jan/2011:11:12:03 +0100] "GET /img/thumb/phpThumb.php?src=/admin/img/1281603954_5777-5623X-A1.jpg&w=148&h=138&zc=1&q=90 HTTP/1.1" 200 8168 "http://www.aziendaitalia.com/attivita-in-vendita/a2403.html" "Mozilla/5.0 (Windows; U; Windows NT 5.1; en-US) AppleWebKit/534.10 (KHTML, like Gecko) Chrome/8.0.552.224 Safari/534.10"
151.54.245.26 - - [25/Jan/2011:11:12:03 +0100] "GET /img/thumb/phpThumb.php?src=/admin/img/1281603959_5777-5623X-B1.jpg&w=148&h=138&zc=1&q=90 HTTP/1.1" 200 9945 "http://www.aziendaitalia.com/attivita-in-vendita/a2403.html" "Mozilla/5.0 (Windows; U; Windows NT 5.1; en-US) AppleWebKit/534.10 (KHTML, like Gecko) Chrome/8.0.552.224 Safari/534.10"
151.54.245.26 - - [25/Jan/2011:11:12:03 +0100] "GET /img/thumb/phpThumb.php?src=/admin/img/1281603965_5777-5623X-C1.jpg&w=148&h=138&zc=1&q=90 HTTP/1.1" 200 8708 "http://www.aziendaitalia.com/attivita-in-vendita/a2403.html" "Mozilla/5.0 (Windows; U; Windows NT 5.1; en-US) AppleWebKit/534.10 (KHTML, like Gecko) Chrome/8.0.552.224 Safari/534.10"
151.54.245.26 - - [25/Jan/2011:11:12:03 +0100] "GET /img/thumb/phpThumb.php?src=/admin/img/1281603969_5777-5623X-D1.jpg&w=148&h=138&zc=1&q=90 HTTP/1.1" 200 9076 "http://www.aziendaitalia.com/attivita-in-vendita/a2403.html" "Mozilla/5.0 (Windows; U; Windows NT 5.1; en-US) AppleWebKit/534.10 (KHTML, like Gecko) Chrome/8.0.552.224 Safari/534.10"
87.30.19.161 - - [25/Jan/2011:11:12:04 +0100] "GET /attivita-in-vendita/a-milano_p6.html HTTP/1.1" 200 4640 "http://www.aziendaitalia.com/attivita-in-vendita/industria-produzione-installatori-lavorazione_a-lecco_m6_p10.html" "Mozilla/4.0 (compatible; MSIE 7.0; Windows NT 5.1; .NET CLR 1.1.4322; .NET CLR 2.0.50727; .NET CLR 3.0.4506.2152; .NET CLR 3.5.30729; .NET4.0C)"
87.30.19.161 - - [25/Jan/2011:11:12:08 +0100] "GET /immobili-in-vendita/a-milano_p6.html HTTP/1.1" 200 4570 "http://www.aziendaitalia.com/attivita-in-vendita/a-milano_p6.html" "Mozilla/4.0 (compatible; MSIE 7.0; Windows NT 5.1; .NET CLR 1.1.4322; .NET CLR 2.0.50727; .NET CLR 3.0.4506.2152; .NET CLR 3.5.30729; .NET4.0C)"
87.30.19.161 - - [25/Jan/2011:11:12:11 +0100] "GET /attivita-in-vendita/ HTTP/1.1" 200 2294 "http://www.aziendaitalia.com/immobili-in-vendita/a-milano_p6.html" "Mozilla/4.0 (compatible; MSIE 7.0; Windows NT 5.1; .NET CLR 1.1.4322; .NET CLR 2.0.50727; .NET CLR 3.0.4506.2152; .NET CLR 3.5.30729; .NET4.0C)"
87.30.19.161 - - [25/Jan/2011:11:12:11 +0100] "GET /img/thumb/phpThumb.php?src=/admin/img/1283511116_5135-4001Y-A.JPG&w=148&h=138&zc=1&q=90 HTTP/1.1" 200 9692 "http://www.aziendaitalia.com/attivita-in-vendita/" "Mozilla/4.0 (compatible; MSIE 7.0; Windows NT 5.1; .NET CLR 1.1.4322; .NET CLR 2.0.50727; .NET CLR 3.0.4506.2152; .NET CLR 3.5.30729; .NET4.0C)"
87.30.19.161 - - [25/Jan/2011:11:12:12 +0100] "GET /img/thumb/phpThumb.php?src=/admin/img/1295368730_5945-6289D-A.JPG&w=148&h=138&zc=1&q=90 HTTP/1.1" 200 9397 "http://www.aziendaitalia.com/attivita-in-vendita/" "Mozilla/4.0 (compatible; MSIE 7.0; Windows NT 5.1; .NET CLR 1.1.4322; .NET CLR 2.0.50727; .NET CLR 3.0.4506.2152; .NET CLR 3.5.30729; .NET4.0C)"
87.30.19.161 - - [25/Jan/2011:11:12:12 +0100] "GET /img/thumb/phpThumb.php?src=/admin/img/1284121274_8018-5308G-A.JPG&w=148&h=138&zc=1&q=90 HTTP/1.1" 200 7134 "http://www.aziendaitalia.com/attivita-in-vendita/" "Mozilla/4.0 (compatible; MSIE 7.0; Windows NT 5.1; .NET CLR 1.1.4322; .NET CLR 2.0.50727; .NET CLR 3.0.4506.2152; .NET CLR 3.5.30729; .NET4.0C)"
79.4.166.145 - - [25/Jan/2011:11:12:13 +0100] "GET /vendere-negozi-torino.php?gclid=COHy-ZqP1aYCFQgMfAodl1HpMw HTTP/1.1" 200 3975 "-" "Mozilla/5.0 (Windows; U; Windows NT 5.1; it; rv:1.9.2.13) Gecko/20101203 Firefox/3.6.13 GTB7.1 (.NET CLR 3.5.30729)"
79.4.166.145 - - [25/Jan/2011:11:12:14 +0100] "GET /css/style.css HTTP/1.1" 200 3366 "-" "Mozilla/5.0 (Windows; U; Windows NT 5.1; it; rv:1.9.2.13) Gecko/20101203 Firefox/3.6.13 GTB7.1 (.NET CLR 3.5.30729)"
151.54.245.26 - - [25/Jan/2011:11:12:14 +0100] "GET /img/layout/italia/italyisles.gif HTTP/1.1" 200 3919 "http://www.aziendaitalia.com/attivita-in-vendita/alberghi-ristoranti-bar-agriturismo-aziende-agricole_a-roma_m1_p53.html?page=2" "Mozilla/5.0 (Windows; U; Windows NT 5.1; en-US) AppleWebKit/534.10 (KHTML, like Gecko) Chrome/8.0.552.224 Safari/534.10"
79.4.166.145 - - [25/Jan/2011:11:12:14 +0100] "GET /js/general.js HTTP/1.1" 200 5776 "-" "Mozilla/5.0 (Windows; U; Windows NT 5.1; it; rv:1.9.2.13) Gecko/20101203 Firefox/3.6.13 GTB7.1 (.NET CLR 3.5.30729)"
79.4.166.145 - - [25/Jan/2011:11:12:14 +0100] "GET /img/icona-negozi.jpg HTTP/1.1" 200 69156 "-" "Mozilla/5.0 (Windows; U; Windows NT 5.1; it; rv:1.9.2.13) Gecko/20101203 Firefox/3.6.13 GTB7.1 (.NET CLR 3.5.30729)"
79.4.166.145 - - [25/Jan/2011:11:12:14 +0100] "GET /js/jquery-1.4.2.min.js HTTP/1.1" 200 72174 "-" "Mozilla/5.0 (Windows; U; Windows NT 5.1; it; rv:1.9.2.13) Gecko/20101203 Firefox/3.6.13 GTB7.1 (.NET CLR 3.5.30729)"
79.4.166.145 - - [25/Jan/2011:11:12:15 +0100] "GET /img/layout/header.gif HTTP/1.1" 200 15655 "-" "Mozilla/5.0 (Windows; U; Windows NT 5.1; it; rv:1.9.2.13) Gecko/20101203 Firefox/3.6.13 GTB7.1 (.NET CLR 3.5.30729)"
79.4.166.145 - - [25/Jan/2011:11:12:15 +0100] "GET /img/layout/menubar.gif HTTP/1.1" 200 1302 "-" "Mozilla/5.0 (Windows; U; Windows NT 5.1; it; rv:1.9.2.13) Gecko/20101203 Firefox/3.6.13 GTB7.1 (.NET CLR 3.5.30729)"
79.4.166.145 - - [25/Jan/2011:11:12:15 +0100] "GET /img/layout/bg_wrapper_sub.gif HTTP/1.1" 200 102 "-" "Mozilla/5.0 (Windows; U; Windows NT 5.1; it; rv:1.9.2.13) Gecko/20101203 Firefox/3.6.13 GTB7.1 (.NET CLR 3.5.30729)"
79.4.166.145 - - [25/Jan/2011:11:12:15 +0100] "GET /img/layout/bg_sidebar_separator.gif HTTP/1.1" 200 106 "-" "Mozilla/5.0 (Windows; U; Windows NT 5.1; it; rv:1.9.2.13) Gecko/20101203 Firefox/3.6.13 GTB7.1 (.NET CLR 3.5.30729)"
79.4.166.145 - - [25/Jan/2011:11:12:15 +0100] "GET /favicon.ico HTTP/1.1" 200 1406 "-" "Mozilla/5.0 (Windows; U; Windows NT 5.1; it; rv:1.9.2.13) Gecko/20101203 Firefox/3.6.13 GTB7.1 (.NET CLR 3.5.30729)"
87.28.161.50 - - [25/Jan/2011:11:12:17 +0100] "GET /attivita-in-vendita/a1555.html HTTP/1.1" 200 2774 "http://www.aziendaitalia.com/attivita-in-vendita/alberghi-ristoranti-bar-agriturismo-aziende-agricole_a-milano_m1_p6.html?page=4" "Mozilla/4.0 (compatible; MSIE 8.0; Windows NT 6.1; WOW64; Trident/4.0; SLCC2; .NET CLR 2.0.50727; .NET CLR 3.5.30729; .NET CLR 3.0.30729; Media Center PC 6.0; OfficeLiveConnector.1.3; OfficeLivePatch.0.0)"
67.195.115.117 - - [25/Jan/2011:11:12:16 +0100] "GET /attivita-in-vendita/farmacie-%20erboristerie-%20profumerie_a-udine_s47_p77.html HTTP/1.0" 200 3026 "-" "Mozilla/5.0 (compatible; Yahoo! Slurp; http://help.yahoo.com/help/us/ysearch/slurp)"
66.249.71.212 - - [25/Jan/2011:11:12:18 +0100] "GET /attivita-in-vendita/agenzie-ippiche-scommesse-piste-aree-per-manifestazioni-sportive_italia_s287_n1.html HTTP/1.1" 200 2858 "-" "Mozilla/5.0 (compatible; Googlebot/2.1; +http://www.google.com/bot.html)"
66.249.71.212 - - [25/Jan/2011:11:12:18 +0100] "GET /attivita-in-vendita/pietre-tagliate-prodotti-in-pietra_estero_s413_n2.html?page=36 HTTP/1.1" 200 1727 "-" "Mozilla/5.0 (compatible; Googlebot/2.1; +http://www.google.com/bot.html)"
72.5.230.111 - - [25/Jan/2011:11:12:19 +0100] "HEAD / HTTP/1.1" 200 - "-" "Site 24 X 7"
87.30.19.161 - - [25/Jan/2011:11:12:21 +0100] "GET /attivita-in-vendita/a3072.html HTTP/1.1" 200 2856 "http://www.aziendaitalia.com/attivita-in-vendita/" "Mozilla/4.0 (compatible; MSIE 7.0; Windows NT 5.1; .NET CLR 1.1.4322; .NET CLR 2.0.50727; .NET CLR 3.0.4506.2152; .NET CLR 3.5.30729; .NET4.0C)"
87.30.19.161 - - [25/Jan/2011:11:12:21 +0100] "GET /img/thumb/phpThumb.php?src=/admin/img/1283511119_5135-4001Y-B.jpg&w=148&h=138&zc=1&q=90 HTTP/1.1" 200 6077 "http://www.aziendaitalia.com/attivita-in-vendita/a3072.html" "Mozilla/4.0 (compatible; MSIE 7.0; Windows NT 5.1; .NET CLR 1.1.4322; .NET CLR 2.0.50727; .NET CLR 3.0.4506.2152; .NET CLR 3.5.30729; .NET4.0C)"
87.30.19.161 - - [25/Jan/2011:11:12:21 +0100] "GET /img/thumb/phpThumb.php?src=/admin/img/1283511123_5135-4001Y-C.jpg&w=148&h=138&zc=1&q=90 HTTP/1.1" 200 8838 "http://www.aziendaitalia.com/attivita-in-vendita/a3072.html" "Mozilla/4.0 (compatible; MSIE 7.0; Windows NT 5.1; .NET CLR 1.1.4322; .NET CLR 2.0.50727; .NET CLR 3.0.4506.2152; .NET CLR 3.5.30729; .NET4.0C)"
87.30.19.161 - - [25/Jan/2011:11:12:22 +0100] "GET /img/thumb/phpThumb.php?src=/admin/img/1283511128_5135-4001Y-D.jpg&w=148&h=138&zc=1&q=90 HTTP/1.1" 200 7248 "http://www.aziendaitalia.com/attivita-in-vendita/a3072.html" "Mozilla/4.0 (compatible; MSIE 7.0; Windows NT 5.1; .NET CLR 1.1.4322; .NET CLR 2.0.50727; .NET CLR 3.0.4506.2152; .NET CLR 3.5.30729; .NET4.0C)"
212.97.42.14 - - [25/Jan/2011:11:12:24 +0100] "GET /vendere-bar-milano.php?gclid=CMCA9J-P1aYCFUQTfAodaDq2zQ HTTP/1.0" 200 11879 "http://case.trovit.it/bar-brianza" "Mozilla/4.0 (compatible; MSIE 6.0; Windows NT 5.1; SV1; .NET CLR 1.1.4322; .NET CLR 2.0.50727; .NET CLR 3.0.04506.30)"
212.97.42.14 - - [25/Jan/2011:11:12:24 +0100] "GET /css/style.css HTTP/1.0" 200 13313 "http://www.aziendaitalia.com/vendere-bar-milano.php?gclid=CMCA9J-P1aYCFUQTfAodaDq2zQ" "Mozilla/4.0 (compatible; MSIE 6.0; Windows NT 5.1; SV1; .NET CLR 1.1.4322; .NET CLR 2.0.50727; .NET CLR 3.0.04506.30)"
212.97.42.14 - - [25/Jan/2011:11:12:24 +0100] "GET /img/icona-ristoranti-bar.jpg HTTP/1.0" 200 74379 "http://www.aziendaitalia.com/vendere-bar-milano.php?gclid=CMCA9J-P1aYCFUQTfAodaDq2zQ" "Mozilla/4.0 (compatible; MSIE 6.0; Windows NT 5.1; SV1; .NET CLR 1.1.4322; .NET CLR 2.0.50727; .NET CLR 3.0.04506.30)"
