151.90.254.207 - - [25/Jan/2011:09:51:43 +0100] "GET /img/thumb/phpThumb.php?src=/admin/img/1281173842_9558-8849G-A.jpg&w=148&h=138&zc=1&q=90 HTTP/1.0" 200 6310 "http://www.aziendaitalia.com/attivita-in-vendita/a2242.html" "Mozilla/4.0 (compatible; MSIE 8.0; Windows NT 5.1; Trident/4.0; .NET CLR 1.1.4322; .NET CLR 2.0.50727; .NET CLR 3.0.4506.2152; .NET CLR 3.5.30729)"
95.75.250.239 - - [25/Jan/2011:09:51:45 +0100] "GET /attivita-in-vendita/alberghi-ristoranti-bar-agriturismo-aziende-agricole_a-bologna_m1_p137.html HTTP/1.1" 200 4062 "http://www.aziendaitalia.com/attivita-in-vendita/a-bologna_p137.html" "Mozilla/5.0 (Windows; U; Windows NT 6.0; en-US) AppleWebKit/534.10 (KHTML, like Gecko) Chrome/8.0.552.237 Safari/534.10"
95.75.250.239 - - [25/Jan/2011:09:51:46 +0100] "GET /css/style.css HTTP/1.1" 200 3366 "http://www.aziendaitalia.com/attivita-in-vendita/alberghi-ristoranti-bar-agriturismo-aziende-agricole_a-bologna_m1_p137.html" "Mozilla/5.0 (Windows; U; Windows NT 6.0; en-US) AppleWebKit/534.10 (KHTML, like Gecko) Chrome/8.0.552.237 Safari/534.10"
178.154.161.29 - - [25/Jan/2011:09:51:46 +0100] "GET /annunci/nord-italia/varese/9473.htm HTTP/1.1" 200 2789 "-" "Mozilla/5.0 (compatible; YandexBot/3.0; +http://yandex.com/bots)"
72.5.230.111 - - [25/Jan/2011:09:51:48 +0100] "HEAD / HTTP/1.1" 200 - "-" "Site 24 X 7"
79.39.212.42 - - [25/Jan/2011:09:51:49 +0100] "GET /cedere-attivita/ HTTP/1.1" 200 3958 "http://www.aziendaitalia.com/" "Mozilla/4.0 (compatible; MSIE 8.0; Windows NT 5.1; Trident/4.0; FunWebProducts; GTB6.6; SIMBAR={061F4437-22F7-11E0-807D-001FC6099D0C}; .NET CLR 2.0.50727; .NET CLR 3.0.4506.2152; .NET CLR 3.5.30729)"
79.39.212.42 - - [25/Jan/2011:09:51:50 +0100] "GET /img/layout/bg_wrapper_sub.gif HTTP/1.1" 304 - "http://www.aziendaitalia.com/cedere-attivita/" "Mozilla/4.0 (compatible; MSIE 8.0; Windows NT 5.1; Trident/4.0; FunWebProducts; GTB6.6; SIMBAR={061F4437-22F7-11E0-807D-001FC6099D0C}; .NET CLR 2.0.50727; .NET CLR 3.0.4506.2152; .NET CLR 3.5.30729)"
79.39.212.42 - - [25/Jan/2011:09:51:50 +0100] "GET /img/layout/bg_sidebar_separator.gif HTTP/1.1" 304 - "http://www.aziendaitalia.com/cedere-attivita/" "Mozilla/4.0 (compatible; MSIE 8.0; Windows NT 5.1; Trident/4.0; FunWebProducts; GTB6.6; SIMBAR={061F4437-22F7-11E0-807D-001FC6099D0C}; .NET CLR 2.0.50727; .NET CLR 3.0.4506.2152; .NET CLR 3.5.30729)"
95.75.250.239 - - [25/Jan/2011:09:51:53 +0100] "GET /attivita-in-vendita/ristoranti-bar_a-bologna_c21_p137.html HTTP/1.1" 200 4140 "http://www.aziendaitalia.com/attivita-in-vendita/alberghi-ristoranti-bar-agriturismo-aziende-agricole_a-bologna_m1_p137.html" "Mozilla/5.0 (Windows; U; Windows NT 6.0; en-US) AppleWebKit/534.10 (KHTML, like Gecko) Chrome/8.0.552.237 Safari/534.10"
95.75.250.239 - - [25/Jan/2011:09:51:54 +0100] "GET /css/style.css HTTP/1.1" 200 3366 "http://www.aziendaitalia.com/attivita-in-vendita/ristoranti-bar_a-bologna_c21_p137.html" "Mozilla/5.0 (Windows; U; Windows NT 6.0; en-US) AppleWebKit/534.10 (KHTML, like Gecko) Chrome/8.0.552.237 Safari/534.10"
95.75.250.239 - - [25/Jan/2011:09:52:12 +0100] "GET /attivita-in-vendita/locali-ritrovi-birrerie-pub_a-bologna_s148_p137.html HTTP/1.1" 200 2869 "http://www.aziendaitalia.com/attivita-in-vendita/ristoranti-bar_a-bologna_c21_p137.html" "Mozilla/5.0 (Windows; U; Windows NT 6.0; en-US) AppleWebKit/534.10 (KHTML, like Gecko) Chrome/8.0.552.237 Safari/534.10"
151.90.254.207 - - [25/Jan/2011:09:52:12 +0100] "GET /attivita-in-vendita/a-roma_p53.html?page=7 HTTP/1.0" 200 4014 "http://www.aziendaitalia.com/attivita-in-vendita/a-roma_p53.html?page=6" "Mozilla/4.0 (compatible; MSIE 8.0; Windows NT 5.1; Trident/4.0; .NET CLR 1.1.4322; .NET CLR 2.0.50727; .NET CLR 3.0.4506.2152; .NET CLR 3.5.30729)"
95.75.250.239 - - [25/Jan/2011:09:52:12 +0100] "GET /css/style.css HTTP/1.1" 200 3366 "http://www.aziendaitalia.com/attivita-in-vendita/locali-ritrovi-birrerie-pub_a-bologna_s148_p137.html" "Mozilla/5.0 (Windows; U; Windows NT 6.0; en-US) AppleWebKit/534.10 (KHTML, like Gecko) Chrome/8.0.552.237 Safari/534.10"
151.21.72.116 - - [25/Jan/2011:09:52:13 +0100] "GET /rilevare-attivita/?gclid=CLr-yan91KYCFcwmfAodaA2KKg HTTP/1.1" 200 3710 "http://www.google.it/aclk?sa=l&ai=CwA881oY-TaLLEMOS-QbSyqCtA8P6mtQBw6n-rxfp1eI4CAAQASDalNAGKANQgoPO8v3_____AWD90qmEiBOgAYOcof4DyAEBqQLsEyUBqPK2PqoEG0_QOZVgB8-UTtqEHFbhCLuiDgoI3acaHjs4-IAFkE4&sig=AGiWqtwfQhMZ8pF3wK2jb2GmGbJ4QqNnHw&adurl=http://www.aziendaitalia.com/rilevare-attivita/&rct=j&q=trattorie%20vendita%20torino" "Mozilla/4.0 (compatible; MSIE 8.0; Windows NT 6.0; Trident/4.0; GTB6.6; SLCC1; .NET CLR 2.0.50727; .NET CLR 3.5.30729; OfficeLiveConnector.1.3; OfficeLivePatch.0.0; .NET CLR 3.0.30729; AskTB5.6)"
151.90.254.207 - - [25/Jan/2011:09:52:16 +0100] "GET /attivita-in-vendita/a2219.html HTTP/1.0" 200 2693 "http://www.aziendaitalia.com/attivita-in-vendita/a-roma_p53.html?page=7" "Mozilla/4.0 (compatible; MSIE 8.0; Windows NT 5.1; Trident/4.0; .NET CLR 1.1.4322; .NET CLR 2.0.50727; .NET CLR 3.0.4506.2152; .NET CLR 3.5.30729)"
151.90.254.207 - - [25/Jan/2011:09:52:16 +0100] "GET /img/thumb/phpThumb.php?src=/admin/img/1281166399_2454-5460O-A3.jpg&w=148&h=138&zc=1&q=90 HTTP/1.0" 200 7361 "http://www.aziendaitalia.com/attivita-in-vendita/a2219.html" "Mozilla/4.0 (compatible; MSIE 8.0; Windows NT 5.1; Trident/4.0; .NET CLR 1.1.4322; .NET CLR 2.0.50727; .NET CLR 3.0.4506.2152; .NET CLR 3.5.30729)"
151.90.254.207 - - [25/Jan/2011:09:52:16 +0100] "GET /img/thumb/phpThumb.php?src=/admin/img/1281166407_2454-5460O-B3.jpg&w=148&h=138&zc=1&q=90 HTTP/1.0" 200 10267 "http://www.aziendaitalia.com/attivita-in-vendita/a2219.html" "Mozilla/4.0 (compatible; MSIE 8.0; Windows NT 5.1; Trident/4.0; .NET CLR 1.1.4322; .NET CLR 2.0.50727; .NET CLR 3.0.4506.2152; .NET CLR 3.5.30729)"
151.90.254.207 - - [25/Jan/2011:09:52:17 +0100] "GET /img/thumb/phpThumb.php?src=/admin/img/1281166418_2454-5460O-C3.jpg&w=148&h=138&zc=1&q=90 HTTP/1.0" 200 11137 "http://www.aziendaitalia.com/attivita-in-vendita/a2219.html" "Mozilla/4.0 (compatible; MSIE 8.0; Windows NT 5.1; Trident/4.0; .NET CLR 1.1.4322; .NET CLR 2.0.50727; .NET CLR 3.0.4506.2152; .NET CLR 3.5.30729)"
151.90.254.207 - - [25/Jan/2011:09:52:17 +0100] "GET /img/thumb/phpThumb.php?src=/admin/img/1281166423_2454-5460O-D3.jpg&w=148&h=138&zc=1&q=90 HTTP/1.0" 200 10864 "http://www.aziendaitalia.com/attivita-in-vendita/a2219.html" "Mozilla/4.0 (compatible; MSIE 8.0; Windows NT 5.1; Trident/4.0; .NET CLR 1.1.4322; .NET CLR 2.0.50727; .NET CLR 3.0.4506.2152; .NET CLR 3.5.30729)"
151.21.72.116 - - [25/Jan/2011:09:52:18 +0100] "GET /attivita-in-vendita/ HTTP/1.1" 200 2294 "http://www.aziendaitalia.com/rilevare-attivita/?gclid=CLr-yan91KYCFcwmfAodaA2KKg" "Mozilla/4.0 (compatible; MSIE 8.0; Windows NT 6.0; Trident/4.0; GTB6.6; SLCC1; .NET CLR 2.0.50727; .NET CLR 3.5.30729; OfficeLiveConnector.1.3; OfficeLivePatch.0.0; .NET CLR 3.0.30729; AskTB5.6)"
151.21.72.116 - - [25/Jan/2011:09:52:26 +0100] "GET /attivita-in-vendita/alberghi-ristoranti-bar-agriturismo-aziende-agricole_m1.html HTTP/1.1" 200 3665 "http://www.aziendaitalia.com/attivita-in-vendita/" "Mozilla/4.0 (compatible; MSIE 8.0; Windows NT 6.0; Trident/4.0; GTB6.6; SLCC1; .NET CLR 2.0.50727; .NET CLR 3.5.30729; OfficeLiveConnector.1.3; OfficeLivePatch.0.0; .NET CLR 3.0.30729; AskTB5.6)"
151.21.72.116 - - [25/Jan/2011:09:52:27 +0100] "GET /css/style.css HTTP/1.1" 200 3366 "http://www.aziendaitalia.com/attivita-in-vendita/alberghi-ristoranti-bar-agriturismo-aziende-agricole_m1.html" "Mozilla/4.0 (compatible; MSIE 8.0; Windows NT 6.0; Trident/4.0; GTB6.6; SLCC1; .NET CLR 2.0.50727; .NET CLR 3.5.30729; OfficeLiveConnector.1.3; OfficeLivePatch.0.0; .NET CLR 3.0.30729; AskTB5.6)"
79.39.212.42 - - [25/Jan/2011:09:52:29 +0100] "GET /attivita-in-vendita/ HTTP/1.1" 200 2294 "http://www.aziendaitalia.com/cedere-attivita/" "Mozilla/4.0 (compatible; MSIE 8.0; Windows NT 5.1; Trident/4.0; FunWebProducts; GTB6.6; SIMBAR={061F4437-22F7-11E0-807D-001FC6099D0C}; .NET CLR 2.0.50727; .NET CLR 3.0.4506.2152; .NET CLR 3.5.30729)"
93.64.130.123 - - [25/Jan/2011:09:52:29 +0100] "GET /attivita-in-vendita/?gclid=CPbrxbH91KYCFYIlfAod_grLOQ HTTP/1.1" 200 2323 "http://www.google.it/search?source=ig&hl=it&rlz=&q=cerco+attivit%C3%A0+lucca&aq=f&oq=" "Mozilla/4.0 (compatible; MSIE 8.0; Windows NT 6.1; Trident/4.0; SLCC2; .NET CLR 2.0.50727; .NET CLR 3.5.30729; .NET CLR 3.0.30729; Media Center PC 6.0; CMDTDF)"
93.64.130.123 - - [25/Jan/2011:09:52:29 +0100] "GET /css/style.css HTTP/1.1" 200 3366 "http://www.aziendaitalia.com/attivita-in-vendita/?gclid=CPbrxbH91KYCFYIlfAod_grLOQ" "Mozilla/4.0 (compatible; MSIE 8.0; Windows NT 6.1; Trident/4.0; SLCC2; .NET CLR 2.0.50727; .NET CLR 3.5.30729; .NET CLR 3.0.30729; Media Center PC 6.0; CMDTDF)"
93.64.130.123 - - [25/Jan/2011:09:52:29 +0100] "GET /js/jquery-1.4.2.min.js HTTP/1.1" 200 72174 "http://www.aziendaitalia.com/attivita-in-vendita/?gclid=CPbrxbH91KYCFYIlfAod_grLOQ" "Mozilla/4.0 (compatible; MSIE 8.0; Windows NT 6.1; Trident/4.0; SLCC2; .NET CLR 2.0.50727; .NET CLR 3.5.30729; .NET CLR 3.0.30729; Media Center PC 6.0; CMDTDF)"
93.64.130.123 - - [25/Jan/2011:09:52:30 +0100] "GET /js/general.js HTTP/1.1" 200 5776 "http://www.aziendaitalia.com/attivita-in-vendita/?gclid=CPbrxbH91KYCFYIlfAod_grLOQ" "Mozilla/4.0 (compatible; MSIE 8.0; Windows NT 6.1; Trident/4.0; SLCC2; .NET CLR 2.0.50727; .NET CLR 3.5.30729; .NET CLR 3.0.30729; Media Center PC 6.0; CMDTDF)"
93.64.130.123 - - [25/Jan/2011:09:52:30 +0100] "GET /img/layout/menubar.gif HTTP/1.1" 200 1302 "http://www.aziendaitalia.com/attivita-in-vendita/?gclid=CPbrxbH91KYCFYIlfAod_grLOQ" "Mozilla/4.0 (compatible; MSIE 8.0; Windows NT 6.1; Trident/4.0; SLCC2; .NET CLR 2.0.50727; .NET CLR 3.5.30729; .NET CLR 3.0.30729; Media Center PC 6.0; CMDTDF)"
93.64.130.123 - - [25/Jan/2011:09:52:30 +0100] "GET /img/layout/bg_wrapper_sub.gif HTTP/1.1" 200 102 "http://www.aziendaitalia.com/attivita-in-vendita/?gclid=CPbrxbH91KYCFYIlfAod_grLOQ" "Mozilla/4.0 (compatible; MSIE 8.0; Windows NT 6.1; Trident/4.0; SLCC2; .NET CLR 2.0.50727; .NET CLR 3.5.30729; .NET CLR 3.0.30729; Media Center PC 6.0; CMDTDF)"
93.64.130.123 - - [25/Jan/2011:09:52:30 +0100] "GET /img/layout/header.gif HTTP/1.1" 200 15655 "http://www.aziendaitalia.com/attivita-in-vendita/?gclid=CPbrxbH91KYCFYIlfAod_grLOQ" "Mozilla/4.0 (compatible; MSIE 8.0; Windows NT 6.1; Trident/4.0; SLCC2; .NET CLR 2.0.50727; .NET CLR 3.5.30729; .NET CLR 3.0.30729; Media Center PC 6.0; CMDTDF)"
93.64.130.123 - - [25/Jan/2011:09:52:30 +0100] "GET /img/layout/bg_sidebar_separator.gif HTTP/1.1" 200 106 "http://www.aziendaitalia.com/attivita-in-vendita/?gclid=CPbrxbH91KYCFYIlfAod_grLOQ" "Mozilla/4.0 (compatible; MSIE 8.0; Windows NT 6.1; Trident/4.0; SLCC2; .NET CLR 2.0.50727; .NET CLR 3.5.30729; .NET CLR 3.0.30729; Media Center PC 6.0; CMDTDF)"
93.64.130.123 - - [25/Jan/2011:09:52:30 +0100] "GET /img/thumb/phpThumb.php?src=/admin/img/1283511116_5135-4001Y-A.JPG&w=148&h=138&zc=1&q=90 HTTP/1.1" 200 9692 "http://www.aziendaitalia.com/attivita-in-vendita/?gclid=CPbrxbH91KYCFYIlfAod_grLOQ" "Mozilla/4.0 (compatible; MSIE 8.0; Windows NT 6.1; Trident/4.0; SLCC2; .NET CLR 2.0.50727; .NET CLR 3.5.30729; .NET CLR 3.0.30729; Media Center PC 6.0; CMDTDF)"
93.64.130.123 - - [25/Jan/2011:09:52:30 +0100] "GET /img/thumb/phpThumb.php?src=/admin/img/1295368730_5945-6289D-A.JPG&w=148&h=138&zc=1&q=90 HTTP/1.1" 200 9397 "http://www.aziendaitalia.com/attivita-in-vendita/?gclid=CPbrxbH91KYCFYIlfAod_grLOQ" "Mozilla/4.0 (compatible; MSIE 8.0; Windows NT 6.1; Trident/4.0; SLCC2; .NET CLR 2.0.50727; .NET CLR 3.5.30729; .NET CLR 3.0.30729; Media Center PC 6.0; CMDTDF)"
93.64.130.123 - - [25/Jan/2011:09:52:30 +0100] "GET /img/layout/dot.png HTTP/1.1" 200 2899 "http://www.aziendaitalia.com/attivita-in-vendita/?gclid=CPbrxbH91KYCFYIlfAod_grLOQ" "Mozilla/4.0 (compatible; MSIE 8.0; Windows NT 6.1; Trident/4.0; SLCC2; .NET CLR 2.0.50727; .NET CLR 3.5.30729; .NET CLR 3.0.30729; Media Center PC 6.0; CMDTDF)"
93.64.130.123 - - [25/Jan/2011:09:52:30 +0100] "GET /img/thumb/phpThumb.php?src=/admin/img/1284121274_8018-5308G-A.JPG&w=148&h=138&zc=1&q=90 HTTP/1.1" 200 7134 "http://www.aziendaitalia.com/attivita-in-vendita/?gclid=CPbrxbH91KYCFYIlfAod_grLOQ" "Mozilla/4.0 (compatible; MSIE 8.0; Windows NT 6.1; Trident/4.0; SLCC2; .NET CLR 2.0.50727; .NET CLR 3.5.30729; .NET CLR 3.0.30729; Media Center PC 6.0; CMDTDF)"
93.64.130.123 - - [25/Jan/2011:09:52:31 +0100] "GET /favicon.ico HTTP/1.1" 200 1406 "-" "Mozilla/4.0 (compatible; MSIE 8.0; Windows NT 6.1; Trident/4.0; SLCC2; .NET CLR 2.0.50727; .NET CLR 3.5.30729; .NET CLR 3.0.30729; Media Center PC 6.0; CMDTDF)"
151.21.72.116 - - [25/Jan/2011:09:52:32 +0100] "GET /attivita-in-vendita/ristoranti-bar_c21.html HTTP/1.1" 200 3867 "http://www.aziendaitalia.com/attivita-in-vendita/alberghi-ristoranti-bar-agriturismo-aziende-agricole_m1.html" "Mozilla/4.0 (compatible; MSIE 8.0; Windows NT 6.0; Trident/4.0; GTB6.6; SLCC1; .NET CLR 2.0.50727; .NET CLR 3.5.30729; OfficeLiveConnector.1.3; OfficeLivePatch.0.0; .NET CLR 3.0.30729; AskTB5.6)"
151.21.72.116 - - [25/Jan/2011:09:52:36 +0100] "GET /attivita-in-vendita/ristoranti-trattorie-osterie_s146.html HTTP/1.1" 200 3893 "http://www.aziendaitalia.com/attivita-in-vendita/ristoranti-bar_c21.html" "Mozilla/4.0 (compatible; MSIE 8.0; Windows NT 6.0; Trident/4.0; GTB6.6; SLCC1; .NET CLR 2.0.50727; .NET CLR 3.5.30729; OfficeLiveConnector.1.3; OfficeLivePatch.0.0; .NET CLR 3.0.30729; AskTB5.6)"
151.21.72.116 - - [25/Jan/2011:09:52:36 +0100] "GET /css/style.css HTTP/1.1" 200 3366 "http://www.aziendaitalia.com/attivita-in-vendita/ristoranti-trattorie-osterie_s146.html" "Mozilla/4.0 (compatible; MSIE 8.0; Windows NT 6.0; Trident/4.0; GTB6.6; SLCC1; .NET CLR 2.0.50727; .NET CLR 3.5.30729; OfficeLiveConnector.1.3; OfficeLivePatch.0.0; .NET CLR 3.0.30729; AskTB5.6)"
93.64.130.123 - - [25/Jan/2011:09:52:39 +0100] "GET /attivita-in-vendita/a-firenze_p62.html HTTP/1.1" 200 4506 "http://www.aziendaitalia.com/attivita-in-vendita/?gclid=CPbrxbH91KYCFYIlfAod_grLOQ" "Mozilla/4.0 (compatible; MSIE 8.0; Windows NT 6.1; Trident/4.0; SLCC2; .NET CLR 2.0.50727; .NET CLR 3.5.30729; .NET CLR 3.0.30729; Media Center PC 6.0; CMDTDF)"
93.64.130.123 - - [25/Jan/2011:09:52:39 +0100] "GET /img/layout/italia/italycenter.gif HTTP/1.1" 200 3933 "http://www.aziendaitalia.com/attivita-in-vendita/a-firenze_p62.html" "Mozilla/4.0 (compatible; MSIE 8.0; Windows NT 6.1; Trident/4.0; SLCC2; .NET CLR 2.0.50727; .NET CLR 3.5.30729; .NET CLR 3.0.30729; Media Center PC 6.0; CMDTDF)"
93.64.130.123 - - [25/Jan/2011:09:52:42 +0100] "GET /attivita-in-vendita/a-lucca_p55.html HTTP/1.1" 200 3981 "http://www.aziendaitalia.com/attivita-in-vendita/a-firenze_p62.html" "Mozilla/4.0 (compatible; MSIE 8.0; Windows NT 6.1; Trident/4.0; SLCC2; .NET CLR 2.0.50727; .NET CLR 3.5.30729; .NET CLR 3.0.30729; Media Center PC 6.0; CMDTDF)"
151.90.254.207 - - [25/Jan/2011:09:52:44 +0100] "GET /attivita-in-vendita/a2218.html HTTP/1.0" 200 2715 "http://www.aziendaitalia.com/attivita-in-vendita/a-roma_p53.html?page=7" "Mozilla/4.0 (compatible; MSIE 8.0; Windows NT 5.1; Trident/4.0; .NET CLR 1.1.4322; .NET CLR 2.0.50727; .NET CLR 3.0.4506.2152; .NET CLR 3.5.30729)"
151.90.254.207 - - [25/Jan/2011:09:52:44 +0100] "GET /css/style.css HTTP/1.0" 200 3366 "http://www.aziendaitalia.com/attivita-in-vendita/a2218.html" "Mozilla/4.0 (compatible; MSIE 8.0; Windows NT 5.1; Trident/4.0; .NET CLR 1.1.4322; .NET CLR 2.0.50727; .NET CLR 3.0.4506.2152; .NET CLR 3.5.30729)"
151.90.254.207 - - [25/Jan/2011:09:52:44 +0100] "GET /img/thumb/phpThumb.php?src=/admin/img/1281166377_2454-5460O-A3.jpg&w=148&h=138&zc=1&q=90 HTTP/1.0" 200 7361 "http://www.aziendaitalia.com/attivita-in-vendita/a2218.html" "Mozilla/4.0 (compatible; MSIE 8.0; Windows NT 5.1; Trident/4.0; .NET CLR 1.1.4322; .NET CLR 2.0.50727; .NET CLR 3.0.4506.2152; .NET CLR 3.5.30729)"
151.90.254.207 - - [25/Jan/2011:09:52:44 +0100] "GET /img/thumb/phpThumb.php?src=/admin/img/1281166387_2454-5460O-C3.jpg&w=148&h=138&zc=1&q=90 HTTP/1.0" 200 11137 "http://www.aziendaitalia.com/attivita-in-vendita/a2218.html" "Mozilla/4.0 (compatible; MSIE 8.0; Windows NT 5.1; Trident/4.0; .NET CLR 1.1.4322; .NET CLR 2.0.50727; .NET CLR 3.0.4506.2152; .NET CLR 3.5.30729)"
151.90.254.207 - - [25/Jan/2011:09:52:44 +0100] "GET /img/thumb/phpThumb.php?src=/admin/img/1281166381_2454-5460O-B3.jpg&w=148&h=138&zc=1&q=90 HTTP/1.0" 200 10267 "http://www.aziendaitalia.com/attivita-in-vendita/a2218.html" "Mozilla/4.0 (compatible; MSIE 8.0; Windows NT 5.1; Trident/4.0; .NET CLR 1.1.4322; .NET CLR 2.0.50727; .NET CLR 3.0.4506.2152; .NET CLR 3.5.30729)"
151.90.254.207 - - [25/Jan/2011:09:52:45 +0100] "GET /img/thumb/phpThumb.php?src=/admin/img/1281166391_2454-5460O-D3.jpg&w=148&h=138&zc=1&q=90 HTTP/1.0" 200 10864 "http://www.aziendaitalia.com/attivita-in-vendita/a2218.html" "Mozilla/4.0 (compatible; MSIE 8.0; Windows NT 5.1; Trident/4.0; .NET CLR 1.1.4322; .NET CLR 2.0.50727; .NET CLR 3.0.4506.2152; .NET CLR 3.5.30729)"
72.5.230.111 - - [25/Jan/2011:09:52:48 +0100] "HEAD / HTTP/1.1" 200 - "-" "Site 24 X 7"
67.195.115.117 - - [25/Jan/2011:09:52:52 +0100] "GET /attivita-in-vendita/a3723.html HTTP/1.0" 200 2787 "-" "Mozilla/5.0 (compatible; Yahoo! Slurp; http://help.yahoo.com/help/us/ysearch/slurp)"
67.195.115.117 - - [25/Jan/2011:09:52:53 +0100] "GET /immobili-in-vendita/i232.html HTTP/1.0" 200 2498 "-" "Mozilla/5.0 (compatible; Yahoo! Slurp; http://help.yahoo.com/help/us/ysearch/slurp)"
93.64.130.123 - - [25/Jan/2011:09:52:53 +0100] "GET /attivita-in-vendita/a2938.html HTTP/1.1" 200 2480 "http://www.aziendaitalia.com/attivita-in-vendita/a-lucca_p55.html" "Mozilla/4.0 (compatible; MSIE 8.0; Windows NT 6.1; Trident/4.0; SLCC2; .NET CLR 2.0.50727; .NET CLR 3.5.30729; .NET CLR 3.0.30729; Media Center PC 6.0; CMDTDF)"
151.90.254.207 - - [25/Jan/2011:09:53:01 +0100] "GET /attivita-in-vendita/a2217.html HTTP/1.0" 200 2667 "http://www.aziendaitalia.com/attivita-in-vendita/a-roma_p53.html?page=7" "Mozilla/4.0 (compatible; MSIE 8.0; Windows NT 5.1; Trident/4.0; .NET CLR 1.1.4322; .NET CLR 2.0.50727; .NET CLR 3.0.4506.2152; .NET CLR 3.5.30729)"
151.90.254.207 - - [25/Jan/2011:09:53:01 +0100] "GET /img/thumb/phpThumb.php?src=/admin/img/1281166369_2454-5460O-D3.jpg&w=148&h=138&zc=1&q=90 HTTP/1.0" 200 10864 "http://www.aziendaitalia.com/attivita-in-vendita/a2217.html" "Mozilla/4.0 (compatible; MSIE 8.0; Windows NT 5.1; Trident/4.0; .NET CLR 1.1.4322; .NET CLR 2.0.50727; .NET CLR 3.0.4506.2152; .NET CLR 3.5.30729)"
151.90.254.207 - - [25/Jan/2011:09:53:01 +0100] "GET /img/thumb/phpThumb.php?src=/admin/img/1281166364_2454-5460O-C3.jpg&w=148&h=138&zc=1&q=90 HTTP/1.0" 200 11137 "http://www.aziendaitalia.com/attivita-in-vendita/a2217.html" "Mozilla/4.0 (compatible; MSIE 8.0; Windows NT 5.1; Trident/4.0; .NET CLR 1.1.4322; .NET CLR 2.0.50727; .NET CLR 3.0.4506.2152; .NET CLR 3.5.30729)"
151.90.254.207 - - [25/Jan/2011:09:53:01 +0100] "GET /img/thumb/phpThumb.php?src=/admin/img/1281166360_2454-5460O-B3.jpg&w=148&h=138&zc=1&q=90 HTTP/1.0" 200 10267 "http://www.aziendaitalia.com/attivita-in-vendita/a2217.html" "Mozilla/4.0 (compatible; MSIE 8.0; Windows NT 5.1; Trident/4.0; .NET CLR 1.1.4322; .NET CLR 2.0.50727; .NET CLR 3.0.4506.2152; .NET CLR 3.5.30729)"
151.90.254.207 - - [25/Jan/2011:09:53:01 +0100] "GET /img/thumb/phpThumb.php?src=/admin/img/1281166355_2454-5460O-A3.jpg&w=148&h=138&zc=1&q=90 HTTP/1.0" 200 7361 "http://www.aziendaitalia.com/attivita-in-vendita/a2217.html" "Mozilla/4.0 (compatible; MSIE 8.0; Windows NT 5.1; Trident/4.0; .NET CLR 1.1.4322; .NET CLR 2.0.50727; .NET CLR 3.0.4506.2152; .NET CLR 3.5.30729)"
95.75.250.239 - - [25/Jan/2011:09:53:04 +0100] "GET /attivita-in-vendita/bar-caff%C3%A9_a-bologna_s149_p137.html HTTP/1.1" 200 3760 "http://www.aziendaitalia.com/attivita-in-vendita/locali-ritrovi-birrerie-pub_a-bologna_s148_p137.html" "Mozilla/5.0 (Windows; U; Windows NT 6.0; en-US) AppleWebKit/534.10 (KHTML, like Gecko) Chrome/8.0.552.237 Safari/534.10"
95.75.250.239 - - [25/Jan/2011:09:53:04 +0100] "GET /css/style.css HTTP/1.1" 200 3366 "http://www.aziendaitalia.com/attivita-in-vendita/bar-caff%C3%A9_a-bologna_s149_p137.html" "Mozilla/5.0 (Windows; U; Windows NT 6.0; en-US) AppleWebKit/534.10 (KHTML, like Gecko) Chrome/8.0.552.237 Safari/534.10"
151.90.254.207 - - [25/Jan/2011:09:53:11 +0100] "GET /attivita-in-vendita/a2216.html HTTP/1.0" 200 2743 "http://www.aziendaitalia.com/attivita-in-vendita/a-roma_p53.html?page=7" "Mozilla/4.0 (compatible; MSIE 8.0; Windows NT 5.1; Trident/4.0; .NET CLR 1.1.4322; .NET CLR 2.0.50727; .NET CLR 3.0.4506.2152; .NET CLR 3.5.30729)"
151.90.254.207 - - [25/Jan/2011:09:53:12 +0100] "GET /img/thumb/phpThumb.php?src=/admin/img/1281166342_2454-5460O-C3.jpg&w=148&h=138&zc=1&q=90 HTTP/1.0" 200 11137 "http://www.aziendaitalia.com/attivita-in-vendita/a2216.html" "Mozilla/4.0 (compatible; MSIE 8.0; Windows NT 5.1; Trident/4.0; .NET CLR 1.1.4322; .NET CLR 2.0.50727; .NET CLR 3.0.4506.2152; .NET CLR 3.5.30729)"
151.90.254.207 - - [25/Jan/2011:09:53:12 +0100] "GET /img/thumb/phpThumb.php?src=/admin/img/1281166323_2454-5460O-A3.jpg&w=148&h=138&zc=1&q=90 HTTP/1.0" 200 7361 "http://www.aziendaitalia.com/attivita-in-vendita/a2216.html" "Mozilla/4.0 (compatible; MSIE 8.0; Windows NT 5.1; Trident/4.0; .NET CLR 1.1.4322; .NET CLR 2.0.50727; .NET CLR 3.0.4506.2152; .NET CLR 3.5.30729)"
151.90.254.207 - - [25/Jan/2011:09:53:12 +0100] "GET /img/thumb/phpThumb.php?src=/admin/img/1281166336_2454-5460O-B3.jpg&w=148&h=138&zc=1&q=90 HTTP/1.0" 200 10267 "http://www.aziendaitalia.com/attivita-in-vendita/a2216.html" "Mozilla/4.0 (compatible; MSIE 8.0; Windows NT 5.1; Trident/4.0; .NET CLR 1.1.4322; .NET CLR 2.0.50727; .NET CLR 3.0.4506.2152; .NET CLR 3.5.30729)"
151.90.254.207 - - [25/Jan/2011:09:53:12 +0100] "GET /img/thumb/phpThumb.php?src=/admin/img/1281166347_2454-5460O-D3.jpg&w=148&h=138&zc=1&q=90 HTTP/1.0" 200 10864 "http://www.aziendaitalia.com/attivita-in-vendita/a2216.html" "Mozilla/4.0 (compatible; MSIE 8.0; Windows NT 5.1; Trident/4.0; .NET CLR 1.1.4322; .NET CLR 2.0.50727; .NET CLR 3.0.4506.2152; .NET CLR 3.5.30729)"
151.90.254.207 - - [25/Jan/2011:09:53:17 +0100] "GET /attivita-in-vendita/a2215.html HTTP/1.0" 200 2665 "http://www.aziendaitalia.com/attivita-in-vendita/a-roma_p53.html?page=7" "Mozilla/4.0 (compatible; MSIE 8.0; Windows NT 5.1; Trident/4.0; .NET CLR 1.1.4322; .NET CLR 2.0.50727; .NET CLR 3.0.4506.2152; .NET CLR 3.5.30729)"
151.90.254.207 - - [25/Jan/2011:09:53:17 +0100] "GET /css/style.css HTTP/1.0" 200 3366 "http://www.aziendaitalia.com/attivita-in-vendita/a2215.html" "Mozilla/4.0 (compatible; MSIE 8.0; Windows NT 5.1; Trident/4.0; .NET CLR 1.1.4322; .NET CLR 2.0.50727; .NET CLR 3.0.4506.2152; .NET CLR 3.5.30729)"
151.90.254.207 - - [25/Jan/2011:09:53:17 +0100] "GET /img/thumb/phpThumb.php?src=/admin/img/1281165976_9489-5457V-B2.jpg&w=148&h=138&zc=1&q=90 HTTP/1.0" 200 8192 "http://www.aziendaitalia.com/attivita-in-vendita/a2215.html" "Mozilla/4.0 (compatible; MSIE 8.0; Windows NT 5.1; Trident/4.0; .NET CLR 1.1.4322; .NET CLR 2.0.50727; .NET CLR 3.0.4506.2152; .NET CLR 3.5.30729)"
151.90.254.207 - - [25/Jan/2011:09:53:17 +0100] "GET /img/thumb/phpThumb.php?src=/admin/img/1281165968_9489-5457V-A2.jpg&w=148&h=138&zc=1&q=90 HTTP/1.0" 200 7822 "http://www.aziendaitalia.com/attivita-in-vendita/a2215.html" "Mozilla/4.0 (compatible; MSIE 8.0; Windows NT 5.1; Trident/4.0; .NET CLR 1.1.4322; .NET CLR 2.0.50727; .NET CLR 3.0.4506.2152; .NET CLR 3.5.30729)"
151.90.254.207 - - [25/Jan/2011:09:53:17 +0100] "GET /img/thumb/phpThumb.php?src=/admin/img/1281165985_9489-5457V-C2.jpg&w=148&h=138&zc=1&q=90 HTTP/1.0" 200 6332 "http://www.aziendaitalia.com/attivita-in-vendita/a2215.html" "Mozilla/4.0 (compatible; MSIE 8.0; Windows NT 5.1; Trident/4.0; .NET CLR 1.1.4322; .NET CLR 2.0.50727; .NET CLR 3.0.4506.2152; .NET CLR 3.5.30729)"
151.90.254.207 - - [25/Jan/2011:09:53:17 +0100] "GET /img/thumb/phpThumb.php?src=/admin/img/1281165990_9489-5457V-D2.jpg&w=148&h=138&zc=1&q=90 HTTP/1.0" 200 7356 "http://www.aziendaitalia.com/attivita-in-vendita/a2215.html" "Mozilla/4.0 (compatible; MSIE 8.0; Windows NT 5.1; Trident/4.0; .NET CLR 1.1.4322; .NET CLR 2.0.50727; .NET CLR 3.0.4506.2152; .NET CLR 3.5.30729)"
151.90.254.207 - - [25/Jan/2011:09:53:32 +0100] "GET /attivita-in-vendita/a2214.html HTTP/1.0" 200 2680 "http://www.aziendaitalia.com/attivita-in-vendita/a-roma_p53.html?page=7" "Mozilla/4.0 (compatible; MSIE 8.0; Windows NT 5.1; Trident/4.0; .NET CLR 1.1.4322; .NET CLR 2.0.50727; .NET CLR 3.0.4506.2152; .NET CLR 3.5.30729)"
151.90.254.207 - - [25/Jan/2011:09:53:32 +0100] "GET /css/style.css HTTP/1.0" 200 3366 "http://www.aziendaitalia.com/attivita-in-vendita/a2214.html" "Mozilla/4.0 (compatible; MSIE 8.0; Windows NT 5.1; Trident/4.0; .NET CLR 1.1.4322; .NET CLR 2.0.50727; .NET CLR 3.0.4506.2152; .NET CLR 3.5.30729)"
151.90.254.207 - - [25/Jan/2011:09:53:32 +0100] "GET /img/thumb/phpThumb.php?src=/admin/img/1281165945_9489-5457V-A2.jpg&w=148&h=138&zc=1&q=90 HTTP/1.0" 200 7822 "http://www.aziendaitalia.com/attivita-in-vendita/a2214.html" "Mozilla/4.0 (compatible; MSIE 8.0; Windows NT 5.1; Trident/4.0; .NET CLR 1.1.4322; .NET CLR 2.0.50727; .NET CLR 3.0.4506.2152; .NET CLR 3.5.30729)"
151.90.254.207 - - [25/Jan/2011:09:53:34 +0100] "GET /img/thumb/phpThumb.php?src=/admin/img/1281165959_9489-5457V-D2.jpg&w=148&h=138&zc=1&q=90 HTTP/1.0" 200 7356 "http://www.aziendaitalia.com/attivita-in-vendita/a2214.html" "Mozilla/4.0 (compatible; MSIE 8.0; Windows NT 5.1; Trident/4.0; .NET CLR 1.1.4322; .NET CLR 2.0.50727; .NET CLR 3.0.4506.2152; .NET CLR 3.5.30729)"
93.64.130.123 - - [25/Jan/2011:09:53:35 +0100] "GET /attivita-in-vendita/a-lucca_p55.html?page=2 HTTP/1.1" 200 3956 "http://www.aziendaitalia.com/attivita-in-vendita/a-lucca_p55.html" "Mozilla/4.0 (compatible; MSIE 8.0; Windows NT 6.1; Trident/4.0; SLCC2; .NET CLR 2.0.50727; .NET CLR 3.5.30729; .NET CLR 3.0.30729; Media Center PC 6.0; CMDTDF)"
151.90.254.207 - - [25/Jan/2011:09:53:36 +0100] "GET /img/thumb/phpThumb.php?src=/admin/img/1281165955_9489-5457V-C2.jpg&w=148&h=138&zc=1&q=90 HTTP/1.0" 200 6332 "http://www.aziendaitalia.com/attivita-in-vendita/a2214.html" "Mozilla/4.0 (compatible; MSIE 8.0; Windows NT 5.1; Trident/4.0; .NET CLR 1.1.4322; .NET CLR 2.0.50727; .NET CLR 3.0.4506.2152; .NET CLR 3.5.30729)"
151.90.254.207 - - [25/Jan/2011:09:53:36 +0100] "GET /img/thumb/phpThumb.php?src=/admin/img/1281165950_9489-5457V-B2.jpg&w=148&h=138&zc=1&q=90 HTTP/1.0" 200 8192 "http://www.aziendaitalia.com/attivita-in-vendita/a2214.html" "Mozilla/4.0 (compatible; MSIE 8.0; Windows NT 5.1; Trident/4.0; .NET CLR 1.1.4322; .NET CLR 2.0.50727; .NET CLR 3.0.4506.2152; .NET CLR 3.5.30729)"
151.90.254.207 - - [25/Jan/2011:09:53:45 +0100] "GET /attivita-in-vendita/a2147.html HTTP/1.0" 200 2746 "http://www.aziendaitalia.com/attivita-in-vendita/a-roma_p53.html?page=7" "Mozilla/4.0 (compatible; MSIE 8.0; Windows NT 5.1; Trident/4.0; .NET CLR 1.1.4322; .NET CLR 2.0.50727; .NET CLR 3.0.4506.2152; .NET CLR 3.5.30729)"
151.90.254.207 - - [25/Jan/2011:09:53:45 +0100] "GET /img/thumb/phpThumb.php?src=/admin/img/1281087202_3945-9124G-A7.jpg&w=148&h=138&zc=1&q=90 HTTP/1.0" 200 7958 "http://www.aziendaitalia.com/attivita-in-vendita/a2147.html" "Mozilla/4.0 (compatible; MSIE 8.0; Windows NT 5.1; Trident/4.0; .NET CLR 1.1.4322; .NET CLR 2.0.50727; .NET CLR 3.0.4506.2152; .NET CLR 3.5.30729)"
151.90.254.207 - - [25/Jan/2011:09:53:45 +0100] "GET /img/thumb/phpThumb.php?src=/admin/img/1281087206_3945-9124G-B7.jpg&w=148&h=138&zc=1&q=90 HTTP/1.0" 200 8170 "http://www.aziendaitalia.com/attivita-in-vendita/a2147.html" "Mozilla/4.0 (compatible; MSIE 8.0; Windows NT 5.1; Trident/4.0; .NET CLR 1.1.4322; .NET CLR 2.0.50727; .NET CLR 3.0.4506.2152; .NET CLR 3.5.30729)"
151.90.254.207 - - [25/Jan/2011:09:53:45 +0100] "GET /img/thumb/phpThumb.php?src=/admin/img/1281087218_3945-9124G-D7.jpg&w=148&h=138&zc=1&q=90 HTTP/1.0" 200 6808 "http://www.aziendaitalia.com/attivita-in-vendita/a2147.html" "Mozilla/4.0 (compatible; MSIE 8.0; Windows NT 5.1; Trident/4.0; .NET CLR 1.1.4322; .NET CLR 2.0.50727; .NET CLR 3.0.4506.2152; .NET CLR 3.5.30729)"
151.90.254.207 - - [25/Jan/2011:09:53:45 +0100] "GET /img/thumb/phpThumb.php?src=/admin/img/1281087213_3945-9124G-C7.jpg&w=148&h=138&zc=1&q=90 HTTP/1.0" 200 7818 "http://www.aziendaitalia.com/attivita-in-vendita/a2147.html" "Mozilla/4.0 (compatible; MSIE 8.0; Windows NT 5.1; Trident/4.0; .NET CLR 1.1.4322; .NET CLR 2.0.50727; .NET CLR 3.0.4506.2152; .NET CLR 3.5.30729)"
72.5.230.111 - - [25/Jan/2011:09:53:48 +0100] "HEAD / HTTP/1.1" 200 - "-" "Site 24 X 7"
151.90.254.207 - - [25/Jan/2011:09:53:57 +0100] "GET /attivita-in-vendita/a2147.html HTTP/1.0" 200 2745 "http://www.aziendaitalia.com/attivita-in-vendita/a-roma_p53.html?page=7" "Mozilla/4.0 (compatible; MSIE 8.0; Windows NT 5.1; Trident/4.0; .NET CLR 1.1.4322; .NET CLR 2.0.50727; .NET CLR 3.0.4506.2152; .NET CLR 3.5.30729)"
178.154.161.29 - - [25/Jan/2011:09:54:00 +0100] "GET /immobili-in-vendita/complessi-industriali-depositi-autonomi_piemonte_s2_r12.html HTTP/1.1" 200 3721 "-" "Mozilla/5.0 (compatible; YandexBot/3.0; +http://yandex.com/bots)"
151.90.254.207 - - [25/Jan/2011:09:54:01 +0100] "GET /img/layout/italia/italysouth.gif HTTP/1.0" 200 3901 "http://www.aziendaitalia.com/attivita-in-vendita/a-roma_p53.html?page=7" "Mozilla/4.0 (compatible; MSIE 8.0; Windows NT 5.1; Trident/4.0; .NET CLR 1.1.4322; .NET CLR 2.0.50727; .NET CLR 3.0.4506.2152; .NET CLR 3.5.30729)"
151.47.77.159 - - [25/Jan/2011:09:54:06 +0100] "GET /cedere-attivita/?gclid=COrm4d_91KYCFYMTfAod81fvMw HTTP/1.1" 200 3990 "http://www.sconto24.it/search/landing/query/attivita+cedesi/s/google/koid/8429702823/" "Mozilla/4.0 (compatible; MSIE 7.0; Windows NT 5.1; Trident/4.0; GTB6.6; .NET CLR 2.0.50727; .NET CLR 3.0.4506.2152; .NET CLR 3.5.30729)"
151.47.77.159 - - [25/Jan/2011:09:54:06 +0100] "GET /css/style.css HTTP/1.1" 200 3366 "http://www.aziendaitalia.com/cedere-attivita/?gclid=COrm4d_91KYCFYMTfAod81fvMw" "Mozilla/4.0 (compatible; MSIE 8.0; Windows NT 5.1; Trident/4.0; GTB6.6; .NET CLR 2.0.50727; .NET CLR 3.0.4506.2152; .NET CLR 3.5.30729)"
151.47.77.159 - - [25/Jan/2011:09:54:06 +0100] "GET /js/jquery-1.4.2.min.js HTTP/1.1" 200 72174 "http://www.aziendaitalia.com/cedere-attivita/?gclid=COrm4d_91KYCFYMTfAod81fvMw" "Mozilla/4.0 (compatible; MSIE 8.0; Windows NT 5.1; Trident/4.0; GTB6.6; .NET CLR 2.0.50727; .NET CLR 3.0.4506.2152; .NET CLR 3.5.30729)"
151.47.77.159 - - [25/Jan/2011:09:54:07 +0100] "GET /js/general.js HTTP/1.1" 200 5776 "http://www.aziendaitalia.com/cedere-attivita/?gclid=COrm4d_91KYCFYMTfAod81fvMw" "Mozilla/4.0 (compatible; MSIE 8.0; Windows NT 5.1; Trident/4.0; GTB6.6; .NET CLR 2.0.50727; .NET CLR 3.0.4506.2152; .NET CLR 3.5.30729)"
151.47.77.159 - - [25/Jan/2011:09:54:07 +0100] "GET /img/layout/menubar.gif HTTP/1.1" 200 1302 "http://www.aziendaitalia.com/cedere-attivita/?gclid=COrm4d_91KYCFYMTfAod81fvMw" "Mozilla/4.0 (compatible; MSIE 8.0; Windows NT 5.1; Trident/4.0; GTB6.6; .NET CLR 2.0.50727; .NET CLR 3.0.4506.2152; .NET CLR 3.5.30729)"
151.47.77.159 - - [25/Jan/2011:09:54:07 +0100] "GET /img/layout/bg_wrapper_sub.gif HTTP/1.1" 200 102 "http://www.aziendaitalia.com/cedere-attivita/?gclid=COrm4d_91KYCFYMTfAod81fvMw" "Mozilla/4.0 (compatible; MSIE 8.0; Windows NT 5.1; Trident/4.0; GTB6.6; .NET CLR 2.0.50727; .NET CLR 3.0.4506.2152; .NET CLR 3.5.30729)"
151.47.77.159 - - [25/Jan/2011:09:54:07 +0100] "GET /img/layout/header.gif HTTP/1.1" 200 15655 "http://www.aziendaitalia.com/cedere-attivita/?gclid=COrm4d_91KYCFYMTfAod81fvMw" "Mozilla/4.0 (compatible; MSIE 8.0; Windows NT 5.1; Trident/4.0; GTB6.6; .NET CLR 2.0.50727; .NET CLR 3.0.4506.2152; .NET CLR 3.5.30729)"
151.47.77.159 - - [25/Jan/2011:09:54:07 +0100] "GET /img/layout/bg_sidebar_separator.gif HTTP/1.1" 200 106 "http://www.aziendaitalia.com/cedere-attivita/?gclid=COrm4d_91KYCFYMTfAod81fvMw" "Mozilla/4.0 (compatible; MSIE 8.0; Windows NT 5.1; Trident/4.0; GTB6.6; .NET CLR 2.0.50727; .NET CLR 3.0.4506.2152; .NET CLR 3.5.30729)"
151.47.77.159 - - [25/Jan/2011:09:54:08 +0100] "GET /favicon.ico HTTP/1.1" 200 1406 "-" "Mozilla/4.0 (compatible; MSIE 8.0; Windows NT 5.1; Trident/4.0; GTB6.6; .NET CLR 2.0.50727; .NET CLR 3.0.4506.2152; .NET CLR 3.5.30729)"
151.90.254.207 - - [25/Jan/2011:09:54:10 +0100] "GET /attivita-in-vendita/a-roma_p53.html?page=8 HTTP/1.0" 200 4201 "http://www.aziendaitalia.com/attivita-in-vendita/a-roma_p53.html?page=7" "Mozilla/4.0 (compatible; MSIE 8.0; Windows NT 5.1; Trident/4.0; .NET CLR 1.1.4322; .NET CLR 2.0.50727; .NET CLR 3.0.4506.2152; .NET CLR 3.5.30729)"
95.75.250.239 - - [25/Jan/2011:09:54:10 +0100] "GET /attivita-in-vendita/a3146.html HTTP/1.1" 200 2522 "http://www.aziendaitalia.com/attivita-in-vendita/bar-caff%C3%A9_a-bologna_s149_p137.html" "Mozilla/5.0 (Windows; U; Windows NT 6.0; en-US) AppleWebKit/534.10 (KHTML, like Gecko) Chrome/8.0.552.237 Safari/534.10"
95.247.246.179 - - [25/Jan/2011:09:54:10 +0100] "GET /rilevare-attivita/?gclid=CKXI1OH91KYCFQsTfAodag9LXA HTTP/1.1" 200 3711 "http://www.google.com/aclk?sa=l&ai=CCKPh-44-TfrIF8biswa164Ayw_qa1AHDqf6vF-z-vgkIABABKAJQgoPO8v3_____AWD9AqABg5yh_gPIAQGpAuwTJQGo8rY-qgQbT9DkuCFC9SJ_EFXeclqelrMEjMQHVkFnCZp_&sig=AGiWqtzjzdHOfricGAFkg80R4enCJYZMSQ&adurl=http://www.aziendaitalia.com/rilevare-attivita/&rct=j&q=attivit%C3%A0%20commerciale%20vendita%20cocomero%20a%20fette" "Mozilla/5.0 (Windows; U; Windows NT 5.1; en-US) AppleWebKit/534.10 (KHTML, like Gecko) Chrome/8.0.552.237 Safari/534.10"
95.75.250.239 - - [25/Jan/2011:09:54:10 +0100] "GET /css/style.css HTTP/1.1" 200 3366 "http://www.aziendaitalia.com/attivita-in-vendita/a3146.html" "Mozilla/5.0 (Windows; U; Windows NT 6.0; en-US) AppleWebKit/534.10 (KHTML, like Gecko) Chrome/8.0.552.237 Safari/534.10"
95.247.246.179 - - [25/Jan/2011:09:54:11 +0100] "GET /js/general.js HTTP/1.1" 200 5776 "http://www.aziendaitalia.com/rilevare-attivita/?gclid=CKXI1OH91KYCFQsTfAodag9LXA" "Mozilla/5.0 (Windows; U; Windows NT 5.1; en-US) AppleWebKit/534.10 (KHTML, like Gecko) Chrome/8.0.552.237 Safari/534.10"
95.247.246.179 - - [25/Jan/2011:09:54:11 +0100] "GET /css/style.css HTTP/1.1" 200 3366 "http://www.aziendaitalia.com/rilevare-attivita/?gclid=CKXI1OH91KYCFQsTfAodag9LXA" "Mozilla/5.0 (Windows; U; Windows NT 5.1; en-US) AppleWebKit/534.10 (KHTML, like Gecko) Chrome/8.0.552.237 Safari/534.10"
95.247.246.179 - - [25/Jan/2011:09:54:11 +0100] "GET /js/jquery-1.4.2.min.js HTTP/1.1" 200 72174 "http://www.aziendaitalia.com/rilevare-attivita/?gclid=CKXI1OH91KYCFQsTfAodag9LXA" "Mozilla/5.0 (Windows; U; Windows NT 5.1; en-US) AppleWebKit/534.10 (KHTML, like Gecko) Chrome/8.0.552.237 Safari/534.10"
95.247.246.179 - - [25/Jan/2011:09:54:12 +0100] "GET /img/layout/header.gif HTTP/1.1" 200 15655 "http://www.aziendaitalia.com/rilevare-attivita/?gclid=CKXI1OH91KYCFQsTfAodag9LXA" "Mozilla/5.0 (Windows; U; Windows NT 5.1; en-US) AppleWebKit/534.10 (KHTML, like Gecko) Chrome/8.0.552.237 Safari/534.10"
95.247.246.179 - - [25/Jan/2011:09:54:12 +0100] "GET /img/layout/menubar.gif HTTP/1.1" 200 1302 "http://www.aziendaitalia.com/rilevare-attivita/?gclid=CKXI1OH91KYCFQsTfAodag9LXA" "Mozilla/5.0 (Windows; U; Windows NT 5.1; en-US) AppleWebKit/534.10 (KHTML, like Gecko) Chrome/8.0.552.237 Safari/534.10"
95.247.246.179 - - [25/Jan/2011:09:54:12 +0100] "GET /img/layout/bg_wrapper_sub.gif HTTP/1.1" 200 102 "http://www.aziendaitalia.com/rilevare-attivita/?gclid=CKXI1OH91KYCFQsTfAodag9LXA" "Mozilla/5.0 (Windows; U; Windows NT 5.1; en-US) AppleWebKit/534.10 (KHTML, like Gecko) Chrome/8.0.552.237 Safari/534.10"
95.247.246.179 - - [25/Jan/2011:09:54:12 +0100] "GET /img/layout/bg_sidebar_separator.gif HTTP/1.1" 200 106 "http://www.aziendaitalia.com/rilevare-attivita/?gclid=CKXI1OH91KYCFQsTfAodag9LXA" "Mozilla/5.0 (Windows; U; Windows NT 5.1; en-US) AppleWebKit/534.10 (KHTML, like Gecko) Chrome/8.0.552.237 Safari/534.10"
95.247.246.179 - - [25/Jan/2011:09:54:12 +0100] "GET /favicon.ico HTTP/1.1" 200 1406 "-" "Mozilla/5.0 (Windows; U; Windows NT 5.1; en-US) AppleWebKit/534.10 (KHTML, like Gecko) Chrome/8.0.552.237 Safari/534.10"
151.47.77.159 - - [25/Jan/2011:09:54:13 +0100] "GET /rilevare-attivita/ HTTP/1.1" 200 3679 "http://www.aziendaitalia.com/cedere-attivita/?gclid=COrm4d_91KYCFYMTfAod81fvMw" "Mozilla/4.0 (compatible; MSIE 8.0; Windows NT 5.1; Trident/4.0; GTB6.6; .NET CLR 2.0.50727; .NET CLR 3.0.4506.2152; .NET CLR 3.5.30729)"
151.90.254.207 - - [25/Jan/2011:09:54:23 +0100] "GET /attivita-in-vendita/a2099.html HTTP/1.0" 200 2688 "http://www.aziendaitalia.com/attivita-in-vendita/a-roma_p53.html?page=8" "Mozilla/4.0 (compatible; MSIE 8.0; Windows NT 5.1; Trident/4.0; .NET CLR 1.1.4322; .NET CLR 2.0.50727; .NET CLR 3.0.4506.2152; .NET CLR 3.5.30729)"
151.90.254.207 - - [25/Jan/2011:09:54:24 +0100] "GET /img/thumb/phpThumb.php?src=/admin/img/1281021021_1425-7046C-A.jpg&w=148&h=138&zc=1&q=90 HTTP/1.0" 200 7651 "http://www.aziendaitalia.com/attivita-in-vendita/a2099.html" "Mozilla/4.0 (compatible; MSIE 8.0; Windows NT 5.1; Trident/4.0; .NET CLR 1.1.4322; .NET CLR 2.0.50727; .NET CLR 3.0.4506.2152; .NET CLR 3.5.30729)"
151.90.254.207 - - [25/Jan/2011:09:54:24 +0100] "GET /img/thumb/phpThumb.php?src=/admin/img/1281021026_1425-7046C-B.jpg&w=148&h=138&zc=1&q=90 HTTP/1.0" 200 7536 "http://www.aziendaitalia.com/attivita-in-vendita/a2099.html" "Mozilla/4.0 (compatible; MSIE 8.0; Windows NT 5.1; Trident/4.0; .NET CLR 1.1.4322; .NET CLR 2.0.50727; .NET CLR 3.0.4506.2152; .NET CLR 3.5.30729)"
151.90.254.207 - - [25/Jan/2011:09:54:24 +0100] "GET /img/thumb/phpThumb.php?src=/admin/img/1281021032_1425-7046C-C.jpg&w=148&h=138&zc=1&q=90 HTTP/1.0" 200 6745 "http://www.aziendaitalia.com/attivita-in-vendita/a2099.html" "Mozilla/4.0 (compatible; MSIE 8.0; Windows NT 5.1; Trident/4.0; .NET CLR 1.1.4322; .NET CLR 2.0.50727; .NET CLR 3.0.4506.2152; .NET CLR 3.5.30729)"
151.90.254.207 - - [25/Jan/2011:09:54:24 +0100] "GET /img/thumb/phpThumb.php?src=/admin/img/1281021037_1425-7046C-D.jpg&w=148&h=138&zc=1&q=90 HTTP/1.0" 200 7264 "http://www.aziendaitalia.com/attivita-in-vendita/a2099.html" "Mozilla/4.0 (compatible; MSIE 8.0; Windows NT 5.1; Trident/4.0; .NET CLR 1.1.4322; .NET CLR 2.0.50727; .NET CLR 3.0.4506.2152; .NET CLR 3.5.30729)"
207.46.13.54 - - [25/Jan/2011:09:54:24 +0100] "GET /annunci/nord-italia/torino/5798.htm HTTP/1.1" 200 2726 "-" "Mozilla/5.0 (compatible; bingbot/2.0; +http://www.bing.com/bingbot.htm)"
207.46.13.41 - - [25/Jan/2011:09:54:29 +0100] "GET /annunci/nord-italia/milano/9407.htm HTTP/1.1" 200 2924 "-" "Mozilla/5.0 (compatible; bingbot/2.0; +http://www.bing.com/bingbot.htm)"
95.241.135.9 - - [25/Jan/2011:09:54:39 +0100] "GET /attivita-in-vendita/alberghi-ristoranti-bar-agriturismo-aziende-agricole_m1.html?gclid=CJThn-_91KYCFUENfAodkFvoMw HTTP/1.1" 200 3665 "http://www.google.it/search?hl=it&q=vendita+hotel+salento&aq=f&aqi=&aql=&oq=" "Mozilla/4.0 (compatible; MSIE 7.0; Windows NT 5.1; .NET CLR 2.0.50727; .NET CLR 3.0.04506.30; .NET CLR 3.0.4506.2152; .NET CLR 3.5.30729; .NET CLR 1.1.4322)"
95.241.135.9 - - [25/Jan/2011:09:54:39 +0100] "GET /css/style.css HTTP/1.1" 200 3366 "http://www.aziendaitalia.com/attivita-in-vendita/alberghi-ristoranti-bar-agriturismo-aziende-agricole_m1.html?gclid=CJThn-_91KYCFUENfAodkFvoMw" "Mozilla/4.0 (compatible; MSIE 7.0; Windows NT 5.1; .NET CLR 2.0.50727; .NET CLR 3.0.04506.30; .NET CLR 3.0.4506.2152; .NET CLR 3.5.30729; .NET CLR 1.1.4322)"
95.241.135.9 - - [25/Jan/2011:09:54:39 +0100] "GET /js/jquery-1.4.2.min.js HTTP/1.1" 200 72174 "http://www.aziendaitalia.com/attivita-in-vendita/alberghi-ristoranti-bar-agriturismo-aziende-agricole_m1.html?gclid=CJThn-_91KYCFUENfAodkFvoMw" "Mozilla/4.0 (compatible; MSIE 7.0; Windows NT 5.1; .NET CLR 2.0.50727; .NET CLR 3.0.04506.30; .NET CLR 3.0.4506.2152; .NET CLR 3.5.30729; .NET CLR 1.1.4322)"
95.241.135.9 - - [25/Jan/2011:09:54:39 +0100] "GET /js/general.js HTTP/1.1" 200 5776 "http://www.aziendaitalia.com/attivita-in-vendita/alberghi-ristoranti-bar-agriturismo-aziende-agricole_m1.html?gclid=CJThn-_91KYCFUENfAodkFvoMw" "Mozilla/4.0 (compatible; MSIE 7.0; Windows NT 5.1; .NET CLR 2.0.50727; .NET CLR 3.0.04506.30; .NET CLR 3.0.4506.2152; .NET CLR 3.5.30729; .NET CLR 1.1.4322)"
95.241.135.9 - - [25/Jan/2011:09:54:40 +0100] "GET /img/layout/menubar.gif HTTP/1.1" 200 1302 "http://www.aziendaitalia.com/attivita-in-vendita/alberghi-ristoranti-bar-agriturismo-aziende-agricole_m1.html?gclid=CJThn-_91KYCFUENfAodkFvoMw" "Mozilla/4.0 (compatible; MSIE 7.0; Windows NT 5.1; .NET CLR 2.0.50727; .NET CLR 3.0.04506.30; .NET CLR 3.0.4506.2152; .NET CLR 3.5.30729; .NET CLR 1.1.4322)"
95.241.135.9 - - [25/Jan/2011:09:54:40 +0100] "GET /img/layout/bg_wrapper_sub.gif HTTP/1.1" 200 102 "http://www.aziendaitalia.com/attivita-in-vendita/alberghi-ristoranti-bar-agriturismo-aziende-agricole_m1.html?gclid=CJThn-_91KYCFUENfAodkFvoMw" "Mozilla/4.0 (compatible; MSIE 7.0; Windows NT 5.1; .NET CLR 2.0.50727; .NET CLR 3.0.04506.30; .NET CLR 3.0.4506.2152; .NET CLR 3.5.30729; .NET CLR 1.1.4322)"
95.241.135.9 - - [25/Jan/2011:09:54:40 +0100] "GET /img/layout/bg_sidebar_separator.gif HTTP/1.1" 200 106 "http://www.aziendaitalia.com/attivita-in-vendita/alberghi-ristoranti-bar-agriturismo-aziende-agricole_m1.html?gclid=CJThn-_91KYCFUENfAodkFvoMw" "Mozilla/4.0 (compatible; MSIE 7.0; Windows NT 5.1; .NET CLR 2.0.50727; .NET CLR 3.0.04506.30; .NET CLR 3.0.4506.2152; .NET CLR 3.5.30729; .NET CLR 1.1.4322)"
95.241.135.9 - - [25/Jan/2011:09:54:40 +0100] "GET /img/layout/dot.png HTTP/1.1" 200 2899 "http://www.aziendaitalia.com/attivita-in-vendita/alberghi-ristoranti-bar-agriturismo-aziende-agricole_m1.html?gclid=CJThn-_91KYCFUENfAodkFvoMw" "Mozilla/4.0 (compatible; MSIE 7.0; Windows NT 5.1; .NET CLR 2.0.50727; .NET CLR 3.0.04506.30; .NET CLR 3.0.4506.2152; .NET CLR 3.5.30729; .NET CLR 1.1.4322)"
95.241.135.9 - - [25/Jan/2011:09:54:40 +0100] "GET /img/layout/header.gif HTTP/1.1" 200 15655 "http://www.aziendaitalia.com/attivita-in-vendita/alberghi-ristoranti-bar-agriturismo-aziende-agricole_m1.html?gclid=CJThn-_91KYCFUENfAodkFvoMw" "Mozilla/4.0 (compatible; MSIE 7.0; Windows NT 5.1; .NET CLR 2.0.50727; .NET CLR 3.0.04506.30; .NET CLR 3.0.4506.2152; .NET CLR 3.5.30729; .NET CLR 1.1.4322)"
95.241.135.9 - - [25/Jan/2011:09:54:40 +0100] "GET /favicon.ico HTTP/1.1" 200 1406 "-" "Mozilla/4.0 (compatible; MSIE 7.0; Windows NT 5.1; .NET CLR 2.0.50727; .NET CLR 3.0.04506.30; .NET CLR 3.0.4506.2152; .NET CLR 3.5.30729; .NET CLR 1.1.4322)"
95.241.135.9 - - [25/Jan/2011:09:54:47 +0100] "GET /attivita-in-vendita/alberghi-ristoranti-bar-agriturismo-aziende-agricole_italia_m1_n1.html HTTP/1.1" 200 4246 "http://www.aziendaitalia.com/attivita-in-vendita/alberghi-ristoranti-bar-agriturismo-aziende-agricole_m1.html?gclid=CJThn-_91KYCFUENfAodkFvoMw" "Mozilla/4.0 (compatible; MSIE 7.0; Windows NT 5.1; .NET CLR 2.0.50727; .NET CLR 3.0.04506.30; .NET CLR 3.0.4506.2152; .NET CLR 3.5.30729; .NET CLR 1.1.4322)"
95.241.135.9 - - [25/Jan/2011:09:54:47 +0100] "GET /img/layout/italia/italyoff.gif HTTP/1.1" 200 3852 "http://www.aziendaitalia.com/attivita-in-vendita/alberghi-ristoranti-bar-agriturismo-aziende-agricole_italia_m1_n1.html" "Mozilla/4.0 (compatible; MSIE 7.0; Windows NT 5.1; .NET CLR 2.0.50727; .NET CLR 3.0.04506.30; .NET CLR 3.0.4506.2152; .NET CLR 3.5.30729; .NET CLR 1.1.4322)"
72.5.230.111 - - [25/Jan/2011:09:54:49 +0100] "HEAD / HTTP/1.1" 200 - "-" "Site 24 X 7"
95.241.135.9 - - [25/Jan/2011:09:54:51 +0100] "GET /attivita-in-vendita/alberghi-ristoranti-bar-agriturismo-aziende-agricole_suditalia_m1_mr3.html HTTP/1.1" 200 4013 "http://www.aziendaitalia.com/attivita-in-vendita/alberghi-ristoranti-bar-agriturismo-aziende-agricole_italia_m1_n1.html" "Mozilla/4.0 (compatible; MSIE 7.0; Windows NT 5.1; .NET CLR 2.0.50727; .NET CLR 3.0.04506.30; .NET CLR 3.0.4506.2152; .NET CLR 3.5.30729; .NET CLR 1.1.4322)"
95.241.135.9 - - [25/Jan/2011:09:54:51 +0100] "GET /img/layout/italia/italysouth.gif HTTP/1.1" 200 3901 "http://www.aziendaitalia.com/attivita-in-vendita/alberghi-ristoranti-bar-agriturismo-aziende-agricole_suditalia_m1_mr3.html" "Mozilla/4.0 (compatible; MSIE 7.0; Windows NT 5.1; .NET CLR 2.0.50727; .NET CLR 3.0.04506.30; .NET CLR 3.0.4506.2152; .NET CLR 3.5.30729; .NET CLR 1.1.4322)"
207.46.13.94 - - [25/Jan/2011:09:54:53 +0100] "GET /bancadati-zone.php?idreg=1&idzona=6&idind=9&idcat=306 HTTP/1.1" 404 276 "-" "Mozilla/5.0 (compatible; bingbot/2.0; +http://www.bing.com/bingbot.htm)"
95.241.135.9 - - [25/Jan/2011:09:54:56 +0100] "GET /attivita-in-vendita/alberghi-ristoranti-bar-agriturismo-aziende-agricole_a-lecce_m1_p98.html HTTP/1.1" 200 3274 "http://www.aziendaitalia.com/attivita-in-vendita/alberghi-ristoranti-bar-agriturismo-aziende-agricole_suditalia_m1_mr3.html" "Mozilla/4.0 (compatible; MSIE 7.0; Windows NT 5.1; .NET CLR 2.0.50727; .NET CLR 3.0.04506.30; .NET CLR 3.0.4506.2152; .NET CLR 3.5.30729; .NET CLR 1.1.4322)"
95.241.135.9 - - [25/Jan/2011:09:55:01 +0100] "GET /attivita-in-vendita/alberghi-hotel_a-lecce_c22_p98.html HTTP/1.1" 200 2734 "http://www.aziendaitalia.com/attivita-in-vendita/alberghi-ristoranti-bar-agriturismo-aziende-agricole_a-lecce_m1_p98.html" "Mozilla/4.0 (compatible; MSIE 7.0; Windows NT 5.1; .NET CLR 2.0.50727; .NET CLR 3.0.04506.30; .NET CLR 3.0.4506.2152; .NET CLR 3.5.30729; .NET CLR 1.1.4322)"
151.90.254.207 - - [25/Jan/2011:09:55:11 +0100] "GET /attivita-in-vendita/a2067.html HTTP/1.0" 200 2728 "http://www.aziendaitalia.com/attivita-in-vendita/a-roma_p53.html?page=8" "Mozilla/4.0 (compatible; MSIE 8.0; Windows NT 5.1; Trident/4.0; .NET CLR 1.1.4322; .NET CLR 2.0.50727; .NET CLR 3.0.4506.2152; .NET CLR 3.5.30729)"
151.90.254.207 - - [25/Jan/2011:09:55:12 +0100] "GET /img/thumb/phpThumb.php?src=/admin/img/1281003054_3036-3296E-C8.jpg&w=148&h=138&zc=1&q=90 HTTP/1.0" 200 8061 "http://www.aziendaitalia.com/attivita-in-vendita/a2067.html" "Mozilla/4.0 (compatible; MSIE 8.0; Windows NT 5.1; Trident/4.0; .NET CLR 1.1.4322; .NET CLR 2.0.50727; .NET CLR 3.0.4506.2152; .NET CLR 3.5.30729)"
151.90.254.207 - - [25/Jan/2011:09:55:12 +0100] "GET /img/thumb/phpThumb.php?src=/admin/img/1281003043_3036-3296E-A8.jpg&w=148&h=138&zc=1&q=90 HTTP/1.0" 200 7336 "http://www.aziendaitalia.com/attivita-in-vendita/a2067.html" "Mozilla/4.0 (compatible; MSIE 8.0; Windows NT 5.1; Trident/4.0; .NET CLR 1.1.4322; .NET CLR 2.0.50727; .NET CLR 3.0.4506.2152; .NET CLR 3.5.30729)"
151.90.254.207 - - [25/Jan/2011:09:55:12 +0100] "GET /img/thumb/phpThumb.php?src=/admin/img/1281003049_3036-3296E-B8.jpg&w=148&h=138&zc=1&q=90 HTTP/1.0" 200 7832 "http://www.aziendaitalia.com/attivita-in-vendita/a2067.html" "Mozilla/4.0 (compatible; MSIE 8.0; Windows NT 5.1; Trident/4.0; .NET CLR 1.1.4322; .NET CLR 2.0.50727; .NET CLR 3.0.4506.2152; .NET CLR 3.5.30729)"
151.90.254.207 - - [25/Jan/2011:09:55:12 +0100] "GET /img/thumb/phpThumb.php?src=/admin/img/1281003070_3036-3296E-D8.jpg&w=148&h=138&zc=1&q=90 HTTP/1.0" 200 7151 "http://www.aziendaitalia.com/attivita-in-vendita/a2067.html" "Mozilla/4.0 (compatible; MSIE 8.0; Windows NT 5.1; Trident/4.0; .NET CLR 1.1.4322; .NET CLR 2.0.50727; .NET CLR 3.0.4506.2152; .NET CLR 3.5.30729)"
95.241.135.9 - - [25/Jan/2011:09:55:17 +0100] "GET /attivita-in-vendita/a589.html HTTP/1.1" 200 2866 "http://www.aziendaitalia.com/attivita-in-vendita/alberghi-hotel_a-lecce_c22_p98.html" "Mozilla/4.0 (compatible; MSIE 7.0; Windows NT 5.1; .NET CLR 2.0.50727; .NET CLR 3.0.04506.30; .NET CLR 3.0.4506.2152; .NET CLR 3.5.30729; .NET CLR 1.1.4322)"
151.90.254.207 - - [25/Jan/2011:09:55:37 +0100] "GET /attivita-in-vendita/a1667.html HTTP/1.0" 200 2693 "http://www.aziendaitalia.com/attivita-in-vendita/a-roma_p53.html?page=8" "Mozilla/4.0 (compatible; MSIE 8.0; Windows NT 5.1; Trident/4.0; .NET CLR 1.1.4322; .NET CLR 2.0.50727; .NET CLR 3.0.4506.2152; .NET CLR 3.5.30729)"
72.5.230.111 - - [25/Jan/2011:09:55:50 +0100] "HEAD / HTTP/1.1" 200 - "-" "Site 24 X 7"
67.195.115.117 - - [25/Jan/2011:09:55:52 +0100] "GET /annunci/nord-italia/mantova/9100.htm HTTP/1.0" 200 3106 "-" "Mozilla/5.0 (compatible; Yahoo! Slurp; http://help.yahoo.com/help/us/ysearch/slurp)"
67.195.115.117 - - [25/Jan/2011:09:55:53 +0100] "GET /SSAzit.css HTTP/1.0" 404 272 "http://www.aziendaitalia.com/annunci/nord-italia/mantova/9100.htm" "Mozilla/5.0 (compatible; Yahoo! Slurp; http://help.yahoo.com/help/us/ysearch/slurp)"
207.46.13.133 - - [25/Jan/2011:09:55:58 +0100] "GET /bancadati-scheda.php?idreg=3&idind=&idcat=&idazienda=9765 HTTP/1.1" 404 277 "-" "Mozilla/5.0 (compatible; bingbot/2.0; +http://www.bing.com/bingbot.htm)"
151.90.254.207 - - [25/Jan/2011:09:56:10 +0100] "GET /attivita-in-vendita/a-roma_p53.html?page=9 HTTP/1.0" 200 4191 "http://www.aziendaitalia.com/attivita-in-vendita/a-roma_p53.html?page=8" "Mozilla/4.0 (compatible; MSIE 8.0; Windows NT 5.1; Trident/4.0; .NET CLR 1.1.4322; .NET CLR 2.0.50727; .NET CLR 3.0.4506.2152; .NET CLR 3.5.30729)"
178.154.161.29 - - [25/Jan/2011:09:56:13 +0100] "GET /attivita-in-vendita/servizi-centri-fitness-estetica-servizi-alle-persone_a-bolzano_m3_p79.html HTTP/1.1" 200 2860 "-" "Mozilla/5.0 (compatible; YandexBot/3.0; +http://yandex.com/bots)"
67.195.115.117 - - [25/Jan/2011:09:56:22 +0100] "GET /immobili-in-vendita/i276.html HTTP/1.0" 200 2863 "-" "Mozilla/5.0 (compatible; Yahoo! Slurp; http://help.yahoo.com/help/us/ysearch/slurp)"
67.195.115.117 - - [25/Jan/2011:09:56:22 +0100] "GET /annunci/nord-italia/mantova/8824.htm HTTP/1.0" 200 3186 "-" "Mozilla/5.0 (compatible; Yahoo! Slurp; http://help.yahoo.com/help/us/ysearch/slurp)"
67.195.115.117 - - [25/Jan/2011:09:56:22 +0100] "GET /annunci/nord-italia/padova/7837.htm HTTP/1.0" 200 3259 "-" "Mozilla/5.0 (compatible; Yahoo! Slurp; http://help.yahoo.com/help/us/ysearch/slurp)"
151.90.254.207 - - [25/Jan/2011:09:56:24 +0100] "GET /attivita-in-vendita/a1495.html HTTP/1.0" 200 2652 "http://www.aziendaitalia.com/attivita-in-vendita/a-roma_p53.html?page=9" "Mozilla/4.0 (compatible; MSIE 8.0; Windows NT 5.1; Trident/4.0; .NET CLR 1.1.4322; .NET CLR 2.0.50727; .NET CLR 3.0.4506.2152; .NET CLR 3.5.30729)"
