87.23.53.103 - - [25/Jan/2011:10:57:39 +0100] "GET /attivita-in-vendita/a909.html HTTP/1.1" 200 2613 "http://www.aziendaitalia.com/attivita-in-vendita/a-bergamo_p7.html?page=5" "Mozilla/5.0 (Macintosh; U; Intel Mac OS X 10.5; it; rv:1.9.1.16) Gecko/20101130 Firefox/3.5.16"
87.23.53.103 - - [25/Jan/2011:10:57:40 +0100] "GET /css/style.css HTTP/1.1" 200 3366 "http://www.aziendaitalia.com/attivita-in-vendita/a909.html" "Mozilla/5.0 (Macintosh; U; Intel Mac OS X 10.5; it; rv:1.9.1.16) Gecko/20101130 Firefox/3.5.16"
151.54.245.26 - - [25/Jan/2011:10:57:40 +0100] "GET /attivita-in-vendita/alberghi-ristoranti-bar-agriturismo-aziende-agricole_italia_m1_n1.html HTTP/1.1" 200 4246 "http://www.aziendaitalia.com/attivita-in-vendita/alberghi-ristoranti-bar-agriturismo-aziende-agricole_m1.html" "Mozilla/5.0 (Windows; U; Windows NT 5.1; en-US) AppleWebKit/534.10 (KHTML, like Gecko) Chrome/8.0.552.224 Safari/534.10"
151.54.245.26 - - [25/Jan/2011:10:57:40 +0100] "GET /css/style.css HTTP/1.1" 200 3366 "http://www.aziendaitalia.com/attivita-in-vendita/alberghi-ristoranti-bar-agriturismo-aziende-agricole_italia_m1_n1.html" "Mozilla/5.0 (Windows; U; Windows NT 5.1; en-US) AppleWebKit/534.10 (KHTML, like Gecko) Chrome/8.0.552.224 Safari/534.10"
151.54.245.26 - - [25/Jan/2011:10:57:40 +0100] "GET /img/layout/italia/italyoff.gif HTTP/1.1" 200 3852 "http://www.aziendaitalia.com/attivita-in-vendita/alberghi-ristoranti-bar-agriturismo-aziende-agricole_italia_m1_n1.html" "Mozilla/5.0 (Windows; U; Windows NT 5.1; en-US) AppleWebKit/534.10 (KHTML, like Gecko) Chrome/8.0.552.224 Safari/534.10"
87.28.161.50 - - [25/Jan/2011:10:57:41 +0100] "GET /rilevare-attivita/ HTTP/1.1" 200 3679 "http://www.aziendaitalia.com/cedere-ristoranti.php?gclid=CLSI-PCL1aYCFYMTfAod81fvMw" "Mozilla/4.0 (compatible; MSIE 8.0; Windows NT 6.1; WOW64; Trident/4.0; SLCC2; .NET CLR 2.0.50727; .NET CLR 3.5.30729; .NET CLR 3.0.30729; Media Center PC 6.0; OfficeLiveConnector.1.3; OfficeLivePatch.0.0)"
95.227.147.129 - - [25/Jan/2011:10:57:44 +0100] "GET /attivita-in-vendita/cerca-tabaccheria.html HTTP/1.1" 200 3811 "-" "Mozilla/4.0 (compatible; MSIE 8.0; Windows NT 5.1; Trident/4.0; GTB6.6; .NET CLR 1.1.4322)"
95.227.147.129 - - [25/Jan/2011:10:57:44 +0100] "GET /css/style.css HTTP/1.1" 200 3366 "http://www.aziendaitalia.com/attivita-in-vendita/cerca-tabaccheria.html" "Mozilla/4.0 (compatible; MSIE 8.0; Windows NT 5.1; Trident/4.0; GTB6.6; .NET CLR 1.1.4322)"
87.23.53.103 - - [25/Jan/2011:10:57:48 +0100] "GET /attivita-in-vendita/a906.html HTTP/1.1" 200 2610 "http://www.aziendaitalia.com/attivita-in-vendita/a-bergamo_p7.html?page=5" "Mozilla/5.0 (Macintosh; U; Intel Mac OS X 10.5; it; rv:1.9.1.16) Gecko/20101130 Firefox/3.5.16"
87.23.53.103 - - [25/Jan/2011:10:57:48 +0100] "GET /css/style.css HTTP/1.1" 200 3366 "http://www.aziendaitalia.com/attivita-in-vendita/a906.html" "Mozilla/5.0 (Macintosh; U; Intel Mac OS X 10.5; it; rv:1.9.1.16) Gecko/20101130 Firefox/3.5.16"
151.54.245.26 - - [25/Jan/2011:10:57:49 +0100] "GET /attivita-in-vendita/alberghi-ristoranti-bar-agriturismo-aziende-agricole_centroitalia_m1_mr2.html HTTP/1.1" 200 4611 "http://www.aziendaitalia.com/attivita-in-vendita/alberghi-ristoranti-bar-agriturismo-aziende-agricole_italia_m1_n1.html" "Mozilla/5.0 (Windows; U; Windows NT 5.1; en-US) AppleWebKit/534.10 (KHTML, like Gecko) Chrome/8.0.552.224 Safari/534.10"
151.54.245.26 - - [25/Jan/2011:10:57:49 +0100] "GET /css/style.css HTTP/1.1" 200 3366 "http://www.aziendaitalia.com/attivita-in-vendita/alberghi-ristoranti-bar-agriturismo-aziende-agricole_centroitalia_m1_mr2.html" "Mozilla/5.0 (Windows; U; Windows NT 5.1; en-US) AppleWebKit/534.10 (KHTML, like Gecko) Chrome/8.0.552.224 Safari/534.10"
151.54.245.26 - - [25/Jan/2011:10:57:49 +0100] "GET /img/layout/italia/italycenter.gif HTTP/1.1" 200 3933 "http://www.aziendaitalia.com/attivita-in-vendita/alberghi-ristoranti-bar-agriturismo-aziende-agricole_centroitalia_m1_mr2.html" "Mozilla/5.0 (Windows; U; Windows NT 5.1; en-US) AppleWebKit/534.10 (KHTML, like Gecko) Chrome/8.0.552.224 Safari/534.10"
79.13.226.127 - - [25/Jan/2011:10:57:53 +0100] "GET /cedere-attivita/?gclid=CJq4xYCM1aYCFUYifAodO3vwMw HTTP/1.1" 200 3993 "http://it.ask.com/web?l=sem&ifr=1&qsrc=999&q=quotazioni%20immobili%20commerciali%20roma&siteid=4094&o=4094&ar_uid=cf01e590d352d5ccafe3a470638544c17bfbd2fb" "Mozilla/4.0 (compatible; MSIE 7.0; Windows NT 6.0; GTB6.6; SLCC1; .NET CLR 2.0.50727; InfoPath.1; .NET CLR 3.5.30729; .NET CLR 3.0.30729)"
151.54.245.26 - - [25/Jan/2011:10:57:53 +0100] "GET /attivita-in-vendita/alberghi-ristoranti-bar-agriturismo-aziende-agricole_a-roma_m1_p53.html HTTP/1.1" 200 4050 "http://www.aziendaitalia.com/attivita-in-vendita/alberghi-ristoranti-bar-agriturismo-aziende-agricole_centroitalia_m1_mr2.html" "Mozilla/5.0 (Windows; U; Windows NT 5.1; en-US) AppleWebKit/534.10 (KHTML, like Gecko) Chrome/8.0.552.224 Safari/534.10"
212.103.217.66 - - [25/Jan/2011:10:57:53 +0100] "GET /attivita-in-vendita/a3217.html HTTP/1.1" 200 2678 "http://www.aziendaitalia.com/attivita-in-vendita/ristoranti_a-padova_s144_p65.html" "Mozilla/4.0 (compatible; MSIE 6.0; Windows NT 5.1; SV1; .NET CLR 1.1.4322; .NET CLR 2.0.50727)"
151.54.245.26 - - [25/Jan/2011:10:57:53 +0100] "GET /css/style.css HTTP/1.1" 200 3366 "http://www.aziendaitalia.com/attivita-in-vendita/alberghi-ristoranti-bar-agriturismo-aziende-agricole_a-roma_m1_p53.html" "Mozilla/5.0 (Windows; U; Windows NT 5.1; en-US) AppleWebKit/534.10 (KHTML, like Gecko) Chrome/8.0.552.224 Safari/534.10"
212.103.217.66 - - [25/Jan/2011:10:57:54 +0100] "GET /img/thumb/phpThumb.php?src=/admin/img/1283948063_7967-6250E-A3.JPG&w=148&h=138&zc=1&q=90 HTTP/1.1" 200 9050 "http://www.aziendaitalia.com/attivita-in-vendita/a3217.html" "Mozilla/4.0 (compatible; MSIE 6.0; Windows NT 5.1; SV1; .NET CLR 1.1.4322; .NET CLR 2.0.50727)"
212.103.217.66 - - [25/Jan/2011:10:57:54 +0100] "GET /img/thumb/phpThumb.php?src=/admin/img/1283948067_7967-6250E-B3.JPG&w=148&h=138&zc=1&q=90 HTTP/1.1" 200 7496 "http://www.aziendaitalia.com/attivita-in-vendita/a3217.html" "Mozilla/4.0 (compatible; MSIE 6.0; Windows NT 5.1; SV1; .NET CLR 1.1.4322; .NET CLR 2.0.50727)"
212.103.217.66 - - [25/Jan/2011:10:57:54 +0100] "GET /img/thumb/phpThumb.php?src=/admin/img/1283948072_7967-6250E-C3.JPG&w=148&h=138&zc=1&q=90 HTTP/1.1" 200 7290 "http://www.aziendaitalia.com/attivita-in-vendita/a3217.html" "Mozilla/4.0 (compatible; MSIE 6.0; Windows NT 5.1; SV1; .NET CLR 1.1.4322; .NET CLR 2.0.50727)"
87.23.53.103 - - [25/Jan/2011:10:57:54 +0100] "GET /rilevare-attivita/ HTTP/1.1" 200 3679 "http://www.aziendaitalia.com/attivita-in-vendita/a-bergamo_p7.html?page=3" "Mozilla/5.0 (Macintosh; U; Intel Mac OS X 10.5; it; rv:1.9.1.16) Gecko/20101130 Firefox/3.5.16"
212.103.217.66 - - [25/Jan/2011:10:57:54 +0100] "GET /img/thumb/phpThumb.php?src=/admin/img/1283948083_7967-6250E-D3.JPG&w=148&h=138&zc=1&q=90 HTTP/1.1" 200 7188 "http://www.aziendaitalia.com/attivita-in-vendita/a3217.html" "Mozilla/4.0 (compatible; MSIE 6.0; Windows NT 5.1; SV1; .NET CLR 1.1.4322; .NET CLR 2.0.50727)"
87.23.53.103 - - [25/Jan/2011:10:57:54 +0100] "GET /css/style.css HTTP/1.1" 200 3366 "http://www.aziendaitalia.com/rilevare-attivita/" "Mozilla/5.0 (Macintosh; U; Intel Mac OS X 10.5; it; rv:1.9.1.16) Gecko/20101130 Firefox/3.5.16"
82.187.110.196 - - [25/Jan/2011:10:58:09 +0100] "GET /attivita-in-vendita/?gclid=CPGzqoiM1aYCFUENfAodkFvoMw HTTP/1.1" 200 2323 "http://www.google.it/aclk?sa=l&ai=C4BAxsJ4-TebaG8KOOo7cgB_D-prUAbuIhrAXnY7TxykIABABUNaInbsGYP369oOsEKABg5yh_gPIAQGpAkeUNEZ957Y-qgQbT9Cx2-IcrLR-HxbJIyxpOvHmiDL1qxL88wGF&sig=AGiWqtzJwO-aLQhPpQeNUX7DDv2E2wi-yw&adurl=http://www.aziendaitalia.com/attivita-in-vendita/&rct=j&q=cedesi%20attivit%C3%A0%20senigallia" "Mozilla/4.0 (compatible; MSIE 8.0; Windows NT 5.1; Trident/4.0; GTB6.6; .NET CLR 1.1.4322; .NET CLR 2.0.50727; .NET CLR 3.0.04506.30; .NET CLR 3.0.04506.648; .NET CLR 3.0.4506.2152; .NET CLR 3.5.30729)"
82.187.110.196 - - [25/Jan/2011:10:58:09 +0100] "GET /css/style.css HTTP/1.1" 200 3366 "http://www.aziendaitalia.com/attivita-in-vendita/?gclid=CPGzqoiM1aYCFUENfAodkFvoMw" "Mozilla/4.0 (compatible; MSIE 8.0; Windows NT 5.1; Trident/4.0; GTB6.6; .NET CLR 1.1.4322; .NET CLR 2.0.50727; .NET CLR 3.0.04506.30; .NET CLR 3.0.04506.648; .NET CLR 3.0.4506.2152; .NET CLR 3.5.30729)"
87.28.161.50 - - [25/Jan/2011:10:58:09 +0100] "GET /attivita-in-vendita/ HTTP/1.1" 200 2294 "http://www.aziendaitalia.com/rilevare-attivita/" "Mozilla/4.0 (compatible; MSIE 8.0; Windows NT 6.1; WOW64; Trident/4.0; SLCC2; .NET CLR 2.0.50727; .NET CLR 3.5.30729; .NET CLR 3.0.30729; Media Center PC 6.0; OfficeLiveConnector.1.3; OfficeLivePatch.0.0)"
82.187.110.196 - - [25/Jan/2011:10:58:09 +0100] "GET /js/jquery-1.4.2.min.js HTTP/1.1" 200 72174 "http://www.aziendaitalia.com/attivita-in-vendita/?gclid=CPGzqoiM1aYCFUENfAodkFvoMw" "Mozilla/4.0 (compatible; MSIE 8.0; Windows NT 5.1; Trident/4.0; GTB6.6; .NET CLR 1.1.4322; .NET CLR 2.0.50727; .NET CLR 3.0.04506.30; .NET CLR 3.0.04506.648; .NET CLR 3.0.4506.2152; .NET CLR 3.5.30729)"
87.28.161.50 - - [25/Jan/2011:10:58:10 +0100] "GET /img/layout/dot.png HTTP/1.1" 200 2899 "http://www.aziendaitalia.com/attivita-in-vendita/" "Mozilla/4.0 (compatible; MSIE 8.0; Windows NT 6.1; WOW64; Trident/4.0; SLCC2; .NET CLR 2.0.50727; .NET CLR 3.5.30729; .NET CLR 3.0.30729; Media Center PC 6.0; OfficeLiveConnector.1.3; OfficeLivePatch.0.0)"
87.28.161.50 - - [25/Jan/2011:10:58:10 +0100] "GET /img/thumb/phpThumb.php?src=/admin/img/1283511116_5135-4001Y-A.JPG&w=148&h=138&zc=1&q=90 HTTP/1.1" 200 9692 "http://www.aziendaitalia.com/attivita-in-vendita/" "Mozilla/4.0 (compatible; MSIE 8.0; Windows NT 6.1; WOW64; Trident/4.0; SLCC2; .NET CLR 2.0.50727; .NET CLR 3.5.30729; .NET CLR 3.0.30729; Media Center PC 6.0; OfficeLiveConnector.1.3; OfficeLivePatch.0.0)"
87.28.161.50 - - [25/Jan/2011:10:58:10 +0100] "GET /img/thumb/phpThumb.php?src=/admin/img/1295368730_5945-6289D-A.JPG&w=148&h=138&zc=1&q=90 HTTP/1.1" 200 9397 "http://www.aziendaitalia.com/attivita-in-vendita/" "Mozilla/4.0 (compatible; MSIE 8.0; Windows NT 6.1; WOW64; Trident/4.0; SLCC2; .NET CLR 2.0.50727; .NET CLR 3.5.30729; .NET CLR 3.0.30729; Media Center PC 6.0; OfficeLiveConnector.1.3; OfficeLivePatch.0.0)"
87.28.161.50 - - [25/Jan/2011:10:58:10 +0100] "GET /img/thumb/phpThumb.php?src=/admin/img/1284121274_8018-5308G-A.JPG&w=148&h=138&zc=1&q=90 HTTP/1.1" 200 7134 "http://www.aziendaitalia.com/attivita-in-vendita/" "Mozilla/4.0 (compatible; MSIE 8.0; Windows NT 6.1; WOW64; Trident/4.0; SLCC2; .NET CLR 2.0.50727; .NET CLR 3.5.30729; .NET CLR 3.0.30729; Media Center PC 6.0; OfficeLiveConnector.1.3; OfficeLivePatch.0.0)"
82.187.110.196 - - [25/Jan/2011:10:58:10 +0100] "GET /js/general.js HTTP/1.1" 200 5776 "http://www.aziendaitalia.com/attivita-in-vendita/?gclid=CPGzqoiM1aYCFUENfAodkFvoMw" "Mozilla/4.0 (compatible; MSIE 8.0; Windows NT 5.1; Trident/4.0; GTB6.6; .NET CLR 1.1.4322; .NET CLR 2.0.50727; .NET CLR 3.0.04506.30; .NET CLR 3.0.04506.648; .NET CLR 3.0.4506.2152; .NET CLR 3.5.30729)"
82.187.110.196 - - [25/Jan/2011:10:58:10 +0100] "GET /img/layout/menubar.gif HTTP/1.1" 200 1302 "http://www.aziendaitalia.com/attivita-in-vendita/?gclid=CPGzqoiM1aYCFUENfAodkFvoMw" "Mozilla/4.0 (compatible; MSIE 8.0; Windows NT 5.1; Trident/4.0; GTB6.6; .NET CLR 1.1.4322; .NET CLR 2.0.50727; .NET CLR 3.0.04506.30; .NET CLR 3.0.04506.648; .NET CLR 3.0.4506.2152; .NET CLR 3.5.30729)"
82.187.110.196 - - [25/Jan/2011:10:58:10 +0100] "GET /img/thumb/phpThumb.php?src=/admin/img/1295368730_5945-6289D-A.JPG&w=148&h=138&zc=1&q=90 HTTP/1.1" 200 9397 "http://www.aziendaitalia.com/attivita-in-vendita/?gclid=CPGzqoiM1aYCFUENfAodkFvoMw" "Mozilla/4.0 (compatible; MSIE 8.0; Windows NT 5.1; Trident/4.0; GTB6.6; .NET CLR 1.1.4322; .NET CLR 2.0.50727; .NET CLR 3.0.04506.30; .NET CLR 3.0.04506.648; .NET CLR 3.0.4506.2152; .NET CLR 3.5.30729)"
82.187.110.196 - - [25/Jan/2011:10:58:10 +0100] "GET /img/layout/bg_wrapper_sub.gif HTTP/1.1" 200 102 "http://www.aziendaitalia.com/attivita-in-vendita/?gclid=CPGzqoiM1aYCFUENfAodkFvoMw" "Mozilla/4.0 (compatible; MSIE 8.0; Windows NT 5.1; Trident/4.0; GTB6.6; .NET CLR 1.1.4322; .NET CLR 2.0.50727; .NET CLR 3.0.04506.30; .NET CLR 3.0.04506.648; .NET CLR 3.0.4506.2152; .NET CLR 3.5.30729)"
82.187.110.196 - - [25/Jan/2011:10:58:10 +0100] "GET /img/layout/header.gif HTTP/1.1" 200 15655 "http://www.aziendaitalia.com/attivita-in-vendita/?gclid=CPGzqoiM1aYCFUENfAodkFvoMw" "Mozilla/4.0 (compatible; MSIE 8.0; Windows NT 5.1; Trident/4.0; GTB6.6; .NET CLR 1.1.4322; .NET CLR 2.0.50727; .NET CLR 3.0.04506.30; .NET CLR 3.0.04506.648; .NET CLR 3.0.4506.2152; .NET CLR 3.5.30729)"
82.187.110.196 - - [25/Jan/2011:10:58:10 +0100] "GET /img/layout/bg_sidebar_separator.gif HTTP/1.1" 200 106 "http://www.aziendaitalia.com/attivita-in-vendita/?gclid=CPGzqoiM1aYCFUENfAodkFvoMw" "Mozilla/4.0 (compatible; MSIE 8.0; Windows NT 5.1; Trident/4.0; GTB6.6; .NET CLR 1.1.4322; .NET CLR 2.0.50727; .NET CLR 3.0.04506.30; .NET CLR 3.0.04506.648; .NET CLR 3.0.4506.2152; .NET CLR 3.5.30729)"
82.187.110.196 - - [25/Jan/2011:10:58:10 +0100] "GET /img/layout/dot.png HTTP/1.1" 200 2899 "http://www.aziendaitalia.com/attivita-in-vendita/?gclid=CPGzqoiM1aYCFUENfAodkFvoMw" "Mozilla/4.0 (compatible; MSIE 8.0; Windows NT 5.1; Trident/4.0; GTB6.6; .NET CLR 1.1.4322; .NET CLR 2.0.50727; .NET CLR 3.0.04506.30; .NET CLR 3.0.04506.648; .NET CLR 3.0.4506.2152; .NET CLR 3.5.30729)"
82.187.110.196 - - [25/Jan/2011:10:58:10 +0100] "GET /img/thumb/phpThumb.php?src=/admin/img/1284121274_8018-5308G-A.JPG&w=148&h=138&zc=1&q=90 HTTP/1.1" 200 7134 "http://www.aziendaitalia.com/attivita-in-vendita/?gclid=CPGzqoiM1aYCFUENfAodkFvoMw" "Mozilla/4.0 (compatible; MSIE 8.0; Windows NT 5.1; Trident/4.0; GTB6.6; .NET CLR 1.1.4322; .NET CLR 2.0.50727; .NET CLR 3.0.04506.30; .NET CLR 3.0.04506.648; .NET CLR 3.0.4506.2152; .NET CLR 3.5.30729)"
82.187.110.196 - - [25/Jan/2011:10:58:10 +0100] "GET /img/thumb/phpThumb.php?src=/admin/img/1283511116_5135-4001Y-A.JPG&w=148&h=138&zc=1&q=90 HTTP/1.1" 200 9692 "http://www.aziendaitalia.com/attivita-in-vendita/?gclid=CPGzqoiM1aYCFUENfAodkFvoMw" "Mozilla/4.0 (compatible; MSIE 8.0; Windows NT 5.1; Trident/4.0; GTB6.6; .NET CLR 1.1.4322; .NET CLR 2.0.50727; .NET CLR 3.0.04506.30; .NET CLR 3.0.04506.648; .NET CLR 3.0.4506.2152; .NET CLR 3.5.30729)"
82.187.110.196 - - [25/Jan/2011:10:58:11 +0100] "GET /favicon.ico HTTP/1.1" 200 1406 "-" "Mozilla/4.0 (compatible; MSIE 8.0; Windows NT 5.1; Trident/4.0; GTB6.6; .NET CLR 1.1.4322; .NET CLR 2.0.50727; .NET CLR 3.0.04506.30; .NET CLR 3.0.04506.648; .NET CLR 3.0.4506.2152; .NET CLR 3.5.30729)"
72.5.230.111 - - [25/Jan/2011:10:58:12 +0100] "HEAD / HTTP/1.1" 200 - "-" "Site 24 X 7"
212.103.217.66 - - [25/Jan/2011:10:58:14 +0100] "GET /attivita-in-vendita/a1193.html HTTP/1.1" 200 2509 "http://www.aziendaitalia.com/attivita-in-vendita/ristoranti_a-padova_s144_p65.html" "Mozilla/4.0 (compatible; MSIE 6.0; Windows NT 5.1; SV1; .NET CLR 1.1.4322; .NET CLR 2.0.50727)"
87.28.161.50 - - [25/Jan/2011:10:58:14 +0100] "GET /attivita-in-vendita/italia_n1.html HTTP/1.1" 200 4336 "http://www.aziendaitalia.com/attivita-in-vendita/" "Mozilla/4.0 (compatible; MSIE 8.0; Windows NT 6.1; WOW64; Trident/4.0; SLCC2; .NET CLR 2.0.50727; .NET CLR 3.5.30729; .NET CLR 3.0.30729; Media Center PC 6.0; OfficeLiveConnector.1.3; OfficeLivePatch.0.0)"
87.28.161.50 - - [25/Jan/2011:10:58:15 +0100] "GET /img/layout/italia/italyoff.gif HTTP/1.1" 200 3852 "http://www.aziendaitalia.com/attivita-in-vendita/italia_n1.html" "Mozilla/4.0 (compatible; MSIE 8.0; Windows NT 6.1; WOW64; Trident/4.0; SLCC2; .NET CLR 2.0.50727; .NET CLR 3.5.30729; .NET CLR 3.0.30729; Media Center PC 6.0; OfficeLiveConnector.1.3; OfficeLivePatch.0.0)"
87.17.138.215 - - [25/Jan/2011:10:58:16 +0100] "GET /vendere-negozi-napoli.php?gclid=CJLcvYuM1aYCFYVjfAoduQj1Mw HTTP/1.1" 200 3969 "http://www.google.it/search?q=negozio+software+napoli+acquisto&ie=utf-8&oe=utf-8&aq=t&rls=org.mozilla:it:official&client=firefox-a" "Mozilla/5.0 (Windows; U; Windows NT 6.0; it; rv:1.9.2.13) Gecko/20101203 BTRS26718 Firefox/3.6.13 ( .NET CLR 3.5.30729; .NET4.0C)"
87.17.138.215 - - [25/Jan/2011:10:58:16 +0100] "GET /css/style.css HTTP/1.1" 200 3366 "http://www.aziendaitalia.com/vendere-negozi-napoli.php?gclid=CJLcvYuM1aYCFYVjfAoduQj1Mw" "Mozilla/5.0 (Windows; U; Windows NT 6.0; it; rv:1.9.2.13) Gecko/20101203 BTRS26718 Firefox/3.6.13 ( .NET CLR 3.5.30729; .NET4.0C)"
87.17.138.215 - - [25/Jan/2011:10:58:16 +0100] "GET /js/general.js HTTP/1.1" 200 5776 "http://www.aziendaitalia.com/vendere-negozi-napoli.php?gclid=CJLcvYuM1aYCFYVjfAoduQj1Mw" "Mozilla/5.0 (Windows; U; Windows NT 6.0; it; rv:1.9.2.13) Gecko/20101203 BTRS26718 Firefox/3.6.13 ( .NET CLR 3.5.30729; .NET4.0C)"
87.28.161.50 - - [25/Jan/2011:10:58:17 +0100] "GET /attivita-in-vendita/norditalia_mr1.html HTTP/1.1" 200 5127 "http://www.aziendaitalia.com/attivita-in-vendita/italia_n1.html" "Mozilla/4.0 (compatible; MSIE 8.0; Windows NT 6.1; WOW64; Trident/4.0; SLCC2; .NET CLR 2.0.50727; .NET CLR 3.5.30729; .NET CLR 3.0.30729; Media Center PC 6.0; OfficeLiveConnector.1.3; OfficeLivePatch.0.0)"
87.28.161.50 - - [25/Jan/2011:10:58:17 +0100] "GET /css/style.css HTTP/1.1" 200 3366 "http://www.aziendaitalia.com/attivita-in-vendita/norditalia_mr1.html" "Mozilla/4.0 (compatible; MSIE 8.0; Windows NT 6.1; WOW64; Trident/4.0; SLCC2; .NET CLR 2.0.50727; .NET CLR 3.5.30729; .NET CLR 3.0.30729; Media Center PC 6.0; OfficeLiveConnector.1.3; OfficeLivePatch.0.0)"
87.28.161.50 - - [25/Jan/2011:10:58:17 +0100] "GET /img/layout/italia/italynorth.gif HTTP/1.1" 200 3837 "http://www.aziendaitalia.com/attivita-in-vendita/norditalia_mr1.html" "Mozilla/4.0 (compatible; MSIE 8.0; Windows NT 6.1; WOW64; Trident/4.0; SLCC2; .NET CLR 2.0.50727; .NET CLR 3.5.30729; .NET CLR 3.0.30729; Media Center PC 6.0; OfficeLiveConnector.1.3; OfficeLivePatch.0.0)"
87.17.138.215 - - [25/Jan/2011:10:58:16 +0100] "GET /js/jquery-1.4.2.min.js HTTP/1.1" 200 72174 "http://www.aziendaitalia.com/vendere-negozi-napoli.php?gclid=CJLcvYuM1aYCFYVjfAoduQj1Mw" "Mozilla/5.0 (Windows; U; Windows NT 6.0; it; rv:1.9.2.13) Gecko/20101203 BTRS26718 Firefox/3.6.13 ( .NET CLR 3.5.30729; .NET4.0C)"
87.17.138.215 - - [25/Jan/2011:10:58:16 +0100] "GET /img/icona-negozi.jpg HTTP/1.1" 200 69156 "http://www.aziendaitalia.com/vendere-negozi-napoli.php?gclid=CJLcvYuM1aYCFYVjfAoduQj1Mw" "Mozilla/5.0 (Windows; U; Windows NT 6.0; it; rv:1.9.2.13) Gecko/20101203 BTRS26718 Firefox/3.6.13 ( .NET CLR 3.5.30729; .NET4.0C)"
87.17.138.215 - - [25/Jan/2011:10:58:20 +0100] "GET /img/layout/header.gif HTTP/1.1" 200 15655 "http://www.aziendaitalia.com/css/style.css" "Mozilla/5.0 (Windows; U; Windows NT 6.0; it; rv:1.9.2.13) Gecko/20101203 BTRS26718 Firefox/3.6.13 ( .NET CLR 3.5.30729; .NET4.0C)"
87.17.138.215 - - [25/Jan/2011:10:58:20 +0100] "GET /img/layout/menubar.gif HTTP/1.1" 200 1302 "http://www.aziendaitalia.com/css/style.css" "Mozilla/5.0 (Windows; U; Windows NT 6.0; it; rv:1.9.2.13) Gecko/20101203 BTRS26718 Firefox/3.6.13 ( .NET CLR 3.5.30729; .NET4.0C)"
87.17.138.215 - - [25/Jan/2011:10:58:20 +0100] "GET /img/layout/bg_wrapper_sub.gif HTTP/1.1" 200 102 "http://www.aziendaitalia.com/css/style.css" "Mozilla/5.0 (Windows; U; Windows NT 6.0; it; rv:1.9.2.13) Gecko/20101203 BTRS26718 Firefox/3.6.13 ( .NET CLR 3.5.30729; .NET4.0C)"
87.17.138.215 - - [25/Jan/2011:10:58:20 +0100] "GET /img/layout/bg_sidebar_separator.gif HTTP/1.1" 200 106 "http://www.aziendaitalia.com/css/style.css" "Mozilla/5.0 (Windows; U; Windows NT 6.0; it; rv:1.9.2.13) Gecko/20101203 BTRS26718 Firefox/3.6.13 ( .NET CLR 3.5.30729; .NET4.0C)"
87.17.138.215 - - [25/Jan/2011:10:58:20 +0100] "GET /favicon.ico HTTP/1.1" 200 1406 "-" "Mozilla/5.0 (Windows; U; Windows NT 6.0; it; rv:1.9.2.13) Gecko/20101203 BTRS26718 Firefox/3.6.13 ( .NET CLR 3.5.30729; .NET4.0C)"
87.28.161.50 - - [25/Jan/2011:10:58:22 +0100] "GET /attivita-in-vendita/a-milano_p6.html HTTP/1.1" 200 4640 "http://www.aziendaitalia.com/attivita-in-vendita/norditalia_mr1.html" "Mozilla/4.0 (compatible; MSIE 8.0; Windows NT 6.1; WOW64; Trident/4.0; SLCC2; .NET CLR 2.0.50727; .NET CLR 3.5.30729; .NET CLR 3.0.30729; Media Center PC 6.0; OfficeLiveConnector.1.3; OfficeLivePatch.0.0)"
67.195.115.117 - - [25/Jan/2011:10:58:25 +0100] "GET /attivita/vendita-bar-tabaccheria-roma.htm HTTP/1.0" 200 2272 "-" "Mozilla/5.0 (compatible; Yahoo! Slurp; http://help.yahoo.com/help/us/ysearch/slurp)"
87.28.161.50 - - [25/Jan/2011:10:58:32 +0100] "GET /attivita-in-vendita/alberghi-ristoranti-bar-agriturismo-aziende-agricole_a-milano_m1_p6.html HTTP/1.1" 200 4516 "http://www.aziendaitalia.com/attivita-in-vendita/a-milano_p6.html" "Mozilla/4.0 (compatible; MSIE 8.0; Windows NT 6.1; WOW64; Trident/4.0; SLCC2; .NET CLR 2.0.50727; .NET CLR 3.5.30729; .NET CLR 3.0.30729; Media Center PC 6.0; OfficeLiveConnector.1.3; OfficeLivePatch.0.0)"
178.154.161.29 - - [25/Jan/2011:10:58:38 +0100] "GET /attivita/compro-attivita-turistica.htm HTTP/1.1" 200 2290 "-" "Mozilla/5.0 (compatible; YandexBot/3.0; +http://yandex.com/bots)"
66.249.71.212 - - [25/Jan/2011:10:58:40 +0100] "GET /attivita-in-vendita/industrie-della-carta-affini_isole_c78_mr4.html?page=36 HTTP/1.1" 200 2332 "-" "Mozilla/5.0 (compatible; Googlebot/2.1; +http://www.google.com/bot.html)"
66.249.71.212 - - [25/Jan/2011:10:58:40 +0100] "GET /attivita-in-vendita/agenzie-pubblicit%C3%A0_suditalia_s246_mr3.html?page=64 HTTP/1.1" 200 2591 "-" "Mozilla/5.0 (compatible; Googlebot/2.1; +http://www.google.com/bot.html)"
66.249.71.212 - - [25/Jan/2011:10:58:41 +0100] "GET /attivita-in-vendita/edilizia-costruzione-edifici_estero_c69_n2.html?page=37 HTTP/1.1" 200 1723 "-" "Mozilla/5.0 (compatible; Googlebot/2.1; +http://www.google.com/bot.html)"
212.103.217.66 - - [25/Jan/2011:10:58:43 +0100] "GET /attivita-in-vendita/pizzerie_a-padova_s143_p65.html HTTP/1.1" 200 3721 "http://www.aziendaitalia.com/attivita-in-vendita/ristoranti_a-padova_s144_p65.html" "Mozilla/4.0 (compatible; MSIE 6.0; Windows NT 5.1; SV1; .NET CLR 1.1.4322; .NET CLR 2.0.50727)"
79.39.218.7 - - [25/Jan/2011:10:58:54 +0100] "GET /rilevare-attivita/?gclid=COzy8Z2M1aYCFUQTfAodaDq2zQ HTTP/1.1" 200 3712 "http://it.ask.com/web?q=vendita+locale+campobasso&qsrc=999&o=4093&l=sem&qid=3857FB9D0FE385E0FAB6870124104D55&frstpgo=&page=2&jss=1&dm=all" "Mozilla/5.0 (Windows; U; Windows NT 6.0; it; rv:1.9.2.13) Gecko/20101203 Firefox/3.6.13"
79.39.218.7 - - [25/Jan/2011:10:58:54 +0100] "GET /css/style.css HTTP/1.1" 200 3366 "http://www.aziendaitalia.com/rilevare-attivita/?gclid=COzy8Z2M1aYCFUQTfAodaDq2zQ" "Mozilla/5.0 (Windows; U; Windows NT 6.0; it; rv:1.9.2.13) Gecko/20101203 Firefox/3.6.13"
87.28.161.50 - - [25/Jan/2011:10:58:58 +0100] "GET /attivita-in-vendita/a3601.html HTTP/1.1" 200 2917 "http://www.aziendaitalia.com/attivita-in-vendita/alberghi-ristoranti-bar-agriturismo-aziende-agricole_a-milano_m1_p6.html" "Mozilla/4.0 (compatible; MSIE 8.0; Windows NT 6.1; WOW64; Trident/4.0; SLCC2; .NET CLR 2.0.50727; .NET CLR 3.5.30729; .NET CLR 3.0.30729; Media Center PC 6.0; OfficeLiveConnector.1.3; OfficeLivePatch.0.0)"
212.103.217.66 - - [25/Jan/2011:10:59:01 +0100] "GET /attivita-in-vendita/a3467.html HTTP/1.1" 200 2914 "http://www.aziendaitalia.com/attivita-in-vendita/pizzerie_a-padova_s143_p65.html" "Mozilla/4.0 (compatible; MSIE 6.0; Windows NT 5.1; SV1; .NET CLR 1.1.4322; .NET CLR 2.0.50727)"
212.103.217.66 - - [25/Jan/2011:10:59:01 +0100] "GET /img/thumb/phpThumb.php?src=/admin/img/1285336649_3754-5772K-B.JPG&w=148&h=138&zc=1&q=90 HTTP/1.1" 200 7242 "http://www.aziendaitalia.com/attivita-in-vendita/a3467.html" "Mozilla/4.0 (compatible; MSIE 6.0; Windows NT 5.1; SV1; .NET CLR 1.1.4322; .NET CLR 2.0.50727)"
212.103.217.66 - - [25/Jan/2011:10:59:01 +0100] "GET /img/thumb/phpThumb.php?src=/admin/img/1285336646_3754-5772K-A.JPG&w=148&h=138&zc=1&q=90 HTTP/1.1" 200 8523 "http://www.aziendaitalia.com/attivita-in-vendita/a3467.html" "Mozilla/4.0 (compatible; MSIE 6.0; Windows NT 5.1; SV1; .NET CLR 1.1.4322; .NET CLR 2.0.50727)"
212.103.217.66 - - [25/Jan/2011:10:59:02 +0100] "GET /img/thumb/phpThumb.php?src=/admin/img/1285336653_3754-5772K-C.JPG&w=148&h=138&zc=1&q=90 HTTP/1.1" 200 7750 "http://www.aziendaitalia.com/attivita-in-vendita/a3467.html" "Mozilla/4.0 (compatible; MSIE 6.0; Windows NT 5.1; SV1; .NET CLR 1.1.4322; .NET CLR 2.0.50727)"
212.103.217.66 - - [25/Jan/2011:10:59:02 +0100] "GET /img/thumb/phpThumb.php?src=/admin/img/1285336657_3754-5772K-D.JPG&w=148&h=138&zc=1&q=90 HTTP/1.1" 200 6582 "http://www.aziendaitalia.com/attivita-in-vendita/a3467.html" "Mozilla/4.0 (compatible; MSIE 6.0; Windows NT 5.1; SV1; .NET CLR 1.1.4322; .NET CLR 2.0.50727)"
212.103.217.66 - - [25/Jan/2011:10:59:02 +0100] "GET /img/thumb/phpThumb.php?src=/admin/img/1285336660_3754-5772K-E.JPG&w=148&h=138&zc=1&q=90 HTTP/1.1" 200 8087 "http://www.aziendaitalia.com/attivita-in-vendita/a3467.html" "Mozilla/4.0 (compatible; MSIE 6.0; Windows NT 5.1; SV1; .NET CLR 1.1.4322; .NET CLR 2.0.50727)"
72.5.230.111 - - [25/Jan/2011:10:59:12 +0100] "HEAD / HTTP/1.1" 200 - "-" "Site 24 X 7"
94.160.191.62 - - [25/Jan/2011:10:59:14 +0100] "GET /cedere-bar.php?gclid=COinj6eM1aYCFdSFzAodGDYFIA HTTP/1.1" 200 3917 "http://www.google.it/aclk?sa=l&ai=CH6Pa254-TaOdLcniswbDsJA2w_qa1AG7-sORGMOgpqwYCAAQASgDUOLf7JQBYP2CkYToEaABg5yh_gPIAQGpAuwTJQGo8rY-qgQbT9CSUmHnobx7_U28tgs3tn8zmhFe_9v5ws11&sig=AGiWqtyN6hUOEdzA-FHUU25lEqIk0kn7ig&adurl=http://www.aziendaitalia.com/cedere-bar.php&rct=j&q=bar%20e%20locali%20in%20vendita" "Mozilla/4.0 (compatible; MSIE 8.0; Windows NT 6.1; Trident/4.0; GTB6.6; SLCC2; .NET CLR 2.0.50727; .NET CLR 3.5.30729; .NET CLR 3.0.30729)"
94.160.191.62 - - [25/Jan/2011:10:59:14 +0100] "GET /css/style.css HTTP/1.1" 200 3366 "http://www.aziendaitalia.com/cedere-bar.php?gclid=COinj6eM1aYCFdSFzAodGDYFIA" "Mozilla/4.0 (compatible; MSIE 8.0; Windows NT 6.1; Trident/4.0; GTB6.6; SLCC2; .NET CLR 2.0.50727; .NET CLR 3.5.30729; .NET CLR 3.0.30729)"
94.160.191.62 - - [25/Jan/2011:10:59:14 +0100] "GET /js/jquery-1.4.2.min.js HTTP/1.1" 200 72174 "http://www.aziendaitalia.com/cedere-bar.php?gclid=COinj6eM1aYCFdSFzAodGDYFIA" "Mozilla/4.0 (compatible; MSIE 8.0; Windows NT 6.1; Trident/4.0; GTB6.6; SLCC2; .NET CLR 2.0.50727; .NET CLR 3.5.30729; .NET CLR 3.0.30729)"
94.160.191.62 - - [25/Jan/2011:10:59:16 +0100] "GET /js/general.js HTTP/1.1" 200 5776 "http://www.aziendaitalia.com/cedere-bar.php?gclid=COinj6eM1aYCFdSFzAodGDYFIA" "Mozilla/4.0 (compatible; MSIE 8.0; Windows NT 6.1; Trident/4.0; GTB6.6; SLCC2; .NET CLR 2.0.50727; .NET CLR 3.5.30729; .NET CLR 3.0.30729)"
94.160.191.62 - - [25/Jan/2011:10:59:16 +0100] "GET /img/layout/menubar.gif HTTP/1.1" 200 1302 "http://www.aziendaitalia.com/cedere-bar.php?gclid=COinj6eM1aYCFdSFzAodGDYFIA" "Mozilla/4.0 (compatible; MSIE 8.0; Windows NT 6.1; Trident/4.0; GTB6.6; SLCC2; .NET CLR 2.0.50727; .NET CLR 3.5.30729; .NET CLR 3.0.30729)"
94.160.191.62 - - [25/Jan/2011:10:59:17 +0100] "GET /img/layout/bg_wrapper_sub.gif HTTP/1.1" 200 102 "http://www.aziendaitalia.com/cedere-bar.php?gclid=COinj6eM1aYCFdSFzAodGDYFIA" "Mozilla/4.0 (compatible; MSIE 8.0; Windows NT 6.1; Trident/4.0; GTB6.6; SLCC2; .NET CLR 2.0.50727; .NET CLR 3.5.30729; .NET CLR 3.0.30729)"
94.160.191.62 - - [25/Jan/2011:10:59:16 +0100] "GET /img/icona-ristoranti-bar.jpg HTTP/1.1" 200 74379 "http://www.aziendaitalia.com/cedere-bar.php?gclid=COinj6eM1aYCFdSFzAodGDYFIA" "Mozilla/4.0 (compatible; MSIE 8.0; Windows NT 6.1; Trident/4.0; GTB6.6; SLCC2; .NET CLR 2.0.50727; .NET CLR 3.5.30729; .NET CLR 3.0.30729)"
94.160.191.62 - - [25/Jan/2011:10:59:17 +0100] "GET /img/layout/header.gif HTTP/1.1" 200 15655 "http://www.aziendaitalia.com/cedere-bar.php?gclid=COinj6eM1aYCFdSFzAodGDYFIA" "Mozilla/4.0 (compatible; MSIE 8.0; Windows NT 6.1; Trident/4.0; GTB6.6; SLCC2; .NET CLR 2.0.50727; .NET CLR 3.5.30729; .NET CLR 3.0.30729)"
94.160.191.62 - - [25/Jan/2011:10:59:17 +0100] "GET /img/layout/bg_sidebar_separator.gif HTTP/1.1" 200 106 "http://www.aziendaitalia.com/cedere-bar.php?gclid=COinj6eM1aYCFdSFzAodGDYFIA" "Mozilla/4.0 (compatible; MSIE 8.0; Windows NT 6.1; Trident/4.0; GTB6.6; SLCC2; .NET CLR 2.0.50727; .NET CLR 3.5.30729; .NET CLR 3.0.30729)"
94.160.191.62 - - [25/Jan/2011:10:59:18 +0100] "GET /favicon.ico HTTP/1.1" 200 1406 "-" "Mozilla/4.0 (compatible; MSIE 8.0; Windows NT 6.1; Trident/4.0; GTB6.6; SLCC2; .NET CLR 2.0.50727; .NET CLR 3.5.30729; .NET CLR 3.0.30729)"
66.249.71.212 - - [25/Jan/2011:10:59:24 +0100] "GET /attivita-in-vendita/industria-prodotti-in-legno-n-a-c-_estero_s376_n2.html?page=36 HTTP/1.1" 200 1735 "-" "Mozilla/5.0 (compatible; Googlebot/2.1; +http://www.google.com/bot.html)"
94.160.191.62 - - [25/Jan/2011:10:59:36 +0100] "GET /rilevare-attivita/ HTTP/1.1" 200 3679 "http://www.aziendaitalia.com/cedere-bar.php?gclid=COinj6eM1aYCFdSFzAodGDYFIA" "Mozilla/4.0 (compatible; MSIE 8.0; Windows NT 6.1; Trident/4.0; GTB6.6; SLCC2; .NET CLR 2.0.50727; .NET CLR 3.5.30729; .NET CLR 3.0.30729)"
94.160.191.62 - - [25/Jan/2011:10:59:51 +0100] "GET /attivita-in-vendita/ HTTP/1.1" 200 2294 "http://www.aziendaitalia.com/rilevare-attivita/" "Mozilla/4.0 (compatible; MSIE 8.0; Windows NT 6.1; Trident/4.0; GTB6.6; SLCC2; .NET CLR 2.0.50727; .NET CLR 3.5.30729; .NET CLR 3.0.30729)"
94.160.191.62 - - [25/Jan/2011:10:59:54 +0100] "GET /img/thumb/phpThumb.php?src=/admin/img/1283511116_5135-4001Y-A.JPG&w=148&h=138&zc=1&q=90 HTTP/1.1" 200 9692 "http://www.aziendaitalia.com/attivita-in-vendita/" "Mozilla/4.0 (compatible; MSIE 8.0; Windows NT 6.1; Trident/4.0; GTB6.6; SLCC2; .NET CLR 2.0.50727; .NET CLR 3.5.30729; .NET CLR 3.0.30729)"
94.160.191.62 - - [25/Jan/2011:10:59:54 +0100] "GET /img/thumb/phpThumb.php?src=/admin/img/1295368730_5945-6289D-A.JPG&w=148&h=138&zc=1&q=90 HTTP/1.1" 200 9397 "http://www.aziendaitalia.com/attivita-in-vendita/" "Mozilla/4.0 (compatible; MSIE 8.0; Windows NT 6.1; Trident/4.0; GTB6.6; SLCC2; .NET CLR 2.0.50727; .NET CLR 3.5.30729; .NET CLR 3.0.30729)"
94.160.191.62 - - [25/Jan/2011:10:59:54 +0100] "GET /img/layout/dot.png HTTP/1.1" 200 2899 "http://www.aziendaitalia.com/attivita-in-vendita/" "Mozilla/4.0 (compatible; MSIE 8.0; Windows NT 6.1; Trident/4.0; GTB6.6; SLCC2; .NET CLR 2.0.50727; .NET CLR 3.5.30729; .NET CLR 3.0.30729)"
94.160.191.62 - - [25/Jan/2011:10:59:54 +0100] "GET /img/thumb/phpThumb.php?src=/admin/img/1284121274_8018-5308G-A.JPG&w=148&h=138&zc=1&q=90 HTTP/1.1" 200 7134 "http://www.aziendaitalia.com/attivita-in-vendita/" "Mozilla/4.0 (compatible; MSIE 8.0; Windows NT 6.1; Trident/4.0; GTB6.6; SLCC2; .NET CLR 2.0.50727; .NET CLR 3.5.30729; .NET CLR 3.0.30729)"
95.225.34.185 - - [25/Jan/2011:10:59:56 +0100] "GET /attivita-in-vendita/?gclid=CKGRsbuM1aYCFcwmfAodaA2KKg HTTP/1.1" 200 2323 "http://www.google.it/aclk?sa=l&ai=CDHv_DZ8-TcOdEM6TOrXgpB3D-prUAbuIhrAX2eaqNQgAEAEoA1DWiJ27BmD90viDwBCgAYOcof4DyAEBqQJHlDRGfee2PqoEG0_Q27a1WYn9EHQgekvuwqa9i4rgOEvAYWwffw&sig=AGiWqtyUaoBx8wQEQ7oMabB9tljd6in5FQ&adurl=http://www.aziendaitalia.com/attivita-in-vendita/&rct=j&q=vendere%20un'attivit%C3%A0%20commerciale" "Mozilla/4.0 (compatible; MSIE 8.0; Windows NT 5.1; Trident/4.0; .NET CLR 1.1.4322; .NET CLR 2.0.50727; eSobiSubscriber 2.0.4.16; .NET CLR 3.0.4506.2152; .NET CLR 3.5.30729)"
95.225.34.185 - - [25/Jan/2011:10:59:56 +0100] "GET /css/style.css HTTP/1.1" 200 3366 "http://www.aziendaitalia.com/attivita-in-vendita/?gclid=CKGRsbuM1aYCFcwmfAodaA2KKg" "Mozilla/4.0 (compatible; MSIE 8.0; Windows NT 5.1; Trident/4.0; .NET CLR 1.1.4322; .NET CLR 2.0.50727; eSobiSubscriber 2.0.4.16; .NET CLR 3.0.4506.2152; .NET CLR 3.5.30729)"
95.225.34.185 - - [25/Jan/2011:10:59:56 +0100] "GET /js/jquery-1.4.2.min.js HTTP/1.1" 200 72174 "http://www.aziendaitalia.com/attivita-in-vendita/?gclid=CKGRsbuM1aYCFcwmfAodaA2KKg" "Mozilla/4.0 (compatible; MSIE 8.0; Windows NT 5.1; Trident/4.0; .NET CLR 1.1.4322; .NET CLR 2.0.50727; eSobiSubscriber 2.0.4.16; .NET CLR 3.0.4506.2152; .NET CLR 3.5.30729)"
95.225.34.185 - - [25/Jan/2011:10:59:57 +0100] "GET /js/general.js HTTP/1.1" 200 5776 "http://www.aziendaitalia.com/attivita-in-vendita/?gclid=CKGRsbuM1aYCFcwmfAodaA2KKg" "Mozilla/4.0 (compatible; MSIE 8.0; Windows NT 5.1; Trident/4.0; .NET CLR 1.1.4322; .NET CLR 2.0.50727; eSobiSubscriber 2.0.4.16; .NET CLR 3.0.4506.2152; .NET CLR 3.5.30729)"
95.225.34.185 - - [25/Jan/2011:10:59:57 +0100] "GET /img/layout/bg_wrapper_sub.gif HTTP/1.1" 200 102 "http://www.aziendaitalia.com/attivita-in-vendita/?gclid=CKGRsbuM1aYCFcwmfAodaA2KKg" "Mozilla/4.0 (compatible; MSIE 8.0; Windows NT 5.1; Trident/4.0; .NET CLR 1.1.4322; .NET CLR 2.0.50727; eSobiSubscriber 2.0.4.16; .NET CLR 3.0.4506.2152; .NET CLR 3.5.30729)"
95.225.34.185 - - [25/Jan/2011:10:59:58 +0100] "GET /img/layout/menubar.gif HTTP/1.1" 200 1302 "http://www.aziendaitalia.com/attivita-in-vendita/?gclid=CKGRsbuM1aYCFcwmfAodaA2KKg" "Mozilla/4.0 (compatible; MSIE 8.0; Windows NT 5.1; Trident/4.0; .NET CLR 1.1.4322; .NET CLR 2.0.50727; eSobiSubscriber 2.0.4.16; .NET CLR 3.0.4506.2152; .NET CLR 3.5.30729)"
95.225.34.185 - - [25/Jan/2011:10:59:58 +0100] "GET /img/layout/dot.png HTTP/1.1" 200 2899 "http://www.aziendaitalia.com/attivita-in-vendita/?gclid=CKGRsbuM1aYCFcwmfAodaA2KKg" "Mozilla/4.0 (compatible; MSIE 8.0; Windows NT 5.1; Trident/4.0; .NET CLR 1.1.4322; .NET CLR 2.0.50727; eSobiSubscriber 2.0.4.16; .NET CLR 3.0.4506.2152; .NET CLR 3.5.30729)"
95.225.34.185 - - [25/Jan/2011:10:59:58 +0100] "GET /img/layout/header.gif HTTP/1.1" 200 15655 "http://www.aziendaitalia.com/attivita-in-vendita/?gclid=CKGRsbuM1aYCFcwmfAodaA2KKg" "Mozilla/4.0 (compatible; MSIE 8.0; Windows NT 5.1; Trident/4.0; .NET CLR 1.1.4322; .NET CLR 2.0.50727; eSobiSubscriber 2.0.4.16; .NET CLR 3.0.4506.2152; .NET CLR 3.5.30729)"
95.225.34.185 - - [25/Jan/2011:10:59:58 +0100] "GET /img/layout/bg_sidebar_separator.gif HTTP/1.1" 200 106 "http://www.aziendaitalia.com/attivita-in-vendita/?gclid=CKGRsbuM1aYCFcwmfAodaA2KKg" "Mozilla/4.0 (compatible; MSIE 8.0; Windows NT 5.1; Trident/4.0; .NET CLR 1.1.4322; .NET CLR 2.0.50727; eSobiSubscriber 2.0.4.16; .NET CLR 3.0.4506.2152; .NET CLR 3.5.30729)"
95.225.34.185 - - [25/Jan/2011:10:59:58 +0100] "GET /img/thumb/phpThumb.php?src=/admin/img/1295368730_5945-6289D-A.JPG&w=148&h=138&zc=1&q=90 HTTP/1.1" 200 9397 "http://www.aziendaitalia.com/attivita-in-vendita/?gclid=CKGRsbuM1aYCFcwmfAodaA2KKg" "Mozilla/4.0 (compatible; MSIE 8.0; Windows NT 5.1; Trident/4.0; .NET CLR 1.1.4322; .NET CLR 2.0.50727; eSobiSubscriber 2.0.4.16; .NET CLR 3.0.4506.2152; .NET CLR 3.5.30729)"
95.225.34.185 - - [25/Jan/2011:10:59:58 +0100] "GET /img/thumb/phpThumb.php?src=/admin/img/1284121274_8018-5308G-A.JPG&w=148&h=138&zc=1&q=90 HTTP/1.1" 200 7134 "http://www.aziendaitalia.com/attivita-in-vendita/?gclid=CKGRsbuM1aYCFcwmfAodaA2KKg" "Mozilla/4.0 (compatible; MSIE 8.0; Windows NT 5.1; Trident/4.0; .NET CLR 1.1.4322; .NET CLR 2.0.50727; eSobiSubscriber 2.0.4.16; .NET CLR 3.0.4506.2152; .NET CLR 3.5.30729)"
95.225.34.185 - - [25/Jan/2011:10:59:58 +0100] "GET /img/thumb/phpThumb.php?src=/admin/img/1283511116_5135-4001Y-A.JPG&w=148&h=138&zc=1&q=90 HTTP/1.1" 200 9692 "http://www.aziendaitalia.com/attivita-in-vendita/?gclid=CKGRsbuM1aYCFcwmfAodaA2KKg" "Mozilla/4.0 (compatible; MSIE 8.0; Windows NT 5.1; Trident/4.0; .NET CLR 1.1.4322; .NET CLR 2.0.50727; eSobiSubscriber 2.0.4.16; .NET CLR 3.0.4506.2152; .NET CLR 3.5.30729)"
95.225.34.185 - - [25/Jan/2011:10:59:58 +0100] "GET /favicon.ico HTTP/1.1" 200 1406 "-" "Mozilla/4.0 (compatible; MSIE 8.0; Windows NT 5.1; Trident/4.0; .NET CLR 1.1.4322; .NET CLR 2.0.50727; eSobiSubscriber 2.0.4.16; .NET CLR 3.0.4506.2152; .NET CLR 3.5.30729)"
87.23.53.103 - - [25/Jan/2011:11:00:00 +0100] "GET /cedere-bar.php?gclid=CP_llb2M1aYCFYMTfAod81fvMw HTTP/1.1" 200 3919 "http://www.google.it/aclk?sa=l&ai=Cz-rgEp8-TcXzG8PiswbW2L04w_qa1AG7-sORGMOgpqwYCAAQAigDUOLf7JQBYP3qkoToEaABg5yh_gPIAQGpAuwTJQGo8rY-qgQbT9C58nIxKEkavAKtVePTWPntiqgb2EnZ5me4&sig=AGiWqtwYX8rysZ_gkq9ciiqNdfPrpuaxgQ&adurl=http://www.aziendaitalia.com/cedere-bar.php&rct=j&q=attivita%20in%20vendita%20settala" "Mozilla/5.0 (Macintosh; U; Intel Mac OS X 10.5; it; rv:1.9.1.16) Gecko/20101130 Firefox/3.5.16"
87.23.53.103 - - [25/Jan/2011:11:00:00 +0100] "GET /css/style.css HTTP/1.1" 200 3366 "http://www.aziendaitalia.com/cedere-bar.php?gclid=CP_llb2M1aYCFYMTfAod81fvMw" "Mozilla/5.0 (Macintosh; U; Intel Mac OS X 10.5; it; rv:1.9.1.16) Gecko/20101130 Firefox/3.5.16"
87.28.161.50 - - [25/Jan/2011:11:00:06 +0100] "GET /attivita-in-vendita/a3342.html HTTP/1.1" 200 2760 "http://www.aziendaitalia.com/attivita-in-vendita/alberghi-ristoranti-bar-agriturismo-aziende-agricole_a-milano_m1_p6.html" "Mozilla/4.0 (compatible; MSIE 8.0; Windows NT 6.1; WOW64; Trident/4.0; SLCC2; .NET CLR 2.0.50727; .NET CLR 3.5.30729; .NET CLR 3.0.30729; Media Center PC 6.0; OfficeLiveConnector.1.3; OfficeLivePatch.0.0)"
82.89.188.88 - - [25/Jan/2011:11:00:06 +0100] "GET /attivita-in-vendita/a2866.html HTTP/1.1" 200 2832 "-" "Mozilla/4.0 (compatible; MSIE 8.0; Windows NT 5.1; Trident/4.0; BTRS26718; AskTB5.6)"
82.89.188.88 - - [25/Jan/2011:11:00:06 +0100] "GET /js/jquery-1.4.2.min.js HTTP/1.1" 304 - "http://www.aziendaitalia.com/attivita-in-vendita/a2866.html" "Mozilla/4.0 (compatible; MSIE 8.0; Windows NT 5.1; Trident/4.0; BTRS26718; AskTB5.6)"
82.89.188.88 - - [25/Jan/2011:11:00:06 +0100] "GET /css/style.css HTTP/1.1" 200 3366 "http://www.aziendaitalia.com/attivita-in-vendita/a2866.html" "Mozilla/4.0 (compatible; MSIE 8.0; Windows NT 5.1; Trident/4.0; BTRS26718; AskTB5.6)"
82.89.188.88 - - [25/Jan/2011:11:00:06 +0100] "GET /js/jquery-1.4.2.min.js HTTP/1.1" 304 - "http://www.aziendaitalia.com/attivita-in-vendita/a2866.html" "Mozilla/4.0 (compatible; MSIE 8.0; Windows NT 5.1; Trident/4.0; BTRS26718; AskTB5.6)"
82.89.188.88 - - [25/Jan/2011:11:00:07 +0100] "GET /js/general.js HTTP/1.1" 304 - "http://www.aziendaitalia.com/attivita-in-vendita/a2866.html" "Mozilla/4.0 (compatible; MSIE 8.0; Windows NT 5.1; Trident/4.0; BTRS26718; AskTB5.6)"
82.89.188.88 - - [25/Jan/2011:11:00:07 +0100] "GET /img/layout/menubar.gif HTTP/1.1" 304 - "http://www.aziendaitalia.com/attivita-in-vendita/a2866.html" "Mozilla/4.0 (compatible; MSIE 8.0; Windows NT 5.1; Trident/4.0; BTRS26718; AskTB5.6)"
82.89.188.88 - - [25/Jan/2011:11:00:07 +0100] "GET /img/thumb/phpThumb.php?src=/admin/img/1282659383_6048-5288L-A1.JPG&w=148&h=138&zc=1&q=90 HTTP/1.1" 200 8238 "http://www.aziendaitalia.com/attivita-in-vendita/a2866.html" "Mozilla/4.0 (compatible; MSIE 8.0; Windows NT 5.1; Trident/4.0; BTRS26718; AskTB5.6)"
82.89.188.88 - - [25/Jan/2011:11:00:07 +0100] "GET /img/layout/bg_wrapper_sub.gif HTTP/1.1" 304 - "http://www.aziendaitalia.com/attivita-in-vendita/a2866.html" "Mozilla/4.0 (compatible; MSIE 8.0; Windows NT 5.1; Trident/4.0; BTRS26718; AskTB5.6)"
82.89.188.88 - - [25/Jan/2011:11:00:07 +0100] "GET /img/layout/header.gif HTTP/1.1" 304 - "http://www.aziendaitalia.com/attivita-in-vendita/a2866.html" "Mozilla/4.0 (compatible; MSIE 8.0; Windows NT 5.1; Trident/4.0; BTRS26718; AskTB5.6)"
82.89.188.88 - - [25/Jan/2011:11:00:07 +0100] "GET /img/layout/bg_sidebar_separator.gif HTTP/1.1" 304 - "http://www.aziendaitalia.com/attivita-in-vendita/a2866.html" "Mozilla/4.0 (compatible; MSIE 8.0; Windows NT 5.1; Trident/4.0; BTRS26718; AskTB5.6)"
82.89.188.88 - - [25/Jan/2011:11:00:07 +0100] "GET /img/thumb/phpThumb.php?src=/admin/img/1282659394_6048-5288L-C1.JPG&w=148&h=138&zc=1&q=90 HTTP/1.1" 200 9104 "http://www.aziendaitalia.com/attivita-in-vendita/a2866.html" "Mozilla/4.0 (compatible; MSIE 8.0; Windows NT 5.1; Trident/4.0; BTRS26718; AskTB5.6)"
82.89.188.88 - - [25/Jan/2011:11:00:07 +0100] "GET /img/thumb/phpThumb.php?src=/admin/img/1282659388_6048-5288L-B1.JPG&w=148&h=138&zc=1&q=90 HTTP/1.1" 200 9885 "http://www.aziendaitalia.com/attivita-in-vendita/a2866.html" "Mozilla/4.0 (compatible; MSIE 8.0; Windows NT 5.1; Trident/4.0; BTRS26718; AskTB5.6)"
82.89.188.88 - - [25/Jan/2011:11:00:07 +0100] "GET /img/thumb/phpThumb.php?src=/admin/img/1282659399_6048-5288L-D1.JPG&w=148&h=138&zc=1&q=90 HTTP/1.1" 200 8526 "http://www.aziendaitalia.com/attivita-in-vendita/a2866.html" "Mozilla/4.0 (compatible; MSIE 8.0; Windows NT 5.1; Trident/4.0; BTRS26718; AskTB5.6)"
87.23.53.103 - - [25/Jan/2011:11:00:08 +0100] "GET /attivita-in-vendita/ristoranti-bar_c21.html HTTP/1.1" 200 3867 "http://www.aziendaitalia.com/cedere-bar.php?gclid=CP_llb2M1aYCFYMTfAod81fvMw" "Mozilla/5.0 (Macintosh; U; Intel Mac OS X 10.5; it; rv:1.9.1.16) Gecko/20101130 Firefox/3.5.16"
87.23.53.103 - - [25/Jan/2011:11:00:08 +0100] "GET /css/style.css HTTP/1.1" 200 3366 "http://www.aziendaitalia.com/attivita-in-vendita/ristoranti-bar_c21.html" "Mozilla/5.0 (Macintosh; U; Intel Mac OS X 10.5; it; rv:1.9.1.16) Gecko/20101130 Firefox/3.5.16"
87.23.53.103 - - [25/Jan/2011:11:00:08 +0100] "GET /img/thumb/phpThumb.php?src=/admin/img/1295352032_3556-6537T-A.jpg&w=148&h=138&zc=1&q=90 HTTP/1.1" 200 11401 "http://www.aziendaitalia.com/attivita-in-vendita/ristoranti-bar_c21.html" "Mozilla/5.0 (Macintosh; U; Intel Mac OS X 10.5; it; rv:1.9.1.16) Gecko/20101130 Firefox/3.5.16"
87.23.53.103 - - [25/Jan/2011:11:00:08 +0100] "GET /img/thumb/phpThumb.php?src=/admin/img/1295351573_3633-9173Q-A.jpg&w=148&h=138&zc=1&q=90 HTTP/1.1" 200 8925 "http://www.aziendaitalia.com/attivita-in-vendita/ristoranti-bar_c21.html" "Mozilla/5.0 (Macintosh; U; Intel Mac OS X 10.5; it; rv:1.9.1.16) Gecko/20101130 Firefox/3.5.16"
87.23.53.103 - - [25/Jan/2011:11:00:08 +0100] "GET /img/thumb/phpThumb.php?src=/admin/img/1295351086_6682-6246Y-A.jpg&w=148&h=138&zc=1&q=90 HTTP/1.1" 200 6730 "http://www.aziendaitalia.com/attivita-in-vendita/ristoranti-bar_c21.html" "Mozilla/5.0 (Macintosh; U; Intel Mac OS X 10.5; it; rv:1.9.1.16) Gecko/20101130 Firefox/3.5.16"
151.95.89.224 - - [25/Jan/2011:11:00:10 +0100] "GET /attivita-in-vendita/?gclid=CP7m-cGM1aYCFQgMfAodl1HpMw HTTP/1.1" 200 2323 "http://www.google.it/aclk?sa=l&ai=COFoUIp8-TZyUC8We8APev8XdBcP6mtQBu4iGsBedjtPHKQgAEAFQ1oiduwZg_dqlhPQSoAGDnKH-A8gBAakCR5Q0Rn3ntj6qBBtP0LrFZQpOQom9YMx_7ImOp0H5cQLvBxO50TO6BRMIxoaYvYzVpgIV0TPYCh3kfC6wygUA&rct=j&q=cedesi%20attivit%C3%A0%20sassari&ei=IZ8-TYbyItHn4Abk-bmBCw&sig=AGiWqtw52qnML3nl3EL6QZsA9JjKn9KYvA&adurl=http://www.aziendaitalia.com/attivita-in-vendita/&cad=rja" "Mozilla/5.0 (Windows; U; Windows NT 5.1; it; rv:1.9.2.13) Gecko/20101203 Firefox/3.6.13 (.NET CLR 3.5.30729)"
151.95.89.224 - - [25/Jan/2011:11:00:10 +0100] "GET /css/style.css HTTP/1.1" 200 3366 "http://www.aziendaitalia.com/attivita-in-vendita/?gclid=CP7m-cGM1aYCFQgMfAodl1HpMw" "Mozilla/5.0 (Windows; U; Windows NT 5.1; it; rv:1.9.2.13) Gecko/20101203 Firefox/3.6.13 (.NET CLR 3.5.30729)"
151.95.89.224 - - [25/Jan/2011:11:00:11 +0100] "GET /js/general.js HTTP/1.1" 200 5776 "http://www.aziendaitalia.com/attivita-in-vendita/?gclid=CP7m-cGM1aYCFQgMfAodl1HpMw" "Mozilla/5.0 (Windows; U; Windows NT 5.1; it; rv:1.9.2.13) Gecko/20101203 Firefox/3.6.13 (.NET CLR 3.5.30729)"
151.95.89.224 - - [25/Jan/2011:11:00:11 +0100] "GET /img/thumb/phpThumb.php?src=/admin/img/1283511116_5135-4001Y-A.JPG&w=148&h=138&zc=1&q=90 HTTP/1.1" 200 9692 "http://www.aziendaitalia.com/attivita-in-vendita/?gclid=CP7m-cGM1aYCFQgMfAodl1HpMw" "Mozilla/5.0 (Windows; U; Windows NT 5.1; it; rv:1.9.2.13) Gecko/20101203 Firefox/3.6.13 (.NET CLR 3.5.30729)"
151.95.89.224 - - [25/Jan/2011:11:00:11 +0100] "GET /img/thumb/phpThumb.php?src=/admin/img/1284121274_8018-5308G-A.JPG&w=148&h=138&zc=1&q=90 HTTP/1.1" 200 7134 "http://www.aziendaitalia.com/attivita-in-vendita/?gclid=CP7m-cGM1aYCFQgMfAodl1HpMw" "Mozilla/5.0 (Windows; U; Windows NT 5.1; it; rv:1.9.2.13) Gecko/20101203 Firefox/3.6.13 (.NET CLR 3.5.30729)"
151.95.89.224 - - [25/Jan/2011:11:00:11 +0100] "GET /img/thumb/phpThumb.php?src=/admin/img/1295368730_5945-6289D-A.JPG&w=148&h=138&zc=1&q=90 HTTP/1.1" 200 9397 "http://www.aziendaitalia.com/attivita-in-vendita/?gclid=CP7m-cGM1aYCFQgMfAodl1HpMw" "Mozilla/5.0 (Windows; U; Windows NT 5.1; it; rv:1.9.2.13) Gecko/20101203 Firefox/3.6.13 (.NET CLR 3.5.30729)"
151.95.89.224 - - [25/Jan/2011:11:00:10 +0100] "GET /js/jquery-1.4.2.min.js HTTP/1.1" 200 72174 "http://www.aziendaitalia.com/attivita-in-vendita/?gclid=CP7m-cGM1aYCFQgMfAodl1HpMw" "Mozilla/5.0 (Windows; U; Windows NT 5.1; it; rv:1.9.2.13) Gecko/20101203 Firefox/3.6.13 (.NET CLR 3.5.30729)"
94.160.191.62 - - [25/Jan/2011:11:00:11 +0100] "GET /attivita-in-vendita/cerca-bar.html HTTP/1.1" 200 5880 "-" "Mozilla/4.0 (compatible; MSIE 8.0; Windows NT 6.1; Trident/4.0; GTB6.6; SLCC2; .NET CLR 2.0.50727; .NET CLR 3.5.30729; .NET CLR 3.0.30729)"
151.95.89.224 - - [25/Jan/2011:11:00:11 +0100] "GET /img/layout/header.gif HTTP/1.1" 200 15655 "http://www.aziendaitalia.com/css/style.css" "Mozilla/5.0 (Windows; U; Windows NT 5.1; it; rv:1.9.2.13) Gecko/20101203 Firefox/3.6.13 (.NET CLR 3.5.30729)"
151.95.89.224 - - [25/Jan/2011:11:00:11 +0100] "GET /img/layout/menubar.gif HTTP/1.1" 200 1302 "http://www.aziendaitalia.com/css/style.css" "Mozilla/5.0 (Windows; U; Windows NT 5.1; it; rv:1.9.2.13) Gecko/20101203 Firefox/3.6.13 (.NET CLR 3.5.30729)"
151.95.89.224 - - [25/Jan/2011:11:00:11 +0100] "GET /img/layout/bg_wrapper_sub.gif HTTP/1.1" 200 102 "http://www.aziendaitalia.com/css/style.css" "Mozilla/5.0 (Windows; U; Windows NT 5.1; it; rv:1.9.2.13) Gecko/20101203 Firefox/3.6.13 (.NET CLR 3.5.30729)"
151.95.89.224 - - [25/Jan/2011:11:00:11 +0100] "GET /img/layout/bg_sidebar_separator.gif HTTP/1.1" 200 106 "http://www.aziendaitalia.com/css/style.css" "Mozilla/5.0 (Windows; U; Windows NT 5.1; it; rv:1.9.2.13) Gecko/20101203 Firefox/3.6.13 (.NET CLR 3.5.30729)"
151.95.89.224 - - [25/Jan/2011:11:00:11 +0100] "GET /img/layout/dot.png HTTP/1.1" 200 2899 "http://www.aziendaitalia.com/css/style.css" "Mozilla/5.0 (Windows; U; Windows NT 5.1; it; rv:1.9.2.13) Gecko/20101203 Firefox/3.6.13 (.NET CLR 3.5.30729)"
151.95.89.224 - - [25/Jan/2011:11:00:12 +0100] "GET /favicon.ico HTTP/1.1" 200 1406 "-" "Mozilla/5.0 (Windows; U; Windows NT 5.1; it; rv:1.9.2.13) Gecko/20101203 Firefox/3.6.13 (.NET CLR 3.5.30729)"
87.23.53.103 - - [25/Jan/2011:11:00:13 +0100] "GET /attivita-in-vendita/ristoranti-bar_italia_c21_n1.html HTTP/1.1" 200 4430 "http://www.aziendaitalia.com/attivita-in-vendita/ristoranti-bar_c21.html" "Mozilla/5.0 (Macintosh; U; Intel Mac OS X 10.5; it; rv:1.9.1.16) Gecko/20101130 Firefox/3.5.16"
87.23.53.103 - - [25/Jan/2011:11:00:13 +0100] "GET /css/style.css HTTP/1.1" 200 3366 "http://www.aziendaitalia.com/attivita-in-vendita/ristoranti-bar_italia_c21_n1.html" "Mozilla/5.0 (Macintosh; U; Intel Mac OS X 10.5; it; rv:1.9.1.16) Gecko/20101130 Firefox/3.5.16"
72.5.230.111 - - [25/Jan/2011:11:00:13 +0100] "HEAD / HTTP/1.1" 200 - "-" "Site 24 X 7"
87.23.53.103 - - [25/Jan/2011:11:00:13 +0100] "GET /img/layout/italia/italyoff.gif HTTP/1.1" 200 3852 "http://www.aziendaitalia.com/attivita-in-vendita/ristoranti-bar_italia_c21_n1.html" "Mozilla/5.0 (Macintosh; U; Intel Mac OS X 10.5; it; rv:1.9.1.16) Gecko/20101130 Firefox/3.5.16"
87.23.53.103 - - [25/Jan/2011:11:00:13 +0100] "GET /img/thumb/phpThumb.php?src=/admin/img/1295352032_3556-6537T-A.jpg&w=148&h=138&zc=1&q=90 HTTP/1.1" 200 11401 "http://www.aziendaitalia.com/attivita-in-vendita/ristoranti-bar_italia_c21_n1.html" "Mozilla/5.0 (Macintosh; U; Intel Mac OS X 10.5; it; rv:1.9.1.16) Gecko/20101130 Firefox/3.5.16"
87.23.53.103 - - [25/Jan/2011:11:00:13 +0100] "GET /img/thumb/phpThumb.php?src=/admin/img/1295351086_6682-6246Y-A.jpg&w=148&h=138&zc=1&q=90 HTTP/1.1" 200 6730 "http://www.aziendaitalia.com/attivita-in-vendita/ristoranti-bar_italia_c21_n1.html" "Mozilla/5.0 (Macintosh; U; Intel Mac OS X 10.5; it; rv:1.9.1.16) Gecko/20101130 Firefox/3.5.16"
87.23.53.103 - - [25/Jan/2011:11:00:13 +0100] "GET /img/thumb/phpThumb.php?src=/admin/img/1295351573_3633-9173Q-A.jpg&w=148&h=138&zc=1&q=90 HTTP/1.1" 200 8925 "http://www.aziendaitalia.com/attivita-in-vendita/ristoranti-bar_italia_c21_n1.html" "Mozilla/5.0 (Macintosh; U; Intel Mac OS X 10.5; it; rv:1.9.1.16) Gecko/20101130 Firefox/3.5.16"
87.23.53.103 - - [25/Jan/2011:11:00:15 +0100] "GET /attivita-in-vendita/ristoranti-bar_norditalia_c21_mr1.html HTTP/1.1" 200 5202 "http://www.aziendaitalia.com/attivita-in-vendita/ristoranti-bar_italia_c21_n1.html" "Mozilla/5.0 (Macintosh; U; Intel Mac OS X 10.5; it; rv:1.9.1.16) Gecko/20101130 Firefox/3.5.16"
87.23.53.103 - - [25/Jan/2011:11:00:16 +0100] "GET /css/style.css HTTP/1.1" 200 3366 "http://www.aziendaitalia.com/attivita-in-vendita/ristoranti-bar_norditalia_c21_mr1.html" "Mozilla/5.0 (Macintosh; U; Intel Mac OS X 10.5; it; rv:1.9.1.16) Gecko/20101130 Firefox/3.5.16"
87.23.53.103 - - [25/Jan/2011:11:00:17 +0100] "GET /attivita-in-vendita/ristoranti-bar_norditalia_c21_mr1.html HTTP/1.1" 200 5202 "http://www.aziendaitalia.com/attivita-in-vendita/ristoranti-bar_italia_c21_n1.html" "Mozilla/5.0 (Macintosh; U; Intel Mac OS X 10.5; it; rv:1.9.1.16) Gecko/20101130 Firefox/3.5.16"
87.23.53.103 - - [25/Jan/2011:11:00:16 +0100] "GET /img/thumb/phpThumb.php?src=/admin/img/1295352032_3556-6537T-A.jpg&w=148&h=138&zc=1&q=90 HTTP/1.1" 200 11401 "http://www.aziendaitalia.com/attivita-in-vendita/ristoranti-bar_norditalia_c21_mr1.html" "Mozilla/5.0 (Macintosh; U; Intel Mac OS X 10.5; it; rv:1.9.1.16) Gecko/20101130 Firefox/3.5.16"
87.23.53.103 - - [25/Jan/2011:11:00:16 +0100] "GET /img/thumb/phpThumb.php?src=/admin/img/1295351573_3633-9173Q-A.jpg&w=148&h=138&zc=1&q=90 HTTP/1.1" 200 8925 "http://www.aziendaitalia.com/attivita-in-vendita/ristoranti-bar_norditalia_c21_mr1.html" "Mozilla/5.0 (Macintosh; U; Intel Mac OS X 10.5; it; rv:1.9.1.16) Gecko/20101130 Firefox/3.5.16"
87.23.53.103 - - [25/Jan/2011:11:00:16 +0100] "GET /img/thumb/phpThumb.php?src=/admin/img/1295351086_6682-6246Y-A.jpg&w=148&h=138&zc=1&q=90 HTTP/1.1" 200 6730 "http://www.aziendaitalia.com/attivita-in-vendita/ristoranti-bar_norditalia_c21_mr1.html" "Mozilla/5.0 (Macintosh; U; Intel Mac OS X 10.5; it; rv:1.9.1.16) Gecko/20101130 Firefox/3.5.16"
