79.7.9.254 - - [25/Jan/2011:11:26:18 +0100] "GET /attivita-in-vendita/a-firenze_p62.html HTTP/1.1" 200 4506 "http://www.aziendaitalia.com/attivita-in-vendita/ristoranti_italia_s144_n1.html?page=2" "Mozilla/4.0 (compatible; MSIE 8.0; Windows NT 6.0; Trident/4.0; GTB6.6; SLCC1; .NET CLR 2.0.50727; Media Center PC 5.0; eSobiSubscriber 2.0.4.16; .NET CLR 3.5.30729; .NET CLR 3.0.30729; OfficeLiveConnector.1.3; OfficeLivePatch.0.0; .NET4.0C)"
79.7.9.254 - - [25/Jan/2011:11:26:18 +0100] "GET /img/layout/italia/italycenter.gif HTTP/1.1" 200 3933 "http://www.aziendaitalia.com/attivita-in-vendita/a-firenze_p62.html" "Mozilla/4.0 (compatible; MSIE 8.0; Windows NT 6.0; Trident/4.0; GTB6.6; SLCC1; .NET CLR 2.0.50727; Media Center PC 5.0; eSobiSubscriber 2.0.4.16; .NET CLR 3.5.30729; .NET CLR 3.0.30729; OfficeLiveConnector.1.3; OfficeLivePatch.0.0; .NET4.0C)"
72.5.230.111 - - [25/Jan/2011:11:26:33 +0100] "HEAD / HTTP/1.1" 200 - "-" "Site 24 X 7"
158.102.162.14 - - [25/Jan/2011:11:26:55 +0100] "GET /rilevare-attivita/?gclid=CNTQt7-S1aYCFUQTfAodaDq2zQ HTTP/1.0" 200 3710 "http://www.google.it/search?source=ig&hl=it&rlz=&q=offerte+attivit%C3%A0+commerciali+a+torino&aq=f&oq=" "Mozilla/4.0 (compatible; MSIE 8.0; Windows NT 5.1; Trident/4.0; .NET CLR 1.1.4322; .NET CLR 2.0.50727; InfoPath.1)"
158.102.162.14 - - [25/Jan/2011:11:26:56 +0100] "GET /css/style.css HTTP/1.0" 200 3366 "http://www.aziendaitalia.com/rilevare-attivita/?gclid=CNTQt7-S1aYCFUQTfAodaDq2zQ" "Mozilla/4.0 (compatible; MSIE 8.0; Windows NT 5.1; Trident/4.0; .NET CLR 1.1.4322; .NET CLR 2.0.50727; InfoPath.1)"
207.46.204.193 - - [25/Jan/2011:11:27:02 +0100] "GET /bancadati-zone.php?idreg=2&idzona=155&idind=9 HTTP/1.1" 404 276 "-" "Mozilla/5.0 (compatible; bingbot/2.0; +http://www.bing.com/bingbot.htm)"
66.249.71.212 - - [25/Jan/2011:11:27:12 +0100] "GET /attivita-in-vendita/industria-prodotti-in-legno-n-a-c-_isole_s376_mr4.html?page=35 HTTP/1.1" 200 2385 "-" "Mozilla/5.0 (compatible; Googlebot/2.1; +http://www.google.com/bot.html)"
151.54.94.128 - - [25/Jan/2011:11:27:13 +0100] "GET /vendere-negozi-roma.php?gclid=CIaz_seS1aYCFcwmfAodaA2KKg HTTP/1.1" 200 3974 "http://www.google.it/aclk?sa=l&ai=C63e58KQ-TeHpK4KLOuCMhR7D-prUAcv9sq4Yo9TvwVAQASgEULCFnd7-_____wFg_YqihNQSoAGDnKH-A8gBAakCR5Q0Rn3ntj6qBBtP0FrIJWB53h3mQ_PMpyExPXWzrwCiPh6xSlE&num=4&sig=AGiWqtxZwiAcBrdtQG12mzqkucR1b95I9g&adurl=http://www.aziendaitalia.com/vendere-negozi-roma.php&rct=j&q=negotio%20a%20roma%20%20affilatrice%20" "Mozilla/5.0 (Windows; U; Windows NT 6.0; en-US) AppleWebKit/534.10 (KHTML, like Gecko) Chrome/8.0.552.237 Safari/534.10"
151.54.94.128 - - [25/Jan/2011:11:27:13 +0100] "GET /css/style.css HTTP/1.1" 200 3366 "http://www.aziendaitalia.com/vendere-negozi-roma.php?gclid=CIaz_seS1aYCFcwmfAodaA2KKg" "Mozilla/5.0 (Windows; U; Windows NT 6.0; en-US) AppleWebKit/534.10 (KHTML, like Gecko) Chrome/8.0.552.237 Safari/534.10"
151.54.94.128 - - [25/Jan/2011:11:27:13 +0100] "GET /js/general.js HTTP/1.1" 200 5776 "http://www.aziendaitalia.com/vendere-negozi-roma.php?gclid=CIaz_seS1aYCFcwmfAodaA2KKg" "Mozilla/5.0 (Windows; U; Windows NT 6.0; en-US) AppleWebKit/534.10 (KHTML, like Gecko) Chrome/8.0.552.237 Safari/534.10"
151.54.94.128 - - [25/Jan/2011:11:27:13 +0100] "GET /js/jquery-1.4.2.min.js HTTP/1.1" 200 72174 "http://www.aziendaitalia.com/vendere-negozi-roma.php?gclid=CIaz_seS1aYCFcwmfAodaA2KKg" "Mozilla/5.0 (Windows; U; Windows NT 6.0; en-US) AppleWebKit/534.10 (KHTML, like Gecko) Chrome/8.0.552.237 Safari/534.10"
151.54.94.128 - - [25/Jan/2011:11:27:14 +0100] "GET /img/layout/header.gif HTTP/1.1" 200 15655 "http://www.aziendaitalia.com/vendere-negozi-roma.php?gclid=CIaz_seS1aYCFcwmfAodaA2KKg" "Mozilla/5.0 (Windows; U; Windows NT 6.0; en-US) AppleWebKit/534.10 (KHTML, like Gecko) Chrome/8.0.552.237 Safari/534.10"
151.54.94.128 - - [25/Jan/2011:11:27:14 +0100] "GET /img/layout/menubar.gif HTTP/1.1" 200 1302 "http://www.aziendaitalia.com/vendere-negozi-roma.php?gclid=CIaz_seS1aYCFcwmfAodaA2KKg" "Mozilla/5.0 (Windows; U; Windows NT 6.0; en-US) AppleWebKit/534.10 (KHTML, like Gecko) Chrome/8.0.552.237 Safari/534.10"
151.54.94.128 - - [25/Jan/2011:11:27:14 +0100] "GET /img/layout/bg_wrapper_sub.gif HTTP/1.1" 200 102 "http://www.aziendaitalia.com/vendere-negozi-roma.php?gclid=CIaz_seS1aYCFcwmfAodaA2KKg" "Mozilla/5.0 (Windows; U; Windows NT 6.0; en-US) AppleWebKit/534.10 (KHTML, like Gecko) Chrome/8.0.552.237 Safari/534.10"
151.54.94.128 - - [25/Jan/2011:11:27:14 +0100] "GET /img/layout/bg_sidebar_separator.gif HTTP/1.1" 200 106 "http://www.aziendaitalia.com/vendere-negozi-roma.php?gclid=CIaz_seS1aYCFcwmfAodaA2KKg" "Mozilla/5.0 (Windows; U; Windows NT 6.0; en-US) AppleWebKit/534.10 (KHTML, like Gecko) Chrome/8.0.552.237 Safari/534.10"
151.54.94.128 - - [25/Jan/2011:11:27:14 +0100] "GET /img/icona-negozi.jpg HTTP/1.1" 200 69156 "http://www.aziendaitalia.com/vendere-negozi-roma.php?gclid=CIaz_seS1aYCFcwmfAodaA2KKg" "Mozilla/5.0 (Windows; U; Windows NT 6.0; en-US) AppleWebKit/534.10 (KHTML, like Gecko) Chrome/8.0.552.237 Safari/534.10"
151.54.94.128 - - [25/Jan/2011:11:27:14 +0100] "GET /favicon.ico HTTP/1.1" 200 1406 "-" "Mozilla/5.0 (Windows; U; Windows NT 6.0; en-US) AppleWebKit/534.10 (KHTML, like Gecko) Chrome/8.0.552.237 Safari/534.10"
67.195.115.117 - - [25/Jan/2011:11:27:15 +0100] "GET /detail.cfm?ID=9613 HTTP/1.0" 301 281 "-" "Mozilla/5.0 (compatible; Yahoo! Slurp; http://help.yahoo.com/help/us/ysearch/slurp)"
67.195.115.117 - - [25/Jan/2011:11:27:15 +0100] "GET /?ID=9613 HTTP/1.0" 200 2649 "-" "Mozilla/5.0 (compatible; Yahoo! Slurp; http://help.yahoo.com/help/us/ysearch/slurp)"
79.7.9.254 - - [25/Jan/2011:11:27:17 +0100] "GET /attivita-in-vendita/a-firenze_p62.html?page=2 HTTP/1.1" 200 4676 "http://www.aziendaitalia.com/attivita-in-vendita/a-firenze_p62.html" "Mozilla/4.0 (compatible; MSIE 8.0; Windows NT 6.0; Trident/4.0; GTB6.6; SLCC1; .NET CLR 2.0.50727; Media Center PC 5.0; eSobiSubscriber 2.0.4.16; .NET CLR 3.5.30729; .NET CLR 3.0.30729; OfficeLiveConnector.1.3; OfficeLivePatch.0.0; .NET4.0C)"
151.54.94.128 - - [25/Jan/2011:11:27:27 +0100] "GET /attivita-in-vendita/ HTTP/1.1" 200 2294 "http://www.aziendaitalia.com/vendere-negozi-roma.php?gclid=CIaz_seS1aYCFcwmfAodaA2KKg" "Mozilla/5.0 (Windows; U; Windows NT 6.0; en-US) AppleWebKit/534.10 (KHTML, like Gecko) Chrome/8.0.552.237 Safari/534.10"
151.54.94.128 - - [25/Jan/2011:11:27:27 +0100] "GET /css/style.css HTTP/1.1" 200 3366 "http://www.aziendaitalia.com/attivita-in-vendita/" "Mozilla/5.0 (Windows; U; Windows NT 6.0; en-US) AppleWebKit/534.10 (KHTML, like Gecko) Chrome/8.0.552.237 Safari/534.10"
151.54.94.128 - - [25/Jan/2011:11:27:27 +0100] "GET /img/layout/dot.png HTTP/1.1" 200 2899 "http://www.aziendaitalia.com/attivita-in-vendita/" "Mozilla/5.0 (Windows; U; Windows NT 6.0; en-US) AppleWebKit/534.10 (KHTML, like Gecko) Chrome/8.0.552.237 Safari/534.10"
151.54.94.128 - - [25/Jan/2011:11:27:27 +0100] "GET /img/thumb/phpThumb.php?src=/admin/img/1283511116_5135-4001Y-A.JPG&w=148&h=138&zc=1&q=90 HTTP/1.1" 200 9692 "http://www.aziendaitalia.com/attivita-in-vendita/" "Mozilla/5.0 (Windows; U; Windows NT 6.0; en-US) AppleWebKit/534.10 (KHTML, like Gecko) Chrome/8.0.552.237 Safari/534.10"
151.54.94.128 - - [25/Jan/2011:11:27:27 +0100] "GET /img/thumb/phpThumb.php?src=/admin/img/1295368730_5945-6289D-A.JPG&w=148&h=138&zc=1&q=90 HTTP/1.1" 200 9397 "http://www.aziendaitalia.com/attivita-in-vendita/" "Mozilla/5.0 (Windows; U; Windows NT 6.0; en-US) AppleWebKit/534.10 (KHTML, like Gecko) Chrome/8.0.552.237 Safari/534.10"
151.54.94.128 - - [25/Jan/2011:11:27:27 +0100] "GET /img/thumb/phpThumb.php?src=/admin/img/1284121274_8018-5308G-A.JPG&w=148&h=138&zc=1&q=90 HTTP/1.1" 200 7134 "http://www.aziendaitalia.com/attivita-in-vendita/" "Mozilla/5.0 (Windows; U; Windows NT 6.0; en-US) AppleWebKit/534.10 (KHTML, like Gecko) Chrome/8.0.552.237 Safari/534.10"
72.5.230.111 - - [25/Jan/2011:11:27:34 +0100] "HEAD / HTTP/1.1" 200 - "-" "Site 24 X 7"
178.154.161.29 - - [25/Jan/2011:11:27:35 +0100] "GET /annunci/nord-italia/brescia/9697.htm HTTP/1.1" 200 2844 "-" "Mozilla/5.0 (compatible; YandexBot/3.0; +http://yandex.com/bots)"
67.195.115.117 - - [25/Jan/2011:11:27:41 +0100] "GET /bancadati-scheda.php?idazienda=13619 HTTP/1.0" 404 277 "-" "Mozilla/5.0 (compatible; Yahoo! Slurp; http://help.yahoo.com/help/us/ysearch/slurp)"
79.7.9.254 - - [25/Jan/2011:11:27:47 +0100] "GET /attivita-in-vendita/a1385.html HTTP/1.1" 200 2705 "http://www.aziendaitalia.com/attivita-in-vendita/a-firenze_p62.html?page=2" "Mozilla/4.0 (compatible; MSIE 8.0; Windows NT 6.0; Trident/4.0; GTB6.6; SLCC1; .NET CLR 2.0.50727; Media Center PC 5.0; eSobiSubscriber 2.0.4.16; .NET CLR 3.5.30729; .NET CLR 3.0.30729; OfficeLiveConnector.1.3; OfficeLivePatch.0.0; .NET4.0C)"
79.7.9.254 - - [25/Jan/2011:11:27:47 +0100] "GET /img/thumb/phpThumb.php?src=/admin/img/1279794862_722-6571D-a.gif&w=148&h=138&zc=1&q=90 HTTP/1.1" 200 8379 "http://www.aziendaitalia.com/attivita-in-vendita/a1385.html" "Mozilla/4.0 (compatible; MSIE 8.0; Windows NT 6.0; Trident/4.0; GTB6.6; SLCC1; .NET CLR 2.0.50727; Media Center PC 5.0; eSobiSubscriber 2.0.4.16; .NET CLR 3.5.30729; .NET CLR 3.0.30729; OfficeLiveConnector.1.3; OfficeLivePatch.0.0; .NET4.0C)"
79.7.9.254 - - [25/Jan/2011:11:27:47 +0100] "GET /img/thumb/phpThumb.php?src=/admin/img/1279794866_722-6571D-b.gif&w=148&h=138&zc=1&q=90 HTTP/1.1" 200 8217 "http://www.aziendaitalia.com/attivita-in-vendita/a1385.html" "Mozilla/4.0 (compatible; MSIE 8.0; Windows NT 6.0; Trident/4.0; GTB6.6; SLCC1; .NET CLR 2.0.50727; Media Center PC 5.0; eSobiSubscriber 2.0.4.16; .NET CLR 3.5.30729; .NET CLR 3.0.30729; OfficeLiveConnector.1.3; OfficeLivePatch.0.0; .NET4.0C)"
79.7.9.254 - - [25/Jan/2011:11:27:47 +0100] "GET /img/thumb/phpThumb.php?src=/admin/img/1279794871_722-6571D-c.gif&w=148&h=138&zc=1&q=90 HTTP/1.1" 200 9259 "http://www.aziendaitalia.com/attivita-in-vendita/a1385.html" "Mozilla/4.0 (compatible; MSIE 8.0; Windows NT 6.0; Trident/4.0; GTB6.6; SLCC1; .NET CLR 2.0.50727; Media Center PC 5.0; eSobiSubscriber 2.0.4.16; .NET CLR 3.5.30729; .NET CLR 3.0.30729; OfficeLiveConnector.1.3; OfficeLivePatch.0.0; .NET4.0C)"
79.7.9.254 - - [25/Jan/2011:11:27:47 +0100] "GET /img/thumb/phpThumb.php?src=/admin/img/1279794875_722-6571D-d.gif&w=148&h=138&zc=1&q=90 HTTP/1.1" 200 9416 "http://www.aziendaitalia.com/attivita-in-vendita/a1385.html" "Mozilla/4.0 (compatible; MSIE 8.0; Windows NT 6.0; Trident/4.0; GTB6.6; SLCC1; .NET CLR 2.0.50727; Media Center PC 5.0; eSobiSubscriber 2.0.4.16; .NET CLR 3.5.30729; .NET CLR 3.0.30729; OfficeLiveConnector.1.3; OfficeLivePatch.0.0; .NET4.0C)"
207.46.195.226 - - [25/Jan/2011:11:28:20 +0100] "GET /robots.txt HTTP/1.1" 404 332 "-" "Mozilla/5.0 (compatible; bingbot/2.0; +http://www.bing.com/bingbot.htm)"
207.46.195.226 - - [25/Jan/2011:11:28:26 +0100] "GET /attivita-in-vendita/a-biella_p1.html HTTP/1.1" 200 4553 "-" "Mozilla/5.0 (compatible; bingbot/2.0; +http://www.bing.com/bingbot.htm)"
79.39.218.7 - - [25/Jan/2011:11:28:33 +0100] "GET /cedere-attivita/?gclid=CNHAjO6S1aYCFQEOfAodrm70Mw HTTP/1.1" 200 3989 "http://www.google.it/search?q=attivita+in+vendita+campobasso&hl=it&client=firefox-a&rls=org.mozilla:it:official&prmd=ivns&ei=eKQ-Tbn2GcmUswaC-oyCBQ&start=30&sa=N" "Mozilla/5.0 (Windows; U; Windows NT 6.0; it; rv:1.9.2.13) Gecko/20101203 Firefox/3.6.13"
79.39.218.7 - - [25/Jan/2011:11:28:33 +0100] "GET /css/style.css HTTP/1.1" 200 3366 "http://www.aziendaitalia.com/cedere-attivita/?gclid=CNHAjO6S1aYCFQEOfAodrm70Mw" "Mozilla/5.0 (Windows; U; Windows NT 6.0; it; rv:1.9.2.13) Gecko/20101203 Firefox/3.6.13"
72.5.230.111 - - [25/Jan/2011:11:28:34 +0100] "HEAD / HTTP/1.1" 200 - "-" "Site 24 X 7"
93.58.151.231 - - [25/Jan/2011:11:29:00 +0100] "GET /rilevare-attivita/?gclid=COa4gfuS1aYCFYMTfAod81fvMw HTTP/1.1" 200 3710 "-" "Mozilla/5.0 (Windows; U; Windows NT 5.1; en-US) AppleWebKit/534.10 (KHTML, like Gecko) Chrome/8.0.552.237 Safari/534.10"
93.58.151.231 - - [25/Jan/2011:11:29:01 +0100] "GET /css/style.css HTTP/1.1" 200 3366 "http://www.aziendaitalia.com/rilevare-attivita/?gclid=COa4gfuS1aYCFYMTfAod81fvMw" "Mozilla/5.0 (Windows; U; Windows NT 5.1; en-US) AppleWebKit/534.10 (KHTML, like Gecko) Chrome/8.0.552.237 Safari/534.10"
93.58.151.231 - - [25/Jan/2011:11:29:01 +0100] "GET /js/general.js HTTP/1.1" 200 5776 "http://www.aziendaitalia.com/rilevare-attivita/?gclid=COa4gfuS1aYCFYMTfAod81fvMw" "Mozilla/5.0 (Windows; U; Windows NT 5.1; en-US) AppleWebKit/534.10 (KHTML, like Gecko) Chrome/8.0.552.237 Safari/534.10"
93.58.151.231 - - [25/Jan/2011:11:29:01 +0100] "GET /js/jquery-1.4.2.min.js HTTP/1.1" 200 72174 "http://www.aziendaitalia.com/rilevare-attivita/?gclid=COa4gfuS1aYCFYMTfAod81fvMw" "Mozilla/5.0 (Windows; U; Windows NT 5.1; en-US) AppleWebKit/534.10 (KHTML, like Gecko) Chrome/8.0.552.237 Safari/534.10"
93.58.151.231 - - [25/Jan/2011:11:29:02 +0100] "GET /img/layout/header.gif HTTP/1.1" 200 15655 "http://www.aziendaitalia.com/rilevare-attivita/?gclid=COa4gfuS1aYCFYMTfAod81fvMw" "Mozilla/5.0 (Windows; U; Windows NT 5.1; en-US) AppleWebKit/534.10 (KHTML, like Gecko) Chrome/8.0.552.237 Safari/534.10"
93.58.151.231 - - [25/Jan/2011:11:29:02 +0100] "GET /img/layout/bg_wrapper_sub.gif HTTP/1.1" 200 102 "http://www.aziendaitalia.com/rilevare-attivita/?gclid=COa4gfuS1aYCFYMTfAod81fvMw" "Mozilla/5.0 (Windows; U; Windows NT 5.1; en-US) AppleWebKit/534.10 (KHTML, like Gecko) Chrome/8.0.552.237 Safari/534.10"
93.58.151.231 - - [25/Jan/2011:11:29:02 +0100] "GET /img/layout/menubar.gif HTTP/1.1" 200 1302 "http://www.aziendaitalia.com/rilevare-attivita/?gclid=COa4gfuS1aYCFYMTfAod81fvMw" "Mozilla/5.0 (Windows; U; Windows NT 5.1; en-US) AppleWebKit/534.10 (KHTML, like Gecko) Chrome/8.0.552.237 Safari/534.10"
93.58.151.231 - - [25/Jan/2011:11:29:02 +0100] "GET /img/layout/bg_sidebar_separator.gif HTTP/1.1" 200 106 "http://www.aziendaitalia.com/rilevare-attivita/?gclid=COa4gfuS1aYCFYMTfAod81fvMw" "Mozilla/5.0 (Windows; U; Windows NT 5.1; en-US) AppleWebKit/534.10 (KHTML, like Gecko) Chrome/8.0.552.237 Safari/534.10"
93.58.151.231 - - [25/Jan/2011:11:29:03 +0100] "GET /favicon.ico HTTP/1.1" 200 1406 "-" "Mozilla/5.0 (Windows; U; Windows NT 5.1; en-US) AppleWebKit/534.10 (KHTML, like Gecko) Chrome/8.0.552.237 Safari/534.10"
79.28.187.62 - - [25/Jan/2011:11:29:08 +0100] "GET /cedere-attivita/?gclid=CNOyzf6S1aYCFQEOfAodrm70Mw HTTP/1.1" 200 3991 "http://www.google.it/search?client=safari&rls=en&q=vendita+attivit%C3%A0+commerciali+modena&ie=UTF-8&oe=UTF-8&redir_esc=&ei=8KU-TcaBD8HoOazhkf4K" "Mozilla/5.0 (Macintosh; U; Intel Mac OS X 10_6_6; it-it) AppleWebKit/533.19.4 (KHTML, like Gecko) Version/5.0.3 Safari/533.19.4"
79.28.187.62 - - [25/Jan/2011:11:29:08 +0100] "GET /css/style.css HTTP/1.1" 200 3366 "http://www.aziendaitalia.com/cedere-attivita/?gclid=CNOyzf6S1aYCFQEOfAodrm70Mw" "Mozilla/5.0 (Macintosh; U; Intel Mac OS X 10_6_6; it-it) AppleWebKit/533.19.4 (KHTML, like Gecko) Version/5.0.3 Safari/533.19.4"
79.28.187.62 - - [25/Jan/2011:11:29:08 +0100] "GET /js/general.js HTTP/1.1" 200 5776 "http://www.aziendaitalia.com/cedere-attivita/?gclid=CNOyzf6S1aYCFQEOfAodrm70Mw" "Mozilla/5.0 (Macintosh; U; Intel Mac OS X 10_6_6; it-it) AppleWebKit/533.19.4 (KHTML, like Gecko) Version/5.0.3 Safari/533.19.4"
79.28.187.62 - - [25/Jan/2011:11:29:08 +0100] "GET /js/jquery-1.4.2.min.js HTTP/1.1" 200 72174 "http://www.aziendaitalia.com/cedere-attivita/?gclid=CNOyzf6S1aYCFQEOfAodrm70Mw" "Mozilla/5.0 (Macintosh; U; Intel Mac OS X 10_6_6; it-it) AppleWebKit/533.19.4 (KHTML, like Gecko) Version/5.0.3 Safari/533.19.4"
79.28.187.62 - - [25/Jan/2011:11:29:09 +0100] "GET /img/layout/header.gif HTTP/1.1" 200 15655 "http://www.aziendaitalia.com/cedere-attivita/?gclid=CNOyzf6S1aYCFQEOfAodrm70Mw" "Mozilla/5.0 (Macintosh; U; Intel Mac OS X 10_6_6; it-it) AppleWebKit/533.19.4 (KHTML, like Gecko) Version/5.0.3 Safari/533.19.4"
79.28.187.62 - - [25/Jan/2011:11:29:09 +0100] "GET /img/layout/menubar.gif HTTP/1.1" 200 1302 "http://www.aziendaitalia.com/cedere-attivita/?gclid=CNOyzf6S1aYCFQEOfAodrm70Mw" "Mozilla/5.0 (Macintosh; U; Intel Mac OS X 10_6_6; it-it) AppleWebKit/533.19.4 (KHTML, like Gecko) Version/5.0.3 Safari/533.19.4"
79.28.187.62 - - [25/Jan/2011:11:29:09 +0100] "GET /img/layout/bg_wrapper_sub.gif HTTP/1.1" 200 102 "http://www.aziendaitalia.com/cedere-attivita/?gclid=CNOyzf6S1aYCFQEOfAodrm70Mw" "Mozilla/5.0 (Macintosh; U; Intel Mac OS X 10_6_6; it-it) AppleWebKit/533.19.4 (KHTML, like Gecko) Version/5.0.3 Safari/533.19.4"
79.28.187.62 - - [25/Jan/2011:11:29:09 +0100] "GET /img/layout/bg_sidebar_separator.gif HTTP/1.1" 200 106 "http://www.aziendaitalia.com/cedere-attivita/?gclid=CNOyzf6S1aYCFQEOfAodrm70Mw" "Mozilla/5.0 (Macintosh; U; Intel Mac OS X 10_6_6; it-it) AppleWebKit/533.19.4 (KHTML, like Gecko) Version/5.0.3 Safari/533.19.4"
79.28.187.62 - - [25/Jan/2011:11:29:09 +0100] "GET /favicon.ico HTTP/1.1" 200 1406 "http://www.aziendaitalia.com/cedere-attivita/?gclid=CNOyzf6S1aYCFQEOfAodrm70Mw" "Mozilla/5.0 (Macintosh; U; Intel Mac OS X 10_6_6; it-it) AppleWebKit/533.19.4 (KHTML, like Gecko) Version/5.0.3 Safari/533.19.4"
195.7.17.85 - - [25/Jan/2011:11:29:12 +0100] "GET /vendere-negozi-firenze.php?gclid=CJWe0ICT1aYCFcULfAodrDsCNA HTTP/1.1" 200 11905 "http://annunci.ebay.it/case/vendita/annunci-firenze/esercizi+commerciali/" "Mozilla/4.0 (compatible; MSIE 8.0; Windows NT 5.1; Trident/4.0; MPS; .NET CLR 1.1.4322; .NET CLR 2.0.50727; .NET CLR 3.0.04506.30; .NET CLR 3.0.4506.2152; .NET CLR 3.5.30729; MS-RTC LM 8; InfoPath.2)"
195.7.17.85 - - [25/Jan/2011:11:29:13 +0100] "GET /css/style.css HTTP/1.1" 200 13313 "http://www.aziendaitalia.com/vendere-negozi-firenze.php?gclid=CJWe0ICT1aYCFcULfAodrDsCNA" "Mozilla/4.0 (compatible; MSIE 8.0; Windows NT 5.1; Trident/4.0; MPS; .NET CLR 1.1.4322; .NET CLR 2.0.50727; .NET CLR 3.0.04506.30; .NET CLR 3.0.4506.2152; .NET CLR 3.5.30729; MS-RTC LM 8; InfoPath.2)"
195.7.17.85 - - [25/Jan/2011:11:29:13 +0100] "GET /js/jquery-1.4.2.min.js HTTP/1.1" 200 72174 "http://www.aziendaitalia.com/vendere-negozi-firenze.php?gclid=CJWe0ICT1aYCFcULfAodrDsCNA" "Mozilla/4.0 (compatible; MSIE 8.0; Windows NT 5.1; Trident/4.0; MPS; .NET CLR 1.1.4322; .NET CLR 2.0.50727; .NET CLR 3.0.04506.30; .NET CLR 3.0.4506.2152; .NET CLR 3.5.30729; MS-RTC LM 8; InfoPath.2)"
195.7.17.85 - - [25/Jan/2011:11:29:14 +0100] "GET /js/general.js HTTP/1.1" 200 5776 "http://www.aziendaitalia.com/vendere-negozi-firenze.php?gclid=CJWe0ICT1aYCFcULfAodrDsCNA" "Mozilla/4.0 (compatible; MSIE 8.0; Windows NT 5.1; Trident/4.0; MPS; .NET CLR 1.1.4322; .NET CLR 2.0.50727; .NET CLR 3.0.04506.30; .NET CLR 3.0.4506.2152; .NET CLR 3.5.30729; MS-RTC LM 8; InfoPath.2)"
195.7.17.85 - - [25/Jan/2011:11:29:15 +0100] "GET /img/icona-negozi.jpg HTTP/1.1" 200 69156 "http://www.aziendaitalia.com/vendere-negozi-firenze.php?gclid=CJWe0ICT1aYCFcULfAodrDsCNA" "Mozilla/4.0 (compatible; MSIE 8.0; Windows NT 5.1; Trident/4.0; MPS; .NET CLR 1.1.4322; .NET CLR 2.0.50727; .NET CLR 3.0.04506.30; .NET CLR 3.0.4506.2152; .NET CLR 3.5.30729; MS-RTC LM 8; InfoPath.2)"
195.7.17.85 - - [25/Jan/2011:11:29:15 +0100] "GET /img/layout/menubar.gif HTTP/1.1" 200 1302 "http://www.aziendaitalia.com/vendere-negozi-firenze.php?gclid=CJWe0ICT1aYCFcULfAodrDsCNA" "Mozilla/4.0 (compatible; MSIE 8.0; Windows NT 5.1; Trident/4.0; MPS; .NET CLR 1.1.4322; .NET CLR 2.0.50727; .NET CLR 3.0.04506.30; .NET CLR 3.0.4506.2152; .NET CLR 3.5.30729; MS-RTC LM 8; InfoPath.2)"
195.7.17.85 - - [25/Jan/2011:11:29:15 +0100] "GET /img/layout/bg_wrapper_sub.gif HTTP/1.1" 200 102 "http://www.aziendaitalia.com/vendere-negozi-firenze.php?gclid=CJWe0ICT1aYCFcULfAodrDsCNA" "Mozilla/4.0 (compatible; MSIE 8.0; Windows NT 5.1; Trident/4.0; MPS; .NET CLR 1.1.4322; .NET CLR 2.0.50727; .NET CLR 3.0.04506.30; .NET CLR 3.0.4506.2152; .NET CLR 3.5.30729; MS-RTC LM 8; InfoPath.2)"
195.7.17.85 - - [25/Jan/2011:11:29:15 +0100] "GET /img/layout/header.gif HTTP/1.1" 200 15655 "http://www.aziendaitalia.com/vendere-negozi-firenze.php?gclid=CJWe0ICT1aYCFcULfAodrDsCNA" "Mozilla/4.0 (compatible; MSIE 8.0; Windows NT 5.1; Trident/4.0; MPS; .NET CLR 1.1.4322; .NET CLR 2.0.50727; .NET CLR 3.0.04506.30; .NET CLR 3.0.4506.2152; .NET CLR 3.5.30729; MS-RTC LM 8; InfoPath.2)"
195.7.17.85 - - [25/Jan/2011:11:29:15 +0100] "GET /img/layout/bg_sidebar_separator.gif HTTP/1.1" 200 106 "http://www.aziendaitalia.com/vendere-negozi-firenze.php?gclid=CJWe0ICT1aYCFcULfAodrDsCNA" "Mozilla/4.0 (compatible; MSIE 8.0; Windows NT 5.1; Trident/4.0; MPS; .NET CLR 1.1.4322; .NET CLR 2.0.50727; .NET CLR 3.0.04506.30; .NET CLR 3.0.4506.2152; .NET CLR 3.5.30729; MS-RTC LM 8; InfoPath.2)"
195.7.17.85 - - [25/Jan/2011:11:29:16 +0100] "GET /favicon.ico HTTP/1.1" 200 1406 "-" "Mozilla/4.0 (compatible; MSIE 8.0; Windows NT 5.1; Trident/4.0; MPS; .NET CLR 1.1.4322; .NET CLR 2.0.50727; .NET CLR 3.0.04506.30; .NET CLR 3.0.4506.2152; .NET CLR 3.5.30729; MS-RTC LM 8; InfoPath.2)"
93.44.69.241 - - [25/Jan/2011:11:29:16 +0100] "GET /vendere-negozi-napoli.php?gclid=CNjn1IKT1aYCFUEOfAod7Vj_Mw HTTP/1.1" 200 3966 "http://www.google.it/aclk?sa=l&ai=CFslJ6aU-TZnTK4GvtAbtirEzw_qa1AGj5LKuGOPpj8JQCAAQASCxit8GKAJQvJOkIWD9ipeE_BGgAYOcof4DyAEBqQJHlDRGfee2PqoEGU_Q9szUVr6coReol92LcJgg01ypgFoz0VWABZBO&sig=AGiWqtwqS6Xtqrtd9k_rbl9YsZjP8XyBrw&adurl=http://www.aziendaitalia.com/vendere-negozi-napoli.php&rct=j&q=negozi%20scarpe%20napoli" "Mozilla/4.0 (compatible; MSIE 8.0; Windows NT 5.1; Trident/4.0; GTB6.5; .NET CLR 1.1.4322; .NET CLR 2.0.50727; .NET CLR 3.0.4506.2152; .NET CLR 3.5.30729; AskTbBT4/5.9.1.14019)"
93.44.69.241 - - [25/Jan/2011:11:29:16 +0100] "GET /css/style.css HTTP/1.1" 200 3366 "http://www.aziendaitalia.com/vendere-negozi-napoli.php?gclid=CNjn1IKT1aYCFUEOfAod7Vj_Mw" "Mozilla/4.0 (compatible; MSIE 8.0; Windows NT 5.1; Trident/4.0; GTB6.5; .NET CLR 1.1.4322; .NET CLR 2.0.50727; .NET CLR 3.0.4506.2152; .NET CLR 3.5.30729; AskTbBT4/5.9.1.14019)"
93.44.69.241 - - [25/Jan/2011:11:29:17 +0100] "GET /css/style.css HTTP/1.1" 200 3366 "http://www.aziendaitalia.com/vendere-negozi-napoli.php?gclid=CNjn1IKT1aYCFUEOfAod7Vj_Mw" "Mozilla/4.0 (compatible; MSIE 8.0; Windows NT 5.1; Trident/4.0; GTB6.5; .NET CLR 1.1.4322; .NET CLR 2.0.50727; .NET CLR 3.0.4506.2152; .NET CLR 3.5.30729; AskTbBT4/5.9.1.14019)"
93.44.69.241 - - [25/Jan/2011:11:29:17 +0100] "GET /js/jquery-1.4.2.min.js HTTP/1.1" 200 72174 "http://www.aziendaitalia.com/vendere-negozi-napoli.php?gclid=CNjn1IKT1aYCFUEOfAod7Vj_Mw" "Mozilla/4.0 (compatible; MSIE 8.0; Windows NT 5.1; Trident/4.0; GTB6.5; .NET CLR 1.1.4322; .NET CLR 2.0.50727; .NET CLR 3.0.4506.2152; .NET CLR 3.5.30729; AskTbBT4/5.9.1.14019)"
93.44.69.241 - - [25/Jan/2011:11:29:18 +0100] "GET /js/general.js HTTP/1.1" 200 5776 "http://www.aziendaitalia.com/vendere-negozi-napoli.php?gclid=CNjn1IKT1aYCFUEOfAod7Vj_Mw" "Mozilla/4.0 (compatible; MSIE 8.0; Windows NT 5.1; Trident/4.0; GTB6.5; .NET CLR 1.1.4322; .NET CLR 2.0.50727; .NET CLR 3.0.4506.2152; .NET CLR 3.5.30729; AskTbBT4/5.9.1.14019)"
93.44.69.241 - - [25/Jan/2011:11:29:18 +0100] "GET /img/layout/menubar.gif HTTP/1.1" 200 1302 "http://www.aziendaitalia.com/vendere-negozi-napoli.php?gclid=CNjn1IKT1aYCFUEOfAod7Vj_Mw" "Mozilla/4.0 (compatible; MSIE 8.0; Windows NT 5.1; Trident/4.0; GTB6.5; .NET CLR 1.1.4322; .NET CLR 2.0.50727; .NET CLR 3.0.4506.2152; .NET CLR 3.5.30729; AskTbBT4/5.9.1.14019)"
93.44.69.241 - - [25/Jan/2011:11:29:19 +0100] "GET /img/layout/bg_wrapper_sub.gif HTTP/1.1" 200 102 "http://www.aziendaitalia.com/vendere-negozi-napoli.php?gclid=CNjn1IKT1aYCFUEOfAod7Vj_Mw" "Mozilla/4.0 (compatible; MSIE 8.0; Windows NT 5.1; Trident/4.0; GTB6.5; .NET CLR 1.1.4322; .NET CLR 2.0.50727; .NET CLR 3.0.4506.2152; .NET CLR 3.5.30729; AskTbBT4/5.9.1.14019)"
93.44.69.241 - - [25/Jan/2011:11:29:19 +0100] "GET /img/layout/header.gif HTTP/1.1" 200 15655 "http://www.aziendaitalia.com/vendere-negozi-napoli.php?gclid=CNjn1IKT1aYCFUEOfAod7Vj_Mw" "Mozilla/4.0 (compatible; MSIE 8.0; Windows NT 5.1; Trident/4.0; GTB6.5; .NET CLR 1.1.4322; .NET CLR 2.0.50727; .NET CLR 3.0.4506.2152; .NET CLR 3.5.30729; AskTbBT4/5.9.1.14019)"
93.44.69.241 - - [25/Jan/2011:11:29:19 +0100] "GET /img/layout/bg_sidebar_separator.gif HTTP/1.1" 200 106 "http://www.aziendaitalia.com/vendere-negozi-napoli.php?gclid=CNjn1IKT1aYCFUEOfAod7Vj_Mw" "Mozilla/4.0 (compatible; MSIE 8.0; Windows NT 5.1; Trident/4.0; GTB6.5; .NET CLR 1.1.4322; .NET CLR 2.0.50727; .NET CLR 3.0.4506.2152; .NET CLR 3.5.30729; AskTbBT4/5.9.1.14019)"
93.44.69.241 - - [25/Jan/2011:11:29:18 +0100] "GET /img/icona-negozi.jpg HTTP/1.1" 200 69156 "http://www.aziendaitalia.com/vendere-negozi-napoli.php?gclid=CNjn1IKT1aYCFUEOfAod7Vj_Mw" "Mozilla/4.0 (compatible; MSIE 8.0; Windows NT 5.1; Trident/4.0; GTB6.5; .NET CLR 1.1.4322; .NET CLR 2.0.50727; .NET CLR 3.0.4506.2152; .NET CLR 3.5.30729; AskTbBT4/5.9.1.14019)"
93.44.69.241 - - [25/Jan/2011:11:29:19 +0100] "GET /favicon.ico HTTP/1.1" 200 1406 "-" "Mozilla/4.0 (compatible; MSIE 8.0; Windows NT 5.1; Trident/4.0; GTB6.5; .NET CLR 1.1.4322; .NET CLR 2.0.50727; .NET CLR 3.0.4506.2152; .NET CLR 3.5.30729; AskTbBT4/5.9.1.14019)"
195.7.17.85 - - [25/Jan/2011:11:29:22 +0100] "GET /cedere-attivita/analisi-della-azienda.html HTTP/1.1" 200 4479 "http://www.aziendaitalia.com/vendere-negozi-firenze.php?gclid=CJWe0ICT1aYCFcULfAodrDsCNA" "Mozilla/4.0 (compatible; MSIE 8.0; Windows NT 5.1; Trident/4.0; MPS; .NET CLR 1.1.4322; .NET CLR 2.0.50727; .NET CLR 3.0.04506.30; .NET CLR 3.0.4506.2152; .NET CLR 3.5.30729; MS-RTC LM 8; InfoPath.2)"
72.5.230.111 - - [25/Jan/2011:11:29:35 +0100] "HEAD / HTTP/1.1" 200 - "-" "Site 24 X 7"
93.58.151.231 - - [25/Jan/2011:11:29:37 +0100] "GET /attivita-in-vendita/ HTTP/1.1" 200 2294 "http://www.aziendaitalia.com/rilevare-attivita/?gclid=COa4gfuS1aYCFYMTfAod81fvMw" "Mozilla/5.0 (Windows; U; Windows NT 5.1; en-US) AppleWebKit/534.10 (KHTML, like Gecko) Chrome/8.0.552.237 Safari/534.10"
93.58.151.231 - - [25/Jan/2011:11:29:37 +0100] "GET /css/style.css HTTP/1.1" 200 3366 "http://www.aziendaitalia.com/attivita-in-vendita/" "Mozilla/5.0 (Windows; U; Windows NT 5.1; en-US) AppleWebKit/534.10 (KHTML, like Gecko) Chrome/8.0.552.237 Safari/534.10"
93.58.151.231 - - [25/Jan/2011:11:29:38 +0100] "GET /img/thumb/phpThumb.php?src=/admin/img/1283511116_5135-4001Y-A.JPG&w=148&h=138&zc=1&q=90 HTTP/1.1" 200 9692 "http://www.aziendaitalia.com/attivita-in-vendita/" "Mozilla/5.0 (Windows; U; Windows NT 5.1; en-US) AppleWebKit/534.10 (KHTML, like Gecko) Chrome/8.0.552.237 Safari/534.10"
93.58.151.231 - - [25/Jan/2011:11:29:38 +0100] "GET /img/thumb/phpThumb.php?src=/admin/img/1295368730_5945-6289D-A.JPG&w=148&h=138&zc=1&q=90 HTTP/1.1" 200 9397 "http://www.aziendaitalia.com/attivita-in-vendita/" "Mozilla/5.0 (Windows; U; Windows NT 5.1; en-US) AppleWebKit/534.10 (KHTML, like Gecko) Chrome/8.0.552.237 Safari/534.10"
93.58.151.231 - - [25/Jan/2011:11:29:38 +0100] "GET /img/layout/dot.png HTTP/1.1" 200 2899 "http://www.aziendaitalia.com/attivita-in-vendita/" "Mozilla/5.0 (Windows; U; Windows NT 5.1; en-US) AppleWebKit/534.10 (KHTML, like Gecko) Chrome/8.0.552.237 Safari/534.10"
93.58.151.231 - - [25/Jan/2011:11:29:38 +0100] "GET /img/thumb/phpThumb.php?src=/admin/img/1284121274_8018-5308G-A.JPG&w=148&h=138&zc=1&q=90 HTTP/1.1" 200 7134 "http://www.aziendaitalia.com/attivita-in-vendita/" "Mozilla/5.0 (Windows; U; Windows NT 5.1; en-US) AppleWebKit/534.10 (KHTML, like Gecko) Chrome/8.0.552.237 Safari/534.10"
151.54.245.26 - - [25/Jan/2011:11:29:48 +0100] "GET /cedere-attivita/?gclid=CO_15pGT1aYCFYIlfAod_grLOQ HTTP/1.1" 200 3989 "http://www.google.it/aclk?sa=l&ai=Cy5XAe6Q-TbmCIsGQOpeLuR_D-prUAfvahrAXoeOqNQgAEAEoA1CJ36q2_v____8BYP2KooTUEqABg5yh_gPIAQGpAkeUNEZ957Y-qgQbT9BphmTI9Bs8hDVMiP6593Ruti0VlQiJKZa7&sig=AGiWqtx6fgp5BYVf23Sb0oVnjlGAOfKu_Q&adurl=http://www.aziendaitalia.com/cedere-attivita/&rct=j&q=cessione%20rilievi%20attivita%20roma" "Mozilla/5.0 (Windows; U; Windows NT 5.1; en-US) AppleWebKit/534.10 (KHTML, like Gecko) Chrome/8.0.552.224 Safari/534.10"
151.54.245.26 - - [25/Jan/2011:11:29:49 +0100] "GET /css/style.css HTTP/1.1" 200 3366 "http://www.aziendaitalia.com/cedere-attivita/?gclid=CO_15pGT1aYCFYIlfAod_grLOQ" "Mozilla/5.0 (Windows; U; Windows NT 5.1; en-US) AppleWebKit/534.10 (KHTML, like Gecko) Chrome/8.0.552.224 Safari/534.10"
178.154.161.29 - - [25/Jan/2011:11:29:49 +0100] "GET /attivita-in-vendita/abbigliamento-vendita-al-dettaglio-_italia_s37_n1.html HTTP/1.1" 200 4595 "-" "Mozilla/5.0 (compatible; YandexBot/3.0; +http://yandex.com/bots)"
93.58.151.231 - - [25/Jan/2011:11:29:54 +0100] "GET /attivita-in-vendita/italia_n1.html HTTP/1.1" 200 4336 "http://www.aziendaitalia.com/attivita-in-vendita/" "Mozilla/5.0 (Windows; U; Windows NT 5.1; en-US) AppleWebKit/534.10 (KHTML, like Gecko) Chrome/8.0.552.237 Safari/534.10"
93.58.151.231 - - [25/Jan/2011:11:29:54 +0100] "GET /css/style.css HTTP/1.1" 200 3366 "http://www.aziendaitalia.com/attivita-in-vendita/italia_n1.html" "Mozilla/5.0 (Windows; U; Windows NT 5.1; en-US) AppleWebKit/534.10 (KHTML, like Gecko) Chrome/8.0.552.237 Safari/534.10"
93.58.151.231 - - [25/Jan/2011:11:29:55 +0100] "GET /img/layout/italia/italyoff.gif HTTP/1.1" 200 3852 "http://www.aziendaitalia.com/attivita-in-vendita/italia_n1.html" "Mozilla/5.0 (Windows; U; Windows NT 5.1; en-US) AppleWebKit/534.10 (KHTML, like Gecko) Chrome/8.0.552.237 Safari/534.10"
94.165.242.214 - - [25/Jan/2011:11:29:55 +0100] "GET /attivita-in-vendita/?gclid=CJPF7pST1aYCFYeWzAod5UrhGg HTTP/1.1" 200 2324 "-" "Mozilla/5.0 (Windows; U; Windows NT 5.1; en-US) AppleWebKit/534.10 (KHTML, like Gecko) Chrome/8.0.552.237 Safari/534.10"
94.165.242.214 - - [25/Jan/2011:11:29:55 +0100] "GET /css/style.css HTTP/1.1" 200 3366 "http://www.aziendaitalia.com/attivita-in-vendita/?gclid=CJPF7pST1aYCFYeWzAod5UrhGg" "Mozilla/5.0 (Windows; U; Windows NT 5.1; en-US) AppleWebKit/534.10 (KHTML, like Gecko) Chrome/8.0.552.237 Safari/534.10"
94.165.242.214 - - [25/Jan/2011:11:29:56 +0100] "GET /js/general.js HTTP/1.1" 200 5776 "http://www.aziendaitalia.com/attivita-in-vendita/?gclid=CJPF7pST1aYCFYeWzAod5UrhGg" "Mozilla/5.0 (Windows; U; Windows NT 5.1; en-US) AppleWebKit/534.10 (KHTML, like Gecko) Chrome/8.0.552.237 Safari/534.10"
94.165.242.214 - - [25/Jan/2011:11:29:56 +0100] "GET /js/jquery-1.4.2.min.js HTTP/1.1" 200 72174 "http://www.aziendaitalia.com/attivita-in-vendita/?gclid=CJPF7pST1aYCFYeWzAod5UrhGg" "Mozilla/5.0 (Windows; U; Windows NT 5.1; en-US) AppleWebKit/534.10 (KHTML, like Gecko) Chrome/8.0.552.237 Safari/534.10"
94.165.242.214 - - [25/Jan/2011:11:29:58 +0100] "GET /img/layout/header.gif HTTP/1.1" 200 15655 "http://www.aziendaitalia.com/attivita-in-vendita/?gclid=CJPF7pST1aYCFYeWzAod5UrhGg" "Mozilla/5.0 (Windows; U; Windows NT 5.1; en-US) AppleWebKit/534.10 (KHTML, like Gecko) Chrome/8.0.552.237 Safari/534.10"
94.165.242.214 - - [25/Jan/2011:11:29:58 +0100] "GET /img/layout/menubar.gif HTTP/1.1" 200 1302 "http://www.aziendaitalia.com/attivita-in-vendita/?gclid=CJPF7pST1aYCFYeWzAod5UrhGg" "Mozilla/5.0 (Windows; U; Windows NT 5.1; en-US) AppleWebKit/534.10 (KHTML, like Gecko) Chrome/8.0.552.237 Safari/534.10"
94.165.242.214 - - [25/Jan/2011:11:29:58 +0100] "GET /img/layout/bg_wrapper_sub.gif HTTP/1.1" 200 102 "http://www.aziendaitalia.com/attivita-in-vendita/?gclid=CJPF7pST1aYCFYeWzAod5UrhGg" "Mozilla/5.0 (Windows; U; Windows NT 5.1; en-US) AppleWebKit/534.10 (KHTML, like Gecko) Chrome/8.0.552.237 Safari/534.10"
93.58.151.231 - - [25/Jan/2011:11:29:58 +0100] "GET /attivita-in-vendita/isole_mr4.html HTTP/1.1" 200 4463 "http://www.aziendaitalia.com/attivita-in-vendita/italia_n1.html" "Mozilla/5.0 (Windows; U; Windows NT 5.1; en-US) AppleWebKit/534.10 (KHTML, like Gecko) Chrome/8.0.552.237 Safari/534.10"
94.165.242.214 - - [25/Jan/2011:11:29:59 +0100] "GET /img/layout/bg_sidebar_separator.gif HTTP/1.1" 200 106 "http://www.aziendaitalia.com/attivita-in-vendita/?gclid=CJPF7pST1aYCFYeWzAod5UrhGg" "Mozilla/5.0 (Windows; U; Windows NT 5.1; en-US) AppleWebKit/534.10 (KHTML, like Gecko) Chrome/8.0.552.237 Safari/534.10"
93.58.151.231 - - [25/Jan/2011:11:29:59 +0100] "GET /css/style.css HTTP/1.1" 200 3366 "http://www.aziendaitalia.com/attivita-in-vendita/isole_mr4.html" "Mozilla/5.0 (Windows; U; Windows NT 5.1; en-US) AppleWebKit/534.10 (KHTML, like Gecko) Chrome/8.0.552.237 Safari/534.10"
94.165.242.214 - - [25/Jan/2011:11:29:59 +0100] "GET /img/thumb/phpThumb.php?src=/admin/img/1283511116_5135-4001Y-A.JPG&w=148&h=138&zc=1&q=90 HTTP/1.1" 200 9692 "http://www.aziendaitalia.com/attivita-in-vendita/?gclid=CJPF7pST1aYCFYeWzAod5UrhGg" "Mozilla/5.0 (Windows; U; Windows NT 5.1; en-US) AppleWebKit/534.10 (KHTML, like Gecko) Chrome/8.0.552.237 Safari/534.10"
94.165.242.214 - - [25/Jan/2011:11:29:59 +0100] "GET /img/layout/dot.png HTTP/1.1" 200 2899 "http://www.aziendaitalia.com/attivita-in-vendita/?gclid=CJPF7pST1aYCFYeWzAod5UrhGg" "Mozilla/5.0 (Windows; U; Windows NT 5.1; en-US) AppleWebKit/534.10 (KHTML, like Gecko) Chrome/8.0.552.237 Safari/534.10"
94.165.242.214 - - [25/Jan/2011:11:29:59 +0100] "GET /img/thumb/phpThumb.php?src=/admin/img/1284121274_8018-5308G-A.JPG&w=148&h=138&zc=1&q=90 HTTP/1.1" 200 7134 "http://www.aziendaitalia.com/attivita-in-vendita/?gclid=CJPF7pST1aYCFYeWzAod5UrhGg" "Mozilla/5.0 (Windows; U; Windows NT 5.1; en-US) AppleWebKit/534.10 (KHTML, like Gecko) Chrome/8.0.552.237 Safari/534.10"
94.165.242.214 - - [25/Jan/2011:11:29:59 +0100] "GET /img/thumb/phpThumb.php?src=/admin/img/1295368730_5945-6289D-A.JPG&w=148&h=138&zc=1&q=90 HTTP/1.1" 200 9397 "http://www.aziendaitalia.com/attivita-in-vendita/?gclid=CJPF7pST1aYCFYeWzAod5UrhGg" "Mozilla/5.0 (Windows; U; Windows NT 5.1; en-US) AppleWebKit/534.10 (KHTML, like Gecko) Chrome/8.0.552.237 Safari/534.10"
93.58.151.231 - - [25/Jan/2011:11:29:59 +0100] "GET /img/layout/italia/italyisles.gif HTTP/1.1" 200 3919 "http://www.aziendaitalia.com/attivita-in-vendita/isole_mr4.html" "Mozilla/5.0 (Windows; U; Windows NT 5.1; en-US) AppleWebKit/534.10 (KHTML, like Gecko) Chrome/8.0.552.237 Safari/534.10"
94.165.242.214 - - [25/Jan/2011:11:30:00 +0100] "GET /favicon.ico HTTP/1.1" 200 1406 "-" "Mozilla/5.0 (Windows; U; Windows NT 5.1; en-US) AppleWebKit/534.10 (KHTML, like Gecko) Chrome/8.0.552.237 Safari/534.10"
93.58.151.231 - - [25/Jan/2011:11:30:03 +0100] "GET /attivita-in-vendita/a-sassari_p139.html HTTP/1.1" 200 3648 "http://www.aziendaitalia.com/attivita-in-vendita/isole_mr4.html" "Mozilla/5.0 (Windows; U; Windows NT 5.1; en-US) AppleWebKit/534.10 (KHTML, like Gecko) Chrome/8.0.552.237 Safari/534.10"
93.58.151.231 - - [25/Jan/2011:11:30:03 +0100] "GET /css/style.css HTTP/1.1" 200 3366 "http://www.aziendaitalia.com/attivita-in-vendita/a-sassari_p139.html" "Mozilla/5.0 (Windows; U; Windows NT 5.1; en-US) AppleWebKit/534.10 (KHTML, like Gecko) Chrome/8.0.552.237 Safari/534.10"
93.58.151.231 - - [25/Jan/2011:11:30:21 +0100] "GET /attivita-in-vendita/alberghi-ristoranti-bar-agriturismo-aziende-agricole_a-sassari_m1_p139.html HTTP/1.1" 200 2811 "http://www.aziendaitalia.com/attivita-in-vendita/a-sassari_p139.html" "Mozilla/5.0 (Windows; U; Windows NT 5.1; en-US) AppleWebKit/534.10 (KHTML, like Gecko) Chrome/8.0.552.237 Safari/534.10"
93.58.151.231 - - [25/Jan/2011:11:30:22 +0100] "GET /css/style.css HTTP/1.1" 200 3366 "http://www.aziendaitalia.com/attivita-in-vendita/alberghi-ristoranti-bar-agriturismo-aziende-agricole_a-sassari_m1_p139.html" "Mozilla/5.0 (Windows; U; Windows NT 5.1; en-US) AppleWebKit/534.10 (KHTML, like Gecko) Chrome/8.0.552.237 Safari/534.10"
151.59.78.213 - - [25/Jan/2011:11:30:28 +0100] "GET /rilevare-attivita/?gclid=CPDgyKST1aYCFQEOfAodrm70Mw HTTP/1.1" 200 3710 "http://www.google.it/search?hl=it&source=hp&q=attivia+commerciale&meta=&aq=f&aqi=&aql=&oq=" "Mozilla/4.0 (compatible; MSIE 6.0; Windows 98)"
151.59.78.213 - - [25/Jan/2011:11:30:28 +0100] "GET /css/style.css HTTP/1.1" 200 3366 "http://www.aziendaitalia.com/rilevare-attivita/?gclid=CPDgyKST1aYCFQEOfAodrm70Mw" "Mozilla/4.0 (compatible; MSIE 6.0; Windows 98)"
151.59.78.213 - - [25/Jan/2011:11:30:28 +0100] "GET /js/jquery-1.4.2.min.js HTTP/1.1" 200 72174 "http://www.aziendaitalia.com/rilevare-attivita/?gclid=CPDgyKST1aYCFQEOfAodrm70Mw" "Mozilla/4.0 (compatible; MSIE 6.0; Windows 98)"
151.59.78.213 - - [25/Jan/2011:11:30:30 +0100] "GET /js/general.js HTTP/1.1" 200 5776 "http://www.aziendaitalia.com/rilevare-attivita/?gclid=CPDgyKST1aYCFQEOfAodrm70Mw" "Mozilla/4.0 (compatible; MSIE 6.0; Windows 98)"
151.54.245.26 - - [25/Jan/2011:11:30:31 +0100] "GET /rilevare-attivita/ HTTP/1.1" 200 3679 "http://www.aziendaitalia.com/cedere-attivita/?gclid=CO_15pGT1aYCFYIlfAod_grLOQ" "Mozilla/5.0 (Windows; U; Windows NT 5.1; en-US) AppleWebKit/534.10 (KHTML, like Gecko) Chrome/8.0.552.224 Safari/534.10"
151.54.245.26 - - [25/Jan/2011:11:30:31 +0100] "GET /css/style.css HTTP/1.1" 200 3366 "http://www.aziendaitalia.com/rilevare-attivita/" "Mozilla/5.0 (Windows; U; Windows NT 5.1; en-US) AppleWebKit/534.10 (KHTML, like Gecko) Chrome/8.0.552.224 Safari/534.10"
151.59.78.213 - - [25/Jan/2011:11:30:32 +0100] "GET /img/layout/menubar.gif HTTP/1.1" 200 1302 "http://www.aziendaitalia.com/rilevare-attivita/?gclid=CPDgyKST1aYCFQEOfAodrm70Mw" "Mozilla/4.0 (compatible; MSIE 6.0; Windows 98)"
151.59.78.213 - - [25/Jan/2011:11:30:32 +0100] "GET /img/layout/bg_sidebar_separator.gif HTTP/1.1" 200 106 "http://www.aziendaitalia.com/rilevare-attivita/?gclid=CPDgyKST1aYCFQEOfAodrm70Mw" "Mozilla/4.0 (compatible; MSIE 6.0; Windows 98)"
151.59.78.213 - - [25/Jan/2011:11:30:32 +0100] "GET /img/layout/bg_wrapper_sub.gif HTTP/1.1" 200 102 "http://www.aziendaitalia.com/rilevare-attivita/?gclid=CPDgyKST1aYCFQEOfAodrm70Mw" "Mozilla/4.0 (compatible; MSIE 6.0; Windows 98)"
151.59.78.213 - - [25/Jan/2011:11:30:32 +0100] "GET /img/layout/header.gif HTTP/1.1" 200 15655 "http://www.aziendaitalia.com/rilevare-attivita/?gclid=CPDgyKST1aYCFQEOfAodrm70Mw" "Mozilla/4.0 (compatible; MSIE 6.0; Windows 98)"
72.5.230.111 - - [25/Jan/2011:11:30:36 +0100] "HEAD / HTTP/1.1" 200 - "-" "Site 24 X 7"
87.9.250.251 - - [25/Jan/2011:11:30:37 +0100] "GET /rilevare-attivita/?gclid=COvbi6mT1aYCFUkhfAodiVHyMw HTTP/1.1" 200 3711 "http://www.google.it/search?q=cerco+affitto+attivita+bar+vr+provincia&btnG=Cerca&hl=it&sa=2" "Mozilla/4.0 (compatible; MSIE 7.0; Windows NT 5.1; .NET CLR 1.1.4322; .NET CLR 2.0.50727; .NET CLR 3.0.4506.2152; .NET CLR 3.5.30729)"
87.9.250.251 - - [25/Jan/2011:11:30:38 +0100] "GET /css/style.css HTTP/1.1" 200 3366 "http://www.aziendaitalia.com/rilevare-attivita/?gclid=COvbi6mT1aYCFUkhfAodiVHyMw" "Mozilla/4.0 (compatible; MSIE 7.0; Windows NT 5.1; .NET CLR 1.1.4322; .NET CLR 2.0.50727; .NET CLR 3.0.4506.2152; .NET CLR 3.5.30729)"
151.54.245.26 - - [25/Jan/2011:11:30:38 +0100] "GET /cedere-attivita/ HTTP/1.1" 200 3958 "http://www.aziendaitalia.com/rilevare-attivita/" "Mozilla/5.0 (Windows; U; Windows NT 5.1; en-US) AppleWebKit/534.10 (KHTML, like Gecko) Chrome/8.0.552.224 Safari/534.10"
151.54.245.26 - - [25/Jan/2011:11:30:38 +0100] "GET /css/style.css HTTP/1.1" 200 3366 "http://www.aziendaitalia.com/cedere-attivita/" "Mozilla/5.0 (Windows; U; Windows NT 5.1; en-US) AppleWebKit/534.10 (KHTML, like Gecko) Chrome/8.0.552.224 Safari/534.10"
87.9.250.251 - - [25/Jan/2011:11:30:38 +0100] "GET /js/jquery-1.4.2.min.js HTTP/1.1" 200 72174 "http://www.aziendaitalia.com/rilevare-attivita/?gclid=COvbi6mT1aYCFUkhfAodiVHyMw" "Mozilla/4.0 (compatible; MSIE 7.0; Windows NT 5.1; .NET CLR 1.1.4322; .NET CLR 2.0.50727; .NET CLR 3.0.4506.2152; .NET CLR 3.5.30729)"
87.9.250.251 - - [25/Jan/2011:11:30:40 +0100] "GET /js/general.js HTTP/1.1" 200 5776 "http://www.aziendaitalia.com/rilevare-attivita/?gclid=COvbi6mT1aYCFUkhfAodiVHyMw" "Mozilla/4.0 (compatible; MSIE 7.0; Windows NT 5.1; .NET CLR 1.1.4322; .NET CLR 2.0.50727; .NET CLR 3.0.4506.2152; .NET CLR 3.5.30729)"
151.54.245.26 - - [25/Jan/2011:11:30:41 +0100] "GET /attivita-in-vendita/ HTTP/1.1" 200 2294 "http://www.aziendaitalia.com/cedere-attivita/" "Mozilla/5.0 (Windows; U; Windows NT 5.1; en-US) AppleWebKit/534.10 (KHTML, like Gecko) Chrome/8.0.552.224 Safari/534.10"
87.9.250.251 - - [25/Jan/2011:11:30:41 +0100] "GET /img/layout/menubar.gif HTTP/1.1" 200 1302 "http://www.aziendaitalia.com/rilevare-attivita/?gclid=COvbi6mT1aYCFUkhfAodiVHyMw" "Mozilla/4.0 (compatible; MSIE 7.0; Windows NT 5.1; .NET CLR 1.1.4322; .NET CLR 2.0.50727; .NET CLR 3.0.4506.2152; .NET CLR 3.5.30729)"
151.54.245.26 - - [25/Jan/2011:11:30:41 +0100] "GET /css/style.css HTTP/1.1" 200 3366 "http://www.aziendaitalia.com/attivita-in-vendita/" "Mozilla/5.0 (Windows; U; Windows NT 5.1; en-US) AppleWebKit/534.10 (KHTML, like Gecko) Chrome/8.0.552.224 Safari/534.10"
87.9.250.251 - - [25/Jan/2011:11:30:41 +0100] "GET /img/layout/bg_wrapper_sub.gif HTTP/1.1" 200 102 "http://www.aziendaitalia.com/rilevare-attivita/?gclid=COvbi6mT1aYCFUkhfAodiVHyMw" "Mozilla/4.0 (compatible; MSIE 7.0; Windows NT 5.1; .NET CLR 1.1.4322; .NET CLR 2.0.50727; .NET CLR 3.0.4506.2152; .NET CLR 3.5.30729)"
87.9.250.251 - - [25/Jan/2011:11:30:41 +0100] "GET /img/layout/bg_sidebar_separator.gif HTTP/1.1" 200 106 "http://www.aziendaitalia.com/rilevare-attivita/?gclid=COvbi6mT1aYCFUkhfAodiVHyMw" "Mozilla/4.0 (compatible; MSIE 7.0; Windows NT 5.1; .NET CLR 1.1.4322; .NET CLR 2.0.50727; .NET CLR 3.0.4506.2152; .NET CLR 3.5.30729)"
87.9.250.251 - - [25/Jan/2011:11:30:41 +0100] "GET /img/layout/header.gif HTTP/1.1" 200 15655 "http://www.aziendaitalia.com/rilevare-attivita/?gclid=COvbi6mT1aYCFUkhfAodiVHyMw" "Mozilla/4.0 (compatible; MSIE 7.0; Windows NT 5.1; .NET CLR 1.1.4322; .NET CLR 2.0.50727; .NET CLR 3.0.4506.2152; .NET CLR 3.5.30729)"
151.54.245.26 - - [25/Jan/2011:11:30:41 +0100] "GET /img/thumb/phpThumb.php?src=/admin/img/1283511116_5135-4001Y-A.JPG&w=148&h=138&zc=1&q=90 HTTP/1.1" 200 9692 "http://www.aziendaitalia.com/attivita-in-vendita/" "Mozilla/5.0 (Windows; U; Windows NT 5.1; en-US) AppleWebKit/534.10 (KHTML, like Gecko) Chrome/8.0.552.224 Safari/534.10"
151.54.245.26 - - [25/Jan/2011:11:30:41 +0100] "GET /img/thumb/phpThumb.php?src=/admin/img/1284121274_8018-5308G-A.JPG&w=148&h=138&zc=1&q=90 HTTP/1.1" 200 7134 "http://www.aziendaitalia.com/attivita-in-vendita/" "Mozilla/5.0 (Windows; U; Windows NT 5.1; en-US) AppleWebKit/534.10 (KHTML, like Gecko) Chrome/8.0.552.224 Safari/534.10"
151.54.245.26 - - [25/Jan/2011:11:30:41 +0100] "GET /img/thumb/phpThumb.php?src=/admin/img/1295368730_5945-6289D-A.JPG&w=148&h=138&zc=1&q=90 HTTP/1.1" 200 9397 "http://www.aziendaitalia.com/attivita-in-vendita/" "Mozilla/5.0 (Windows; U; Windows NT 5.1; en-US) AppleWebKit/534.10 (KHTML, like Gecko) Chrome/8.0.552.224 Safari/534.10"
87.9.250.251 - - [25/Jan/2011:11:30:43 +0100] "GET /favicon.ico HTTP/1.1" 200 1406 "-" "Mozilla/4.0 (compatible; MSIE 7.0; Windows NT 5.1; .NET CLR 1.1.4322; .NET CLR 2.0.50727; .NET CLR 3.0.4506.2152; .NET CLR 3.5.30729)"
151.54.245.26 - - [25/Jan/2011:11:30:46 +0100] "GET /attivita-in-vendita/a-roma_p53.html HTTP/1.1" 200 4240 "http://www.aziendaitalia.com/attivita-in-vendita/" "Mozilla/5.0 (Windows; U; Windows NT 5.1; en-US) AppleWebKit/534.10 (KHTML, like Gecko) Chrome/8.0.552.224 Safari/534.10"
151.54.245.26 - - [25/Jan/2011:11:30:46 +0100] "GET /css/style.css HTTP/1.1" 200 3366 "http://www.aziendaitalia.com/attivita-in-vendita/a-roma_p53.html" "Mozilla/5.0 (Windows; U; Windows NT 5.1; en-US) AppleWebKit/534.10 (KHTML, like Gecko) Chrome/8.0.552.224 Safari/534.10"
151.54.245.26 - - [25/Jan/2011:11:30:50 +0100] "GET /attivita-in-vendita/a-roma_p53.html HTTP/1.1" 200 4240 "http://www.aziendaitalia.com/attivita-in-vendita/a-roma_p53.html" "Mozilla/5.0 (Windows; U; Windows NT 5.1; en-US) AppleWebKit/534.10 (KHTML, like Gecko) Chrome/8.0.552.224 Safari/534.10"
151.54.245.26 - - [25/Jan/2011:11:30:50 +0100] "GET /css/style.css HTTP/1.1" 200 3366 "http://www.aziendaitalia.com/attivita-in-vendita/a-roma_p53.html" "Mozilla/5.0 (Windows; U; Windows NT 5.1; en-US) AppleWebKit/534.10 (KHTML, like Gecko) Chrome/8.0.552.224 Safari/534.10"
151.59.78.213 - - [25/Jan/2011:11:30:55 +0100] "GET /attivita-in-vendita/ HTTP/1.1" 200 2294 "http://www.aziendaitalia.com/rilevare-attivita/?gclid=CPDgyKST1aYCFQEOfAodrm70Mw" "Mozilla/4.0 (compatible; MSIE 6.0; Windows 98)"
151.59.78.213 - - [25/Jan/2011:11:30:55 +0100] "GET /img/thumb/phpThumb.php?src=/admin/img/1283511116_5135-4001Y-A.JPG&w=148&h=138&zc=1&q=90 HTTP/1.1" 200 9692 "http://www.aziendaitalia.com/attivita-in-vendita/" "Mozilla/4.0 (compatible; MSIE 6.0; Windows 98)"
151.59.78.213 - - [25/Jan/2011:11:30:56 +0100] "GET /img/thumb/phpThumb.php?src=/admin/img/1295368730_5945-6289D-A.JPG&w=148&h=138&zc=1&q=90 HTTP/1.1" 200 9397 "http://www.aziendaitalia.com/attivita-in-vendita/" "Mozilla/4.0 (compatible; MSIE 6.0; Windows 98)"
151.59.78.213 - - [25/Jan/2011:11:30:56 +0100] "GET /img/thumb/phpThumb.php?src=/admin/img/1284121274_8018-5308G-A.JPG&w=148&h=138&zc=1&q=90 HTTP/1.1" 200 7134 "http://www.aziendaitalia.com/attivita-in-vendita/" "Mozilla/4.0 (compatible; MSIE 6.0; Windows 98)"
151.59.78.213 - - [25/Jan/2011:11:30:56 +0100] "GET /img/layout/dot.png HTTP/1.1" 200 2899 "http://www.aziendaitalia.com/attivita-in-vendita/" "Mozilla/4.0 (compatible; MSIE 6.0; Windows 98)"
151.54.245.26 - - [25/Jan/2011:11:31:02 +0100] "GET /attivita-in-vendita/alberghi-ristoranti-bar-agriturismo-aziende-agricole_a-roma_m1_p53.html HTTP/1.1" 200 4050 "http://www.aziendaitalia.com/attivita-in-vendita/a-roma_p53.html" "Mozilla/5.0 (Windows; U; Windows NT 5.1; en-US) AppleWebKit/534.10 (KHTML, like Gecko) Chrome/8.0.552.224 Safari/534.10"
151.54.245.26 - - [25/Jan/2011:11:31:02 +0100] "GET /css/style.css HTTP/1.1" 200 3366 "http://www.aziendaitalia.com/attivita-in-vendita/alberghi-ristoranti-bar-agriturismo-aziende-agricole_a-roma_m1_p53.html" "Mozilla/5.0 (Windows; U; Windows NT 5.1; en-US) AppleWebKit/534.10 (KHTML, like Gecko) Chrome/8.0.552.224 Safari/534.10"
89.118.122.26 - - [25/Jan/2011:11:31:02 +0100] "GET /rilevare-attivita/?gclid=CMi6qrWT1aYCFQzxzAodun-FJA HTTP/1.1" 200 3712 "http://www.google.it/search?hl=it&source=hp&biw=&bih=&q=compromesso+acquisto+bar" "Mozilla/4.0 (compatible; MSIE 8.0; Windows NT 5.1; Trident/4.0; .NET CLR 1.1.4322; .NET CLR 2.0.50727)"
93.58.151.231 - - [25/Jan/2011:11:31:04 +0100] "GET /attivita-in-vendita/a2296.html HTTP/1.1" 200 2553 "-" "Mozilla/5.0 (Windows; U; Windows NT 5.1; en-US) AppleWebKit/534.10 (KHTML, like Gecko) Chrome/8.0.552.237 Safari/534.10"
93.58.151.231 - - [25/Jan/2011:11:31:05 +0100] "GET /css/style.css HTTP/1.1" 200 3366 "http://www.aziendaitalia.com/attivita-in-vendita/a2296.html" "Mozilla/5.0 (Windows; U; Windows NT 5.1; en-US) AppleWebKit/534.10 (KHTML, like Gecko) Chrome/8.0.552.237 Safari/534.10"
89.118.122.26 - - [25/Jan/2011:11:31:05 +0100] "GET /rilevare-attivita/?gclid=COf9vbaT1aYCFdOMzAodfn9LIQ HTTP/1.1" 200 3710 "http://www.google.it/search?hl=it&source=hp&biw=&bih=&q=compromesso+acquisto+bar" "Mozilla/4.0 (compatible; MSIE 8.0; Windows NT 5.1; Trident/4.0; .NET CLR 1.1.4322; .NET CLR 2.0.50727)"
89.118.122.26 - - [25/Jan/2011:11:31:05 +0100] "GET /css/style.css HTTP/1.1" 200 3366 "http://www.aziendaitalia.com/rilevare-attivita/?gclid=COf9vbaT1aYCFdOMzAodfn9LIQ" "Mozilla/4.0 (compatible; MSIE 8.0; Windows NT 5.1; Trident/4.0; .NET CLR 1.1.4322; .NET CLR 2.0.50727)"
89.118.122.26 - - [25/Jan/2011:11:31:05 +0100] "GET /css/style.css HTTP/1.1" 200 3366 "http://www.aziendaitalia.com/rilevare-attivita/?gclid=COf9vbaT1aYCFdOMzAodfn9LIQ" "Mozilla/4.0 (compatible; MSIE 8.0; Windows NT 5.1; Trident/4.0; .NET CLR 1.1.4322; .NET CLR 2.0.50727)"
89.118.122.26 - - [25/Jan/2011:11:31:05 +0100] "GET /js/general.js HTTP/1.1" 200 5776 "http://www.aziendaitalia.com/rilevare-attivita/?gclid=COf9vbaT1aYCFdOMzAodfn9LIQ" "Mozilla/4.0 (compatible; MSIE 8.0; Windows NT 5.1; Trident/4.0; .NET CLR 1.1.4322; .NET CLR 2.0.50727)"
93.58.151.231 - - [25/Jan/2011:11:31:06 +0100] "GET /attivita-in-vendita/a2992.html HTTP/1.1" 200 2697 "-" "Mozilla/5.0 (Windows; U; Windows NT 5.1; en-US) AppleWebKit/534.10 (KHTML, like Gecko) Chrome/8.0.552.237 Safari/534.10"
89.118.122.26 - - [25/Jan/2011:11:31:05 +0100] "GET /js/jquery-1.4.2.min.js HTTP/1.1" 200 72174 "http://www.aziendaitalia.com/rilevare-attivita/?gclid=COf9vbaT1aYCFdOMzAodfn9LIQ" "Mozilla/4.0 (compatible; MSIE 8.0; Windows NT 5.1; Trident/4.0; .NET CLR 1.1.4322; .NET CLR 2.0.50727)"
93.58.151.231 - - [25/Jan/2011:11:31:06 +0100] "GET /css/style.css HTTP/1.1" 200 3366 "http://www.aziendaitalia.com/attivita-in-vendita/a2992.html" "Mozilla/5.0 (Windows; U; Windows NT 5.1; en-US) AppleWebKit/534.10 (KHTML, like Gecko) Chrome/8.0.552.237 Safari/534.10"
151.54.245.26 - - [25/Jan/2011:11:31:11 +0100] "GET /attivita-in-vendita/ristoranti-bar_a-roma_c21_p53.html HTTP/1.1" 200 3938 "http://www.aziendaitalia.com/attivita-in-vendita/alberghi-ristoranti-bar-agriturismo-aziende-agricole_a-roma_m1_p53.html" "Mozilla/5.0 (Windows; U; Windows NT 5.1; en-US) AppleWebKit/534.10 (KHTML, like Gecko) Chrome/8.0.552.224 Safari/534.10"
151.54.245.26 - - [25/Jan/2011:11:31:11 +0100] "GET /css/style.css HTTP/1.1" 200 3366 "http://www.aziendaitalia.com/attivita-in-vendita/ristoranti-bar_a-roma_c21_p53.html" "Mozilla/5.0 (Windows; U; Windows NT 5.1; en-US) AppleWebKit/534.10 (KHTML, like Gecko) Chrome/8.0.552.224 Safari/534.10"
79.34.8.244 - - [25/Jan/2011:11:31:12 +0100] "GET /attivita/cedesi-licenza-tabaccheria-pescara.htm HTTP/1.1" 200 2149 "http://www.google.it/search?hl=it&rlz=1W1PCTC_it&q=tabaccheria+pescara+centrale+cedesi&aq=f&aqi=&aql=&oq=" "Mozilla/4.0 (compatible; MSIE 8.0; Windows NT 5.1; Trident/4.0; GTB6.6; .NET CLR 2.0.50727; .NET CLR 3.0.4506.2152; .NET CLR 3.5.30729)"
79.34.8.244 - - [25/Jan/2011:11:31:12 +0100] "GET /attivita/images/bg.gif HTTP/1.1" 200 48 "http://www.aziendaitalia.com/attivita/cedesi-licenza-tabaccheria-pescara.htm" "Mozilla/4.0 (compatible; MSIE 8.0; Windows NT 5.1; Trident/4.0; GTB6.6; .NET CLR 2.0.50727; .NET CLR 3.0.4506.2152; .NET CLR 3.5.30729)"
