178.154.161.29 - - [25/Jan/2011:08:38:14 +0100] "GET /attivita-in-vendita/trasporti-servizi-merci-su-gomma_a-torino_c28_p2.html HTTP/1.1" 200 2785 "-" "Mozilla/5.0 (compatible; YandexBot/3.0; +http://yandex.com/bots)"
67.195.115.117 - - [25/Jan/2011:08:38:36 +0100] "GET /attivita-in-vendita/a3499.html HTTP/1.0" 200 2914 "-" "Mozilla/5.0 (compatible; Yahoo! Slurp; http://help.yahoo.com/help/us/ysearch/slurp)"
66.249.71.212 - - [25/Jan/2011:08:38:52 +0100] "GET /RESULTS.CFM?PageNum_getList=2&zona=35 HTTP/1.1" 404 274 "-" "Mozilla/5.0 (compatible; Googlebot/2.1; +http://www.google.com/bot.html)"
67.195.115.117 - - [25/Jan/2011:08:38:58 +0100] "GET /annunci/nord-italia/genova/9303.htm HTTP/1.0" 200 3190 "-" "Mozilla/5.0 (compatible; Yahoo! Slurp; http://help.yahoo.com/help/us/ysearch/slurp)"
207.46.199.45 - - [25/Jan/2011:08:39:00 +0100] "GET /bancadati-scheda.php?idreg=1&idind=&idcat=&idazienda=10277 HTTP/1.1" 404 277 "-" "Mozilla/5.0 (compatible; bingbot/2.0; +http://www.bing.com/bingbot.htm)"
72.5.230.111 - - [25/Jan/2011:08:39:08 +0100] "HEAD / HTTP/1.1" 200 - "-" "Site 24 X 7"
72.5.230.111 - - [25/Jan/2011:08:40:09 +0100] "HEAD / HTTP/1.1" 200 - "-" "Site 24 X 7"
178.154.161.29 - - [25/Jan/2011:08:40:28 +0100] "GET /annunci/nord-italia/bergamo/8418.htm HTTP/1.1" 200 3020 "-" "Mozilla/5.0 (compatible; YandexBot/3.0; +http://yandex.com/bots)"
83.147.99.45 - - [25/Jan/2011:08:40:51 +0100] "GET / HTTP/1.1" 200 2648 "-" "Mozilla/4.0 (compatible; MSIE 7.0; Windows NT 5.1; .NET CLR 2.0.50727; .NET CLR 3.0.4506.2152; .NET CLR 3.5.30729)"
83.147.99.45 - - [25/Jan/2011:08:40:52 +0100] "GET /css/style.css HTTP/1.1" 200 3366 "http://www.aziendaitalia.com/" "Mozilla/4.0 (compatible; MSIE 7.0; Windows NT 5.1; .NET CLR 2.0.50727; .NET CLR 3.0.4506.2152; .NET CLR 3.5.30729)"
83.147.99.45 - - [25/Jan/2011:08:40:52 +0100] "GET /js/jquery-1.4.2.min.js HTTP/1.1" 304 - "http://www.aziendaitalia.com/" "Mozilla/4.0 (compatible; MSIE 7.0; Windows NT 5.1; .NET CLR 2.0.50727; .NET CLR 3.0.4506.2152; .NET CLR 3.5.30729)"
83.147.99.45 - - [25/Jan/2011:08:40:52 +0100] "GET /js/jquery.pngfix.pack.js HTTP/1.1" 200 2485 "http://www.aziendaitalia.com/" "Mozilla/4.0 (compatible; MSIE 7.0; Windows NT 5.1; .NET CLR 2.0.50727; .NET CLR 3.0.4506.2152; .NET CLR 3.5.30729)"
83.147.99.45 - - [25/Jan/2011:08:40:52 +0100] "GET /js/general.js HTTP/1.1" 304 - "http://www.aziendaitalia.com/" "Mozilla/4.0 (compatible; MSIE 7.0; Windows NT 5.1; .NET CLR 2.0.50727; .NET CLR 3.0.4506.2152; .NET CLR 3.5.30729)"
83.147.99.45 - - [25/Jan/2011:08:40:52 +0100] "GET /img/layout/menubar.gif HTTP/1.1" 304 - "http://www.aziendaitalia.com/" "Mozilla/4.0 (compatible; MSIE 7.0; Windows NT 5.1; .NET CLR 2.0.50727; .NET CLR 3.0.4506.2152; .NET CLR 3.5.30729)"
83.147.99.45 - - [25/Jan/2011:08:40:52 +0100] "GET /img/layout/content_bg.gif HTTP/1.1" 200 238 "http://www.aziendaitalia.com/" "Mozilla/4.0 (compatible; MSIE 7.0; Windows NT 5.1; .NET CLR 2.0.50727; .NET CLR 3.0.4506.2152; .NET CLR 3.5.30729)"
83.147.99.45 - - [25/Jan/2011:08:40:52 +0100] "GET /img/layout/bg_button_search.gif HTTP/1.1" 200 614 "http://www.aziendaitalia.com/" "Mozilla/4.0 (compatible; MSIE 7.0; Windows NT 5.1; .NET CLR 2.0.50727; .NET CLR 3.0.4506.2152; .NET CLR 3.5.30729)"
83.147.99.45 - - [25/Jan/2011:08:40:52 +0100] "GET /img/layout/header.gif HTTP/1.1" 304 - "http://www.aziendaitalia.com/" "Mozilla/4.0 (compatible; MSIE 7.0; Windows NT 5.1; .NET CLR 2.0.50727; .NET CLR 3.0.4506.2152; .NET CLR 3.5.30729)"
83.147.99.45 - - [25/Jan/2011:08:40:52 +0100] "GET /img/layout/tooltip.png HTTP/1.1" 200 3337 "http://www.aziendaitalia.com/" "Mozilla/4.0 (compatible; MSIE 7.0; Windows NT 5.1; .NET CLR 2.0.50727; .NET CLR 3.0.4506.2152; .NET CLR 3.5.30729)"
83.147.99.45 - - [25/Jan/2011:08:40:52 +0100] "GET /img/layout/bg_homepage_category_buttons.gif HTTP/1.1" 200 23956 "http://www.aziendaitalia.com/" "Mozilla/4.0 (compatible; MSIE 7.0; Windows NT 5.1; .NET CLR 2.0.50727; .NET CLR 3.0.4506.2152; .NET CLR 3.5.30729)"
83.147.99.45 - - [25/Jan/2011:08:41:09 +0100] "GET /attivita-in-vendita/industria-produzione-installatori-lavorazione_m6.html HTTP/1.1" 200 4708 "http://www.aziendaitalia.com/" "Mozilla/4.0 (compatible; MSIE 7.0; Windows NT 5.1; .NET CLR 2.0.50727; .NET CLR 3.0.4506.2152; .NET CLR 3.5.30729)"
72.5.230.111 - - [25/Jan/2011:08:41:09 +0100] "HEAD / HTTP/1.1" 200 - "-" "Site 24 X 7"
83.147.99.45 - - [25/Jan/2011:08:41:09 +0100] "GET /img/thumb/phpThumb.php?src=/admin/img/1295368513_2790-7100S-A.jpg&w=148&h=138&zc=1&q=90 HTTP/1.1" 200 8043 "http://www.aziendaitalia.com/attivita-in-vendita/industria-produzione-installatori-lavorazione_m6.html" "Mozilla/4.0 (compatible; MSIE 7.0; Windows NT 5.1; .NET CLR 2.0.50727; .NET CLR 3.0.4506.2152; .NET CLR 3.5.30729)"
83.147.99.45 - - [25/Jan/2011:08:41:09 +0100] "GET /img/thumb/phpThumb.php?src=/admin/img/1286828115_16237098Xa.jpg&w=148&h=138&zc=1&q=90 HTTP/1.1" 200 8801 "http://www.aziendaitalia.com/attivita-in-vendita/industria-produzione-installatori-lavorazione_m6.html" "Mozilla/4.0 (compatible; MSIE 7.0; Windows NT 5.1; .NET CLR 2.0.50727; .NET CLR 3.0.4506.2152; .NET CLR 3.5.30729)"
83.147.99.45 - - [25/Jan/2011:08:41:09 +0100] "GET /img/thumb/phpThumb.php?src=/admin/img/1288949049_1831-9506J-A.jpg&w=148&h=138&zc=1&q=90 HTTP/1.1" 200 8812 "http://www.aziendaitalia.com/attivita-in-vendita/industria-produzione-installatori-lavorazione_m6.html" "Mozilla/4.0 (compatible; MSIE 7.0; Windows NT 5.1; .NET CLR 2.0.50727; .NET CLR 3.0.4506.2152; .NET CLR 3.5.30729)"
83.147.99.45 - - [25/Jan/2011:08:41:09 +0100] "GET /img/layout/bg_wrapper_sub.gif HTTP/1.1" 304 - "http://www.aziendaitalia.com/attivita-in-vendita/industria-produzione-installatori-lavorazione_m6.html" "Mozilla/4.0 (compatible; MSIE 7.0; Windows NT 5.1; .NET CLR 2.0.50727; .NET CLR 3.0.4506.2152; .NET CLR 3.5.30729)"
83.147.99.45 - - [25/Jan/2011:08:41:09 +0100] "GET /img/layout/bg_sidebar_separator.gif HTTP/1.1" 304 - "http://www.aziendaitalia.com/attivita-in-vendita/industria-produzione-installatori-lavorazione_m6.html" "Mozilla/4.0 (compatible; MSIE 7.0; Windows NT 5.1; .NET CLR 2.0.50727; .NET CLR 3.0.4506.2152; .NET CLR 3.5.30729)"
83.147.99.45 - - [25/Jan/2011:08:41:09 +0100] "GET /img/layout/dot.png HTTP/1.1" 304 - "http://www.aziendaitalia.com/attivita-in-vendita/industria-produzione-installatori-lavorazione_m6.html" "Mozilla/4.0 (compatible; MSIE 7.0; Windows NT 5.1; .NET CLR 2.0.50727; .NET CLR 3.0.4506.2152; .NET CLR 3.5.30729)"
83.147.99.45 - - [25/Jan/2011:08:41:16 +0100] "GET /attivita-in-vendita/industrie-del-mobile-accessori-per-arredi_c77.html HTTP/1.1" 200 2442 "http://www.aziendaitalia.com/attivita-in-vendita/industria-produzione-installatori-lavorazione_m6.html" "Mozilla/4.0 (compatible; MSIE 7.0; Windows NT 5.1; .NET CLR 2.0.50727; .NET CLR 3.0.4506.2152; .NET CLR 3.5.30729)"
207.46.195.227 - - [25/Jan/2011:08:41:19 +0100] "GET /bancadati-zone.php?idreg=1&idzona=151&idind=2&idcat=141 HTTP/1.1" 404 276 "-" "Mozilla/5.0 (compatible; bingbot/2.0; +http://www.bing.com/bingbot.htm)"
207.46.13.94 - - [25/Jan/2011:08:41:20 +0100] "GET /bancadati-scheda.php?idreg=2&idind=&idcat=&idazienda=12091 HTTP/1.1" 404 277 "-" "Mozilla/5.0 (compatible; bingbot/2.0; +http://www.bing.com/bingbot.htm)"
83.147.99.45 - - [25/Jan/2011:08:41:47 +0100] "GET /attivita-in-vendita/a-firenze_p62.html HTTP/1.1" 200 4506 "http://www.aziendaitalia.com/attivita-in-vendita/industria-produzione-installatori-lavorazione_m6.html" "Mozilla/4.0 (compatible; MSIE 7.0; Windows NT 5.1; .NET CLR 2.0.50727; .NET CLR 3.0.4506.2152; .NET CLR 3.5.30729)"
83.147.99.45 - - [25/Jan/2011:08:41:47 +0100] "GET /img/layout/italia/italycenter.gif HTTP/1.1" 304 - "http://www.aziendaitalia.com/attivita-in-vendita/a-firenze_p62.html" "Mozilla/4.0 (compatible; MSIE 7.0; Windows NT 5.1; .NET CLR 2.0.50727; .NET CLR 3.0.4506.2152; .NET CLR 3.5.30729)"
79.15.91.101 - - [25/Jan/2011:08:41:51 +0100] "GET /img/thumb/phpThumb.php?src=/admin/img/1282661769_7232-2354F-A2.JPG&w=148&h=138&zc=1&q=90 HTTP/1.1" 200 9527 "-" "Mozilla/4.0 (compatible; MSIE 8.0; Windows NT 5.1; Trident/4.0; GTB6.5; .NET CLR 1.1.4322; .NET CLR 2.0.50727; .NET CLR 3.0.4506.2152; .NET CLR 3.5.30729; InfoPath.2; OfficeLiveConnector.1.4; OfficeLivePatch.1.3)"
83.147.99.45 - - [25/Jan/2011:08:42:09 +0100] "GET /attivita-in-vendita/a-firenze_p62.html?page=2 HTTP/1.1" 200 4676 "http://www.aziendaitalia.com/attivita-in-vendita/a-firenze_p62.html" "Mozilla/4.0 (compatible; MSIE 7.0; Windows NT 5.1; .NET CLR 2.0.50727; .NET CLR 3.0.4506.2152; .NET CLR 3.5.30729)"
72.5.230.111 - - [25/Jan/2011:08:42:09 +0100] "HEAD / HTTP/1.1" 200 - "-" "Site 24 X 7"
83.147.99.45 - - [25/Jan/2011:08:42:26 +0100] "GET /attivita-in-vendita/rivendita-negozi_m2.html HTTP/1.1" 200 3793 "http://www.aziendaitalia.com/" "Mozilla/4.0 (compatible; MSIE 7.0; Windows NT 5.1; .NET CLR 2.0.50727; .NET CLR 3.0.4506.2152; .NET CLR 3.5.30729)"
83.147.99.45 - - [25/Jan/2011:08:42:28 +0100] "GET /attivita-in-vendita/a-firenze_p62.html HTTP/1.1" 200 4506 "http://www.aziendaitalia.com/attivita-in-vendita/rivendita-negozi_m2.html" "Mozilla/4.0 (compatible; MSIE 7.0; Windows NT 5.1; .NET CLR 2.0.50727; .NET CLR 3.0.4506.2152; .NET CLR 3.5.30729)"
67.195.115.117 - - [25/Jan/2011:08:42:34 +0100] "GET /annunci/europa/oradea/index.htm HTTP/1.0" 200 2246 "-" "Mozilla/5.0 (compatible; Yahoo! Slurp; http://help.yahoo.com/help/us/ysearch/slurp)"
83.147.99.45 - - [25/Jan/2011:08:42:34 +0100] "GET /attivita-in-vendita/a-arezzo_p31.html HTTP/1.1" 200 4196 "http://www.aziendaitalia.com/attivita-in-vendita/a-firenze_p62.html" "Mozilla/4.0 (compatible; MSIE 7.0; Windows NT 5.1; .NET CLR 2.0.50727; .NET CLR 3.0.4506.2152; .NET CLR 3.5.30729)"
178.154.161.29 - - [25/Jan/2011:08:42:42 +0100] "GET /annunci/nord-italia/cuneo/6691.htm HTTP/1.1" 200 2752 "-" "Mozilla/5.0 (compatible; YandexBot/3.0; +http://yandex.com/bots)"
83.147.99.45 - - [25/Jan/2011:08:42:48 +0100] "GET /attivita-in-vendita/a2734.html HTTP/1.1" 200 2626 "http://www.aziendaitalia.com/attivita-in-vendita/a-arezzo_p31.html" "Mozilla/4.0 (compatible; MSIE 7.0; Windows NT 5.1; .NET CLR 2.0.50727; .NET CLR 3.0.4506.2152; .NET CLR 3.5.30729)"
72.5.230.111 - - [25/Jan/2011:08:43:10 +0100] "HEAD / HTTP/1.1" 200 - "-" "Site 24 X 7"
67.195.115.117 - - [25/Jan/2011:08:43:13 +0100] "GET /detail.cfm?ID=11717 HTTP/1.0" 301 281 "-" "Mozilla/5.0 (compatible; Yahoo! Slurp; http://help.yahoo.com/help/us/ysearch/slurp)"
67.195.115.117 - - [25/Jan/2011:08:43:13 +0100] "GET /?ID=11717 HTTP/1.0" 200 2649 "-" "Mozilla/5.0 (compatible; Yahoo! Slurp; http://help.yahoo.com/help/us/ysearch/slurp)"
67.195.115.117 - - [25/Jan/2011:08:43:49 +0100] "GET /RESULTS.CFM?PageNum_getList=4&category=114 HTTP/1.0" 404 274 "-" "Mozilla/5.0 (compatible; Yahoo! Slurp; http://help.yahoo.com/help/us/ysearch/slurp)"
72.5.230.111 - - [25/Jan/2011:08:44:10 +0100] "HEAD / HTTP/1.1" 200 - "-" "Site 24 X 7"
67.195.115.117 - - [25/Jan/2011:08:44:23 +0100] "GET /attivita-in-vendita/a1669.html HTTP/1.0" 200 2704 "-" "Mozilla/5.0 (compatible; Yahoo! Slurp; http://help.yahoo.com/help/us/ysearch/slurp)"
66.249.71.212 - - [25/Jan/2011:08:44:42 +0100] "GET /rilevare-attivita/faq.html HTTP/1.1" 200 4923 "-" "Mozilla/5.0 (compatible; Googlebot/2.1; +http://www.google.com/bot.html)"
178.154.161.29 - - [25/Jan/2011:08:44:55 +0100] "GET /attivita-in-vendita/commercio-arredamento-articoli-per-la-casa_emilia-romagna_c6_r5.html HTTP/1.1" 200 3377 "-" "Mozilla/5.0 (compatible; YandexBot/3.0; +http://yandex.com/bots)"
72.5.230.111 - - [25/Jan/2011:08:45:11 +0100] "HEAD / HTTP/1.1" 200 - "-" "Site 24 X 7"
207.46.13.131 - - [25/Jan/2011:08:45:35 +0100] "GET /attivita-in-vendita/a2016.html HTTP/1.1" 200 2739 "-" "Mozilla/5.0 (compatible; bingbot/2.0; +http://www.bing.com/bingbot.htm)"
67.195.115.117 - - [25/Jan/2011:08:45:36 +0100] "GET /annunci/nord-italia/ravenna/6448.htm HTTP/1.0" 200 2716 "-" "Mozilla/5.0 (compatible; Yahoo! Slurp; http://help.yahoo.com/help/us/ysearch/slurp)"
207.46.195.239 - - [25/Jan/2011:08:45:52 +0100] "GET /bancadati-scheda.php?idreg=1&idind=11&idcat=&idazienda=12412 HTTP/1.1" 404 277 "-" "Mozilla/5.0 (compatible; bingbot/2.0; +http://www.bing.com/bingbot.htm)"
207.46.195.235 - - [25/Jan/2011:08:45:57 +0100] "GET /bancadati-scheda.php?idazienda=12224 HTTP/1.1" 404 277 "-" "Mozilla/5.0 (compatible; bingbot/2.0; +http://www.bing.com/bingbot.htm)"
72.5.230.111 - - [25/Jan/2011:08:46:11 +0100] "HEAD / HTTP/1.1" 200 - "-" "Site 24 X 7"
207.46.12.237 - - [25/Jan/2011:08:46:18 +0100] "GET /bancadati-scheda.php?idreg=2&idind=&idcat=&idazienda=9277 HTTP/1.1" 404 277 "-" "Mozilla/5.0 (compatible; bingbot/2.0; +http://www.bing.com/bingbot.htm)"
67.195.115.117 - - [25/Jan/2011:08:46:21 +0100] "GET /RESULTS.CFM?PageNum_getList=320&operazione=Cessione+attiv HTTP/1.0" 404 274 "-" "Mozilla/5.0 (compatible; Yahoo! Slurp; http://help.yahoo.com/help/us/ysearch/slurp)"
178.154.161.29 - - [25/Jan/2011:08:47:09 +0100] "GET /annunci/nord-italia/torino/8404.htm HTTP/1.1" 200 3287 "-" "Mozilla/5.0 (compatible; YandexBot/3.0; +http://yandex.com/bots)"
72.5.230.111 - - [25/Jan/2011:08:47:11 +0100] "HEAD / HTTP/1.1" 200 - "-" "Site 24 X 7"
65.52.110.69 - - [25/Jan/2011:08:47:26 +0100] "GET /bancadati-scheda.php?idreg=1&idind=6&idcat=287&idazienda=13408 HTTP/1.1" 404 277 "-" "Mozilla/5.0 (compatible; bingbot/2.0; +http://www.bing.com/bingbot.htm)"
67.195.115.117 - - [25/Jan/2011:08:47:48 +0100] "GET /compravendita/compro-bar-a-roma.htm HTTP/1.0" 200 1938 "-" "Mozilla/5.0 (compatible; Yahoo! Slurp; http://help.yahoo.com/help/us/ysearch/slurp)"
72.5.230.111 - - [25/Jan/2011:08:48:12 +0100] "HEAD / HTTP/1.1" 200 - "-" "Site 24 X 7"
67.195.115.117 - - [25/Jan/2011:08:48:49 +0100] "GET /immobili-in-vendita/i172.html HTTP/1.0" 200 2589 "-" "Mozilla/5.0 (compatible; Yahoo! Slurp; http://help.yahoo.com/help/us/ysearch/slurp)"
67.195.115.117 - - [25/Jan/2011:08:48:50 +0100] "GET /css/style.css HTTP/1.0" 200 3366 "http://www.aziendaitalia.com/immobili-in-vendita/i172.html" "Mozilla/5.0 (compatible; Yahoo! Slurp; http://help.yahoo.com/help/us/ysearch/slurp)"
72.5.230.111 - - [25/Jan/2011:08:49:12 +0100] "HEAD / HTTP/1.1" 200 - "-" "Site 24 X 7"
178.154.161.29 - - [25/Jan/2011:08:49:22 +0100] "GET /attivita-in-vendita/alberghi-ristoranti-bar-agriturismo-aziende-agricole_umbria_m1_r18.html HTTP/1.1" 200 3866 "-" "Mozilla/5.0 (compatible; YandexBot/3.0; +http://yandex.com/bots)"
207.46.13.53 - - [25/Jan/2011:08:49:46 +0100] "GET /cedere-attivita/preparazione-alla-cessione.html HTTP/1.1" 200 3001 "-" "Mozilla/5.0 (compatible; bingbot/2.0; +http://www.bing.com/bingbot.htm)"
207.46.204.193 - - [25/Jan/2011:08:49:58 +0100] "GET /annunci/nord-italia/torino/6458.htm HTTP/1.1" 200 2695 "-" "Mozilla/5.0 (compatible; bingbot/2.0; +http://www.bing.com/bingbot.htm)"
67.195.115.117 - - [25/Jan/2011:08:50:00 +0100] "GET /compravendita/pub-parma-vendita.htm HTTP/1.0" 200 2033 "-" "Mozilla/5.0 (compatible; Yahoo! Slurp; http://help.yahoo.com/help/us/ysearch/slurp)"
72.5.230.111 - - [25/Jan/2011:08:50:13 +0100] "HEAD / HTTP/1.1" 200 - "-" "Site 24 X 7"
207.46.204.236 - - [25/Jan/2011:08:50:20 +0100] "GET /analisiced.php HTTP/1.1" 404 274 "-" "Mozilla/5.0 (compatible; bingbot/2.0; +http://www.bing.com/bingbot.htm)"
207.46.199.201 - - [25/Jan/2011:08:50:44 +0100] "GET /robots.txt HTTP/1.1" 404 332 "-" "Mozilla/5.0 (compatible; bingbot/2.0; +http://www.bing.com/bingbot.htm)"
72.5.230.111 - - [25/Jan/2011:08:51:13 +0100] "HEAD / HTTP/1.1" 200 - "-" "Site 24 X 7"
85.18.121.141 - - [25/Jan/2011:08:51:17 +0100] "GET /attivita-in-vendita/a178.html HTTP/1.1" 200 2723 "-" "Mozilla/4.0 (compatible; MSIE 7.0; Windows NT 5.1)"
85.18.121.141 - - [25/Jan/2011:08:51:17 +0100] "GET /css/style.css HTTP/1.1" 200 3366 "http://www.aziendaitalia.com/attivita-in-vendita/a178.html" "Mozilla/4.0 (compatible; MSIE 7.0; Windows NT 5.1)"
85.18.121.141 - - [25/Jan/2011:08:51:21 +0100] "GET /js/general.js HTTP/1.1" 200 5776 "http://www.aziendaitalia.com/attivita-in-vendita/a178.html" "Mozilla/4.0 (compatible; MSIE 7.0; Windows NT 5.1)"
85.18.121.141 - - [25/Jan/2011:08:51:21 +0100] "GET /img/thumb/phpThumb.php?src=/admin/img/1276685263_282-6171Q-a.gif&w=148&h=138&zc=1&q=90 HTTP/1.1" 200 10342 "http://www.aziendaitalia.com/attivita-in-vendita/a178.html" "Mozilla/4.0 (compatible; MSIE 7.0; Windows NT 5.1)"
85.18.121.141 - - [25/Jan/2011:08:51:21 +0100] "GET /img/layout/menubar.gif HTTP/1.1" 200 1302 "http://www.aziendaitalia.com/attivita-in-vendita/a178.html" "Mozilla/4.0 (compatible; MSIE 7.0; Windows NT 5.1)"
85.18.121.141 - - [25/Jan/2011:08:51:21 +0100] "GET /img/thumb/phpThumb.php?src=/admin/img/1276685268_282-6171Q-b.gif&w=148&h=138&zc=1&q=90 HTTP/1.1" 200 8192 "http://www.aziendaitalia.com/attivita-in-vendita/a178.html" "Mozilla/4.0 (compatible; MSIE 7.0; Windows NT 5.1)"
85.18.121.141 - - [25/Jan/2011:08:51:22 +0100] "GET /img/layout/bg_wrapper_sub.gif HTTP/1.1" 200 102 "http://www.aziendaitalia.com/attivita-in-vendita/a178.html" "Mozilla/4.0 (compatible; MSIE 7.0; Windows NT 5.1)"
85.18.121.141 - - [25/Jan/2011:08:51:22 +0100] "GET /img/layout/bg_sidebar_separator.gif HTTP/1.1" 200 106 "http://www.aziendaitalia.com/attivita-in-vendita/a178.html" "Mozilla/4.0 (compatible; MSIE 7.0; Windows NT 5.1)"
85.18.121.141 - - [25/Jan/2011:08:51:22 +0100] "GET /img/thumb/phpThumb.php?src=/admin/img/1276685274_282-6171Q-c.gif&w=148&h=138&zc=1&q=90 HTTP/1.1" 200 8820 "http://www.aziendaitalia.com/attivita-in-vendita/a178.html" "Mozilla/4.0 (compatible; MSIE 7.0; Windows NT 5.1)"
85.18.121.141 - - [25/Jan/2011:08:51:22 +0100] "GET /img/layout/header.gif HTTP/1.1" 200 15655 "http://www.aziendaitalia.com/attivita-in-vendita/a178.html" "Mozilla/4.0 (compatible; MSIE 7.0; Windows NT 5.1)"
85.18.121.141 - - [25/Jan/2011:08:51:23 +0100] "GET /favicon.ico HTTP/1.1" 200 1406 "-" "Mozilla/4.0 (compatible; MSIE 7.0; Windows NT 5.1)"
88.131.106.3 - - [25/Jan/2011:08:51:25 +0100] "GET /robots.txt HTTP/1.0" 404 270 "-" "Mozilla/5.0 (Windows; U; Windows NT 5.1; en-US) Speedy Spider (http://www.entireweb.com/about/search_tech/speedy_spider/)"
88.131.106.4 - - [25/Jan/2011:08:51:25 +0100] "GET /bancadati-zone.php?idreg=3&idzona=162&idind=2 HTTP/1.0" 404 276 "-" "Mozilla/5.0 (Windows; U; Windows NT 5.1; en-US) Speedy Spider (http://www.entireweb.com/about/search_tech/speedy_spider/)"
178.154.161.29 - - [25/Jan/2011:08:51:36 +0100] "GET /annunci/nord-italia/brescia/5433.htm HTTP/1.1" 200 2737 "-" "Mozilla/5.0 (compatible; YandexBot/3.0; +http://yandex.com/bots)"
72.5.230.111 - - [25/Jan/2011:08:52:13 +0100] "HEAD / HTTP/1.1" 200 - "-" "Site 24 X 7"
80.182.28.172 - - [25/Jan/2011:08:52:19 +0100] "GET / HTTP/1.1" 200 2648 "http://www.google.it/search?client=safari&rls=it-it&q=azienda+italia&ie=UTF-8&oe=UTF-8&redir_esc=&ei=uoA-TdnoAYj5sgbM2tX9BA" "Mozilla/5.0 (Macintosh; U; Intel Mac OS X; it-it) AppleWebKit/523.12 (KHTML, like Gecko) Version/3.0.4 Safari/523.12"
80.182.28.172 - - [25/Jan/2011:08:52:19 +0100] "GET /favicon.ico HTTP/1.1" 200 1406 "http://www.aziendaitalia.com/" "Mozilla/5.0 (Macintosh; U; Intel Mac OS X; it-it) AppleWebKit/523.12 (KHTML, like Gecko) Version/3.0.4 Safari/523.12"
80.182.28.172 - - [25/Jan/2011:08:52:19 +0100] "GET /css/style.css HTTP/1.1" 200 3366 "http://www.aziendaitalia.com/" "Mozilla/5.0 (Macintosh; U; Intel Mac OS X; it-it) AppleWebKit/523.12 (KHTML, like Gecko) Version/3.0.4 Safari/523.12"
80.182.28.172 - - [25/Jan/2011:08:52:19 +0100] "GET /js/jquery-1.4.2.min.js HTTP/1.1" 200 72174 "http://www.aziendaitalia.com/" "Mozilla/5.0 (Macintosh; U; Intel Mac OS X; it-it) AppleWebKit/523.12 (KHTML, like Gecko) Version/3.0.4 Safari/523.12"
80.182.28.172 - - [25/Jan/2011:08:52:20 +0100] "GET /js/jquery.pngfix.pack.js HTTP/1.1" 200 2485 "http://www.aziendaitalia.com/" "Mozilla/5.0 (Macintosh; U; Intel Mac OS X; it-it) AppleWebKit/523.12 (KHTML, like Gecko) Version/3.0.4 Safari/523.12"
80.182.28.172 - - [25/Jan/2011:08:52:20 +0100] "GET /js/general.js HTTP/1.1" 200 5776 "http://www.aziendaitalia.com/" "Mozilla/5.0 (Macintosh; U; Intel Mac OS X; it-it) AppleWebKit/523.12 (KHTML, like Gecko) Version/3.0.4 Safari/523.12"
80.182.28.172 - - [25/Jan/2011:08:52:20 +0100] "GET /img/layout/header.gif HTTP/1.1" 200 15655 "http://www.aziendaitalia.com/" "Mozilla/5.0 (Macintosh; U; Intel Mac OS X; it-it) AppleWebKit/523.12 (KHTML, like Gecko) Version/3.0.4 Safari/523.12"
80.182.28.172 - - [25/Jan/2011:08:52:20 +0100] "GET /img/layout/menubar.gif HTTP/1.1" 200 1302 "http://www.aziendaitalia.com/" "Mozilla/5.0 (Macintosh; U; Intel Mac OS X; it-it) AppleWebKit/523.12 (KHTML, like Gecko) Version/3.0.4 Safari/523.12"
80.182.28.172 - - [25/Jan/2011:08:52:20 +0100] "GET /img/layout/content_bg.gif HTTP/1.1" 200 238 "http://www.aziendaitalia.com/" "Mozilla/5.0 (Macintosh; U; Intel Mac OS X; it-it) AppleWebKit/523.12 (KHTML, like Gecko) Version/3.0.4 Safari/523.12"
80.182.28.172 - - [25/Jan/2011:08:52:20 +0100] "GET /img/layout/bg_homepage_category_buttons.gif HTTP/1.1" 200 23956 "http://www.aziendaitalia.com/" "Mozilla/5.0 (Macintosh; U; Intel Mac OS X; it-it) AppleWebKit/523.12 (KHTML, like Gecko) Version/3.0.4 Safari/523.12"
80.182.28.172 - - [25/Jan/2011:08:52:20 +0100] "GET /img/layout/bg_button_search.gif HTTP/1.1" 200 614 "http://www.aziendaitalia.com/" "Mozilla/5.0 (Macintosh; U; Intel Mac OS X; it-it) AppleWebKit/523.12 (KHTML, like Gecko) Version/3.0.4 Safari/523.12"
80.182.28.172 - - [25/Jan/2011:08:52:20 +0100] "GET /img/layout/tooltip.png HTTP/1.1" 200 3337 "http://www.aziendaitalia.com/" "Mozilla/5.0 (Macintosh; U; Intel Mac OS X; it-it) AppleWebKit/523.12 (KHTML, like Gecko) Version/3.0.4 Safari/523.12"
67.195.115.117 - - [25/Jan/2011:08:52:48 +0100] "GET /annunci/nord-italia/treviso/7496.htm HTTP/1.0" 200 3272 "-" "Mozilla/5.0 (compatible; Yahoo! Slurp; http://help.yahoo.com/help/us/ysearch/slurp)"
80.182.28.172 - - [25/Jan/2011:08:52:49 +0100] "GET /attivita-in-vendita/ HTTP/1.1" 200 2294 "http://www.aziendaitalia.com/" "Mozilla/5.0 (Macintosh; U; Intel Mac OS X; it-it) AppleWebKit/523.12 (KHTML, like Gecko) Version/3.0.4 Safari/523.12"
80.182.28.172 - - [25/Jan/2011:08:52:49 +0100] "GET /css/style.css HTTP/1.1" 200 3366 "http://www.aziendaitalia.com/attivita-in-vendita/" "Mozilla/5.0 (Macintosh; U; Intel Mac OS X; it-it) AppleWebKit/523.12 (KHTML, like Gecko) Version/3.0.4 Safari/523.12"
80.182.28.172 - - [25/Jan/2011:08:52:49 +0100] "GET /img/thumb/phpThumb.php?src=/admin/img/1283511116_5135-4001Y-A.JPG&w=148&h=138&zc=1&q=90 HTTP/1.1" 200 9692 "http://www.aziendaitalia.com/attivita-in-vendita/" "Mozilla/5.0 (Macintosh; U; Intel Mac OS X; it-it) AppleWebKit/523.12 (KHTML, like Gecko) Version/3.0.4 Safari/523.12"
80.182.28.172 - - [25/Jan/2011:08:52:49 +0100] "GET /img/layout/bg_wrapper_sub.gif HTTP/1.1" 200 102 "http://www.aziendaitalia.com/attivita-in-vendita/" "Mozilla/5.0 (Macintosh; U; Intel Mac OS X; it-it) AppleWebKit/523.12 (KHTML, like Gecko) Version/3.0.4 Safari/523.12"
80.182.28.172 - - [25/Jan/2011:08:52:49 +0100] "GET /img/layout/dot.png HTTP/1.1" 200 2899 "http://www.aziendaitalia.com/attivita-in-vendita/" "Mozilla/5.0 (Macintosh; U; Intel Mac OS X; it-it) AppleWebKit/523.12 (KHTML, like Gecko) Version/3.0.4 Safari/523.12"
80.182.28.172 - - [25/Jan/2011:08:52:49 +0100] "GET /img/thumb/phpThumb.php?src=/admin/img/1295368730_5945-6289D-A.JPG&w=148&h=138&zc=1&q=90 HTTP/1.1" 200 9397 "http://www.aziendaitalia.com/attivita-in-vendita/" "Mozilla/5.0 (Macintosh; U; Intel Mac OS X; it-it) AppleWebKit/523.12 (KHTML, like Gecko) Version/3.0.4 Safari/523.12"
80.182.28.172 - - [25/Jan/2011:08:52:49 +0100] "GET /img/thumb/phpThumb.php?src=/admin/img/1284121274_8018-5308G-A.JPG&w=148&h=138&zc=1&q=90 HTTP/1.1" 200 7134 "http://www.aziendaitalia.com/attivita-in-vendita/" "Mozilla/5.0 (Macintosh; U; Intel Mac OS X; it-it) AppleWebKit/523.12 (KHTML, like Gecko) Version/3.0.4 Safari/523.12"
80.182.28.172 - - [25/Jan/2011:08:52:50 +0100] "GET /img/layout/bg_sidebar_separator.gif HTTP/1.1" 200 106 "http://www.aziendaitalia.com/attivita-in-vendita/" "Mozilla/5.0 (Macintosh; U; Intel Mac OS X; it-it) AppleWebKit/523.12 (KHTML, like Gecko) Version/3.0.4 Safari/523.12"
72.5.230.111 - - [25/Jan/2011:08:53:14 +0100] "HEAD / HTTP/1.1" 200 - "-" "Site 24 X 7"
80.182.28.172 - - [25/Jan/2011:08:53:15 +0100] "GET /attivita-in-vendita/estero_n2.html HTTP/1.1" 200 1873 "http://www.aziendaitalia.com/attivita-in-vendita/" "Mozilla/5.0 (Macintosh; U; Intel Mac OS X; it-it) AppleWebKit/523.12 (KHTML, like Gecko) Version/3.0.4 Safari/523.12"
80.182.28.172 - - [25/Jan/2011:08:53:15 +0100] "GET /css/style.css HTTP/1.1" 200 3366 "http://www.aziendaitalia.com/attivita-in-vendita/estero_n2.html" "Mozilla/5.0 (Macintosh; U; Intel Mac OS X; it-it) AppleWebKit/523.12 (KHTML, like Gecko) Version/3.0.4 Safari/523.12"
80.182.28.172 - - [25/Jan/2011:08:53:38 +0100] "GET /immobili-in-vendita/estero_n2.html HTTP/1.1" 200 2093 "http://www.aziendaitalia.com/attivita-in-vendita/estero_n2.html" "Mozilla/5.0 (Macintosh; U; Intel Mac OS X; it-it) AppleWebKit/523.12 (KHTML, like Gecko) Version/3.0.4 Safari/523.12"
80.182.28.172 - - [25/Jan/2011:08:53:38 +0100] "GET /css/style.css HTTP/1.1" 200 3366 "http://www.aziendaitalia.com/immobili-in-vendita/estero_n2.html" "Mozilla/5.0 (Macintosh; U; Intel Mac OS X; it-it) AppleWebKit/523.12 (KHTML, like Gecko) Version/3.0.4 Safari/523.12"
80.182.28.172 - - [25/Jan/2011:08:53:38 +0100] "GET /img/thumb/phpThumb.php?src=/admin/img/1284037420_5234-9196A-A.jpg&w=148&h=138&zc=1&q=90 HTTP/1.1" 200 7470 "http://www.aziendaitalia.com/immobili-in-vendita/estero_n2.html" "Mozilla/5.0 (Macintosh; U; Intel Mac OS X; it-it) AppleWebKit/523.12 (KHTML, like Gecko) Version/3.0.4 Safari/523.12"
80.182.28.172 - - [25/Jan/2011:08:53:38 +0100] "GET /img/thumb/phpThumb.php?src=/admin/img/1286828696_70279453za.jpg&w=148&h=138&zc=1&q=90 HTTP/1.1" 200 11340 "http://www.aziendaitalia.com/immobili-in-vendita/estero_n2.html" "Mozilla/5.0 (Macintosh; U; Intel Mac OS X; it-it) AppleWebKit/523.12 (KHTML, like Gecko) Version/3.0.4 Safari/523.12"
80.182.28.172 - - [25/Jan/2011:08:53:38 +0100] "GET /img/thumb/phpThumb.php?src=/admin/img/1285335951_7335-4350X-A.JPG&w=148&h=138&zc=1&q=90 HTTP/1.1" 200 8495 "http://www.aziendaitalia.com/immobili-in-vendita/estero_n2.html" "Mozilla/5.0 (Macintosh; U; Intel Mac OS X; it-it) AppleWebKit/523.12 (KHTML, like Gecko) Version/3.0.4 Safari/523.12"
178.154.161.29 - - [25/Jan/2011:08:53:50 +0100] "GET /attivita/attivita-da-rilevare.htm HTTP/1.1" 200 2259 "-" "Mozilla/5.0 (compatible; YandexBot/3.0; +http://yandex.com/bots)"
80.182.28.172 - - [25/Jan/2011:08:53:53 +0100] "GET /immobili-in-vendita/i295.html HTTP/1.1" 200 2888 "http://www.aziendaitalia.com/immobili-in-vendita/estero_n2.html" "Mozilla/5.0 (Macintosh; U; Intel Mac OS X; it-it) AppleWebKit/523.12 (KHTML, like Gecko) Version/3.0.4 Safari/523.12"
80.182.28.172 - - [25/Jan/2011:08:53:53 +0100] "GET /css/style.css HTTP/1.1" 200 3366 "http://www.aziendaitalia.com/immobili-in-vendita/i295.html" "Mozilla/5.0 (Macintosh; U; Intel Mac OS X; it-it) AppleWebKit/523.12 (KHTML, like Gecko) Version/3.0.4 Safari/523.12"
80.182.28.172 - - [25/Jan/2011:08:53:53 +0100] "GET /img/thumb/phpThumb.php?src=/admin/img/1285335951_7335-4350X-A.JPG&w=148&h=138&zc=1&q=90 HTTP/1.1" 200 8495 "http://www.aziendaitalia.com/immobili-in-vendita/i295.html" "Mozilla/5.0 (Macintosh; U; Intel Mac OS X; it-it) AppleWebKit/523.12 (KHTML, like Gecko) Version/3.0.4 Safari/523.12"
80.182.28.172 - - [25/Jan/2011:08:53:53 +0100] "GET /img/thumb/phpThumb.php?src=/admin/img/1295264318_7335-4350X-B.jpg&w=148&h=138&zc=1&q=90 HTTP/1.1" 200 8450 "http://www.aziendaitalia.com/immobili-in-vendita/i295.html" "Mozilla/5.0 (Macintosh; U; Intel Mac OS X; it-it) AppleWebKit/523.12 (KHTML, like Gecko) Version/3.0.4 Safari/523.12"
80.182.28.172 - - [25/Jan/2011:08:53:53 +0100] "GET /img/thumb/phpThumb.php?src=/admin/img/1295264322_7335-4350X-C.jpg&w=148&h=138&zc=1&q=90 HTTP/1.1" 200 7388 "http://www.aziendaitalia.com/immobili-in-vendita/i295.html" "Mozilla/5.0 (Macintosh; U; Intel Mac OS X; it-it) AppleWebKit/523.12 (KHTML, like Gecko) Version/3.0.4 Safari/523.12"
80.182.28.172 - - [25/Jan/2011:08:53:53 +0100] "GET /img/thumb/phpThumb.php?src=/admin/img/1295264329_7335-4350X-E.jpg&w=148&h=138&zc=1&q=90 HTTP/1.1" 200 8214 "http://www.aziendaitalia.com/immobili-in-vendita/i295.html" "Mozilla/5.0 (Macintosh; U; Intel Mac OS X; it-it) AppleWebKit/523.12 (KHTML, like Gecko) Version/3.0.4 Safari/523.12"
80.182.28.172 - - [25/Jan/2011:08:53:53 +0100] "GET /img/thumb/phpThumb.php?src=/admin/img/1295264325_7335-4350X-D.jpg&w=148&h=138&zc=1&q=90 HTTP/1.1" 200 5599 "http://www.aziendaitalia.com/immobili-in-vendita/i295.html" "Mozilla/5.0 (Macintosh; U; Intel Mac OS X; it-it) AppleWebKit/523.12 (KHTML, like Gecko) Version/3.0.4 Safari/523.12"
72.5.230.111 - - [25/Jan/2011:08:54:14 +0100] "HEAD / HTTP/1.1" 200 - "-" "Site 24 X 7"
67.195.115.117 - - [25/Jan/2011:08:54:42 +0100] "GET /attivita/rilevare-aziende.htm HTTP/1.0" 200 2074 "-" "Mozilla/5.0 (compatible; Yahoo! Slurp; http://help.yahoo.com/help/us/ysearch/slurp)"
67.195.115.117 - - [25/Jan/2011:08:54:47 +0100] "GET /detail.cfm?ID=9985 HTTP/1.0" 301 281 "-" "Mozilla/5.0 (compatible; Yahoo! Slurp; http://help.yahoo.com/help/us/ysearch/slurp)"
67.195.115.117 - - [25/Jan/2011:08:54:47 +0100] "GET /?ID=9985 HTTP/1.0" 200 2648 "-" "Mozilla/5.0 (compatible; Yahoo! Slurp; http://help.yahoo.com/help/us/ysearch/slurp)"
80.182.28.172 - - [25/Jan/2011:08:55:00 +0100] "GET /immobili-in-vendita/unit%C3%A0-complessi-commerciali_estero_s5_n2.html HTTP/1.1" 200 2131 "http://www.aziendaitalia.com/immobili-in-vendita/estero_n2.html" "Mozilla/5.0 (Macintosh; U; Intel Mac OS X; it-it) AppleWebKit/523.12 (KHTML, like Gecko) Version/3.0.4 Safari/523.12"
80.182.28.172 - - [25/Jan/2011:08:55:00 +0100] "GET /css/style.css HTTP/1.1" 200 3366 "http://www.aziendaitalia.com/immobili-in-vendita/unit%C3%A0-complessi-commerciali_estero_s5_n2.html" "Mozilla/5.0 (Macintosh; U; Intel Mac OS X; it-it) AppleWebKit/523.12 (KHTML, like Gecko) Version/3.0.4 Safari/523.12"
80.182.28.172 - - [25/Jan/2011:08:55:00 +0100] "GET /img/thumb/phpThumb.php?src=/admin/img/1284037420_5234-9196A-A.jpg&w=148&h=138&zc=1&q=90 HTTP/1.1" 200 7470 "http://www.aziendaitalia.com/immobili-in-vendita/unit%C3%A0-complessi-commerciali_estero_s5_n2.html" "Mozilla/5.0 (Macintosh; U; Intel Mac OS X; it-it) AppleWebKit/523.12 (KHTML, like Gecko) Version/3.0.4 Safari/523.12"
80.182.28.172 - - [25/Jan/2011:08:55:00 +0100] "GET /img/thumb/phpThumb.php?src=/admin/img/1286828696_70279453za.jpg&w=148&h=138&zc=1&q=90 HTTP/1.1" 200 11340 "http://www.aziendaitalia.com/immobili-in-vendita/unit%C3%A0-complessi-commerciali_estero_s5_n2.html" "Mozilla/5.0 (Macintosh; U; Intel Mac OS X; it-it) AppleWebKit/523.12 (KHTML, like Gecko) Version/3.0.4 Safari/523.12"
80.182.28.172 - - [25/Jan/2011:08:55:00 +0100] "GET /img/thumb/phpThumb.php?src=/admin/img/1285335951_7335-4350X-A.JPG&w=148&h=138&zc=1&q=90 HTTP/1.1" 200 8495 "http://www.aziendaitalia.com/immobili-in-vendita/unit%C3%A0-complessi-commerciali_estero_s5_n2.html" "Mozilla/5.0 (Macintosh; U; Intel Mac OS X; it-it) AppleWebKit/523.12 (KHTML, like Gecko) Version/3.0.4 Safari/523.12"
80.182.28.172 - - [25/Jan/2011:08:55:13 +0100] "GET /immobili-in-vendita/a-milano_p6.html HTTP/1.1" 200 4570 "http://www.aziendaitalia.com/immobili-in-vendita/unit%C3%A0-complessi-commerciali_estero_s5_n2.html" "Mozilla/5.0 (Macintosh; U; Intel Mac OS X; it-it) AppleWebKit/523.12 (KHTML, like Gecko) Version/3.0.4 Safari/523.12"
80.182.28.172 - - [25/Jan/2011:08:55:13 +0100] "GET /css/style.css HTTP/1.1" 200 3366 "http://www.aziendaitalia.com/immobili-in-vendita/a-milano_p6.html" "Mozilla/5.0 (Macintosh; U; Intel Mac OS X; it-it) AppleWebKit/523.12 (KHTML, like Gecko) Version/3.0.4 Safari/523.12"
80.182.28.172 - - [25/Jan/2011:08:55:13 +0100] "GET /img/layout/italia/italynorth.gif HTTP/1.1" 200 3837 "http://www.aziendaitalia.com/immobili-in-vendita/a-milano_p6.html" "Mozilla/5.0 (Macintosh; U; Intel Mac OS X; it-it) AppleWebKit/523.12 (KHTML, like Gecko) Version/3.0.4 Safari/523.12"
72.5.230.111 - - [25/Jan/2011:08:55:14 +0100] "HEAD / HTTP/1.1" 200 - "-" "Site 24 X 7"
80.182.28.172 - - [25/Jan/2011:08:55:24 +0100] "GET /immobili-in-vendita/lombardia_r9.html HTTP/1.1" 200 4868 "http://www.aziendaitalia.com/immobili-in-vendita/a-milano_p6.html" "Mozilla/5.0 (Macintosh; U; Intel Mac OS X; it-it) AppleWebKit/523.12 (KHTML, like Gecko) Version/3.0.4 Safari/523.12"
80.182.28.172 - - [25/Jan/2011:08:55:24 +0100] "GET /css/style.css HTTP/1.1" 200 3366 "http://www.aziendaitalia.com/immobili-in-vendita/lombardia_r9.html" "Mozilla/5.0 (Macintosh; U; Intel Mac OS X; it-it) AppleWebKit/523.12 (KHTML, like Gecko) Version/3.0.4 Safari/523.12"
207.46.204.237 - - [25/Jan/2011:08:55:32 +0100] "GET /bancadati-categorie.php?idind=9&idcat=369 HTTP/1.1" 404 280 "-" "Mozilla/5.0 (compatible; bingbot/2.0; +http://www.bing.com/bingbot.htm)"
88.131.106.6 - - [25/Jan/2011:08:55:39 +0100] "GET /annunci/nord-italia/milano/4331.htm HTTP/1.0" 200 2689 "-" "Mozilla/5.0 (Windows; U; Windows NT 5.1; en-US) Speedy Spider (http://www.entireweb.com/about/search_tech/speedy_spider/)"
67.195.115.117 - - [25/Jan/2011:08:55:42 +0100] "GET /attivita-in-vendita/a-terni_p73.html?page=2 HTTP/1.0" 200 2828 "-" "Mozilla/5.0 (compatible; Yahoo! Slurp; http://help.yahoo.com/help/us/ysearch/slurp)"
80.182.28.172 - - [25/Jan/2011:08:56:04 +0100] "GET /immobili-in-vendita/lombardia_r9.html?page=2 HTTP/1.1" 200 4816 "http://www.aziendaitalia.com/immobili-in-vendita/lombardia_r9.html" "Mozilla/5.0 (Macintosh; U; Intel Mac OS X; it-it) AppleWebKit/523.12 (KHTML, like Gecko) Version/3.0.4 Safari/523.12"
80.182.28.172 - - [25/Jan/2011:08:56:04 +0100] "GET /css/style.css HTTP/1.1" 200 3366 "http://www.aziendaitalia.com/immobili-in-vendita/lombardia_r9.html?page=2" "Mozilla/5.0 (Macintosh; U; Intel Mac OS X; it-it) AppleWebKit/523.12 (KHTML, like Gecko) Version/3.0.4 Safari/523.12"
178.154.161.29 - - [25/Jan/2011:08:56:03 +0100] "GET /attivita-in-vendita/commercio-arredamento-articoli-per-la-casa_a-firenze_c6_p62.html HTTP/1.1" 200 2707 "-" "Mozilla/5.0 (compatible; YandexBot/3.0; +http://yandex.com/bots)"
67.195.115.117 - - [25/Jan/2011:08:56:10 +0100] "GET /annunci/nord-italia/brescia/9204.htm HTTP/1.0" 200 3097 "-" "Mozilla/5.0 (compatible; Yahoo! Slurp; http://help.yahoo.com/help/us/ysearch/slurp)"
72.5.230.111 - - [25/Jan/2011:08:56:15 +0100] "HEAD / HTTP/1.1" 200 - "-" "Site 24 X 7"
80.182.28.172 - - [25/Jan/2011:08:56:31 +0100] "GET /immobili-in-vendita/lombardia_r9.html?page=3 HTTP/1.1" 200 4770 "http://www.aziendaitalia.com/immobili-in-vendita/lombardia_r9.html?page=2" "Mozilla/5.0 (Macintosh; U; Intel Mac OS X; it-it) AppleWebKit/523.12 (KHTML, like Gecko) Version/3.0.4 Safari/523.12"
80.182.28.172 - - [25/Jan/2011:08:56:32 +0100] "GET /css/style.css HTTP/1.1" 200 3366 "http://www.aziendaitalia.com/immobili-in-vendita/lombardia_r9.html?page=3" "Mozilla/5.0 (Macintosh; U; Intel Mac OS X; it-it) AppleWebKit/523.12 (KHTML, like Gecko) Version/3.0.4 Safari/523.12"
88.131.106.5 - - [25/Jan/2011:08:57:10 +0100] "GET /bancadati-scheda.php?idreg=&idind=11&idcat=354&idazienda=13094 HTTP/1.0" 404 277 "-" "Mozilla/5.0 (Windows; U; Windows NT 5.1; en-US) Speedy Spider (http://www.entireweb.com/about/search_tech/speedy_spider/)"
80.182.28.172 - - [25/Jan/2011:08:57:11 +0100] "GET /immobili-in-vendita/lombardia_r9.html?page=4 HTTP/1.1" 200 4758 "http://www.aziendaitalia.com/immobili-in-vendita/lombardia_r9.html?page=3" "Mozilla/5.0 (Macintosh; U; Intel Mac OS X; it-it) AppleWebKit/523.12 (KHTML, like Gecko) Version/3.0.4 Safari/523.12"
80.182.28.172 - - [25/Jan/2011:08:57:11 +0100] "GET /css/style.css HTTP/1.1" 200 3366 "http://www.aziendaitalia.com/immobili-in-vendita/lombardia_r9.html?page=4" "Mozilla/5.0 (Macintosh; U; Intel Mac OS X; it-it) AppleWebKit/523.12 (KHTML, like Gecko) Version/3.0.4 Safari/523.12"
72.5.230.111 - - [25/Jan/2011:08:57:15 +0100] "HEAD / HTTP/1.1" 200 - "-" "Site 24 X 7"
80.182.28.172 - - [25/Jan/2011:08:57:26 +0100] "GET /immobili-in-vendita/lombardia_r9.html?page=5 HTTP/1.1" 200 4274 "http://www.aziendaitalia.com/immobili-in-vendita/lombardia_r9.html?page=4" "Mozilla/5.0 (Macintosh; U; Intel Mac OS X; it-it) AppleWebKit/523.12 (KHTML, like Gecko) Version/3.0.4 Safari/523.12"
80.182.28.172 - - [25/Jan/2011:08:57:26 +0100] "GET /css/style.css HTTP/1.1" 200 3366 "http://www.aziendaitalia.com/immobili-in-vendita/lombardia_r9.html?page=5" "Mozilla/5.0 (Macintosh; U; Intel Mac OS X; it-it) AppleWebKit/523.12 (KHTML, like Gecko) Version/3.0.4 Safari/523.12"
66.249.71.212 - - [25/Jan/2011:08:57:28 +0100] "GET /attivita/societa-vendita-beni-fallimentari-e-ritiri-leasing.htm HTTP/1.1" 304 - "-" "Mozilla/5.0 (compatible; Googlebot/2.1; +http://www.google.com/bot.html)"
67.195.115.117 - - [25/Jan/2011:08:57:34 +0100] "GET /RESULTS.CFM?PageNum_getList=33 HTTP/1.0" 404 274 "-" "Mozilla/5.0 (compatible; Yahoo! Slurp; http://help.yahoo.com/help/us/ysearch/slurp)"
93.32.191.132 - - [25/Jan/2011:08:57:38 +0100] "GET / HTTP/1.1" 200 2648 "http://www.google.it/search?source=ig&hl=it&rlz=1G1GGLQ_ITIT350&=&q=aziende+in+vendita&aq=f&oq=" "Mozilla/5.0 (Macintosh; U; Intel Mac OS X 10.6; en-GB; rv:1.9.2.13) Gecko/20101203 Firefox/3.6.13"
79.4.242.48 - - [25/Jan/2011:08:57:42 +0100] "GET /annunci/nord-italia/torino/index.htm HTTP/1.1" 200 24566 "http://www.google.it/search?hl=it&source=hp&q=copisterie+a+torino+da+rilevare&btnG=Cerca+con+Google&aq=f&aqi=&aql=&oq=" "Mozilla/4.0 (compatible; MSIE 7.0; Windows NT 5.1; .NET CLR 1.1.4322; InfoPath.2)"
79.4.242.48 - - [25/Jan/2011:08:57:42 +0100] "GET /SSAzit.css HTTP/1.1" 404 272 "http://www.aziendaitalia.com/annunci/nord-italia/torino/index.htm" "Mozilla/4.0 (compatible; MSIE 7.0; Windows NT 5.1; .NET CLR 1.1.4322; InfoPath.2)"
79.4.242.48 - - [25/Jan/2011:08:57:42 +0100] "GET /images/test.gif HTTP/1.1" 404 274 "http://www.aziendaitalia.com/annunci/nord-italia/torino/index.htm" "Mozilla/4.0 (compatible; MSIE 7.0; Windows NT 5.1; .NET CLR 1.1.4322; InfoPath.2)"
79.4.242.48 - - [25/Jan/2011:08:57:42 +0100] "GET /spacer.gif HTTP/1.1" 404 271 "http://www.aziendaitalia.com/annunci/nord-italia/torino/index.htm" "Mozilla/4.0 (compatible; MSIE 7.0; Windows NT 5.1; .NET CLR 1.1.4322; InfoPath.2)"
79.4.242.48 - - [25/Jan/2011:08:57:42 +0100] "GET /images/banca.jpg HTTP/1.1" 200 9940 "http://www.aziendaitalia.com/annunci/nord-italia/torino/index.htm" "Mozilla/4.0 (compatible; MSIE 7.0; Windows NT 5.1; .NET CLR 1.1.4322; InfoPath.2)"
79.4.242.48 - - [25/Jan/2011:08:57:42 +0100] "GET /images/N_verde.png HTTP/1.1" 200 5252 "http://www.aziendaitalia.com/annunci/nord-italia/torino/index.htm" "Mozilla/4.0 (compatible; MSIE 7.0; Windows NT 5.1; .NET CLR 1.1.4322; InfoPath.2)"
79.4.242.48 - - [25/Jan/2011:08:57:43 +0100] "GET /favicon.ico HTTP/1.1" 200 1406 "-" "Mozilla/4.0 (compatible; MSIE 7.0; Windows NT 5.1; .NET CLR 1.1.4322; InfoPath.2)"
80.182.28.172 - - [25/Jan/2011:08:57:52 +0100] "GET /immobili-in-vendita/lombardia_r9.html?page=4 HTTP/1.1" 200 4758 "http://www.aziendaitalia.com/immobili-in-vendita/lombardia_r9.html?page=5" "Mozilla/5.0 (Macintosh; U; Intel Mac OS X; it-it) AppleWebKit/523.12 (KHTML, like Gecko) Version/3.0.4 Safari/523.12"
80.182.28.172 - - [25/Jan/2011:08:57:52 +0100] "GET /css/style.css HTTP/1.1" 200 3366 "http://www.aziendaitalia.com/immobili-in-vendita/lombardia_r9.html?page=4" "Mozilla/5.0 (Macintosh; U; Intel Mac OS X; it-it) AppleWebKit/523.12 (KHTML, like Gecko) Version/3.0.4 Safari/523.12"
80.182.28.172 - - [25/Jan/2011:08:58:10 +0100] "GET /immobili-in-vendita/lombardia_r9.html?page=5 HTTP/1.1" 200 4274 "http://www.aziendaitalia.com/immobili-in-vendita/lombardia_r9.html?page=4" "Mozilla/5.0 (Macintosh; U; Intel Mac OS X; it-it) AppleWebKit/523.12 (KHTML, like Gecko) Version/3.0.4 Safari/523.12"
80.182.28.172 - - [25/Jan/2011:08:58:10 +0100] "GET /css/style.css HTTP/1.1" 200 3366 "http://www.aziendaitalia.com/immobili-in-vendita/lombardia_r9.html?page=5" "Mozilla/5.0 (Macintosh; U; Intel Mac OS X; it-it) AppleWebKit/523.12 (KHTML, like Gecko) Version/3.0.4 Safari/523.12"
72.5.230.111 - - [25/Jan/2011:08:58:16 +0100] "HEAD / HTTP/1.1" 200 - "-" "Site 24 X 7"
178.154.161.29 - - [25/Jan/2011:08:58:18 +0100] "GET /attivita-in-vendita/nidi-d-infanzia_a-milano_s309_p6.html HTTP/1.1" 200 2689 "-" "Mozilla/5.0 (compatible; YandexBot/3.0; +http://yandex.com/bots)"
80.182.28.172 - - [25/Jan/2011:08:58:25 +0100] "GET /immobili-in-vendita/lombardia_r9.html?page=3 HTTP/1.1" 200 4770 "-" "Mozilla/5.0 (Macintosh; U; Intel Mac OS X; it-it) AppleWebKit/523.12 (KHTML, like Gecko) Version/3.0.4 Safari/523.12"
80.182.28.172 - - [25/Jan/2011:08:58:26 +0100] "GET /immobili-in-vendita/lombardia_r9.html?page=2 HTTP/1.1" 200 4816 "-" "Mozilla/5.0 (Macintosh; U; Intel Mac OS X; it-it) AppleWebKit/523.12 (KHTML, like Gecko) Version/3.0.4 Safari/523.12"
207.46.195.237 - - [25/Jan/2011:08:58:26 +0100] "GET /bancadati-scheda.php?idreg=1&idind=&idcat=&idazienda=7570 HTTP/1.1" 404 277 "-" "Mozilla/5.0 (compatible; bingbot/2.0; +http://www.bing.com/bingbot.htm)"
80.182.28.172 - - [25/Jan/2011:08:58:27 +0100] "GET /css/style.css HTTP/1.1" 200 3366 "http://www.aziendaitalia.com/immobili-in-vendita/lombardia_r9.html?page=2" "Mozilla/5.0 (Macintosh; U; Intel Mac OS X; it-it) AppleWebKit/523.12 (KHTML, like Gecko) Version/3.0.4 Safari/523.12"
66.249.71.212 - - [25/Jan/2011:08:58:31 +0100] "GET /attivita-in-vendita/apparecchiature-per-aria-condizionata-riscaldamento-ad-aria_estero_s470_n2.html?page=49 HTTP/1.1" 200 1778 "-" "Mozilla/5.0 (compatible; Googlebot/2.1; +http://www.google.com/bot.html)"
66.249.71.212 - - [25/Jan/2011:08:58:32 +0100] "GET /attivita-in-vendita/locali-ritrovi-discoteche_estero_s160_n2.html?page=36 HTTP/1.1" 200 1948 "-" "Mozilla/5.0 (compatible; Googlebot/2.1; +http://www.google.com/bot.html)"
80.182.28.172 - - [25/Jan/2011:08:58:32 +0100] "GET /immobili-in-vendita/lombardia_r9.html HTTP/1.1" 200 4868 "-" "Mozilla/5.0 (Macintosh; U; Intel Mac OS X; it-it) AppleWebKit/523.12 (KHTML, like Gecko) Version/3.0.4 Safari/523.12"
66.249.71.212 - - [25/Jan/2011:08:58:32 +0100] "GET /attivita-in-vendita/prodotti-manufatti-n-a-c-_estero_s520_n2.html?page=36 HTTP/1.1" 200 1720 "-" "Mozilla/5.0 (compatible; Googlebot/2.1; +http://www.google.com/bot.html)"
80.182.28.172 - - [25/Jan/2011:08:58:32 +0100] "GET /css/style.css HTTP/1.1" 200 3366 "http://www.aziendaitalia.com/immobili-in-vendita/lombardia_r9.html" "Mozilla/5.0 (Macintosh; U; Intel Mac OS X; it-it) AppleWebKit/523.12 (KHTML, like Gecko) Version/3.0.4 Safari/523.12"
80.182.28.172 - - [25/Jan/2011:08:58:32 +0100] "GET /immobili-in-vendita/a-milano_p6.html HTTP/1.1" 200 4570 "-" "Mozilla/5.0 (Macintosh; U; Intel Mac OS X; it-it) AppleWebKit/523.12 (KHTML, like Gecko) Version/3.0.4 Safari/523.12"
80.182.28.172 - - [25/Jan/2011:08:58:32 +0100] "GET /css/style.css HTTP/1.1" 200 3366 "http://www.aziendaitalia.com/immobili-in-vendita/a-milano_p6.html" "Mozilla/5.0 (Macintosh; U; Intel Mac OS X; it-it) AppleWebKit/523.12 (KHTML, like Gecko) Version/3.0.4 Safari/523.12"
80.182.28.172 - - [25/Jan/2011:08:58:36 +0100] "GET /immobili-in-vendita/unit%C3%A0-complessi-commerciali_estero_s5_n2.html HTTP/1.1" 200 2131 "-" "Mozilla/5.0 (Macintosh; U; Intel Mac OS X; it-it) AppleWebKit/523.12 (KHTML, like Gecko) Version/3.0.4 Safari/523.12"
80.182.28.172 - - [25/Jan/2011:08:58:36 +0100] "GET /css/style.css HTTP/1.1" 200 3366 "http://www.aziendaitalia.com/immobili-in-vendita/unit%C3%A0-complessi-commerciali_estero_s5_n2.html" "Mozilla/5.0 (Macintosh; U; Intel Mac OS X; it-it) AppleWebKit/523.12 (KHTML, like Gecko) Version/3.0.4 Safari/523.12"
80.182.28.172 - - [25/Jan/2011:08:58:36 +0100] "GET /img/thumb/phpThumb.php?src=/admin/img/1284037420_5234-9196A-A.jpg&w=148&h=138&zc=1&q=90 HTTP/1.1" 200 7470 "http://www.aziendaitalia.com/immobili-in-vendita/unit%C3%A0-complessi-commerciali_estero_s5_n2.html" "Mozilla/5.0 (Macintosh; U; Intel Mac OS X; it-it) AppleWebKit/523.12 (KHTML, like Gecko) Version/3.0.4 Safari/523.12"
80.182.28.172 - - [25/Jan/2011:08:58:36 +0100] "GET /img/thumb/phpThumb.php?src=/admin/img/1286828696_70279453za.jpg&w=148&h=138&zc=1&q=90 HTTP/1.1" 200 11340 "http://www.aziendaitalia.com/immobili-in-vendita/unit%C3%A0-complessi-commerciali_estero_s5_n2.html" "Mozilla/5.0 (Macintosh; U; Intel Mac OS X; it-it) AppleWebKit/523.12 (KHTML, like Gecko) Version/3.0.4 Safari/523.12"
80.182.28.172 - - [25/Jan/2011:08:58:36 +0100] "GET /img/thumb/phpThumb.php?src=/admin/img/1285335951_7335-4350X-A.JPG&w=148&h=138&zc=1&q=90 HTTP/1.1" 200 8495 "http://www.aziendaitalia.com/immobili-in-vendita/unit%C3%A0-complessi-commerciali_estero_s5_n2.html" "Mozilla/5.0 (Macintosh; U; Intel Mac OS X; it-it) AppleWebKit/523.12 (KHTML, like Gecko) Version/3.0.4 Safari/523.12"
80.182.28.172 - - [25/Jan/2011:08:58:37 +0100] "GET /immobili-in-vendita/estero_n2.html HTTP/1.1" 200 2093 "-" "Mozilla/5.0 (Macintosh; U; Intel Mac OS X; it-it) AppleWebKit/523.12 (KHTML, like Gecko) Version/3.0.4 Safari/523.12"
80.182.28.172 - - [25/Jan/2011:08:58:38 +0100] "GET /css/style.css HTTP/1.1" 200 3366 "http://www.aziendaitalia.com/immobili-in-vendita/estero_n2.html" "Mozilla/5.0 (Macintosh; U; Intel Mac OS X; it-it) AppleWebKit/523.12 (KHTML, like Gecko) Version/3.0.4 Safari/523.12"
80.182.28.172 - - [25/Jan/2011:08:58:38 +0100] "GET /img/thumb/phpThumb.php?src=/admin/img/1284037420_5234-9196A-A.jpg&w=148&h=138&zc=1&q=90 HTTP/1.1" 200 7470 "http://www.aziendaitalia.com/immobili-in-vendita/estero_n2.html" "Mozilla/5.0 (Macintosh; U; Intel Mac OS X; it-it) AppleWebKit/523.12 (KHTML, like Gecko) Version/3.0.4 Safari/523.12"
80.182.28.172 - - [25/Jan/2011:08:58:38 +0100] "GET /img/thumb/phpThumb.php?src=/admin/img/1286828696_70279453za.jpg&w=148&h=138&zc=1&q=90 HTTP/1.1" 200 11340 "http://www.aziendaitalia.com/immobili-in-vendita/estero_n2.html" "Mozilla/5.0 (Macintosh; U; Intel Mac OS X; it-it) AppleWebKit/523.12 (KHTML, like Gecko) Version/3.0.4 Safari/523.12"
80.182.28.172 - - [25/Jan/2011:08:58:38 +0100] "GET /img/thumb/phpThumb.php?src=/admin/img/1285335951_7335-4350X-A.JPG&w=148&h=138&zc=1&q=90 HTTP/1.1" 200 8495 "http://www.aziendaitalia.com/immobili-in-vendita/estero_n2.html" "Mozilla/5.0 (Macintosh; U; Intel Mac OS X; it-it) AppleWebKit/523.12 (KHTML, like Gecko) Version/3.0.4 Safari/523.12"
80.182.28.172 - - [25/Jan/2011:08:58:39 +0100] "GET /attivita-in-vendita/estero_n2.html HTTP/1.1" 200 1873 "-" "Mozilla/5.0 (Macintosh; U; Intel Mac OS X; it-it) AppleWebKit/523.12 (KHTML, like Gecko) Version/3.0.4 Safari/523.12"
80.182.28.172 - - [25/Jan/2011:08:58:39 +0100] "GET /css/style.css HTTP/1.1" 200 3366 "http://www.aziendaitalia.com/attivita-in-vendita/estero_n2.html" "Mozilla/5.0 (Macintosh; U; Intel Mac OS X; it-it) AppleWebKit/523.12 (KHTML, like Gecko) Version/3.0.4 Safari/523.12"
80.182.28.172 - - [25/Jan/2011:08:58:41 +0100] "GET /attivita-in-vendita/ HTTP/1.1" 200 2294 "-" "Mozilla/5.0 (Macintosh; U; Intel Mac OS X; it-it) AppleWebKit/523.12 (KHTML, like Gecko) Version/3.0.4 Safari/523.12"
80.182.28.172 - - [25/Jan/2011:08:58:41 +0100] "GET /css/style.css HTTP/1.1" 200 3366 "http://www.aziendaitalia.com/attivita-in-vendita/" "Mozilla/5.0 (Macintosh; U; Intel Mac OS X; it-it) AppleWebKit/523.12 (KHTML, like Gecko) Version/3.0.4 Safari/523.12"
80.182.28.172 - - [25/Jan/2011:08:58:41 +0100] "GET /img/thumb/phpThumb.php?src=/admin/img/1283511116_5135-4001Y-A.JPG&w=148&h=138&zc=1&q=90 HTTP/1.1" 200 9692 "http://www.aziendaitalia.com/attivita-in-vendita/" "Mozilla/5.0 (Macintosh; U; Intel Mac OS X; it-it) AppleWebKit/523.12 (KHTML, like Gecko) Version/3.0.4 Safari/523.12"
80.182.28.172 - - [25/Jan/2011:08:58:41 +0100] "GET /img/thumb/phpThumb.php?src=/admin/img/1295368730_5945-6289D-A.JPG&w=148&h=138&zc=1&q=90 HTTP/1.1" 200 9397 "http://www.aziendaitalia.com/attivita-in-vendita/" "Mozilla/5.0 (Macintosh; U; Intel Mac OS X; it-it) AppleWebKit/523.12 (KHTML, like Gecko) Version/3.0.4 Safari/523.12"
80.182.28.172 - - [25/Jan/2011:08:58:41 +0100] "GET /img/thumb/phpThumb.php?src=/admin/img/1284121274_8018-5308G-A.JPG&w=148&h=138&zc=1&q=90 HTTP/1.1" 200 7134 "http://www.aziendaitalia.com/attivita-in-vendita/" "Mozilla/5.0 (Macintosh; U; Intel Mac OS X; it-it) AppleWebKit/523.12 (KHTML, like Gecko) Version/3.0.4 Safari/523.12"
80.182.28.172 - - [25/Jan/2011:08:58:42 +0100] "GET / HTTP/1.1" 200 2648 "-" "Mozilla/5.0 (Macintosh; U; Intel Mac OS X; it-it) AppleWebKit/523.12 (KHTML, like Gecko) Version/3.0.4 Safari/523.12"
80.182.28.172 - - [25/Jan/2011:08:58:42 +0100] "GET /css/style.css HTTP/1.1" 200 3366 "http://www.aziendaitalia.com/" "Mozilla/5.0 (Macintosh; U; Intel Mac OS X; it-it) AppleWebKit/523.12 (KHTML, like Gecko) Version/3.0.4 Safari/523.12"
88.131.106.6 - - [25/Jan/2011:08:58:49 +0100] "GET /bancadati-zone.php?idreg=3&idzona=153&idind=7 HTTP/1.0" 404 276 "-" "Mozilla/5.0 (Windows; U; Windows NT 5.1; en-US) Speedy Spider (http://www.entireweb.com/about/search_tech/speedy_spider/)"
93.32.191.132 - - [25/Jan/2011:08:58:49 +0100] "GET / HTTP/1.1" 200 2648 "http://www.google.it/search?source=ig&hl=it&rlz=1G1GGLQ_ITIT350&=&q=aziende+in+vendita&aq=f&oq=" "Mozilla/5.0 (Macintosh; U; Intel Mac OS X 10.6; en-GB; rv:1.9.2.13) Gecko/20101203 Firefox/3.6.13"
66.249.71.212 - - [25/Jan/2011:08:58:52 +0100] "GET /attivita-in-vendita/disinfezione-disinfestazione_norditalia_s250_mr1.html?page=35 HTTP/1.1" 200 2945 "-" "Mozilla/5.0 (compatible; Googlebot/2.1; +http://www.google.com/bot.html)"
66.249.71.212 - - [25/Jan/2011:08:58:53 +0100] "GET /attivita-in-vendita/fotocopie-riproduzioni-copisterie_isole_s248_mr4.html?page=35 HTTP/1.1" 200 2416 "-" "Mozilla/5.0 (compatible; Googlebot/2.1; +http://www.google.com/bot.html)"
66.249.71.212 - - [25/Jan/2011:08:58:54 +0100] "GET /attivita-in-vendita/bed-breakfast_suditalia_s153_mr3.html?page=27 HTTP/1.1" 200 2528 "-" "Mozilla/5.0 (compatible; Googlebot/2.1; +http://www.google.com/bot.html)"
