95.225.47.224 - - [25/Jan/2011:10:32:44 +0100] "GET /img/layout/tooltip.png HTTP/1.1" 304 - "http://www.aziendaitalia.com/?gclid=CMrOj7GG1aYCFUoKfAodIx7wMw" "Mozilla/4.0 (compatible; MSIE 6.0; Windows NT 5.1; SV1)"
95.225.47.224 - - [25/Jan/2011:10:32:44 +0100] "GET /img/layout/bg_button_search.gif HTTP/1.1" 304 - "http://www.aziendaitalia.com/?gclid=CMrOj7GG1aYCFUoKfAodIx7wMw" "Mozilla/4.0 (compatible; MSIE 6.0; Windows NT 5.1; SV1)"
95.225.47.224 - - [25/Jan/2011:10:32:45 +0100] "GET /img/layout/bg_homepage_category_buttons.gif HTTP/1.1" 304 - "http://www.aziendaitalia.com/?gclid=CMrOj7GG1aYCFUoKfAodIx7wMw" "Mozilla/4.0 (compatible; MSIE 6.0; Windows NT 5.1; SV1)"
93.66.92.95 - - [25/Jan/2011:10:32:46 +0100] "GET / HTTP/1.1" 200 2648 "http://www.google.it/search?hl=it&biw=1280&bih=648&q=vendere+con+azienda+italia%3F&aq=f&aqi=&aql=&oq=" "Mozilla/5.0 (Windows; U; Windows NT 6.0; it-IT) AppleWebKit/531.9 (KHTML, like Gecko) Version/4.0.3 Safari/531.9.1"
93.66.92.95 - - [25/Jan/2011:10:32:46 +0100] "GET /css/style.css HTTP/1.1" 200 3366 "http://www.aziendaitalia.com/" "Mozilla/5.0 (Windows; U; Windows NT 6.0; it-IT) AppleWebKit/531.9 (KHTML, like Gecko) Version/4.0.3 Safari/531.9.1"
93.66.92.95 - - [25/Jan/2011:10:32:46 +0100] "GET /js/jquery.pngfix.pack.js HTTP/1.1" 200 2485 "http://www.aziendaitalia.com/" "Mozilla/5.0 (Windows; U; Windows NT 6.0; it-IT) AppleWebKit/531.9 (KHTML, like Gecko) Version/4.0.3 Safari/531.9.1"
93.66.92.95 - - [25/Jan/2011:10:32:46 +0100] "GET /js/general.js HTTP/1.1" 200 5776 "http://www.aziendaitalia.com/" "Mozilla/5.0 (Windows; U; Windows NT 6.0; it-IT) AppleWebKit/531.9 (KHTML, like Gecko) Version/4.0.3 Safari/531.9.1"
93.66.92.95 - - [25/Jan/2011:10:32:46 +0100] "GET /js/jquery-1.4.2.min.js HTTP/1.1" 200 72174 "http://www.aziendaitalia.com/" "Mozilla/5.0 (Windows; U; Windows NT 6.0; it-IT) AppleWebKit/531.9 (KHTML, like Gecko) Version/4.0.3 Safari/531.9.1"
93.66.92.95 - - [25/Jan/2011:10:32:46 +0100] "GET /img/layout/header.gif HTTP/1.1" 200 15655 "http://www.aziendaitalia.com/" "Mozilla/5.0 (Windows; U; Windows NT 6.0; it-IT) AppleWebKit/531.9 (KHTML, like Gecko) Version/4.0.3 Safari/531.9.1"
93.66.92.95 - - [25/Jan/2011:10:32:46 +0100] "GET /img/layout/content_bg.gif HTTP/1.1" 200 238 "http://www.aziendaitalia.com/" "Mozilla/5.0 (Windows; U; Windows NT 6.0; it-IT) AppleWebKit/531.9 (KHTML, like Gecko) Version/4.0.3 Safari/531.9.1"
93.66.92.95 - - [25/Jan/2011:10:32:46 +0100] "GET /img/layout/menubar.gif HTTP/1.1" 200 1302 "http://www.aziendaitalia.com/" "Mozilla/5.0 (Windows; U; Windows NT 6.0; it-IT) AppleWebKit/531.9 (KHTML, like Gecko) Version/4.0.3 Safari/531.9.1"
93.66.92.95 - - [25/Jan/2011:10:32:46 +0100] "GET /img/layout/bg_button_search.gif HTTP/1.1" 200 614 "http://www.aziendaitalia.com/" "Mozilla/5.0 (Windows; U; Windows NT 6.0; it-IT) AppleWebKit/531.9 (KHTML, like Gecko) Version/4.0.3 Safari/531.9.1"
93.66.92.95 - - [25/Jan/2011:10:32:47 +0100] "GET /img/layout/tooltip.png HTTP/1.1" 200 3337 "http://www.aziendaitalia.com/" "Mozilla/5.0 (Windows; U; Windows NT 6.0; it-IT) AppleWebKit/531.9 (KHTML, like Gecko) Version/4.0.3 Safari/531.9.1"
93.66.92.95 - - [25/Jan/2011:10:32:47 +0100] "GET /img/layout/bg_homepage_category_buttons.gif HTTP/1.1" 200 23956 "http://www.aziendaitalia.com/" "Mozilla/5.0 (Windows; U; Windows NT 6.0; it-IT) AppleWebKit/531.9 (KHTML, like Gecko) Version/4.0.3 Safari/531.9.1"
93.66.92.95 - - [25/Jan/2011:10:32:47 +0100] "GET /favicon.ico HTTP/1.1" 200 1406 "http://www.aziendaitalia.com/" "Mozilla/5.0 (Windows; U; Windows NT 6.0; it-IT) AppleWebKit/531.9 (KHTML, like Gecko) Version/4.0.3 Safari/531.9.1"
82.63.164.22 - - [25/Jan/2011:10:32:49 +0100] "GET /cedere-attivita/analisi-della-azienda.html HTTP/1.1" 200 2035 "http://www.aziendaitalia.com/cedere-attivita/le-fasi-della-cessione.html" "Mozilla/4.0 (compatible; MSIE 6.0; Windows NT 5.1; GTB6.6; .NET CLR 2.0.50727)"
93.66.92.95 - - [25/Jan/2011:10:32:53 +0100] "GET /attivita-in-vendita/rivendita-negozi_m2.html HTTP/1.1" 200 3793 "http://www.aziendaitalia.com/" "Mozilla/5.0 (Windows; U; Windows NT 6.0; it-IT) AppleWebKit/531.9 (KHTML, like Gecko) Version/4.0.3 Safari/531.9.1"
93.66.92.95 - - [25/Jan/2011:10:32:53 +0100] "GET /css/style.css HTTP/1.1" 200 3366 "http://www.aziendaitalia.com/attivita-in-vendita/rivendita-negozi_m2.html" "Mozilla/5.0 (Windows; U; Windows NT 6.0; it-IT) AppleWebKit/531.9 (KHTML, like Gecko) Version/4.0.3 Safari/531.9.1"
93.66.92.95 - - [25/Jan/2011:10:32:53 +0100] "GET /img/layout/bg_wrapper_sub.gif HTTP/1.1" 200 102 "http://www.aziendaitalia.com/attivita-in-vendita/rivendita-negozi_m2.html" "Mozilla/5.0 (Windows; U; Windows NT 6.0; it-IT) AppleWebKit/531.9 (KHTML, like Gecko) Version/4.0.3 Safari/531.9.1"
93.66.92.95 - - [25/Jan/2011:10:32:53 +0100] "GET /img/layout/bg_sidebar_separator.gif HTTP/1.1" 200 106 "http://www.aziendaitalia.com/attivita-in-vendita/rivendita-negozi_m2.html" "Mozilla/5.0 (Windows; U; Windows NT 6.0; it-IT) AppleWebKit/531.9 (KHTML, like Gecko) Version/4.0.3 Safari/531.9.1"
93.66.92.95 - - [25/Jan/2011:10:32:53 +0100] "GET /img/layout/dot.png HTTP/1.1" 200 2899 "http://www.aziendaitalia.com/attivita-in-vendita/rivendita-negozi_m2.html" "Mozilla/5.0 (Windows; U; Windows NT 6.0; it-IT) AppleWebKit/531.9 (KHTML, like Gecko) Version/4.0.3 Safari/531.9.1"
67.195.115.117 - - [25/Jan/2011:10:32:53 +0100] "GET /attivita-in-vendita/industria-produzione-installatori-lavorazione_m6.html?page=4 HTTP/1.0" 200 4523 "-" "Mozilla/5.0 (compatible; Yahoo! Slurp; http://help.yahoo.com/help/us/ysearch/slurp)"
72.5.230.111 - - [25/Jan/2011:10:32:55 +0100] "HEAD / HTTP/1.1" 200 - "-" "Site 24 X 7"
93.66.92.95 - - [25/Jan/2011:10:32:57 +0100] "GET /attivita-in-vendita/rivendita-negozi_italia_m2_n1.html HTTP/1.1" 200 4376 "http://www.aziendaitalia.com/attivita-in-vendita/rivendita-negozi_m2.html" "Mozilla/5.0 (Windows; U; Windows NT 6.0; it-IT) AppleWebKit/531.9 (KHTML, like Gecko) Version/4.0.3 Safari/531.9.1"
93.66.92.95 - - [25/Jan/2011:10:32:57 +0100] "GET /css/style.css HTTP/1.1" 200 3366 "http://www.aziendaitalia.com/attivita-in-vendita/rivendita-negozi_italia_m2_n1.html" "Mozilla/5.0 (Windows; U; Windows NT 6.0; it-IT) AppleWebKit/531.9 (KHTML, like Gecko) Version/4.0.3 Safari/531.9.1"
93.66.92.95 - - [25/Jan/2011:10:32:57 +0100] "GET /img/layout/italia/italyoff.gif HTTP/1.1" 200 3852 "http://www.aziendaitalia.com/attivita-in-vendita/rivendita-negozi_italia_m2_n1.html" "Mozilla/5.0 (Windows; U; Windows NT 6.0; it-IT) AppleWebKit/531.9 (KHTML, like Gecko) Version/4.0.3 Safari/531.9.1"
109.115.180.175 - - [25/Jan/2011:10:33:01 +0100] "GET /cedere-attivita/?gclid=CKazrbmG1aYCFYMTfAod81fvMw HTTP/1.1" 200 3992 "http://www.google.it/aclk?sa=l&ai=CHXmzy5g-TZz5CIH9sgacr9k4w_qa1AH72oawF7XjqjUIABABKANQid-qtv7_____AWD9opqElBKgAYOcof4DyAEBqQLsEyUBqPK2PqoEG0_QF66pTaMcwTic1sJUVG5kc6vvieckB1GMqg&sig=AGiWqtyx_UFrAf0-8XF3NJfbG--78dEERg&adurl=http://www.aziendaitalia.com/cedere-attivita/&rct=j&q=agenzia%20vendita%20attivit%C3%A0%20commerciali&cad=rja" "Mozilla/5.0 (Windows; U; Windows NT 5.1; it; rv:1.9.2.2) Gecko/20100316 Firefox/3.6.2 (.NET CLR 3.5.30729)"
109.115.180.175 - - [25/Jan/2011:10:33:02 +0100] "GET /css/style.css HTTP/1.1" 200 3366 "http://www.aziendaitalia.com/cedere-attivita/?gclid=CKazrbmG1aYCFYMTfAod81fvMw" "Mozilla/5.0 (Windows; U; Windows NT 5.1; it; rv:1.9.2.2) Gecko/20100316 Firefox/3.6.2 (.NET CLR 3.5.30729)"
109.115.180.175 - - [25/Jan/2011:10:33:02 +0100] "GET /js/jquery-1.4.2.min.js HTTP/1.1" 200 72174 "http://www.aziendaitalia.com/cedere-attivita/?gclid=CKazrbmG1aYCFYMTfAod81fvMw" "Mozilla/5.0 (Windows; U; Windows NT 5.1; it; rv:1.9.2.2) Gecko/20100316 Firefox/3.6.2 (.NET CLR 3.5.30729)"
109.115.180.175 - - [25/Jan/2011:10:33:02 +0100] "GET /js/general.js HTTP/1.1" 200 5776 "http://www.aziendaitalia.com/cedere-attivita/?gclid=CKazrbmG1aYCFYMTfAod81fvMw" "Mozilla/5.0 (Windows; U; Windows NT 5.1; it; rv:1.9.2.2) Gecko/20100316 Firefox/3.6.2 (.NET CLR 3.5.30729)"
109.115.180.175 - - [25/Jan/2011:10:33:02 +0100] "GET /img/layout/header.gif HTTP/1.1" 200 15655 "http://www.aziendaitalia.com/css/style.css" "Mozilla/5.0 (Windows; U; Windows NT 5.1; it; rv:1.9.2.2) Gecko/20100316 Firefox/3.6.2 (.NET CLR 3.5.30729)"
109.115.180.175 - - [25/Jan/2011:10:33:02 +0100] "GET /img/layout/menubar.gif HTTP/1.1" 200 1302 "http://www.aziendaitalia.com/css/style.css" "Mozilla/5.0 (Windows; U; Windows NT 5.1; it; rv:1.9.2.2) Gecko/20100316 Firefox/3.6.2 (.NET CLR 3.5.30729)"
109.115.180.175 - - [25/Jan/2011:10:33:02 +0100] "GET /img/layout/bg_wrapper_sub.gif HTTP/1.1" 200 102 "http://www.aziendaitalia.com/css/style.css" "Mozilla/5.0 (Windows; U; Windows NT 5.1; it; rv:1.9.2.2) Gecko/20100316 Firefox/3.6.2 (.NET CLR 3.5.30729)"
109.115.180.175 - - [25/Jan/2011:10:33:02 +0100] "GET /img/layout/bg_sidebar_separator.gif HTTP/1.1" 200 106 "http://www.aziendaitalia.com/css/style.css" "Mozilla/5.0 (Windows; U; Windows NT 5.1; it; rv:1.9.2.2) Gecko/20100316 Firefox/3.6.2 (.NET CLR 3.5.30729)"
109.115.180.175 - - [25/Jan/2011:10:33:03 +0100] "GET /favicon.ico HTTP/1.1" 200 1406 "-" "Mozilla/5.0 (Windows; U; Windows NT 5.1; it; rv:1.9.2.2) Gecko/20100316 Firefox/3.6.2 (.NET CLR 3.5.30729)"
93.66.92.95 - - [25/Jan/2011:10:33:03 +0100] "GET /img/layout/italia/italynorth.gif HTTP/1.1" 200 3837 "http://www.aziendaitalia.com/attivita-in-vendita/rivendita-negozi_italia_m2_n1.html" "Mozilla/5.0 (Windows; U; Windows NT 6.0; it-IT) AppleWebKit/531.9 (KHTML, like Gecko) Version/4.0.3 Safari/531.9.1"
93.66.92.95 - - [25/Jan/2011:10:33:04 +0100] "GET /attivita-in-vendita/norditalia_mr1.html HTTP/1.1" 200 5127 "http://www.aziendaitalia.com/attivita-in-vendita/rivendita-negozi_italia_m2_n1.html" "Mozilla/5.0 (Windows; U; Windows NT 6.0; it-IT) AppleWebKit/531.9 (KHTML, like Gecko) Version/4.0.3 Safari/531.9.1"
93.66.92.95 - - [25/Jan/2011:10:33:04 +0100] "GET /css/style.css HTTP/1.1" 200 3366 "http://www.aziendaitalia.com/attivita-in-vendita/norditalia_mr1.html" "Mozilla/5.0 (Windows; U; Windows NT 6.0; it-IT) AppleWebKit/531.9 (KHTML, like Gecko) Version/4.0.3 Safari/531.9.1"
93.45.82.231 - - [25/Jan/2011:10:33:08 +0100] "GET /attivita-in-vendita/lazio_r7.html?page=10 HTTP/1.1" 200 4219 "http://www.aziendaitalia.com/attivita-in-vendita/lazio_r7.html?page=9" "Mozilla/4.0 (compatible; MSIE 8.0; Windows NT 5.1; Trident/4.0; GTB6; InfoPath.2; .NET CLR 2.0.50727; OfficeLiveConnector.1.3; OfficeLivePatch.0.0; .NET CLR 3.0.4506.2152; .NET CLR 3.5.30729)"
66.249.71.212 - - [25/Jan/2011:10:33:11 +0100] "GET /attivita-in-vendita/a3788.html HTTP/1.1" 200 2666 "-" "Mozilla/5.0 (compatible; Googlebot/2.1; +http://www.google.com/bot.html)"
93.66.92.95 - - [25/Jan/2011:10:33:15 +0100] "GET /attivita-in-vendita/a-varese_p19.html HTTP/1.1" 200 4431 "http://www.aziendaitalia.com/attivita-in-vendita/norditalia_mr1.html" "Mozilla/5.0 (Windows; U; Windows NT 6.0; it-IT) AppleWebKit/531.9 (KHTML, like Gecko) Version/4.0.3 Safari/531.9.1"
93.66.92.95 - - [25/Jan/2011:10:33:15 +0100] "GET /css/style.css HTTP/1.1" 200 3366 "http://www.aziendaitalia.com/attivita-in-vendita/a-varese_p19.html" "Mozilla/5.0 (Windows; U; Windows NT 6.0; it-IT) AppleWebKit/531.9 (KHTML, like Gecko) Version/4.0.3 Safari/531.9.1"
82.63.164.22 - - [25/Jan/2011:10:33:20 +0100] "GET /attivita-in-vendita/ HTTP/1.1" 200 2294 "http://www.aziendaitalia.com/cedere-attivita/analisi-della-azienda.html" "Mozilla/4.0 (compatible; MSIE 6.0; Windows NT 5.1; GTB6.6; .NET CLR 2.0.50727)"
82.63.164.22 - - [25/Jan/2011:10:33:20 +0100] "GET /img/thumb/phpThumb.php?src=/admin/img/1295368730_5945-6289D-A.JPG&w=148&h=138&zc=1&q=90 HTTP/1.1" 200 9397 "http://www.aziendaitalia.com/attivita-in-vendita/" "Mozilla/4.0 (compatible; MSIE 6.0; Windows NT 5.1; GTB6.6; .NET CLR 2.0.50727)"
82.63.164.22 - - [25/Jan/2011:10:33:20 +0100] "GET /img/thumb/phpThumb.php?src=/admin/img/1283511116_5135-4001Y-A.JPG&w=148&h=138&zc=1&q=90 HTTP/1.1" 200 9692 "http://www.aziendaitalia.com/attivita-in-vendita/" "Mozilla/4.0 (compatible; MSIE 6.0; Windows NT 5.1; GTB6.6; .NET CLR 2.0.50727)"
82.63.164.22 - - [25/Jan/2011:10:33:20 +0100] "GET /img/thumb/phpThumb.php?src=/admin/img/1284121274_8018-5308G-A.JPG&w=148&h=138&zc=1&q=90 HTTP/1.1" 200 7134 "http://www.aziendaitalia.com/attivita-in-vendita/" "Mozilla/4.0 (compatible; MSIE 6.0; Windows NT 5.1; GTB6.6; .NET CLR 2.0.50727)"
82.63.164.22 - - [25/Jan/2011:10:33:21 +0100] "GET /img/layout/dot.png HTTP/1.1" 200 2899 "http://www.aziendaitalia.com/attivita-in-vendita/" "Mozilla/4.0 (compatible; MSIE 6.0; Windows NT 5.1; GTB6.6; .NET CLR 2.0.50727)"
93.66.92.95 - - [25/Jan/2011:10:33:27 +0100] "GET /attivita-in-vendita/a-varese_p19.html HTTP/1.1" 200 4431 "http://www.aziendaitalia.com/attivita-in-vendita/a-varese_p19.html" "Mozilla/5.0 (Windows; U; Windows NT 6.0; it-IT) AppleWebKit/531.9 (KHTML, like Gecko) Version/4.0.3 Safari/531.9.1"
93.66.92.95 - - [25/Jan/2011:10:33:27 +0100] "GET /css/style.css HTTP/1.1" 200 3366 "http://www.aziendaitalia.com/attivita-in-vendita/a-varese_p19.html" "Mozilla/5.0 (Windows; U; Windows NT 6.0; it-IT) AppleWebKit/531.9 (KHTML, like Gecko) Version/4.0.3 Safari/531.9.1"
93.45.82.231 - - [25/Jan/2011:10:33:31 +0100] "GET /attivita-in-vendita/a1329.html HTTP/1.1" 200 2681 "http://www.aziendaitalia.com/attivita-in-vendita/lazio_r7.html?page=10" "Mozilla/4.0 (compatible; MSIE 8.0; Windows NT 5.1; Trident/4.0; GTB6; InfoPath.2; .NET CLR 2.0.50727; OfficeLiveConnector.1.3; OfficeLivePatch.0.0; .NET CLR 3.0.4506.2152; .NET CLR 3.5.30729)"
93.45.82.231 - - [25/Jan/2011:10:33:31 +0100] "GET /img/thumb/phpThumb.php?src=/admin/img/1279788574_647-4504S-a1.gif&w=148&h=138&zc=1&q=90 HTTP/1.1" 200 5958 "http://www.aziendaitalia.com/attivita-in-vendita/a1329.html" "Mozilla/4.0 (compatible; MSIE 8.0; Windows NT 5.1; Trident/4.0; GTB6; InfoPath.2; .NET CLR 2.0.50727; OfficeLiveConnector.1.3; OfficeLivePatch.0.0; .NET CLR 3.0.4506.2152; .NET CLR 3.5.30729)"
93.45.82.231 - - [25/Jan/2011:10:33:31 +0100] "GET /img/thumb/phpThumb.php?src=/admin/img/1279788580_647-4504S-b1.gif&w=148&h=138&zc=1&q=90 HTTP/1.1" 200 8471 "http://www.aziendaitalia.com/attivita-in-vendita/a1329.html" "Mozilla/4.0 (compatible; MSIE 8.0; Windows NT 5.1; Trident/4.0; GTB6; InfoPath.2; .NET CLR 2.0.50727; OfficeLiveConnector.1.3; OfficeLivePatch.0.0; .NET CLR 3.0.4506.2152; .NET CLR 3.5.30729)"
93.45.82.231 - - [25/Jan/2011:10:33:31 +0100] "GET /img/thumb/phpThumb.php?src=/admin/img/1279788585_647-4504S-c1.gif&w=148&h=138&zc=1&q=90 HTTP/1.1" 200 8023 "http://www.aziendaitalia.com/attivita-in-vendita/a1329.html" "Mozilla/4.0 (compatible; MSIE 8.0; Windows NT 5.1; Trident/4.0; GTB6; InfoPath.2; .NET CLR 2.0.50727; OfficeLiveConnector.1.3; OfficeLivePatch.0.0; .NET CLR 3.0.4506.2152; .NET CLR 3.5.30729)"
93.45.82.231 - - [25/Jan/2011:10:33:31 +0100] "GET /img/thumb/phpThumb.php?src=/admin/img/1279788590_647-4504S-d1.gif&w=148&h=138&zc=1&q=90 HTTP/1.1" 200 6350 "http://www.aziendaitalia.com/attivita-in-vendita/a1329.html" "Mozilla/4.0 (compatible; MSIE 8.0; Windows NT 5.1; Trident/4.0; GTB6; InfoPath.2; .NET CLR 2.0.50727; OfficeLiveConnector.1.3; OfficeLivePatch.0.0; .NET CLR 3.0.4506.2152; .NET CLR 3.5.30729)"
82.63.164.22 - - [25/Jan/2011:10:33:36 +0100] "GET /attivita-in-vendita/a-padova_p65.html HTTP/1.1" 200 4353 "http://www.aziendaitalia.com/attivita-in-vendita/" "Mozilla/4.0 (compatible; MSIE 6.0; Windows NT 5.1; GTB6.6; .NET CLR 2.0.50727)"
82.63.164.22 - - [25/Jan/2011:10:33:36 +0100] "GET /img/layout/italia/italynorth.gif HTTP/1.1" 200 3837 "http://www.aziendaitalia.com/attivita-in-vendita/a-padova_p65.html" "Mozilla/4.0 (compatible; MSIE 6.0; Windows NT 5.1; GTB6.6; .NET CLR 2.0.50727)"
93.66.92.95 - - [25/Jan/2011:10:33:48 +0100] "GET /attivita-in-vendita/a3645.html HTTP/1.1" 200 2575 "http://www.aziendaitalia.com/attivita-in-vendita/a-varese_p19.html" "Mozilla/5.0 (Windows; U; Windows NT 6.0; it-IT) AppleWebKit/531.9 (KHTML, like Gecko) Version/4.0.3 Safari/531.9.1"
93.66.92.95 - - [25/Jan/2011:10:33:48 +0100] "GET /css/style.css HTTP/1.1" 200 3366 "http://www.aziendaitalia.com/attivita-in-vendita/a3645.html" "Mozilla/5.0 (Windows; U; Windows NT 6.0; it-IT) AppleWebKit/531.9 (KHTML, like Gecko) Version/4.0.3 Safari/531.9.1"
217.133.16.89 - - [25/Jan/2011:10:33:56 +0100] "GET /cedere-attivita/?gclid=CMa-jtOG1aYCFYIlfAod_grLOQ HTTP/1.1" 200 3990 "http://www.google.it/aclk?sa=l&ai=CiO4T75g-TaaLJc2LOu7usB3D-prUAYPXjLAXhZXxSAgAEAEoA1CJ36q2_v____8BYP2CgIDoEKABg5yh_gPIAQGpAkeUNEZ957Y-qgQbT9A0_ZcTpKGoHyu1EgloXbh1-IL_9DWEqdtC&sig=AGiWqtwxKZph35o5_PbzNrazyImgO04Y5A&adurl=http://www.aziendaitalia.com/cedere-attivita/&rct=j&q=vendo%20albergo%20in%20montagna" "Mozilla/4.0 (compatible; MSIE 8.0; Windows NT 5.1; Trident/4.0; InfoPath.2; .NET CLR 2.0.50727; OfficeLiveConnector.1.3; OfficeLivePatch.0.0; .NET CLR 3.0.4506.2152; .NET CLR 3.5.30729)"
72.5.230.111 - - [25/Jan/2011:10:33:56 +0100] "HEAD / HTTP/1.1" 200 - "-" "Site 24 X 7"
217.133.16.89 - - [25/Jan/2011:10:33:56 +0100] "GET /css/style.css HTTP/1.1" 200 3366 "http://www.aziendaitalia.com/cedere-attivita/?gclid=CMa-jtOG1aYCFYIlfAod_grLOQ" "Mozilla/4.0 (compatible; MSIE 8.0; Windows NT 5.1; Trident/4.0; InfoPath.2; .NET CLR 2.0.50727; OfficeLiveConnector.1.3; OfficeLivePatch.0.0; .NET CLR 3.0.4506.2152; .NET CLR 3.5.30729)"
217.133.16.89 - - [25/Jan/2011:10:33:56 +0100] "GET /js/jquery-1.4.2.min.js HTTP/1.1" 200 72174 "http://www.aziendaitalia.com/cedere-attivita/?gclid=CMa-jtOG1aYCFYIlfAod_grLOQ" "Mozilla/4.0 (compatible; MSIE 8.0; Windows NT 5.1; Trident/4.0; InfoPath.2; .NET CLR 2.0.50727; OfficeLiveConnector.1.3; OfficeLivePatch.0.0; .NET CLR 3.0.4506.2152; .NET CLR 3.5.30729)"
217.133.16.89 - - [25/Jan/2011:10:33:57 +0100] "GET /js/general.js HTTP/1.1" 200 5776 "http://www.aziendaitalia.com/cedere-attivita/?gclid=CMa-jtOG1aYCFYIlfAod_grLOQ" "Mozilla/4.0 (compatible; MSIE 8.0; Windows NT 5.1; Trident/4.0; InfoPath.2; .NET CLR 2.0.50727; OfficeLiveConnector.1.3; OfficeLivePatch.0.0; .NET CLR 3.0.4506.2152; .NET CLR 3.5.30729)"
217.133.16.89 - - [25/Jan/2011:10:33:57 +0100] "GET /img/layout/menubar.gif HTTP/1.1" 200 1302 "http://www.aziendaitalia.com/cedere-attivita/?gclid=CMa-jtOG1aYCFYIlfAod_grLOQ" "Mozilla/4.0 (compatible; MSIE 8.0; Windows NT 5.1; Trident/4.0; InfoPath.2; .NET CLR 2.0.50727; OfficeLiveConnector.1.3; OfficeLivePatch.0.0; .NET CLR 3.0.4506.2152; .NET CLR 3.5.30729)"
217.133.16.89 - - [25/Jan/2011:10:33:57 +0100] "GET /img/layout/bg_wrapper_sub.gif HTTP/1.1" 200 102 "http://www.aziendaitalia.com/cedere-attivita/?gclid=CMa-jtOG1aYCFYIlfAod_grLOQ" "Mozilla/4.0 (compatible; MSIE 8.0; Windows NT 5.1; Trident/4.0; InfoPath.2; .NET CLR 2.0.50727; OfficeLiveConnector.1.3; OfficeLivePatch.0.0; .NET CLR 3.0.4506.2152; .NET CLR 3.5.30729)"
217.133.16.89 - - [25/Jan/2011:10:33:57 +0100] "GET /img/layout/header.gif HTTP/1.1" 200 15655 "http://www.aziendaitalia.com/cedere-attivita/?gclid=CMa-jtOG1aYCFYIlfAod_grLOQ" "Mozilla/4.0 (compatible; MSIE 8.0; Windows NT 5.1; Trident/4.0; InfoPath.2; .NET CLR 2.0.50727; OfficeLiveConnector.1.3; OfficeLivePatch.0.0; .NET CLR 3.0.4506.2152; .NET CLR 3.5.30729)"
217.133.16.89 - - [25/Jan/2011:10:33:57 +0100] "GET /img/layout/bg_sidebar_separator.gif HTTP/1.1" 200 106 "http://www.aziendaitalia.com/cedere-attivita/?gclid=CMa-jtOG1aYCFYIlfAod_grLOQ" "Mozilla/4.0 (compatible; MSIE 8.0; Windows NT 5.1; Trident/4.0; InfoPath.2; .NET CLR 2.0.50727; OfficeLiveConnector.1.3; OfficeLivePatch.0.0; .NET CLR 3.0.4506.2152; .NET CLR 3.5.30729)"
217.133.16.89 - - [25/Jan/2011:10:33:57 +0100] "GET /favicon.ico HTTP/1.1" 200 1406 "-" "Mozilla/4.0 (compatible; MSIE 8.0; Windows NT 5.1; Trident/4.0; InfoPath.2; .NET CLR 2.0.50727; OfficeLiveConnector.1.3; OfficeLivePatch.0.0; .NET CLR 3.0.4506.2152; .NET CLR 3.5.30729)"
82.63.164.22 - - [25/Jan/2011:10:33:59 +0100] "GET /attivita-in-vendita/a-treviso_p75.html HTTP/1.1" 200 4706 "http://www.aziendaitalia.com/attivita-in-vendita/a-padova_p65.html" "Mozilla/4.0 (compatible; MSIE 6.0; Windows NT 5.1; GTB6.6; .NET CLR 2.0.50727)"
178.154.161.29 - - [25/Jan/2011:10:34:06 +0100] "GET /attivita-in-vendita/alimentari-panifici-rivendite_a-torino_m4_p2.html HTTP/1.1" 200 4724 "-" "Mozilla/5.0 (compatible; YandexBot/3.0; +http://yandex.com/bots)"
93.45.82.231 - - [25/Jan/2011:10:34:08 +0100] "GET /attivita-in-vendita/lazio_r7.html?page=11 HTTP/1.1" 200 4588 "http://www.aziendaitalia.com/attivita-in-vendita/lazio_r7.html?page=10" "Mozilla/4.0 (compatible; MSIE 8.0; Windows NT 5.1; Trident/4.0; GTB6; InfoPath.2; .NET CLR 2.0.50727; OfficeLiveConnector.1.3; OfficeLivePatch.0.0; .NET CLR 3.0.4506.2152; .NET CLR 3.5.30729)"
217.133.16.89 - - [25/Jan/2011:10:34:09 +0100] "GET /about-us/unita-locali.html HTTP/1.1" 200 2140 "http://www.aziendaitalia.com/cedere-attivita/?gclid=CMa-jtOG1aYCFYIlfAod_grLOQ" "Mozilla/4.0 (compatible; MSIE 8.0; Windows NT 5.1; Trident/4.0; InfoPath.2; .NET CLR 2.0.50727; OfficeLiveConnector.1.3; OfficeLivePatch.0.0; .NET CLR 3.0.4506.2152; .NET CLR 3.5.30729)"
67.195.115.117 - - [25/Jan/2011:10:34:12 +0100] "GET /annunci/nord-italia/milano/10009.htm HTTP/1.0" 200 2779 "-" "Mozilla/5.0 (compatible; Yahoo! Slurp; http://help.yahoo.com/help/us/ysearch/slurp)"
79.4.86.126 - - [25/Jan/2011:10:34:12 +0100] "GET /vendere-negozi-firenze.php?gclid=CK2wgtuG1aYCFcULfAodrDsCNA HTTP/1.1" 200 3969 "http://case.trovit.it/index.php/cod.search_homes/type.8/what_d.richiesta%20firenze/" "Mozilla/4.0 (compatible; MSIE 7.0; Windows NT 5.1; Trident/4.0; .NET CLR 1.1.4322)"
79.4.86.126 - - [25/Jan/2011:10:34:12 +0100] "GET /css/style.css HTTP/1.1" 200 3366 "http://www.aziendaitalia.com/vendere-negozi-firenze.php?gclid=CK2wgtuG1aYCFcULfAodrDsCNA" "Mozilla/4.0 (compatible; MSIE 8.0; Windows NT 5.1; Trident/4.0; .NET CLR 1.1.4322)"
93.66.92.95 - - [25/Jan/2011:10:34:13 +0100] "GET /attivita-in-vendita/a-milano_p6.html HTTP/1.1" 200 4640 "http://www.aziendaitalia.com/attivita-in-vendita/a3645.html" "Mozilla/5.0 (Windows; U; Windows NT 6.0; it-IT) AppleWebKit/531.9 (KHTML, like Gecko) Version/4.0.3 Safari/531.9.1"
93.66.92.95 - - [25/Jan/2011:10:34:13 +0100] "GET /css/style.css HTTP/1.1" 200 3366 "http://www.aziendaitalia.com/attivita-in-vendita/a-milano_p6.html" "Mozilla/5.0 (Windows; U; Windows NT 6.0; it-IT) AppleWebKit/531.9 (KHTML, like Gecko) Version/4.0.3 Safari/531.9.1"
79.4.86.126 - - [25/Jan/2011:10:34:12 +0100] "GET /js/jquery-1.4.2.min.js HTTP/1.1" 200 72174 "http://www.aziendaitalia.com/vendere-negozi-firenze.php?gclid=CK2wgtuG1aYCFcULfAodrDsCNA" "Mozilla/4.0 (compatible; MSIE 8.0; Windows NT 5.1; Trident/4.0; .NET CLR 1.1.4322)"
79.4.86.126 - - [25/Jan/2011:10:34:14 +0100] "GET /js/general.js HTTP/1.1" 200 5776 "http://www.aziendaitalia.com/vendere-negozi-firenze.php?gclid=CK2wgtuG1aYCFcULfAodrDsCNA" "Mozilla/4.0 (compatible; MSIE 8.0; Windows NT 5.1; Trident/4.0; .NET CLR 1.1.4322)"
212.31.249.244 - - [25/Jan/2011:10:34:14 +0100] "GET /attivita-in-vendita/a2578.html HTTP/1.1" 200 2813 "-" "Mozilla/4.0 (compatible; MSIE 7.0; Windows NT 5.1; Trident/4.0; .NET CLR 1.1.4322; .NET CLR 2.0.50727; .NET CLR 3.0.4506.2152; .NET CLR 3.5.30729; InfoPath.1; OfficeLiveConnector.1.4; OfficeLivePatch.1.3)"
79.4.86.126 - - [25/Jan/2011:10:34:14 +0100] "GET /img/icona-negozi.jpg HTTP/1.1" 200 69156 "http://www.aziendaitalia.com/vendere-negozi-firenze.php?gclid=CK2wgtuG1aYCFcULfAodrDsCNA" "Mozilla/4.0 (compatible; MSIE 8.0; Windows NT 5.1; Trident/4.0; .NET CLR 1.1.4322)"
79.4.86.126 - - [25/Jan/2011:10:34:14 +0100] "GET /img/layout/menubar.gif HTTP/1.1" 200 1302 "http://www.aziendaitalia.com/vendere-negozi-firenze.php?gclid=CK2wgtuG1aYCFcULfAodrDsCNA" "Mozilla/4.0 (compatible; MSIE 8.0; Windows NT 5.1; Trident/4.0; .NET CLR 1.1.4322)"
79.4.86.126 - - [25/Jan/2011:10:34:14 +0100] "GET /img/layout/bg_wrapper_sub.gif HTTP/1.1" 200 102 "http://www.aziendaitalia.com/vendere-negozi-firenze.php?gclid=CK2wgtuG1aYCFcULfAodrDsCNA" "Mozilla/4.0 (compatible; MSIE 8.0; Windows NT 5.1; Trident/4.0; .NET CLR 1.1.4322)"
79.4.86.126 - - [25/Jan/2011:10:34:14 +0100] "GET /img/layout/header.gif HTTP/1.1" 200 15655 "http://www.aziendaitalia.com/vendere-negozi-firenze.php?gclid=CK2wgtuG1aYCFcULfAodrDsCNA" "Mozilla/4.0 (compatible; MSIE 8.0; Windows NT 5.1; Trident/4.0; .NET CLR 1.1.4322)"
79.4.86.126 - - [25/Jan/2011:10:34:14 +0100] "GET /img/layout/bg_sidebar_separator.gif HTTP/1.1" 200 106 "http://www.aziendaitalia.com/vendere-negozi-firenze.php?gclid=CK2wgtuG1aYCFcULfAodrDsCNA" "Mozilla/4.0 (compatible; MSIE 8.0; Windows NT 5.1; Trident/4.0; .NET CLR 1.1.4322)"
79.4.86.126 - - [25/Jan/2011:10:34:15 +0100] "GET /favicon.ico HTTP/1.1" 200 1406 "-" "Mozilla/4.0 (compatible; MSIE 8.0; Windows NT 5.1; Trident/4.0; .NET CLR 1.1.4322)"
82.63.164.22 - - [25/Jan/2011:10:34:15 +0100] "GET /attivita-in-vendita/a-treviso_p75.html?page=2 HTTP/1.1" 200 4874 "http://www.aziendaitalia.com/attivita-in-vendita/a-treviso_p75.html" "Mozilla/4.0 (compatible; MSIE 6.0; Windows NT 5.1; GTB6.6; .NET CLR 2.0.50727)"
212.31.249.244 - - [25/Jan/2011:10:34:17 +0100] "GET /attivita-in-vendita/a2578.html HTTP/1.1" 200 2813 "-" "Mozilla/4.0 (compatible; MSIE 8.0; Windows NT 5.1; Trident/4.0; .NET CLR 1.1.4322; .NET CLR 2.0.50727; .NET CLR 3.0.4506.2152; .NET CLR 3.5.30729; InfoPath.1; OfficeLiveConnector.1.4; OfficeLivePatch.1.3)"
212.31.249.244 - - [25/Jan/2011:10:34:17 +0100] "GET /css/style.css HTTP/1.1" 200 3366 "http://www.aziendaitalia.com/attivita-in-vendita/a2578.html" "Mozilla/4.0 (compatible; MSIE 8.0; Windows NT 5.1; Trident/4.0; .NET CLR 1.1.4322; .NET CLR 2.0.50727; .NET CLR 3.0.4506.2152; .NET CLR 3.5.30729; InfoPath.1; OfficeLiveConnector.1.4; OfficeLivePatch.1.3)"
212.31.249.244 - - [25/Jan/2011:10:34:17 +0100] "GET /js/jquery-1.4.2.min.js HTTP/1.1" 200 72174 "http://www.aziendaitalia.com/attivita-in-vendita/a2578.html" "Mozilla/4.0 (compatible; MSIE 8.0; Windows NT 5.1; Trident/4.0; .NET CLR 1.1.4322; .NET CLR 2.0.50727; .NET CLR 3.0.4506.2152; .NET CLR 3.5.30729; InfoPath.1; OfficeLiveConnector.1.4; OfficeLivePatch.1.3)"
212.31.249.244 - - [25/Jan/2011:10:34:18 +0100] "GET /js/general.js HTTP/1.1" 200 5776 "http://www.aziendaitalia.com/attivita-in-vendita/a2578.html" "Mozilla/4.0 (compatible; MSIE 8.0; Windows NT 5.1; Trident/4.0; .NET CLR 1.1.4322; .NET CLR 2.0.50727; .NET CLR 3.0.4506.2152; .NET CLR 3.5.30729; InfoPath.1; OfficeLiveConnector.1.4; OfficeLivePatch.1.3)"
212.31.249.244 - - [25/Jan/2011:10:34:19 +0100] "GET /img/layout/menubar.gif HTTP/1.1" 200 1302 "http://www.aziendaitalia.com/attivita-in-vendita/a2578.html" "Mozilla/4.0 (compatible; MSIE 8.0; Windows NT 5.1; Trident/4.0; .NET CLR 1.1.4322; .NET CLR 2.0.50727; .NET CLR 3.0.4506.2152; .NET CLR 3.5.30729; InfoPath.1; OfficeLiveConnector.1.4; OfficeLivePatch.1.3)"
212.31.249.244 - - [25/Jan/2011:10:34:19 +0100] "GET /img/layout/bg_wrapper_sub.gif HTTP/1.1" 200 102 "http://www.aziendaitalia.com/attivita-in-vendita/a2578.html" "Mozilla/4.0 (compatible; MSIE 8.0; Windows NT 5.1; Trident/4.0; .NET CLR 1.1.4322; .NET CLR 2.0.50727; .NET CLR 3.0.4506.2152; .NET CLR 3.5.30729; InfoPath.1; OfficeLiveConnector.1.4; OfficeLivePatch.1.3)"
212.31.249.244 - - [25/Jan/2011:10:34:19 +0100] "GET /img/layout/header.gif HTTP/1.1" 200 15655 "http://www.aziendaitalia.com/attivita-in-vendita/a2578.html" "Mozilla/4.0 (compatible; MSIE 8.0; Windows NT 5.1; Trident/4.0; .NET CLR 1.1.4322; .NET CLR 2.0.50727; .NET CLR 3.0.4506.2152; .NET CLR 3.5.30729; InfoPath.1; OfficeLiveConnector.1.4; OfficeLivePatch.1.3)"
212.31.249.244 - - [25/Jan/2011:10:34:19 +0100] "GET /img/layout/bg_sidebar_separator.gif HTTP/1.1" 200 106 "http://www.aziendaitalia.com/attivita-in-vendita/a2578.html" "Mozilla/4.0 (compatible; MSIE 8.0; Windows NT 5.1; Trident/4.0; .NET CLR 1.1.4322; .NET CLR 2.0.50727; .NET CLR 3.0.4506.2152; .NET CLR 3.5.30729; InfoPath.1; OfficeLiveConnector.1.4; OfficeLivePatch.1.3)"
212.31.249.244 - - [25/Jan/2011:10:34:19 +0100] "GET /img/thumb/phpThumb.php?src=/admin/img/1281782404_6425-2925O-A1.jpg&w=148&h=138&zc=1&q=90 HTTP/1.1" 200 6701 "http://www.aziendaitalia.com/attivita-in-vendita/a2578.html" "Mozilla/4.0 (compatible; MSIE 8.0; Windows NT 5.1; Trident/4.0; .NET CLR 1.1.4322; .NET CLR 2.0.50727; .NET CLR 3.0.4506.2152; .NET CLR 3.5.30729; InfoPath.1; OfficeLiveConnector.1.4; OfficeLivePatch.1.3)"
212.31.249.244 - - [25/Jan/2011:10:34:19 +0100] "GET /img/thumb/phpThumb.php?src=/admin/img/1281782409_6425-2925O-B1.jpg&w=148&h=138&zc=1&q=90 HTTP/1.1" 200 8184 "http://www.aziendaitalia.com/attivita-in-vendita/a2578.html" "Mozilla/4.0 (compatible; MSIE 8.0; Windows NT 5.1; Trident/4.0; .NET CLR 1.1.4322; .NET CLR 2.0.50727; .NET CLR 3.0.4506.2152; .NET CLR 3.5.30729; InfoPath.1; OfficeLiveConnector.1.4; OfficeLivePatch.1.3)"
212.31.249.244 - - [25/Jan/2011:10:34:19 +0100] "GET /img/thumb/phpThumb.php?src=/admin/img/1281782413_6425-2925O-C1.jpg&w=148&h=138&zc=1&q=90 HTTP/1.1" 200 8990 "http://www.aziendaitalia.com/attivita-in-vendita/a2578.html" "Mozilla/4.0 (compatible; MSIE 8.0; Windows NT 5.1; Trident/4.0; .NET CLR 1.1.4322; .NET CLR 2.0.50727; .NET CLR 3.0.4506.2152; .NET CLR 3.5.30729; InfoPath.1; OfficeLiveConnector.1.4; OfficeLivePatch.1.3)"
212.31.249.244 - - [25/Jan/2011:10:34:19 +0100] "GET /img/thumb/phpThumb.php?src=/admin/img/1281782417_6425-2925O-D1.jpg&w=148&h=138&zc=1&q=90 HTTP/1.1" 200 7597 "http://www.aziendaitalia.com/attivita-in-vendita/a2578.html" "Mozilla/4.0 (compatible; MSIE 8.0; Windows NT 5.1; Trident/4.0; .NET CLR 1.1.4322; .NET CLR 2.0.50727; .NET CLR 3.0.4506.2152; .NET CLR 3.5.30729; InfoPath.1; OfficeLiveConnector.1.4; OfficeLivePatch.1.3)"
212.31.249.244 - - [25/Jan/2011:10:34:19 +0100] "GET /favicon.ico HTTP/1.1" 200 1406 "-" "Mozilla/4.0 (compatible; MSIE 8.0; Windows NT 5.1; Trident/4.0; .NET CLR 1.1.4322; .NET CLR 2.0.50727; .NET CLR 3.0.4506.2152; .NET CLR 3.5.30729; InfoPath.1; OfficeLiveConnector.1.4; OfficeLivePatch.1.3)"
93.66.92.95 - - [25/Jan/2011:10:34:18 +0100] "GET /attivita-in-vendita/servizi-centri-fitness-estetica-servizi-alle-persone_a-milano_m3_p6.html HTTP/1.1" 200 4820 "http://www.aziendaitalia.com/attivita-in-vendita/a-milano_p6.html" "Mozilla/5.0 (Windows; U; Windows NT 6.0; it-IT) AppleWebKit/531.9 (KHTML, like Gecko) Version/4.0.3 Safari/531.9.1"
93.66.92.95 - - [25/Jan/2011:10:34:21 +0100] "GET /css/style.css HTTP/1.1" 200 3366 "http://www.aziendaitalia.com/attivita-in-vendita/servizi-centri-fitness-estetica-servizi-alle-persone_a-milano_m3_p6.html" "Mozilla/5.0 (Windows; U; Windows NT 6.0; it-IT) AppleWebKit/531.9 (KHTML, like Gecko) Version/4.0.3 Safari/531.9.1"
93.45.82.231 - - [25/Jan/2011:10:34:22 +0100] "GET /attivita-in-vendita/lazio_r7.html?page=12 HTTP/1.1" 200 4370 "http://www.aziendaitalia.com/attivita-in-vendita/lazio_r7.html?page=11" "Mozilla/4.0 (compatible; MSIE 8.0; Windows NT 5.1; Trident/4.0; GTB6; InfoPath.2; .NET CLR 2.0.50727; OfficeLiveConnector.1.3; OfficeLivePatch.0.0; .NET CLR 3.0.4506.2152; .NET CLR 3.5.30729)"
93.66.92.95 - - [25/Jan/2011:10:34:33 +0100] "GET /attivita-in-vendita/servizi-centri-fitness-estetica-servizi-alle-persone_a-varese_m3_p19.html HTTP/1.1" 200 4330 "http://www.aziendaitalia.com/attivita-in-vendita/servizi-centri-fitness-estetica-servizi-alle-persone_a-milano_m3_p6.html" "Mozilla/5.0 (Windows; U; Windows NT 6.0; it-IT) AppleWebKit/531.9 (KHTML, like Gecko) Version/4.0.3 Safari/531.9.1"
82.63.164.22 - - [25/Jan/2011:10:34:33 +0100] "GET /attivita-in-vendita/a-treviso_p75.html?page=3 HTTP/1.1" 200 3424 "http://www.aziendaitalia.com/attivita-in-vendita/a-treviso_p75.html?page=2" "Mozilla/4.0 (compatible; MSIE 6.0; Windows NT 5.1; GTB6.6; .NET CLR 2.0.50727)"
93.66.92.95 - - [25/Jan/2011:10:34:33 +0100] "GET /css/style.css HTTP/1.1" 200 3366 "http://www.aziendaitalia.com/attivita-in-vendita/servizi-centri-fitness-estetica-servizi-alle-persone_a-varese_m3_p19.html" "Mozilla/5.0 (Windows; U; Windows NT 6.0; it-IT) AppleWebKit/531.9 (KHTML, like Gecko) Version/4.0.3 Safari/531.9.1"
79.48.78.82 - - [25/Jan/2011:10:34:38 +0100] "GET /cedere-attivita/?gclid=CIbt6uaG1aYCFQUTfAodkE3sMw HTTP/1.1" 200 3988 "http://ricerca.virgilio.it/ricerca?qs=esercizi+commercieli+in++vendita&Cerca=&lr=&f=hs" "Mozilla/4.0 (compatible; MSIE 7.0; Windows NT 5.1; Trident/4.0; .NET CLR 2.0.50727; .NET CLR 3.0.4506.2152; .NET CLR 3.5.30729)"
79.48.78.82 - - [25/Jan/2011:10:34:38 +0100] "GET /css/style.css HTTP/1.1" 200 3366 "http://www.aziendaitalia.com/cedere-attivita/?gclid=CIbt6uaG1aYCFQUTfAodkE3sMw" "Mozilla/4.0 (compatible; MSIE 8.0; Windows NT 5.1; Trident/4.0; .NET CLR 2.0.50727; .NET CLR 3.0.4506.2152; .NET CLR 3.5.30729)"
93.45.82.231 - - [25/Jan/2011:10:34:38 +0100] "GET /attivita-in-vendita/a713.html HTTP/1.1" 200 2585 "http://www.aziendaitalia.com/attivita-in-vendita/lazio_r7.html?page=12" "Mozilla/4.0 (compatible; MSIE 8.0; Windows NT 5.1; Trident/4.0; GTB6; InfoPath.2; .NET CLR 2.0.50727; OfficeLiveConnector.1.3; OfficeLivePatch.0.0; .NET CLR 3.0.4506.2152; .NET CLR 3.5.30729)"
79.48.78.82 - - [25/Jan/2011:10:34:38 +0100] "GET /css/style.css HTTP/1.1" 200 3366 "http://www.aziendaitalia.com/cedere-attivita/?gclid=CIbt6uaG1aYCFQUTfAodkE3sMw" "Mozilla/4.0 (compatible; MSIE 8.0; Windows NT 5.1; Trident/4.0; .NET CLR 2.0.50727; .NET CLR 3.0.4506.2152; .NET CLR 3.5.30729)"
79.48.78.82 - - [25/Jan/2011:10:34:38 +0100] "GET /js/jquery-1.4.2.min.js HTTP/1.1" 304 - "http://www.aziendaitalia.com/cedere-attivita/?gclid=CIbt6uaG1aYCFQUTfAodkE3sMw" "Mozilla/4.0 (compatible; MSIE 8.0; Windows NT 5.1; Trident/4.0; .NET CLR 2.0.50727; .NET CLR 3.0.4506.2152; .NET CLR 3.5.30729)"
79.48.78.82 - - [25/Jan/2011:10:34:38 +0100] "GET /js/general.js HTTP/1.1" 304 - "http://www.aziendaitalia.com/cedere-attivita/?gclid=CIbt6uaG1aYCFQUTfAodkE3sMw" "Mozilla/4.0 (compatible; MSIE 8.0; Windows NT 5.1; Trident/4.0; .NET CLR 2.0.50727; .NET CLR 3.0.4506.2152; .NET CLR 3.5.30729)"
79.48.78.82 - - [25/Jan/2011:10:34:38 +0100] "GET /img/layout/menubar.gif HTTP/1.1" 304 - "http://www.aziendaitalia.com/cedere-attivita/?gclid=CIbt6uaG1aYCFQUTfAodkE3sMw" "Mozilla/4.0 (compatible; MSIE 8.0; Windows NT 5.1; Trident/4.0; .NET CLR 2.0.50727; .NET CLR 3.0.4506.2152; .NET CLR 3.5.30729)"
79.48.78.82 - - [25/Jan/2011:10:34:38 +0100] "GET /img/layout/bg_wrapper_sub.gif HTTP/1.1" 304 - "http://www.aziendaitalia.com/cedere-attivita/?gclid=CIbt6uaG1aYCFQUTfAodkE3sMw" "Mozilla/4.0 (compatible; MSIE 8.0; Windows NT 5.1; Trident/4.0; .NET CLR 2.0.50727; .NET CLR 3.0.4506.2152; .NET CLR 3.5.30729)"
79.48.78.82 - - [25/Jan/2011:10:34:38 +0100] "GET /img/layout/header.gif HTTP/1.1" 304 - "http://www.aziendaitalia.com/cedere-attivita/?gclid=CIbt6uaG1aYCFQUTfAodkE3sMw" "Mozilla/4.0 (compatible; MSIE 8.0; Windows NT 5.1; Trident/4.0; .NET CLR 2.0.50727; .NET CLR 3.0.4506.2152; .NET CLR 3.5.30729)"
79.48.78.82 - - [25/Jan/2011:10:34:38 +0100] "GET /img/layout/bg_sidebar_separator.gif HTTP/1.1" 304 - "http://www.aziendaitalia.com/cedere-attivita/?gclid=CIbt6uaG1aYCFQUTfAodkE3sMw" "Mozilla/4.0 (compatible; MSIE 8.0; Windows NT 5.1; Trident/4.0; .NET CLR 2.0.50727; .NET CLR 3.0.4506.2152; .NET CLR 3.5.30729)"
79.48.78.82 - - [25/Jan/2011:10:34:38 +0100] "GET /favicon.ico HTTP/1.1" 200 1406 "-" "Mozilla/4.0 (compatible; MSIE 8.0; Windows NT 5.1; Trident/4.0; .NET CLR 2.0.50727; .NET CLR 3.0.4506.2152; .NET CLR 3.5.30729)"
93.66.92.95 - - [25/Jan/2011:10:34:39 +0100] "GET /attivita-in-vendita/servizi-personali_a-varese_c46_p19.html HTTP/1.1" 200 3796 "http://www.aziendaitalia.com/attivita-in-vendita/servizi-centri-fitness-estetica-servizi-alle-persone_a-varese_m3_p19.html" "Mozilla/5.0 (Windows; U; Windows NT 6.0; it-IT) AppleWebKit/531.9 (KHTML, like Gecko) Version/4.0.3 Safari/531.9.1"
93.66.92.95 - - [25/Jan/2011:10:34:40 +0100] "GET /css/style.css HTTP/1.1" 200 3366 "http://www.aziendaitalia.com/attivita-in-vendita/servizi-personali_a-varese_c46_p19.html" "Mozilla/5.0 (Windows; U; Windows NT 6.0; it-IT) AppleWebKit/531.9 (KHTML, like Gecko) Version/4.0.3 Safari/531.9.1"
79.48.78.82 - - [25/Jan/2011:10:34:45 +0100] "GET /attivita-in-vendita/ HTTP/1.1" 200 2294 "http://www.aziendaitalia.com/cedere-attivita/?gclid=CIbt6uaG1aYCFQUTfAodkE3sMw" "Mozilla/4.0 (compatible; MSIE 8.0; Windows NT 5.1; Trident/4.0; .NET CLR 2.0.50727; .NET CLR 3.0.4506.2152; .NET CLR 3.5.30729)"
79.48.78.82 - - [25/Jan/2011:10:34:45 +0100] "GET /img/layout/dot.png HTTP/1.1" 304 - "http://www.aziendaitalia.com/attivita-in-vendita/" "Mozilla/4.0 (compatible; MSIE 8.0; Windows NT 5.1; Trident/4.0; .NET CLR 2.0.50727; .NET CLR 3.0.4506.2152; .NET CLR 3.5.30729)"
79.48.78.82 - - [25/Jan/2011:10:34:45 +0100] "GET /img/thumb/phpThumb.php?src=/admin/img/1283511116_5135-4001Y-A.JPG&w=148&h=138&zc=1&q=90 HTTP/1.1" 200 9692 "http://www.aziendaitalia.com/attivita-in-vendita/" "Mozilla/4.0 (compatible; MSIE 8.0; Windows NT 5.1; Trident/4.0; .NET CLR 2.0.50727; .NET CLR 3.0.4506.2152; .NET CLR 3.5.30729)"
79.48.78.82 - - [25/Jan/2011:10:34:45 +0100] "GET /img/thumb/phpThumb.php?src=/admin/img/1284121274_8018-5308G-A.JPG&w=148&h=138&zc=1&q=90 HTTP/1.1" 200 7134 "http://www.aziendaitalia.com/attivita-in-vendita/" "Mozilla/4.0 (compatible; MSIE 8.0; Windows NT 5.1; Trident/4.0; .NET CLR 2.0.50727; .NET CLR 3.0.4506.2152; .NET CLR 3.5.30729)"
79.48.78.82 - - [25/Jan/2011:10:34:45 +0100] "GET /img/thumb/phpThumb.php?src=/admin/img/1295368730_5945-6289D-A.JPG&w=148&h=138&zc=1&q=90 HTTP/1.1" 200 9397 "http://www.aziendaitalia.com/attivita-in-vendita/" "Mozilla/4.0 (compatible; MSIE 8.0; Windows NT 5.1; Trident/4.0; .NET CLR 2.0.50727; .NET CLR 3.0.4506.2152; .NET CLR 3.5.30729)"
93.66.92.95 - - [25/Jan/2011:10:34:49 +0100] "GET /attivita-in-vendita/a3409.html HTTP/1.1" 200 2665 "http://www.aziendaitalia.com/attivita-in-vendita/servizi-personali_a-varese_c46_p19.html" "Mozilla/5.0 (Windows; U; Windows NT 6.0; it-IT) AppleWebKit/531.9 (KHTML, like Gecko) Version/4.0.3 Safari/531.9.1"
93.66.92.95 - - [25/Jan/2011:10:34:49 +0100] "GET /css/style.css HTTP/1.1" 200 3366 "http://www.aziendaitalia.com/attivita-in-vendita/a3409.html" "Mozilla/5.0 (Windows; U; Windows NT 6.0; it-IT) AppleWebKit/531.9 (KHTML, like Gecko) Version/4.0.3 Safari/531.9.1"
95.225.47.224 - - [25/Jan/2011:10:34:51 +0100] "GET /attivita-in-vendita/alberghi-ristoranti-bar-agriturismo-aziende-agricole_m1.html HTTP/1.1" 200 3665 "http://www.aziendaitalia.com/?gclid=CMrOj7GG1aYCFUoKfAodIx7wMw" "Mozilla/4.0 (compatible; MSIE 6.0; Windows NT 5.1; SV1)"
93.45.82.231 - - [25/Jan/2011:10:34:54 +0100] "GET /attivita-in-vendita/lazio_r7.html?page=13 HTTP/1.1" 200 4209 "http://www.aziendaitalia.com/attivita-in-vendita/lazio_r7.html?page=12" "Mozilla/4.0 (compatible; MSIE 8.0; Windows NT 5.1; Trident/4.0; GTB6; InfoPath.2; .NET CLR 2.0.50727; OfficeLiveConnector.1.3; OfficeLivePatch.0.0; .NET CLR 3.0.4506.2152; .NET CLR 3.5.30729)"
95.225.47.224 - - [25/Jan/2011:10:34:56 +0100] "GET /attivita-in-vendita/ristoranti-bar_c21.html HTTP/1.1" 200 3867 "http://www.aziendaitalia.com/attivita-in-vendita/alberghi-ristoranti-bar-agriturismo-aziende-agricole_m1.html" "Mozilla/4.0 (compatible; MSIE 6.0; Windows NT 5.1; SV1)"
95.225.47.224 - - [25/Jan/2011:10:34:56 +0100] "GET /img/thumb/phpThumb.php?src=/admin/img/1295352032_3556-6537T-A.jpg&w=148&h=138&zc=1&q=90 HTTP/1.1" 200 11401 "http://www.aziendaitalia.com/attivita-in-vendita/ristoranti-bar_c21.html" "Mozilla/4.0 (compatible; MSIE 6.0; Windows NT 5.1; SV1)"
72.5.230.111 - - [25/Jan/2011:10:34:56 +0100] "HEAD / HTTP/1.1" 200 - "-" "Site 24 X 7"
95.225.47.224 - - [25/Jan/2011:10:34:56 +0100] "GET /img/thumb/phpThumb.php?src=/admin/img/1295351086_6682-6246Y-A.jpg&w=148&h=138&zc=1&q=90 HTTP/1.1" 200 6730 "http://www.aziendaitalia.com/attivita-in-vendita/ristoranti-bar_c21.html" "Mozilla/4.0 (compatible; MSIE 6.0; Windows NT 5.1; SV1)"
95.225.47.224 - - [25/Jan/2011:10:34:56 +0100] "GET /img/thumb/phpThumb.php?src=/admin/img/1295351573_3633-9173Q-A.jpg&w=148&h=138&zc=1&q=90 HTTP/1.1" 200 8925 "http://www.aziendaitalia.com/attivita-in-vendita/ristoranti-bar_c21.html" "Mozilla/4.0 (compatible; MSIE 6.0; Windows NT 5.1; SV1)"
79.48.78.82 - - [25/Jan/2011:10:34:59 +0100] "GET /attivita-in-vendita/italia_n1.html HTTP/1.1" 200 4336 "http://www.aziendaitalia.com/attivita-in-vendita/" "Mozilla/4.0 (compatible; MSIE 8.0; Windows NT 5.1; Trident/4.0; .NET CLR 2.0.50727; .NET CLR 3.0.4506.2152; .NET CLR 3.5.30729)"
79.48.78.82 - - [25/Jan/2011:10:34:59 +0100] "GET /img/layout/italia/italyoff.gif HTTP/1.1" 200 3852 "http://www.aziendaitalia.com/attivita-in-vendita/italia_n1.html" "Mozilla/4.0 (compatible; MSIE 8.0; Windows NT 5.1; Trident/4.0; .NET CLR 2.0.50727; .NET CLR 3.0.4506.2152; .NET CLR 3.5.30729)"
87.7.17.21 - - [25/Jan/2011:10:35:01 +0100] "GET /rilevare-attivita/?gclid=CJTDsvKG1aYCFcULfAodrDsCNA HTTP/1.1" 200 3709 "http://www.google.it/aclk?sa=l&ai=CAg55Opk-TYqRH8KGOoTGhB7D-prUAcOp_q8X7P6-CQgAEAEg7YrfBigCUIKDzvL9_____wFg_Yr5g8gQoAGDnKH-A8gBAakCR5Q0Rn3ntj6qBBtP0ASiVJiQqLQJknMdyZNGBqJRy6aXJiUYEqqABZBO&sig=AGiWqtwWFzc6A-E9ReSzifI5Q0RoZZHwnw&adurl=http://www.aziendaitalia.com/rilevare-attivita/&rct=j&q=cessioni%20attivit%C3%A0%20commerciali%20bari" "Mozilla/4.0 (compatible; MSIE 8.0; Windows NT 6.0; Trident/4.0; GTB6.6; SLCC1; .NET CLR 2.0.50727; .NET CLR 3.5.30729; .NET CLR 3.0.30618; .NET4.0C)"
87.7.17.21 - - [25/Jan/2011:10:35:01 +0100] "GET /css/style.css HTTP/1.1" 200 3366 "http://www.aziendaitalia.com/rilevare-attivita/?gclid=CJTDsvKG1aYCFcULfAodrDsCNA" "Mozilla/4.0 (compatible; MSIE 8.0; Windows NT 6.0; Trident/4.0; GTB6.6; SLCC1; .NET CLR 2.0.50727; .NET CLR 3.5.30729; .NET CLR 3.0.30618; .NET4.0C)"
61.135.249.220 - - [25/Jan/2011:10:35:01 +0100] "GET / HTTP/1.1" 200 2648 "-" "Mozilla/5.0 (compatible; YoudaoBot/1.0; http://www.youdao.com/help/webmaster/spider/; )"
79.48.78.82 - - [25/Jan/2011:10:35:02 +0100] "GET /attivita-in-vendita/norditalia_mr1.html HTTP/1.1" 200 5127 "http://www.aziendaitalia.com/attivita-in-vendita/italia_n1.html" "Mozilla/4.0 (compatible; MSIE 8.0; Windows NT 5.1; Trident/4.0; .NET CLR 2.0.50727; .NET CLR 3.0.4506.2152; .NET CLR 3.5.30729)"
87.7.17.21 - - [25/Jan/2011:10:35:01 +0100] "GET /js/jquery-1.4.2.min.js HTTP/1.1" 200 72174 "http://www.aziendaitalia.com/rilevare-attivita/?gclid=CJTDsvKG1aYCFcULfAodrDsCNA" "Mozilla/4.0 (compatible; MSIE 8.0; Windows NT 6.0; Trident/4.0; GTB6.6; SLCC1; .NET CLR 2.0.50727; .NET CLR 3.5.30729; .NET CLR 3.0.30618; .NET4.0C)"
79.48.78.82 - - [25/Jan/2011:10:35:02 +0100] "GET /img/layout/italia/italynorth.gif HTTP/1.1" 304 - "http://www.aziendaitalia.com/attivita-in-vendita/norditalia_mr1.html" "Mozilla/4.0 (compatible; MSIE 8.0; Windows NT 5.1; Trident/4.0; .NET CLR 2.0.50727; .NET CLR 3.0.4506.2152; .NET CLR 3.5.30729)"
87.7.17.21 - - [25/Jan/2011:10:35:02 +0100] "GET /js/general.js HTTP/1.1" 200 5776 "http://www.aziendaitalia.com/rilevare-attivita/?gclid=CJTDsvKG1aYCFcULfAodrDsCNA" "Mozilla/4.0 (compatible; MSIE 8.0; Windows NT 6.0; Trident/4.0; GTB6.6; SLCC1; .NET CLR 2.0.50727; .NET CLR 3.5.30729; .NET CLR 3.0.30618; .NET4.0C)"
87.7.17.21 - - [25/Jan/2011:10:35:02 +0100] "GET /img/layout/menubar.gif HTTP/1.1" 200 1302 "http://www.aziendaitalia.com/rilevare-attivita/?gclid=CJTDsvKG1aYCFcULfAodrDsCNA" "Mozilla/4.0 (compatible; MSIE 8.0; Windows NT 6.0; Trident/4.0; GTB6.6; SLCC1; .NET CLR 2.0.50727; .NET CLR 3.5.30729; .NET CLR 3.0.30618; .NET4.0C)"
87.7.17.21 - - [25/Jan/2011:10:35:02 +0100] "GET /img/layout/bg_wrapper_sub.gif HTTP/1.1" 200 102 "http://www.aziendaitalia.com/rilevare-attivita/?gclid=CJTDsvKG1aYCFcULfAodrDsCNA" "Mozilla/4.0 (compatible; MSIE 8.0; Windows NT 6.0; Trident/4.0; GTB6.6; SLCC1; .NET CLR 2.0.50727; .NET CLR 3.5.30729; .NET CLR 3.0.30618; .NET4.0C)"
87.7.17.21 - - [25/Jan/2011:10:35:02 +0100] "GET /img/layout/bg_sidebar_separator.gif HTTP/1.1" 200 106 "http://www.aziendaitalia.com/rilevare-attivita/?gclid=CJTDsvKG1aYCFcULfAodrDsCNA" "Mozilla/4.0 (compatible; MSIE 8.0; Windows NT 6.0; Trident/4.0; GTB6.6; SLCC1; .NET CLR 2.0.50727; .NET CLR 3.5.30729; .NET CLR 3.0.30618; .NET4.0C)"
87.7.17.21 - - [25/Jan/2011:10:35:02 +0100] "GET /img/layout/header.gif HTTP/1.1" 200 15655 "http://www.aziendaitalia.com/rilevare-attivita/?gclid=CJTDsvKG1aYCFcULfAodrDsCNA" "Mozilla/4.0 (compatible; MSIE 8.0; Windows NT 6.0; Trident/4.0; GTB6.6; SLCC1; .NET CLR 2.0.50727; .NET CLR 3.5.30729; .NET CLR 3.0.30618; .NET4.0C)"
87.7.17.21 - - [25/Jan/2011:10:35:03 +0100] "GET /favicon.ico HTTP/1.1" 200 1406 "-" "Mozilla/4.0 (compatible; MSIE 8.0; Windows NT 6.0; Trident/4.0; GTB6.6; SLCC1; .NET CLR 2.0.50727; .NET CLR 3.5.30729; .NET CLR 3.0.30618; .NET4.0C)"
93.66.92.95 - - [25/Jan/2011:10:35:11 +0100] "GET / HTTP/1.1" 200 2648 "http://www.aziendaitalia.com/attivita-in-vendita/a3409.html" "Mozilla/5.0 (Windows; U; Windows NT 6.0; it-IT) AppleWebKit/531.9 (KHTML, like Gecko) Version/4.0.3 Safari/531.9.1"
93.66.92.95 - - [25/Jan/2011:10:35:11 +0100] "GET /css/style.css HTTP/1.1" 200 3366 "http://www.aziendaitalia.com/" "Mozilla/5.0 (Windows; U; Windows NT 6.0; it-IT) AppleWebKit/531.9 (KHTML, like Gecko) Version/4.0.3 Safari/531.9.1"
79.48.78.82 - - [25/Jan/2011:10:35:11 +0100] "GET /attivita-in-vendita/a-milano_p6.html HTTP/1.1" 200 4640 "http://www.aziendaitalia.com/attivita-in-vendita/norditalia_mr1.html" "Mozilla/4.0 (compatible; MSIE 8.0; Windows NT 5.1; Trident/4.0; .NET CLR 2.0.50727; .NET CLR 3.0.4506.2152; .NET CLR 3.5.30729)"
95.225.47.224 - - [25/Jan/2011:10:35:12 +0100] "GET /attivita-in-vendita/ristoranti-bar_c21.html?page=2 HTTP/1.1" 200 3739 "http://www.aziendaitalia.com/attivita-in-vendita/ristoranti-bar_c21.html" "Mozilla/4.0 (compatible; MSIE 6.0; Windows NT 5.1; SV1)"
93.66.92.95 - - [25/Jan/2011:10:35:14 +0100] "GET /about-us/ HTTP/1.1" 200 2973 "http://www.aziendaitalia.com/" "Mozilla/5.0 (Windows; U; Windows NT 6.0; it-IT) AppleWebKit/531.9 (KHTML, like Gecko) Version/4.0.3 Safari/531.9.1"
93.66.92.95 - - [25/Jan/2011:10:35:14 +0100] "GET /css/style.css HTTP/1.1" 200 3366 "http://www.aziendaitalia.com/about-us/" "Mozilla/5.0 (Windows; U; Windows NT 6.0; it-IT) AppleWebKit/531.9 (KHTML, like Gecko) Version/4.0.3 Safari/531.9.1"
93.66.92.95 - - [25/Jan/2011:10:35:14 +0100] "GET /img/foto/Cristiano.jpg HTTP/1.1" 200 37213 "http://www.aziendaitalia.com/about-us/" "Mozilla/5.0 (Windows; U; Windows NT 6.0; it-IT) AppleWebKit/531.9 (KHTML, like Gecko) Version/4.0.3 Safari/531.9.1"
67.195.115.117 - - [25/Jan/2011:10:35:22 +0100] "GET /RESULTS.CFM?PageNum_getList=19&zona=2 HTTP/1.0" 404 274 "-" "Mozilla/5.0 (compatible; Yahoo! Slurp; http://help.yahoo.com/help/us/ysearch/slurp)"
95.225.47.224 - - [25/Jan/2011:10:35:24 +0100] "GET /attivita-in-vendita/a3764.html HTTP/1.1" 200 2604 "http://www.aziendaitalia.com/attivita-in-vendita/ristoranti-bar_c21.html?page=2" "Mozilla/4.0 (compatible; MSIE 6.0; Windows NT 5.1; SV1)"
95.225.47.224 - - [25/Jan/2011:10:35:24 +0100] "GET /img/thumb/phpThumb.php?src=/admin/img/1295540871_2696-1921C-B.jpg&w=148&h=138&zc=1&q=90 HTTP/1.1" 200 6839 "http://www.aziendaitalia.com/attivita-in-vendita/a3764.html" "Mozilla/4.0 (compatible; MSIE 6.0; Windows NT 5.1; SV1)"
79.48.78.82 - - [25/Jan/2011:10:35:24 +0100] "GET /attivita-in-vendita/rivendita-negozi_a-milano_m2_p6.html HTTP/1.1" 200 4654 "http://www.aziendaitalia.com/attivita-in-vendita/a-milano_p6.html" "Mozilla/4.0 (compatible; MSIE 8.0; Windows NT 5.1; Trident/4.0; .NET CLR 2.0.50727; .NET CLR 3.0.4506.2152; .NET CLR 3.5.30729)"
65.52.109.61 - - [25/Jan/2011:10:35:26 +0100] "GET /attivita-in-vendita/rivendita-negozi_norditalia_m2_mr1.html?page=2 HTTP/1.1" 200 5454 "-" "Mozilla/5.0 (compatible; bingbot/2.0; +http://www.bing.com/bingbot.htm)"
66.249.71.212 - - [25/Jan/2011:10:35:35 +0100] "GET /attivita-in-vendita/a3787.html HTTP/1.1" 200 2817 "-" "Mozilla/5.0 (compatible; Googlebot/2.1; +http://www.google.com/bot.html)"
79.48.78.82 - - [25/Jan/2011:10:35:36 +0100] "GET /attivita-in-vendita/commercio-varie-tipologie_a-milano_c7_p6.html HTTP/1.1" 200 4809 "http://www.aziendaitalia.com/attivita-in-vendita/rivendita-negozi_a-milano_m2_p6.html" "Mozilla/4.0 (compatible; MSIE 8.0; Windows NT 5.1; Trident/4.0; .NET CLR 2.0.50727; .NET CLR 3.0.4506.2152; .NET CLR 3.5.30729)"
87.7.17.21 - - [25/Jan/2011:10:35:41 +0100] "GET /attivita-in-vendita/ HTTP/1.1" 200 2294 "http://www.aziendaitalia.com/rilevare-attivita/?gclid=CJTDsvKG1aYCFcULfAodrDsCNA" "Mozilla/4.0 (compatible; MSIE 8.0; Windows NT 6.0; Trident/4.0; GTB6.6; SLCC1; .NET CLR 2.0.50727; .NET CLR 3.5.30729; .NET CLR 3.0.30618; .NET4.0C)"
87.7.17.21 - - [25/Jan/2011:10:35:42 +0100] "GET /img/thumb/phpThumb.php?src=/admin/img/1284121274_8018-5308G-A.JPG&w=148&h=138&zc=1&q=90 HTTP/1.1" 200 7134 "http://www.aziendaitalia.com/attivita-in-vendita/" "Mozilla/4.0 (compatible; MSIE 8.0; Windows NT 6.0; Trident/4.0; GTB6.6; SLCC1; .NET CLR 2.0.50727; .NET CLR 3.5.30729; .NET CLR 3.0.30618; .NET4.0C)"
87.7.17.21 - - [25/Jan/2011:10:35:42 +0100] "GET /img/layout/dot.png HTTP/1.1" 200 2899 "http://www.aziendaitalia.com/attivita-in-vendita/" "Mozilla/4.0 (compatible; MSIE 8.0; Windows NT 6.0; Trident/4.0; GTB6.6; SLCC1; .NET CLR 2.0.50727; .NET CLR 3.5.30729; .NET CLR 3.0.30618; .NET4.0C)"
87.7.17.21 - - [25/Jan/2011:10:35:42 +0100] "GET /img/thumb/phpThumb.php?src=/admin/img/1283511116_5135-4001Y-A.JPG&w=148&h=138&zc=1&q=90 HTTP/1.1" 200 9692 "http://www.aziendaitalia.com/attivita-in-vendita/" "Mozilla/4.0 (compatible; MSIE 8.0; Windows NT 6.0; Trident/4.0; GTB6.6; SLCC1; .NET CLR 2.0.50727; .NET CLR 3.5.30729; .NET CLR 3.0.30618; .NET4.0C)"
87.7.17.21 - - [25/Jan/2011:10:35:42 +0100] "GET /img/thumb/phpThumb.php?src=/admin/img/1295368730_5945-6289D-A.JPG&w=148&h=138&zc=1&q=90 HTTP/1.1" 200 9397 "http://www.aziendaitalia.com/attivita-in-vendita/" "Mozilla/4.0 (compatible; MSIE 8.0; Windows NT 6.0; Trident/4.0; GTB6.6; SLCC1; .NET CLR 2.0.50727; .NET CLR 3.5.30729; .NET CLR 3.0.30618; .NET4.0C)"
93.66.92.95 - - [25/Jan/2011:10:35:42 +0100] "GET /about-us/i-nostri-partner.html HTTP/1.1" 200 2310 "http://www.aziendaitalia.com/about-us/" "Mozilla/5.0 (Windows; U; Windows NT 6.0; it-IT) AppleWebKit/531.9 (KHTML, like Gecko) Version/4.0.3 Safari/531.9.1"
