79.34.8.244 - - [25/Jan/2011:11:31:13 +0100] "GET /attivita/images/rigasopra.gif HTTP/1.1" 200 171 "http://www.aziendaitalia.com/attivita/cedesi-licenza-tabaccheria-pescara.htm" "Mozilla/4.0 (compatible; MSIE 8.0; Windows NT 5.1; Trident/4.0; GTB6.6; .NET CLR 2.0.50727; .NET CLR 3.0.4506.2152; .NET CLR 3.5.30729)"
79.34.8.244 - - [25/Jan/2011:11:31:13 +0100] "GET /attivita/images/barrona2.gif HTTP/1.1" 200 19345 "http://www.aziendaitalia.com/attivita/cedesi-licenza-tabaccheria-pescara.htm" "Mozilla/4.0 (compatible; MSIE 8.0; Windows NT 5.1; Trident/4.0; GTB6.6; .NET CLR 2.0.50727; .NET CLR 3.0.4506.2152; .NET CLR 3.5.30729)"
79.34.8.244 - - [25/Jan/2011:11:31:13 +0100] "GET /attivita/images/barrona1.gif HTTP/1.1" 200 25108 "http://www.aziendaitalia.com/attivita/cedesi-licenza-tabaccheria-pescara.htm" "Mozilla/4.0 (compatible; MSIE 8.0; Windows NT 5.1; Trident/4.0; GTB6.6; .NET CLR 2.0.50727; .NET CLR 3.0.4506.2152; .NET CLR 3.5.30729)"
79.34.8.244 - - [25/Jan/2011:11:31:13 +0100] "GET /attivita/images/loghetto.gif HTTP/1.1" 200 6105 "http://www.aziendaitalia.com/attivita/cedesi-licenza-tabaccheria-pescara.htm" "Mozilla/4.0 (compatible; MSIE 8.0; Windows NT 5.1; Trident/4.0; GTB6.6; .NET CLR 2.0.50727; .NET CLR 3.0.4506.2152; .NET CLR 3.5.30729)"
79.34.8.244 - - [25/Jan/2011:11:31:13 +0100] "GET /attivita/images/indirizzo.gif HTTP/1.1" 200 4022 "http://www.aziendaitalia.com/attivita/cedesi-licenza-tabaccheria-pescara.htm" "Mozilla/4.0 (compatible; MSIE 8.0; Windows NT 5.1; Trident/4.0; GTB6.6; .NET CLR 2.0.50727; .NET CLR 3.0.4506.2152; .NET CLR 3.5.30729)"
79.34.8.244 - - [25/Jan/2011:11:31:13 +0100] "GET /favicon.ico HTTP/1.1" 200 1406 "-" "Mozilla/4.0 (compatible; MSIE 8.0; Windows NT 5.1; Trident/4.0; GTB6.6; .NET CLR 2.0.50727; .NET CLR 3.0.4506.2152; .NET CLR 3.5.30729)"
94.165.242.214 - - [25/Jan/2011:11:31:15 +0100] "GET /attivita-in-vendita/a-firenze_p62.html HTTP/1.1" 200 4506 "http://www.aziendaitalia.com/attivita-in-vendita/?gclid=CJPF7pST1aYCFYeWzAod5UrhGg" "Mozilla/5.0 (Windows; U; Windows NT 5.1; en-US) AppleWebKit/534.10 (KHTML, like Gecko) Chrome/8.0.552.237 Safari/534.10"
94.165.242.214 - - [25/Jan/2011:11:31:16 +0100] "GET /css/style.css HTTP/1.1" 200 3366 "http://www.aziendaitalia.com/attivita-in-vendita/a-firenze_p62.html" "Mozilla/5.0 (Windows; U; Windows NT 5.1; en-US) AppleWebKit/534.10 (KHTML, like Gecko) Chrome/8.0.552.237 Safari/534.10"
94.165.242.214 - - [25/Jan/2011:11:31:16 +0100] "GET /img/layout/italia/italycenter.gif HTTP/1.1" 200 3933 "http://www.aziendaitalia.com/attivita-in-vendita/a-firenze_p62.html" "Mozilla/5.0 (Windows; U; Windows NT 5.1; en-US) AppleWebKit/534.10 (KHTML, like Gecko) Chrome/8.0.552.237 Safari/534.10"
79.34.8.244 - - [25/Jan/2011:11:31:19 +0100] "GET /attivita/attivita-commercili-in-vendita.htm HTTP/1.1" 200 2140 "http://www.aziendaitalia.com/attivita/cedesi-licenza-tabaccheria-pescara.htm" "Mozilla/4.0 (compatible; MSIE 8.0; Windows NT 5.1; Trident/4.0; GTB6.6; .NET CLR 2.0.50727; .NET CLR 3.0.4506.2152; .NET CLR 3.5.30729)"
79.34.8.244 - - [25/Jan/2011:11:31:27 +0100] "GET /attivita/rilevare.htm HTTP/1.1" 200 1887 "http://www.aziendaitalia.com/attivita/attivita-commercili-in-vendita.htm" "Mozilla/4.0 (compatible; MSIE 8.0; Windows NT 5.1; Trident/4.0; GTB6.6; .NET CLR 2.0.50727; .NET CLR 3.0.4506.2152; .NET CLR 3.5.30729)"
94.165.242.214 - - [25/Jan/2011:11:31:34 +0100] "GET /attivita-in-vendita/alberghi-ristoranti-bar-agriturismo-aziende-agricole_a-firenze_m1_p62.html HTTP/1.1" 200 3858 "http://www.aziendaitalia.com/attivita-in-vendita/a-firenze_p62.html" "Mozilla/5.0 (Windows; U; Windows NT 5.1; en-US) AppleWebKit/534.10 (KHTML, like Gecko) Chrome/8.0.552.237 Safari/534.10"
94.165.242.214 - - [25/Jan/2011:11:31:34 +0100] "GET /css/style.css HTTP/1.1" 200 3366 "http://www.aziendaitalia.com/attivita-in-vendita/alberghi-ristoranti-bar-agriturismo-aziende-agricole_a-firenze_m1_p62.html" "Mozilla/5.0 (Windows; U; Windows NT 5.1; en-US) AppleWebKit/534.10 (KHTML, like Gecko) Chrome/8.0.552.237 Safari/534.10"
66.249.71.212 - - [25/Jan/2011:11:31:35 +0100] "GET /attivita-in-vendita/industrie-della-pietra-vetro_estero_c84_n2.html?page=37 HTTP/1.1" 200 1724 "-" "Mozilla/5.0 (compatible; Googlebot/2.1; +http://www.google.com/bot.html)"
66.249.71.212 - - [25/Jan/2011:11:31:36 +0100] "GET /attivita-in-vendita/finanziamenti-in-genere_suditalia_s219_mr3.html?page=35 HTTP/1.1" 200 2444 "-" "Mozilla/5.0 (compatible; Googlebot/2.1; +http://www.google.com/bot.html)"
72.5.230.111 - - [25/Jan/2011:11:31:36 +0100] "HEAD / HTTP/1.1" 200 - "-" "Site 24 X 7"
66.249.71.212 - - [25/Jan/2011:11:31:37 +0100] "GET /attivita-in-vendita/locali-ritrovi-birrerie-pub_isole_s148_mr4.html?page=35 HTTP/1.1" 200 2528 "-" "Mozilla/5.0 (compatible; Googlebot/2.1; +http://www.google.com/bot.html)"
66.249.71.212 - - [25/Jan/2011:11:31:37 +0100] "GET /attivita-in-vendita/alimentari-panifici-rivendite_estero_m4_n2.html?page=67 HTTP/1.1" 200 1972 "-" "Mozilla/5.0 (compatible; Googlebot/2.1; +http://www.google.com/bot.html)"
66.249.71.212 - - [25/Jan/2011:11:31:38 +0100] "GET /attivita-in-vendita/giocattoli-giochi-hobbistica_isole_s54_mr4.html?page=35 HTTP/1.1" 200 2571 "-" "Mozilla/5.0 (compatible; Googlebot/2.1; +http://www.google.com/bot.html)"
66.249.71.212 - - [25/Jan/2011:11:31:38 +0100] "GET /attivita-in-vendita/pulitura-lucidatura-metalli_estero_s442_n2.html?page=36 HTTP/1.1" 200 1719 "-" "Mozilla/5.0 (compatible; Googlebot/2.1; +http://www.google.com/bot.html)"
66.249.71.212 - - [25/Jan/2011:11:31:39 +0100] "GET /attivita-in-vendita/giochi-di-bocce-bowling_suditalia_s285_mr3.html?page=35 HTTP/1.1" 200 2486 "-" "Mozilla/5.0 (compatible; Googlebot/2.1; +http://www.google.com/bot.html)"
66.249.71.212 - - [25/Jan/2011:11:31:39 +0100] "GET /attivita-in-vendita/noleggio-leasing-automobili_isole_s261_mr4.html?page=35 HTTP/1.1" 200 2330 "-" "Mozilla/5.0 (compatible; Googlebot/2.1; +http://www.google.com/bot.html)"
66.249.71.212 - - [25/Jan/2011:11:31:40 +0100] "GET /attivita-in-vendita/locali-ritrovi-birrerie-pub_estero_s148_n2.html?page=36 HTTP/1.1" 200 1869 "-" "Mozilla/5.0 (compatible; Googlebot/2.1; +http://www.google.com/bot.html)"
151.54.245.26 - - [25/Jan/2011:11:31:45 +0100] "GET /attivita-in-vendita/a3334.html HTTP/1.1" 200 2524 "http://www.aziendaitalia.com/attivita-in-vendita/ristoranti-bar_a-roma_c21_p53.html" "Mozilla/5.0 (Windows; U; Windows NT 5.1; en-US) AppleWebKit/534.10 (KHTML, like Gecko) Chrome/8.0.552.224 Safari/534.10"
151.54.245.26 - - [25/Jan/2011:11:31:45 +0100] "GET /css/style.css HTTP/1.1" 200 3366 "http://www.aziendaitalia.com/attivita-in-vendita/a3334.html" "Mozilla/5.0 (Windows; U; Windows NT 5.1; en-US) AppleWebKit/534.10 (KHTML, like Gecko) Chrome/8.0.552.224 Safari/534.10"
93.36.218.163 - - [25/Jan/2011:11:31:54 +0100] "GET /attivita-in-vendita/?gclid=CNLm_c2T1aYCFcwmfAodaA2KKg HTTP/1.1" 200 2323 "http://www.google.it/aclk?sa=l&ai=Cv3N3lqY-TcmQC4jiswa2haA3w_qa1AG7iIawF52O08cpCAAQASgDUNaInbsGYP3Sj4ToEaABg5yh_gPIAQGpAkeUNEZ957Y-qgQZT9A-jaHrfJFN3LvDcGWmMzYIr_bxd_niBLoFEwiA26PLk9WmAhXOtcwKHcZrnUvKBQA&rct=j&q=vendere%20attivit%C3%A0&ei=lqY-TYC4Cs7rsgbG1_XcBA&sig=AGiWqtyepR9XQXzksPupw5Xmz_DJoudvNw&adurl=http://www.aziendaitalia.com/attivita-in-vendita/" "Mozilla/5.0 (Windows; U; Windows NT 6.0; en-US) AppleWebKit/534.10 (KHTML, like Gecko) Chrome/8.0.552.237 Safari/534.10"
93.36.218.163 - - [25/Jan/2011:11:31:54 +0100] "GET /css/style.css HTTP/1.1" 200 3366 "http://www.aziendaitalia.com/attivita-in-vendita/?gclid=CNLm_c2T1aYCFcwmfAodaA2KKg" "Mozilla/5.0 (Windows; U; Windows NT 6.0; en-US) AppleWebKit/534.10 (KHTML, like Gecko) Chrome/8.0.552.237 Safari/534.10"
93.36.218.163 - - [25/Jan/2011:11:31:54 +0100] "GET /js/general.js HTTP/1.1" 200 5776 "http://www.aziendaitalia.com/attivita-in-vendita/?gclid=CNLm_c2T1aYCFcwmfAodaA2KKg" "Mozilla/5.0 (Windows; U; Windows NT 6.0; en-US) AppleWebKit/534.10 (KHTML, like Gecko) Chrome/8.0.552.237 Safari/534.10"
93.36.218.163 - - [25/Jan/2011:11:31:54 +0100] "GET /js/jquery-1.4.2.min.js HTTP/1.1" 200 72174 "http://www.aziendaitalia.com/attivita-in-vendita/?gclid=CNLm_c2T1aYCFcwmfAodaA2KKg" "Mozilla/5.0 (Windows; U; Windows NT 6.0; en-US) AppleWebKit/534.10 (KHTML, like Gecko) Chrome/8.0.552.237 Safari/534.10"
93.36.218.163 - - [25/Jan/2011:11:31:55 +0100] "GET /img/layout/header.gif HTTP/1.1" 200 15655 "http://www.aziendaitalia.com/attivita-in-vendita/?gclid=CNLm_c2T1aYCFcwmfAodaA2KKg" "Mozilla/5.0 (Windows; U; Windows NT 6.0; en-US) AppleWebKit/534.10 (KHTML, like Gecko) Chrome/8.0.552.237 Safari/534.10"
93.36.218.163 - - [25/Jan/2011:11:31:55 +0100] "GET /img/layout/menubar.gif HTTP/1.1" 200 1302 "http://www.aziendaitalia.com/attivita-in-vendita/?gclid=CNLm_c2T1aYCFcwmfAodaA2KKg" "Mozilla/5.0 (Windows; U; Windows NT 6.0; en-US) AppleWebKit/534.10 (KHTML, like Gecko) Chrome/8.0.552.237 Safari/534.10"
93.36.218.163 - - [25/Jan/2011:11:31:55 +0100] "GET /img/layout/bg_wrapper_sub.gif HTTP/1.1" 200 102 "http://www.aziendaitalia.com/attivita-in-vendita/?gclid=CNLm_c2T1aYCFcwmfAodaA2KKg" "Mozilla/5.0 (Windows; U; Windows NT 6.0; en-US) AppleWebKit/534.10 (KHTML, like Gecko) Chrome/8.0.552.237 Safari/534.10"
93.36.218.163 - - [25/Jan/2011:11:31:56 +0100] "GET /img/layout/bg_sidebar_separator.gif HTTP/1.1" 200 106 "http://www.aziendaitalia.com/attivita-in-vendita/?gclid=CNLm_c2T1aYCFcwmfAodaA2KKg" "Mozilla/5.0 (Windows; U; Windows NT 6.0; en-US) AppleWebKit/534.10 (KHTML, like Gecko) Chrome/8.0.552.237 Safari/534.10"
93.36.218.163 - - [25/Jan/2011:11:31:56 +0100] "GET /img/layout/dot.png HTTP/1.1" 200 2899 "http://www.aziendaitalia.com/attivita-in-vendita/?gclid=CNLm_c2T1aYCFcwmfAodaA2KKg" "Mozilla/5.0 (Windows; U; Windows NT 6.0; en-US) AppleWebKit/534.10 (KHTML, like Gecko) Chrome/8.0.552.237 Safari/534.10"
93.36.218.163 - - [25/Jan/2011:11:31:56 +0100] "GET /img/thumb/phpThumb.php?src=/admin/img/1283511116_5135-4001Y-A.JPG&w=148&h=138&zc=1&q=90 HTTP/1.1" 200 9692 "http://www.aziendaitalia.com/attivita-in-vendita/?gclid=CNLm_c2T1aYCFcwmfAodaA2KKg" "Mozilla/5.0 (Windows; U; Windows NT 6.0; en-US) AppleWebKit/534.10 (KHTML, like Gecko) Chrome/8.0.552.237 Safari/534.10"
93.36.218.163 - - [25/Jan/2011:11:31:56 +0100] "GET /img/thumb/phpThumb.php?src=/admin/img/1284121274_8018-5308G-A.JPG&w=148&h=138&zc=1&q=90 HTTP/1.1" 200 7134 "http://www.aziendaitalia.com/attivita-in-vendita/?gclid=CNLm_c2T1aYCFcwmfAodaA2KKg" "Mozilla/5.0 (Windows; U; Windows NT 6.0; en-US) AppleWebKit/534.10 (KHTML, like Gecko) Chrome/8.0.552.237 Safari/534.10"
93.36.218.163 - - [25/Jan/2011:11:31:56 +0100] "GET /img/thumb/phpThumb.php?src=/admin/img/1295368730_5945-6289D-A.JPG&w=148&h=138&zc=1&q=90 HTTP/1.1" 200 9397 "http://www.aziendaitalia.com/attivita-in-vendita/?gclid=CNLm_c2T1aYCFcwmfAodaA2KKg" "Mozilla/5.0 (Windows; U; Windows NT 6.0; en-US) AppleWebKit/534.10 (KHTML, like Gecko) Chrome/8.0.552.237 Safari/534.10"
94.165.242.214 - - [25/Jan/2011:11:31:56 +0100] "GET /attivita-in-vendita/a3753.html HTTP/1.1" 200 2615 "-" "Mozilla/5.0 (Windows; U; Windows NT 5.1; en-US) AppleWebKit/534.10 (KHTML, like Gecko) Chrome/8.0.552.237 Safari/534.10"
93.36.218.163 - - [25/Jan/2011:11:31:56 +0100] "GET /favicon.ico HTTP/1.1" 200 1406 "-" "Mozilla/5.0 (Windows; U; Windows NT 6.0; en-US) AppleWebKit/534.10 (KHTML, like Gecko) Chrome/8.0.552.237 Safari/534.10"
94.165.242.214 - - [25/Jan/2011:11:31:57 +0100] "GET /css/style.css HTTP/1.1" 200 3366 "http://www.aziendaitalia.com/attivita-in-vendita/a3753.html" "Mozilla/5.0 (Windows; U; Windows NT 5.1; en-US) AppleWebKit/534.10 (KHTML, like Gecko) Chrome/8.0.552.237 Safari/534.10"
94.165.242.214 - - [25/Jan/2011:11:31:57 +0100] "GET /img/thumb/phpThumb.php?src=/admin/img/1295348000_1600-1480G-B.JPG&w=148&h=138&zc=1&q=90 HTTP/1.1" 200 6775 "http://www.aziendaitalia.com/attivita-in-vendita/a3753.html" "Mozilla/5.0 (Windows; U; Windows NT 5.1; en-US) AppleWebKit/534.10 (KHTML, like Gecko) Chrome/8.0.552.237 Safari/534.10"
94.165.242.214 - - [25/Jan/2011:11:31:57 +0100] "GET /img/thumb/phpThumb.php?src=/admin/img/1295348005_1600-1480G-C.jpg&w=148&h=138&zc=1&q=90 HTTP/1.1" 200 6797 "http://www.aziendaitalia.com/attivita-in-vendita/a3753.html" "Mozilla/5.0 (Windows; U; Windows NT 5.1; en-US) AppleWebKit/534.10 (KHTML, like Gecko) Chrome/8.0.552.237 Safari/534.10"
94.165.242.214 - - [25/Jan/2011:11:31:58 +0100] "GET /img/thumb/phpThumb.php?src=/admin/img/1295348009_1600-1480G-D.jpg&w=148&h=138&zc=1&q=90 HTTP/1.1" 200 6712 "http://www.aziendaitalia.com/attivita-in-vendita/a3753.html" "Mozilla/5.0 (Windows; U; Windows NT 5.1; en-US) AppleWebKit/534.10 (KHTML, like Gecko) Chrome/8.0.552.237 Safari/534.10"
94.165.242.214 - - [25/Jan/2011:11:31:58 +0100] "GET /img/thumb/phpThumb.php?src=/admin/img/1295348014_1600-1480G-E.jpg&w=148&h=138&zc=1&q=90 HTTP/1.1" 200 7114 "http://www.aziendaitalia.com/attivita-in-vendita/a3753.html" "Mozilla/5.0 (Windows; U; Windows NT 5.1; en-US) AppleWebKit/534.10 (KHTML, like Gecko) Chrome/8.0.552.237 Safari/534.10"
85.18.125.162 - - [25/Jan/2011:11:32:02 +0100] "GET /?gclid=COja1tGT1aYCFRIRfAodDhH4gA HTTP/1.1" 200 2667 "http://www.google.it/search?source=ig&hl=it&rlz=1W1ADFA_it&q=AZIENDA+ITALIA&aq=f&oq=" "Mozilla/4.0 (compatible; MSIE 7.0; Windows NT 5.1; GTB6.6; .NET CLR 1.1.4322; .NET CLR 2.0.50727; .NET CLR 3.0.4506.2152; .NET CLR 3.5.30729)"
85.18.125.162 - - [25/Jan/2011:11:32:03 +0100] "GET /css/style.css HTTP/1.1" 200 3366 "http://www.aziendaitalia.com/?gclid=COja1tGT1aYCFRIRfAodDhH4gA" "Mozilla/4.0 (compatible; MSIE 7.0; Windows NT 5.1; GTB6.6; .NET CLR 1.1.4322; .NET CLR 2.0.50727; .NET CLR 3.0.4506.2152; .NET CLR 3.5.30729)"
178.154.161.29 - - [25/Jan/2011:11:32:03 +0100] "GET /attivita-in-vendita/servizi-centri-fitness-estetica-servizi-alle-persone_a-aosta_m3_p23.html HTTP/1.1" 200 3076 "-" "Mozilla/5.0 (compatible; YandexBot/3.0; +http://yandex.com/bots)"
85.18.125.162 - - [25/Jan/2011:11:32:03 +0100] "GET /js/jquery-1.4.2.min.js HTTP/1.1" 200 72174 "http://www.aziendaitalia.com/?gclid=COja1tGT1aYCFRIRfAodDhH4gA" "Mozilla/4.0 (compatible; MSIE 7.0; Windows NT 5.1; GTB6.6; .NET CLR 1.1.4322; .NET CLR 2.0.50727; .NET CLR 3.0.4506.2152; .NET CLR 3.5.30729)"
93.36.218.163 - - [25/Jan/2011:11:32:04 +0100] "GET /cedere-attivita/ HTTP/1.1" 200 3958 "http://www.aziendaitalia.com/attivita-in-vendita/?gclid=CNLm_c2T1aYCFcwmfAodaA2KKg" "Mozilla/5.0 (Windows; U; Windows NT 6.0; en-US) AppleWebKit/534.10 (KHTML, like Gecko) Chrome/8.0.552.237 Safari/534.10"
93.36.218.163 - - [25/Jan/2011:11:32:04 +0100] "GET /cedere-attivita/ HTTP/1.1" 200 3958 "http://www.aziendaitalia.com/attivita-in-vendita/?gclid=CNLm_c2T1aYCFcwmfAodaA2KKg" "Mozilla/5.0 (Windows; U; Windows NT 6.0; en-US) AppleWebKit/534.10 (KHTML, like Gecko) Chrome/8.0.552.237 Safari/534.10"
85.18.125.162 - - [25/Jan/2011:11:32:04 +0100] "GET /js/jquery.pngfix.pack.js HTTP/1.1" 200 2485 "http://www.aziendaitalia.com/?gclid=COja1tGT1aYCFRIRfAodDhH4gA" "Mozilla/4.0 (compatible; MSIE 7.0; Windows NT 5.1; GTB6.6; .NET CLR 1.1.4322; .NET CLR 2.0.50727; .NET CLR 3.0.4506.2152; .NET CLR 3.5.30729)"
93.36.218.163 - - [25/Jan/2011:11:32:04 +0100] "GET /css/style.css HTTP/1.1" 200 3366 "http://www.aziendaitalia.com/cedere-attivita/" "Mozilla/5.0 (Windows; U; Windows NT 6.0; en-US) AppleWebKit/534.10 (KHTML, like Gecko) Chrome/8.0.552.237 Safari/534.10"
85.18.125.162 - - [25/Jan/2011:11:32:04 +0100] "GET /js/general.js HTTP/1.1" 200 5776 "http://www.aziendaitalia.com/?gclid=COja1tGT1aYCFRIRfAodDhH4gA" "Mozilla/4.0 (compatible; MSIE 7.0; Windows NT 5.1; GTB6.6; .NET CLR 1.1.4322; .NET CLR 2.0.50727; .NET CLR 3.0.4506.2152; .NET CLR 3.5.30729)"
85.18.125.162 - - [25/Jan/2011:11:32:05 +0100] "GET /img/layout/menubar.gif HTTP/1.1" 200 1302 "http://www.aziendaitalia.com/?gclid=COja1tGT1aYCFRIRfAodDhH4gA" "Mozilla/4.0 (compatible; MSIE 7.0; Windows NT 5.1; GTB6.6; .NET CLR 1.1.4322; .NET CLR 2.0.50727; .NET CLR 3.0.4506.2152; .NET CLR 3.5.30729)"
85.18.125.162 - - [25/Jan/2011:11:32:05 +0100] "GET /img/layout/content_bg.gif HTTP/1.1" 200 238 "http://www.aziendaitalia.com/?gclid=COja1tGT1aYCFRIRfAodDhH4gA" "Mozilla/4.0 (compatible; MSIE 7.0; Windows NT 5.1; GTB6.6; .NET CLR 1.1.4322; .NET CLR 2.0.50727; .NET CLR 3.0.4506.2152; .NET CLR 3.5.30729)"
85.18.125.162 - - [25/Jan/2011:11:32:05 +0100] "GET /img/layout/bg_button_search.gif HTTP/1.1" 200 614 "http://www.aziendaitalia.com/?gclid=COja1tGT1aYCFRIRfAodDhH4gA" "Mozilla/4.0 (compatible; MSIE 7.0; Windows NT 5.1; GTB6.6; .NET CLR 1.1.4322; .NET CLR 2.0.50727; .NET CLR 3.0.4506.2152; .NET CLR 3.5.30729)"
85.18.125.162 - - [25/Jan/2011:11:32:05 +0100] "GET /img/layout/header.gif HTTP/1.1" 200 15655 "http://www.aziendaitalia.com/?gclid=COja1tGT1aYCFRIRfAodDhH4gA" "Mozilla/4.0 (compatible; MSIE 7.0; Windows NT 5.1; GTB6.6; .NET CLR 1.1.4322; .NET CLR 2.0.50727; .NET CLR 3.0.4506.2152; .NET CLR 3.5.30729)"
85.18.125.162 - - [25/Jan/2011:11:32:05 +0100] "GET /img/layout/tooltip.png HTTP/1.1" 200 3337 "http://www.aziendaitalia.com/?gclid=COja1tGT1aYCFRIRfAodDhH4gA" "Mozilla/4.0 (compatible; MSIE 7.0; Windows NT 5.1; GTB6.6; .NET CLR 1.1.4322; .NET CLR 2.0.50727; .NET CLR 3.0.4506.2152; .NET CLR 3.5.30729)"
85.18.125.162 - - [25/Jan/2011:11:32:05 +0100] "GET /img/layout/bg_homepage_category_buttons.gif HTTP/1.1" 200 23956 "http://www.aziendaitalia.com/?gclid=COja1tGT1aYCFRIRfAodDhH4gA" "Mozilla/4.0 (compatible; MSIE 7.0; Windows NT 5.1; GTB6.6; .NET CLR 1.1.4322; .NET CLR 2.0.50727; .NET CLR 3.0.4506.2152; .NET CLR 3.5.30729)"
85.18.125.162 - - [25/Jan/2011:11:32:05 +0100] "GET /favicon.ico HTTP/1.1" 200 1406 "-" "Mozilla/4.0 (compatible; MSIE 7.0; Windows NT 5.1; GTB6.6; .NET CLR 1.1.4322; .NET CLR 2.0.50727; .NET CLR 3.0.4506.2152; .NET CLR 3.5.30729)"
207.46.199.179 - - [25/Jan/2011:11:32:16 +0100] "GET /robots.txt HTTP/1.1" 404 332 "-" "Mozilla/5.0 (compatible; bingbot/2.0; +http://www.bing.com/bingbot.htm)"
85.18.125.162 - - [25/Jan/2011:11:32:16 +0100] "GET /attivita-in-vendita/ HTTP/1.1" 200 2294 "http://www.aziendaitalia.com/?gclid=COja1tGT1aYCFRIRfAodDhH4gA" "Mozilla/4.0 (compatible; MSIE 7.0; Windows NT 5.1; GTB6.6; .NET CLR 1.1.4322; .NET CLR 2.0.50727; .NET CLR 3.0.4506.2152; .NET CLR 3.5.30729)"
85.18.125.162 - - [25/Jan/2011:11:32:17 +0100] "GET /img/thumb/phpThumb.php?src=/admin/img/1283511116_5135-4001Y-A.JPG&w=148&h=138&zc=1&q=90 HTTP/1.1" 200 9692 "http://www.aziendaitalia.com/attivita-in-vendita/" "Mozilla/4.0 (compatible; MSIE 7.0; Windows NT 5.1; GTB6.6; .NET CLR 1.1.4322; .NET CLR 2.0.50727; .NET CLR 3.0.4506.2152; .NET CLR 3.5.30729)"
85.18.125.162 - - [25/Jan/2011:11:32:17 +0100] "GET /img/thumb/phpThumb.php?src=/admin/img/1295368730_5945-6289D-A.JPG&w=148&h=138&zc=1&q=90 HTTP/1.1" 200 9397 "http://www.aziendaitalia.com/attivita-in-vendita/" "Mozilla/4.0 (compatible; MSIE 7.0; Windows NT 5.1; GTB6.6; .NET CLR 1.1.4322; .NET CLR 2.0.50727; .NET CLR 3.0.4506.2152; .NET CLR 3.5.30729)"
85.18.125.162 - - [25/Jan/2011:11:32:17 +0100] "GET /img/layout/bg_wrapper_sub.gif HTTP/1.1" 200 102 "http://www.aziendaitalia.com/attivita-in-vendita/" "Mozilla/4.0 (compatible; MSIE 7.0; Windows NT 5.1; GTB6.6; .NET CLR 1.1.4322; .NET CLR 2.0.50727; .NET CLR 3.0.4506.2152; .NET CLR 3.5.30729)"
85.18.125.162 - - [25/Jan/2011:11:32:17 +0100] "GET /img/thumb/phpThumb.php?src=/admin/img/1284121274_8018-5308G-A.JPG&w=148&h=138&zc=1&q=90 HTTP/1.1" 200 7134 "http://www.aziendaitalia.com/attivita-in-vendita/" "Mozilla/4.0 (compatible; MSIE 7.0; Windows NT 5.1; GTB6.6; .NET CLR 1.1.4322; .NET CLR 2.0.50727; .NET CLR 3.0.4506.2152; .NET CLR 3.5.30729)"
85.18.125.162 - - [25/Jan/2011:11:32:17 +0100] "GET /img/layout/bg_sidebar_separator.gif HTTP/1.1" 200 106 "http://www.aziendaitalia.com/attivita-in-vendita/" "Mozilla/4.0 (compatible; MSIE 7.0; Windows NT 5.1; GTB6.6; .NET CLR 1.1.4322; .NET CLR 2.0.50727; .NET CLR 3.0.4506.2152; .NET CLR 3.5.30729)"
85.18.125.162 - - [25/Jan/2011:11:32:17 +0100] "GET /img/layout/dot.png HTTP/1.1" 200 2899 "http://www.aziendaitalia.com/attivita-in-vendita/" "Mozilla/4.0 (compatible; MSIE 7.0; Windows NT 5.1; GTB6.6; .NET CLR 1.1.4322; .NET CLR 2.0.50727; .NET CLR 3.0.4506.2152; .NET CLR 3.5.30729)"
94.95.182.129 - - [25/Jan/2011:11:32:17 +0100] "GET /attivita/fac-simile-contratto-commerciale-compravendita-beni-mobili.htm HTTP/1.1" 200 2208 "http://www.google.it/search?hl=it&q=fac+simile+contratto+compravendita+beni+mobili&aq=f&aqi=&aql=&oq=" "Mozilla/4.0 (compatible; MSIE 8.0; Windows NT 6.1; WOW64; Trident/4.0; SLCC2; .NET CLR 2.0.50727; .NET CLR 3.5.30729; .NET CLR 3.0.30729; Media Center PC 6.0)"
94.95.182.129 - - [25/Jan/2011:11:32:18 +0100] "GET /attivita/images/bg.gif HTTP/1.1" 200 48 "http://www.aziendaitalia.com/attivita/fac-simile-contratto-commerciale-compravendita-beni-mobili.htm" "Mozilla/4.0 (compatible; MSIE 8.0; Windows NT 6.1; WOW64; Trident/4.0; SLCC2; .NET CLR 2.0.50727; .NET CLR 3.5.30729; .NET CLR 3.0.30729; Media Center PC 6.0)"
94.95.182.129 - - [25/Jan/2011:11:32:18 +0100] "GET /attivita/images/rigasopra.gif HTTP/1.1" 200 171 "http://www.aziendaitalia.com/attivita/fac-simile-contratto-commerciale-compravendita-beni-mobili.htm" "Mozilla/4.0 (compatible; MSIE 8.0; Windows NT 6.1; WOW64; Trident/4.0; SLCC2; .NET CLR 2.0.50727; .NET CLR 3.5.30729; .NET CLR 3.0.30729; Media Center PC 6.0)"
94.95.182.129 - - [25/Jan/2011:11:32:18 +0100] "GET /attivita/images/barrona2.gif HTTP/1.1" 200 19345 "http://www.aziendaitalia.com/attivita/fac-simile-contratto-commerciale-compravendita-beni-mobili.htm" "Mozilla/4.0 (compatible; MSIE 8.0; Windows NT 6.1; WOW64; Trident/4.0; SLCC2; .NET CLR 2.0.50727; .NET CLR 3.5.30729; .NET CLR 3.0.30729; Media Center PC 6.0)"
94.95.182.129 - - [25/Jan/2011:11:32:18 +0100] "GET /attivita/images/indirizzo.gif HTTP/1.1" 200 4022 "http://www.aziendaitalia.com/attivita/fac-simile-contratto-commerciale-compravendita-beni-mobili.htm" "Mozilla/4.0 (compatible; MSIE 8.0; Windows NT 6.1; WOW64; Trident/4.0; SLCC2; .NET CLR 2.0.50727; .NET CLR 3.5.30729; .NET CLR 3.0.30729; Media Center PC 6.0)"
94.95.182.129 - - [25/Jan/2011:11:32:18 +0100] "GET /attivita/images/barrona1.gif HTTP/1.1" 200 25108 "http://www.aziendaitalia.com/attivita/fac-simile-contratto-commerciale-compravendita-beni-mobili.htm" "Mozilla/4.0 (compatible; MSIE 8.0; Windows NT 6.1; WOW64; Trident/4.0; SLCC2; .NET CLR 2.0.50727; .NET CLR 3.5.30729; .NET CLR 3.0.30729; Media Center PC 6.0)"
94.95.182.129 - - [25/Jan/2011:11:32:18 +0100] "GET /attivita/images/loghetto.gif HTTP/1.1" 200 6105 "http://www.aziendaitalia.com/attivita/fac-simile-contratto-commerciale-compravendita-beni-mobili.htm" "Mozilla/4.0 (compatible; MSIE 8.0; Windows NT 6.1; WOW64; Trident/4.0; SLCC2; .NET CLR 2.0.50727; .NET CLR 3.5.30729; .NET CLR 3.0.30729; Media Center PC 6.0)"
94.95.182.129 - - [25/Jan/2011:11:32:19 +0100] "GET /favicon.ico HTTP/1.1" 200 1406 "-" "Mozilla/4.0 (compatible; MSIE 8.0; Windows NT 6.1; WOW64; Trident/4.0; SLCC2; .NET CLR 2.0.50727; .NET CLR 3.5.30729; .NET CLR 3.0.30729; Media Center PC 6.0)"
72.5.230.111 - - [25/Jan/2011:11:32:37 +0100] "HEAD / HTTP/1.1" 200 - "-" "Site 24 X 7"
85.18.125.162 - - [25/Jan/2011:11:32:51 +0100] "GET /attivita-in-vendita/cerca-agriturismo.html HTTP/1.1" 200 4954 "http://www.aziendaitalia.com/attivita-in-vendita/" "Mozilla/4.0 (compatible; MSIE 7.0; Windows NT 5.1; GTB6.6; .NET CLR 1.1.4322; .NET CLR 2.0.50727; .NET CLR 3.0.4506.2152; .NET CLR 3.5.30729)"
151.54.245.26 - - [25/Jan/2011:11:32:53 +0100] "GET /attivita-in-vendita/a3318.html HTTP/1.1" 200 2750 "http://www.aziendaitalia.com/attivita-in-vendita/ristoranti-bar_a-roma_c21_p53.html" "Mozilla/5.0 (Windows; U; Windows NT 5.1; en-US) AppleWebKit/534.10 (KHTML, like Gecko) Chrome/8.0.552.224 Safari/534.10"
151.54.245.26 - - [25/Jan/2011:11:32:54 +0100] "GET /css/style.css HTTP/1.1" 200 3366 "http://www.aziendaitalia.com/attivita-in-vendita/a3318.html" "Mozilla/5.0 (Windows; U; Windows NT 5.1; en-US) AppleWebKit/534.10 (KHTML, like Gecko) Chrome/8.0.552.224 Safari/534.10"
193.47.80.42 - - [25/Jan/2011:11:32:58 +0100] "GET /attivita/annunci-attivita-a-sassari.htm HTTP/1.1" 304 - "-" "Mozilla/5.0 (compatible; Exabot/3.0; +http://www.exabot.com/go/robot)"
188.218.197.252 - - [25/Jan/2011:11:33:03 +0100] "GET /cedere-ristoranti.php?gclid=CLOF1u6T1aYCFcoifAod2FLpMw HTTP/1.1" 200 3921 "http://vendita.donkiz.it/vendita/banchi_da_lavoro_usati_per_ristoranti.htm" "Mozilla/5.0 (Windows; U; Windows NT 6.0; it; rv:1.9.2.13) Gecko/20101203 Firefox/3.6.13 ( .NET CLR 3.5.30729)"
188.218.197.252 - - [25/Jan/2011:11:33:03 +0100] "GET /css/style.css HTTP/1.1" 200 3366 "http://www.aziendaitalia.com/cedere-ristoranti.php?gclid=CLOF1u6T1aYCFcoifAod2FLpMw" "Mozilla/5.0 (Windows; U; Windows NT 6.0; it; rv:1.9.2.13) Gecko/20101203 Firefox/3.6.13 ( .NET CLR 3.5.30729)"
188.218.197.252 - - [25/Jan/2011:11:33:03 +0100] "GET /js/general.js HTTP/1.1" 200 5776 "http://www.aziendaitalia.com/cedere-ristoranti.php?gclid=CLOF1u6T1aYCFcoifAod2FLpMw" "Mozilla/5.0 (Windows; U; Windows NT 6.0; it; rv:1.9.2.13) Gecko/20101203 Firefox/3.6.13 ( .NET CLR 3.5.30729)"
188.218.197.252 - - [25/Jan/2011:11:33:03 +0100] "GET /js/jquery-1.4.2.min.js HTTP/1.1" 200 72174 "http://www.aziendaitalia.com/cedere-ristoranti.php?gclid=CLOF1u6T1aYCFcoifAod2FLpMw" "Mozilla/5.0 (Windows; U; Windows NT 6.0; it; rv:1.9.2.13) Gecko/20101203 Firefox/3.6.13 ( .NET CLR 3.5.30729)"
188.218.197.252 - - [25/Jan/2011:11:33:03 +0100] "GET /img/icona-ristoranti-bar.jpg HTTP/1.1" 200 74379 "http://www.aziendaitalia.com/cedere-ristoranti.php?gclid=CLOF1u6T1aYCFcoifAod2FLpMw" "Mozilla/5.0 (Windows; U; Windows NT 6.0; it; rv:1.9.2.13) Gecko/20101203 Firefox/3.6.13 ( .NET CLR 3.5.30729)"
188.218.197.252 - - [25/Jan/2011:11:33:03 +0100] "GET /img/layout/header.gif HTTP/1.1" 200 15655 "http://www.aziendaitalia.com/css/style.css" "Mozilla/5.0 (Windows; U; Windows NT 6.0; it; rv:1.9.2.13) Gecko/20101203 Firefox/3.6.13 ( .NET CLR 3.5.30729)"
188.218.197.252 - - [25/Jan/2011:11:33:03 +0100] "GET /img/layout/menubar.gif HTTP/1.1" 200 1302 "http://www.aziendaitalia.com/css/style.css" "Mozilla/5.0 (Windows; U; Windows NT 6.0; it; rv:1.9.2.13) Gecko/20101203 Firefox/3.6.13 ( .NET CLR 3.5.30729)"
188.218.197.252 - - [25/Jan/2011:11:33:03 +0100] "GET /img/layout/bg_wrapper_sub.gif HTTP/1.1" 200 102 "http://www.aziendaitalia.com/css/style.css" "Mozilla/5.0 (Windows; U; Windows NT 6.0; it; rv:1.9.2.13) Gecko/20101203 Firefox/3.6.13 ( .NET CLR 3.5.30729)"
188.218.197.252 - - [25/Jan/2011:11:33:03 +0100] "GET /img/layout/bg_sidebar_separator.gif HTTP/1.1" 200 106 "http://www.aziendaitalia.com/css/style.css" "Mozilla/5.0 (Windows; U; Windows NT 6.0; it; rv:1.9.2.13) Gecko/20101203 Firefox/3.6.13 ( .NET CLR 3.5.30729)"
188.218.197.252 - - [25/Jan/2011:11:33:04 +0100] "GET /favicon.ico HTTP/1.1" 200 1406 "-" "Mozilla/5.0 (Windows; U; Windows NT 6.0; it; rv:1.9.2.13) Gecko/20101203 Firefox/3.6.13 ( .NET CLR 3.5.30729)"
188.218.197.252 - - [25/Jan/2011:11:33:12 +0100] "GET /cedere-attivita/ HTTP/1.1" 200 3958 "http://www.aziendaitalia.com/cedere-ristoranti.php?gclid=CLOF1u6T1aYCFcoifAod2FLpMw" "Mozilla/5.0 (Windows; U; Windows NT 6.0; it; rv:1.9.2.13) Gecko/20101203 Firefox/3.6.13 ( .NET CLR 3.5.30729)"
188.218.197.252 - - [25/Jan/2011:11:33:12 +0100] "GET /css/style.css HTTP/1.1" 200 3366 "http://www.aziendaitalia.com/cedere-attivita/" "Mozilla/5.0 (Windows; U; Windows NT 6.0; it; rv:1.9.2.13) Gecko/20101203 Firefox/3.6.13 ( .NET CLR 3.5.30729)"
188.218.197.252 - - [25/Jan/2011:11:33:23 +0100] "GET /cedere-attivita/preparazione-alla-cessione.html HTTP/1.1" 200 3001 "http://www.aziendaitalia.com/cedere-attivita/" "Mozilla/5.0 (Windows; U; Windows NT 6.0; it; rv:1.9.2.13) Gecko/20101203 Firefox/3.6.13 ( .NET CLR 3.5.30729)"
188.218.197.252 - - [25/Jan/2011:11:33:23 +0100] "GET /css/style.css HTTP/1.1" 200 3366 "http://www.aziendaitalia.com/cedere-attivita/preparazione-alla-cessione.html" "Mozilla/5.0 (Windows; U; Windows NT 6.0; it; rv:1.9.2.13) Gecko/20101203 Firefox/3.6.13 ( .NET CLR 3.5.30729)"
85.18.125.162 - - [25/Jan/2011:11:33:28 +0100] "GET /attivita-in-vendita/a3481.html HTTP/1.1" 200 2939 "http://www.aziendaitalia.com/attivita-in-vendita/cerca-agriturismo.html" "Mozilla/4.0 (compatible; MSIE 7.0; Windows NT 5.1; GTB6.6; .NET CLR 1.1.4322; .NET CLR 2.0.50727; .NET CLR 3.0.4506.2152; .NET CLR 3.5.30729)"
85.18.125.162 - - [25/Jan/2011:11:33:29 +0100] "GET /img/thumb/phpThumb.php?src=/admin/img/1285335933_7335-4350X-A.JPG&w=148&h=138&zc=1&q=90 HTTP/1.1" 200 8495 "http://www.aziendaitalia.com/attivita-in-vendita/a3481.html" "Mozilla/4.0 (compatible; MSIE 7.0; Windows NT 5.1; GTB6.6; .NET CLR 1.1.4322; .NET CLR 2.0.50727; .NET CLR 3.0.4506.2152; .NET CLR 3.5.30729)"
85.18.125.162 - - [25/Jan/2011:11:33:29 +0100] "GET /img/thumb/phpThumb.php?src=/admin/img/1295264258_7335-4350X-B.jpg&w=148&h=138&zc=1&q=90 HTTP/1.1" 200 8450 "http://www.aziendaitalia.com/attivita-in-vendita/a3481.html" "Mozilla/4.0 (compatible; MSIE 7.0; Windows NT 5.1; GTB6.6; .NET CLR 1.1.4322; .NET CLR 2.0.50727; .NET CLR 3.0.4506.2152; .NET CLR 3.5.30729)"
85.18.125.162 - - [25/Jan/2011:11:33:29 +0100] "GET /img/thumb/phpThumb.php?src=/admin/img/1295264262_7335-4350X-C.jpg&w=148&h=138&zc=1&q=90 HTTP/1.1" 200 7388 "http://www.aziendaitalia.com/attivita-in-vendita/a3481.html" "Mozilla/4.0 (compatible; MSIE 7.0; Windows NT 5.1; GTB6.6; .NET CLR 1.1.4322; .NET CLR 2.0.50727; .NET CLR 3.0.4506.2152; .NET CLR 3.5.30729)"
85.18.125.162 - - [25/Jan/2011:11:33:29 +0100] "GET /img/thumb/phpThumb.php?src=/admin/img/1295264266_7335-4350X-D.jpg&w=148&h=138&zc=1&q=90 HTTP/1.1" 200 5599 "http://www.aziendaitalia.com/attivita-in-vendita/a3481.html" "Mozilla/4.0 (compatible; MSIE 7.0; Windows NT 5.1; GTB6.6; .NET CLR 1.1.4322; .NET CLR 2.0.50727; .NET CLR 3.0.4506.2152; .NET CLR 3.5.30729)"
85.18.125.162 - - [25/Jan/2011:11:33:29 +0100] "GET /img/thumb/phpThumb.php?src=/admin/img/1295264270_7335-4350X-E.jpg&w=148&h=138&zc=1&q=90 HTTP/1.1" 200 8214 "http://www.aziendaitalia.com/attivita-in-vendita/a3481.html" "Mozilla/4.0 (compatible; MSIE 7.0; Windows NT 5.1; GTB6.6; .NET CLR 1.1.4322; .NET CLR 2.0.50727; .NET CLR 3.0.4506.2152; .NET CLR 3.5.30729)"
67.195.115.117 - - [25/Jan/2011:11:33:30 +0100] "GET /detail.cfm?ID=10080 HTTP/1.0" 301 281 "-" "Mozilla/5.0 (compatible; Yahoo! Slurp; http://help.yahoo.com/help/us/ysearch/slurp)"
67.195.115.117 - - [25/Jan/2011:11:33:31 +0100] "GET /?ID=10080 HTTP/1.0" 200 2651 "-" "Mozilla/5.0 (compatible; Yahoo! Slurp; http://help.yahoo.com/help/us/ysearch/slurp)"
72.5.230.111 - - [25/Jan/2011:11:33:37 +0100] "HEAD / HTTP/1.1" 200 - "-" "Site 24 X 7"
207.46.13.131 - - [25/Jan/2011:11:33:55 +0100] "GET /bancadati-zone.php?idreg=1&idzona=75&idind=7 HTTP/1.1" 404 276 "-" "Mozilla/5.0 (compatible; bingbot/2.0; +http://www.bing.com/bingbot.htm)"
93.34.220.171 - - [25/Jan/2011:11:33:56 +0100] "GET /?gclid=COTQkoiU1aYCFdERfAodcjTrMw HTTP/1.1" 200 2669 "http://www.google.it/search?source=ig&hl=it&rlz=1G1GGLQ_ITIT360&q=voglio+vendere+attivita+come+devo+fare%3F&btnG=Cerca+con+Google&aq=f&oq=" "Mozilla/4.0 (compatible; MSIE 8.0; Windows NT 6.0; Trident/4.0; GTB6.6; SLCC1; .NET CLR 2.0.50727; Media Center PC 5.0; .NET CLR 3.5.30729; .NET CLR 3.0.30618; OfficeLiveConnector.1.3; OfficeLivePatch.0.0; .NET4.0C)"
93.34.220.171 - - [25/Jan/2011:11:33:56 +0100] "GET /css/style.css HTTP/1.1" 200 3366 "http://www.aziendaitalia.com/?gclid=COTQkoiU1aYCFdERfAodcjTrMw" "Mozilla/4.0 (compatible; MSIE 8.0; Windows NT 6.0; Trident/4.0; GTB6.6; SLCC1; .NET CLR 2.0.50727; Media Center PC 5.0; .NET CLR 3.5.30729; .NET CLR 3.0.30618; OfficeLiveConnector.1.3; OfficeLivePatch.0.0; .NET4.0C)"
93.34.220.171 - - [25/Jan/2011:11:33:56 +0100] "GET /css/style.css HTTP/1.1" 200 3366 "http://www.aziendaitalia.com/?gclid=COTQkoiU1aYCFdERfAodcjTrMw" "Mozilla/4.0 (compatible; MSIE 8.0; Windows NT 6.0; Trident/4.0; GTB6.6; SLCC1; .NET CLR 2.0.50727; Media Center PC 5.0; .NET CLR 3.5.30729; .NET CLR 3.0.30618; OfficeLiveConnector.1.3; OfficeLivePatch.0.0; .NET4.0C)"
93.34.220.171 - - [25/Jan/2011:11:33:56 +0100] "GET /js/jquery-1.4.2.min.js HTTP/1.1" 200 72174 "http://www.aziendaitalia.com/?gclid=COTQkoiU1aYCFdERfAodcjTrMw" "Mozilla/4.0 (compatible; MSIE 8.0; Windows NT 6.0; Trident/4.0; GTB6.6; SLCC1; .NET CLR 2.0.50727; Media Center PC 5.0; .NET CLR 3.5.30729; .NET CLR 3.0.30618; OfficeLiveConnector.1.3; OfficeLivePatch.0.0; .NET4.0C)"
93.34.220.171 - - [25/Jan/2011:11:33:57 +0100] "GET /js/jquery.pngfix.pack.js HTTP/1.1" 200 2485 "http://www.aziendaitalia.com/?gclid=COTQkoiU1aYCFdERfAodcjTrMw" "Mozilla/4.0 (compatible; MSIE 8.0; Windows NT 6.0; Trident/4.0; GTB6.6; SLCC1; .NET CLR 2.0.50727; Media Center PC 5.0; .NET CLR 3.5.30729; .NET CLR 3.0.30618; OfficeLiveConnector.1.3; OfficeLivePatch.0.0; .NET4.0C)"
93.34.220.171 - - [25/Jan/2011:11:33:57 +0100] "GET /js/general.js HTTP/1.1" 200 5776 "http://www.aziendaitalia.com/?gclid=COTQkoiU1aYCFdERfAodcjTrMw" "Mozilla/4.0 (compatible; MSIE 8.0; Windows NT 6.0; Trident/4.0; GTB6.6; SLCC1; .NET CLR 2.0.50727; Media Center PC 5.0; .NET CLR 3.5.30729; .NET CLR 3.0.30618; OfficeLiveConnector.1.3; OfficeLivePatch.0.0; .NET4.0C)"
93.34.220.171 - - [25/Jan/2011:11:33:57 +0100] "GET /img/layout/menubar.gif HTTP/1.1" 200 1302 "http://www.aziendaitalia.com/?gclid=COTQkoiU1aYCFdERfAodcjTrMw" "Mozilla/4.0 (compatible; MSIE 8.0; Windows NT 6.0; Trident/4.0; GTB6.6; SLCC1; .NET CLR 2.0.50727; Media Center PC 5.0; .NET CLR 3.5.30729; .NET CLR 3.0.30618; OfficeLiveConnector.1.3; OfficeLivePatch.0.0; .NET4.0C)"
93.34.220.171 - - [25/Jan/2011:11:33:57 +0100] "GET /img/layout/content_bg.gif HTTP/1.1" 200 238 "http://www.aziendaitalia.com/?gclid=COTQkoiU1aYCFdERfAodcjTrMw" "Mozilla/4.0 (compatible; MSIE 8.0; Windows NT 6.0; Trident/4.0; GTB6.6; SLCC1; .NET CLR 2.0.50727; Media Center PC 5.0; .NET CLR 3.5.30729; .NET CLR 3.0.30618; OfficeLiveConnector.1.3; OfficeLivePatch.0.0; .NET4.0C)"
93.34.220.171 - - [25/Jan/2011:11:33:57 +0100] "GET /img/layout/bg_button_search.gif HTTP/1.1" 200 614 "http://www.aziendaitalia.com/?gclid=COTQkoiU1aYCFdERfAodcjTrMw" "Mozilla/4.0 (compatible; MSIE 8.0; Windows NT 6.0; Trident/4.0; GTB6.6; SLCC1; .NET CLR 2.0.50727; Media Center PC 5.0; .NET CLR 3.5.30729; .NET CLR 3.0.30618; OfficeLiveConnector.1.3; OfficeLivePatch.0.0; .NET4.0C)"
93.34.220.171 - - [25/Jan/2011:11:33:57 +0100] "GET /img/layout/tooltip.png HTTP/1.1" 200 3337 "http://www.aziendaitalia.com/?gclid=COTQkoiU1aYCFdERfAodcjTrMw" "Mozilla/4.0 (compatible; MSIE 8.0; Windows NT 6.0; Trident/4.0; GTB6.6; SLCC1; .NET CLR 2.0.50727; Media Center PC 5.0; .NET CLR 3.5.30729; .NET CLR 3.0.30618; OfficeLiveConnector.1.3; OfficeLivePatch.0.0; .NET4.0C)"
93.34.220.171 - - [25/Jan/2011:11:33:57 +0100] "GET /img/layout/header.gif HTTP/1.1" 200 15655 "http://www.aziendaitalia.com/?gclid=COTQkoiU1aYCFdERfAodcjTrMw" "Mozilla/4.0 (compatible; MSIE 8.0; Windows NT 6.0; Trident/4.0; GTB6.6; SLCC1; .NET CLR 2.0.50727; Media Center PC 5.0; .NET CLR 3.5.30729; .NET CLR 3.0.30618; OfficeLiveConnector.1.3; OfficeLivePatch.0.0; .NET4.0C)"
93.34.220.171 - - [25/Jan/2011:11:33:57 +0100] "GET /img/layout/bg_homepage_category_buttons.gif HTTP/1.1" 200 23956 "http://www.aziendaitalia.com/?gclid=COTQkoiU1aYCFdERfAodcjTrMw" "Mozilla/4.0 (compatible; MSIE 8.0; Windows NT 6.0; Trident/4.0; GTB6.6; SLCC1; .NET CLR 2.0.50727; Media Center PC 5.0; .NET CLR 3.5.30729; .NET CLR 3.0.30618; OfficeLiveConnector.1.3; OfficeLivePatch.0.0; .NET4.0C)"
93.34.220.171 - - [25/Jan/2011:11:33:58 +0100] "GET /favicon.ico HTTP/1.1" 200 1406 "-" "Mozilla/4.0 (compatible; MSIE 8.0; Windows NT 6.0; Trident/4.0; GTB6.6; SLCC1; .NET CLR 2.0.50727; Media Center PC 5.0; .NET CLR 3.5.30729; .NET CLR 3.0.30618; OfficeLiveConnector.1.3; OfficeLivePatch.0.0; .NET4.0C)"
151.54.245.26 - - [25/Jan/2011:11:34:03 +0100] "GET /attivita-in-vendita/a3274.html HTTP/1.1" 200 2739 "http://www.aziendaitalia.com/attivita-in-vendita/ristoranti-bar_a-roma_c21_p53.html" "Mozilla/5.0 (Windows; U; Windows NT 5.1; en-US) AppleWebKit/534.10 (KHTML, like Gecko) Chrome/8.0.552.224 Safari/534.10"
151.54.245.26 - - [25/Jan/2011:11:34:04 +0100] "GET /css/style.css HTTP/1.1" 200 3366 "http://www.aziendaitalia.com/attivita-in-vendita/a3274.html" "Mozilla/5.0 (Windows; U; Windows NT 5.1; en-US) AppleWebKit/534.10 (KHTML, like Gecko) Chrome/8.0.552.224 Safari/534.10"
151.54.245.26 - - [25/Jan/2011:11:34:04 +0100] "GET /img/thumb/phpThumb.php?src=/admin/img/1284028678_8719-4142N-A1.JPG&w=148&h=138&zc=1&q=90 HTTP/1.1" 200 6168 "http://www.aziendaitalia.com/attivita-in-vendita/a3274.html" "Mozilla/5.0 (Windows; U; Windows NT 5.1; en-US) AppleWebKit/534.10 (KHTML, like Gecko) Chrome/8.0.552.224 Safari/534.10"
151.54.245.26 - - [25/Jan/2011:11:34:04 +0100] "GET /img/thumb/phpThumb.php?src=/admin/img/1284028682_8719-4142N-B1.JPG&w=148&h=138&zc=1&q=90 HTTP/1.1" 200 7017 "http://www.aziendaitalia.com/attivita-in-vendita/a3274.html" "Mozilla/5.0 (Windows; U; Windows NT 5.1; en-US) AppleWebKit/534.10 (KHTML, like Gecko) Chrome/8.0.552.224 Safari/534.10"
151.54.245.26 - - [25/Jan/2011:11:34:04 +0100] "GET /img/thumb/phpThumb.php?src=/admin/img/1284028686_8719-4142N-C1.JPG&w=148&h=138&zc=1&q=90 HTTP/1.1" 200 7518 "http://www.aziendaitalia.com/attivita-in-vendita/a3274.html" "Mozilla/5.0 (Windows; U; Windows NT 5.1; en-US) AppleWebKit/534.10 (KHTML, like Gecko) Chrome/8.0.552.224 Safari/534.10"
178.154.161.29 - - [25/Jan/2011:11:34:17 +0100] "GET /attivita-in-vendita/altri-mezzi-di-trasporto-n-a-c_italia_s494_n1.html HTTP/1.1" 200 2548 "-" "Mozilla/5.0 (compatible; YandexBot/3.0; +http://yandex.com/bots)"
95.75.113.237 - - [25/Jan/2011:11:34:21 +0100] "GET /vendere-negozi-napoli.php?gclid=CMW7xZOU1aYCFQmMzAode095Iw HTTP/1.1" 200 3969 "http://search.vivastreet.virgilio.it/attivita-commerciali+provincia-di-napoli?lb=new&search=1&start_field=1&keywords=Negozio-vendita&sp_common_price%5Bstart%5D=&sp_common_main_type=Altre+attivita%27+commerciali&sp_common_price%5Bend%5D=&geosearch_text=Napoli+e+provincia&searchGeoId=6258&end_field=" "Mozilla/4.0 (compatible; MSIE 7.0; Windows NT 6.0; GTB6.6; SLCC1; .NET CLR 2.0.50727; Media Center PC 5.0; .NET CLR 3.0.30618; InfoPath.2)"
95.75.113.237 - - [25/Jan/2011:11:34:22 +0100] "GET /css/style.css HTTP/1.1" 200 3366 "http://www.aziendaitalia.com/vendere-negozi-napoli.php?gclid=CMW7xZOU1aYCFQmMzAode095Iw" "Mozilla/4.0 (compatible; MSIE 7.0; Windows NT 6.0; GTB6.6; SLCC1; .NET CLR 2.0.50727; Media Center PC 5.0; .NET CLR 3.0.30618; InfoPath.2)"
95.75.113.237 - - [25/Jan/2011:11:34:22 +0100] "GET /js/jquery-1.4.2.min.js HTTP/1.1" 200 72174 "http://www.aziendaitalia.com/vendere-negozi-napoli.php?gclid=CMW7xZOU1aYCFQmMzAode095Iw" "Mozilla/4.0 (compatible; MSIE 7.0; Windows NT 6.0; GTB6.6; SLCC1; .NET CLR 2.0.50727; Media Center PC 5.0; .NET CLR 3.0.30618; InfoPath.2)"
95.75.113.237 - - [25/Jan/2011:11:34:23 +0100] "GET /js/general.js HTTP/1.1" 200 5776 "http://www.aziendaitalia.com/vendere-negozi-napoli.php?gclid=CMW7xZOU1aYCFQmMzAode095Iw" "Mozilla/4.0 (compatible; MSIE 7.0; Windows NT 6.0; GTB6.6; SLCC1; .NET CLR 2.0.50727; Media Center PC 5.0; .NET CLR 3.0.30618; InfoPath.2)"
95.75.113.237 - - [25/Jan/2011:11:34:23 +0100] "GET /img/layout/menubar.gif HTTP/1.1" 200 1302 "http://www.aziendaitalia.com/vendere-negozi-napoli.php?gclid=CMW7xZOU1aYCFQmMzAode095Iw" "Mozilla/4.0 (compatible; MSIE 7.0; Windows NT 6.0; GTB6.6; SLCC1; .NET CLR 2.0.50727; Media Center PC 5.0; .NET CLR 3.0.30618; InfoPath.2)"
95.75.113.237 - - [25/Jan/2011:11:34:24 +0100] "GET /img/layout/bg_wrapper_sub.gif HTTP/1.1" 200 102 "http://www.aziendaitalia.com/vendere-negozi-napoli.php?gclid=CMW7xZOU1aYCFQmMzAode095Iw" "Mozilla/4.0 (compatible; MSIE 7.0; Windows NT 6.0; GTB6.6; SLCC1; .NET CLR 2.0.50727; Media Center PC 5.0; .NET CLR 3.0.30618; InfoPath.2)"
95.75.113.237 - - [25/Jan/2011:11:34:24 +0100] "GET /img/layout/bg_sidebar_separator.gif HTTP/1.1" 200 106 "http://www.aziendaitalia.com/vendere-negozi-napoli.php?gclid=CMW7xZOU1aYCFQmMzAode095Iw" "Mozilla/4.0 (compatible; MSIE 7.0; Windows NT 6.0; GTB6.6; SLCC1; .NET CLR 2.0.50727; Media Center PC 5.0; .NET CLR 3.0.30618; InfoPath.2)"
95.75.113.237 - - [25/Jan/2011:11:34:24 +0100] "GET /img/layout/header.gif HTTP/1.1" 200 15655 "http://www.aziendaitalia.com/vendere-negozi-napoli.php?gclid=CMW7xZOU1aYCFQmMzAode095Iw" "Mozilla/4.0 (compatible; MSIE 7.0; Windows NT 6.0; GTB6.6; SLCC1; .NET CLR 2.0.50727; Media Center PC 5.0; .NET CLR 3.0.30618; InfoPath.2)"
95.75.113.237 - - [25/Jan/2011:11:34:24 +0100] "GET /img/icona-negozi.jpg HTTP/1.1" 200 69156 "http://www.aziendaitalia.com/vendere-negozi-napoli.php?gclid=CMW7xZOU1aYCFQmMzAode095Iw" "Mozilla/4.0 (compatible; MSIE 7.0; Windows NT 6.0; GTB6.6; SLCC1; .NET CLR 2.0.50727; Media Center PC 5.0; .NET CLR 3.0.30618; InfoPath.2)"
95.75.113.237 - - [25/Jan/2011:11:34:25 +0100] "GET /favicon.ico HTTP/1.1" 200 1406 "-" "Mozilla/4.0 (compatible; MSIE 7.0; Windows NT 6.0; GTB6.6; SLCC1; .NET CLR 2.0.50727; Media Center PC 5.0; .NET CLR 3.0.30618; InfoPath.2)"
94.165.242.214 - - [25/Jan/2011:11:34:25 +0100] "GET /attivita-in-vendita/a1091.html HTTP/1.1" 200 2430 "-" "Mozilla/5.0 (Windows; U; Windows NT 5.1; en-US) AppleWebKit/534.10 (KHTML, like Gecko) Chrome/8.0.552.237 Safari/534.10"
94.165.242.214 - - [25/Jan/2011:11:34:26 +0100] "GET /css/style.css HTTP/1.1" 200 3366 "http://www.aziendaitalia.com/attivita-in-vendita/a1091.html" "Mozilla/5.0 (Windows; U; Windows NT 5.1; en-US) AppleWebKit/534.10 (KHTML, like Gecko) Chrome/8.0.552.237 Safari/534.10"
207.46.204.242 - - [25/Jan/2011:11:34:27 +0100] "GET /bancadati-scheda.php?idreg=&idind=&idcat=&idazienda=13562 HTTP/1.1" 404 277 "-" "Mozilla/5.0 (compatible; bingbot/2.0; +http://www.bing.com/bingbot.htm)"
72.5.230.111 - - [25/Jan/2011:11:34:38 +0100] "HEAD / HTTP/1.1" 200 - "-" "Site 24 X 7"
79.50.241.173 - - [25/Jan/2011:11:34:41 +0100] "GET /attivita-in-vendita/?gclid=COuWt52U1aYCFUkhfAodiVHyMw HTTP/1.1" 200 2323 "http://www.google.it/aclk?sa=l&ai=CHegWIqc-TdClNsbgswalzvA3w_qa1AG7iIawF52O08cpCAAQASgDUNaInbsGYP36q4SYE6ABg5yh_gPIAQGpAkeUNEZ957Y-qgQbT9BUS5JQ6lUWD6OiX20Y6hJnw9zbsDvooKdV&sig=AGiWqtw-CC4HNwc0QUhT3xxcWGjG3zdjdg&adurl=http://www.aziendaitalia.com/attivita-in-vendita/&rct=j&q=attivit%C3%A0%20commerciali%20in%20vendita%20%20a%20chioggia" "Mozilla/4.0 (compatible; MSIE 8.0; Windows NT 5.1; Trident/4.0; InfoPath.1; .NET CLR 2.0.50727; .NET CLR 3.0.4506.2152; .NET CLR 3.5.30729)"
79.50.241.173 - - [25/Jan/2011:11:34:41 +0100] "GET /css/style.css HTTP/1.1" 200 3366 "http://www.aziendaitalia.com/attivita-in-vendita/?gclid=COuWt52U1aYCFUkhfAodiVHyMw" "Mozilla/4.0 (compatible; MSIE 8.0; Windows NT 5.1; Trident/4.0; InfoPath.1; .NET CLR 2.0.50727; .NET CLR 3.0.4506.2152; .NET CLR 3.5.30729)"
79.50.241.173 - - [25/Jan/2011:11:34:41 +0100] "GET /js/jquery-1.4.2.min.js HTTP/1.1" 200 72174 "http://www.aziendaitalia.com/attivita-in-vendita/?gclid=COuWt52U1aYCFUkhfAodiVHyMw" "Mozilla/4.0 (compatible; MSIE 8.0; Windows NT 5.1; Trident/4.0; InfoPath.1; .NET CLR 2.0.50727; .NET CLR 3.0.4506.2152; .NET CLR 3.5.30729)"
79.50.241.173 - - [25/Jan/2011:11:34:42 +0100] "GET /js/general.js HTTP/1.1" 200 5776 "http://www.aziendaitalia.com/attivita-in-vendita/?gclid=COuWt52U1aYCFUkhfAodiVHyMw" "Mozilla/4.0 (compatible; MSIE 8.0; Windows NT 5.1; Trident/4.0; InfoPath.1; .NET CLR 2.0.50727; .NET CLR 3.0.4506.2152; .NET CLR 3.5.30729)"
79.50.241.173 - - [25/Jan/2011:11:34:42 +0100] "GET /img/layout/menubar.gif HTTP/1.1" 200 1302 "http://www.aziendaitalia.com/attivita-in-vendita/?gclid=COuWt52U1aYCFUkhfAodiVHyMw" "Mozilla/4.0 (compatible; MSIE 8.0; Windows NT 5.1; Trident/4.0; InfoPath.1; .NET CLR 2.0.50727; .NET CLR 3.0.4506.2152; .NET CLR 3.5.30729)"
79.50.241.173 - - [25/Jan/2011:11:34:42 +0100] "GET /img/thumb/phpThumb.php?src=/admin/img/1283511116_5135-4001Y-A.JPG&w=148&h=138&zc=1&q=90 HTTP/1.1" 200 9692 "http://www.aziendaitalia.com/attivita-in-vendita/?gclid=COuWt52U1aYCFUkhfAodiVHyMw" "Mozilla/4.0 (compatible; MSIE 8.0; Windows NT 5.1; Trident/4.0; InfoPath.1; .NET CLR 2.0.50727; .NET CLR 3.0.4506.2152; .NET CLR 3.5.30729)"
79.50.241.173 - - [25/Jan/2011:11:34:42 +0100] "GET /img/layout/bg_wrapper_sub.gif HTTP/1.1" 200 102 "http://www.aziendaitalia.com/attivita-in-vendita/?gclid=COuWt52U1aYCFUkhfAodiVHyMw" "Mozilla/4.0 (compatible; MSIE 8.0; Windows NT 5.1; Trident/4.0; InfoPath.1; .NET CLR 2.0.50727; .NET CLR 3.0.4506.2152; .NET CLR 3.5.30729)"
79.50.241.173 - - [25/Jan/2011:11:34:42 +0100] "GET /img/thumb/phpThumb.php?src=/admin/img/1295368730_5945-6289D-A.JPG&w=148&h=138&zc=1&q=90 HTTP/1.1" 200 9397 "http://www.aziendaitalia.com/attivita-in-vendita/?gclid=COuWt52U1aYCFUkhfAodiVHyMw" "Mozilla/4.0 (compatible; MSIE 8.0; Windows NT 5.1; Trident/4.0; InfoPath.1; .NET CLR 2.0.50727; .NET CLR 3.0.4506.2152; .NET CLR 3.5.30729)"
79.50.241.173 - - [25/Jan/2011:11:34:42 +0100] "GET /img/layout/header.gif HTTP/1.1" 200 15655 "http://www.aziendaitalia.com/attivita-in-vendita/?gclid=COuWt52U1aYCFUkhfAodiVHyMw" "Mozilla/4.0 (compatible; MSIE 8.0; Windows NT 5.1; Trident/4.0; InfoPath.1; .NET CLR 2.0.50727; .NET CLR 3.0.4506.2152; .NET CLR 3.5.30729)"
79.50.241.173 - - [25/Jan/2011:11:34:42 +0100] "GET /img/layout/bg_sidebar_separator.gif HTTP/1.1" 200 106 "http://www.aziendaitalia.com/attivita-in-vendita/?gclid=COuWt52U1aYCFUkhfAodiVHyMw" "Mozilla/4.0 (compatible; MSIE 8.0; Windows NT 5.1; Trident/4.0; InfoPath.1; .NET CLR 2.0.50727; .NET CLR 3.0.4506.2152; .NET CLR 3.5.30729)"
79.50.241.173 - - [25/Jan/2011:11:34:42 +0100] "GET /img/layout/dot.png HTTP/1.1" 200 2899 "http://www.aziendaitalia.com/attivita-in-vendita/?gclid=COuWt52U1aYCFUkhfAodiVHyMw" "Mozilla/4.0 (compatible; MSIE 8.0; Windows NT 5.1; Trident/4.0; InfoPath.1; .NET CLR 2.0.50727; .NET CLR 3.0.4506.2152; .NET CLR 3.5.30729)"
79.50.241.173 - - [25/Jan/2011:11:34:42 +0100] "GET /img/thumb/phpThumb.php?src=/admin/img/1284121274_8018-5308G-A.JPG&w=148&h=138&zc=1&q=90 HTTP/1.1" 200 7134 "http://www.aziendaitalia.com/attivita-in-vendita/?gclid=COuWt52U1aYCFUkhfAodiVHyMw" "Mozilla/4.0 (compatible; MSIE 8.0; Windows NT 5.1; Trident/4.0; InfoPath.1; .NET CLR 2.0.50727; .NET CLR 3.0.4506.2152; .NET CLR 3.5.30729)"
79.50.241.173 - - [25/Jan/2011:11:34:42 +0100] "GET /favicon.ico HTTP/1.1" 200 1406 "-" "Mozilla/4.0 (compatible; MSIE 8.0; Windows NT 5.1; Trident/4.0; InfoPath.1; .NET CLR 2.0.50727; .NET CLR 3.0.4506.2152; .NET CLR 3.5.30729)"
95.75.113.237 - - [25/Jan/2011:11:34:48 +0100] "GET /rilevare-attivita/ HTTP/1.1" 200 3679 "http://www.aziendaitalia.com/vendere-negozi-napoli.php?gclid=CMW7xZOU1aYCFQmMzAode095Iw" "Mozilla/4.0 (compatible; MSIE 7.0; Windows NT 6.0; GTB6.6; SLCC1; .NET CLR 2.0.50727; Media Center PC 5.0; .NET CLR 3.0.30618; InfoPath.2)"
95.75.113.237 - - [25/Jan/2011:11:34:53 +0100] "GET /attivita-in-vendita/ HTTP/1.1" 200 2294 "http://www.aziendaitalia.com/rilevare-attivita/" "Mozilla/4.0 (compatible; MSIE 7.0; Windows NT 6.0; GTB6.6; SLCC1; .NET CLR 2.0.50727; Media Center PC 5.0; .NET CLR 3.0.30618; InfoPath.2)"
95.75.113.237 - - [25/Jan/2011:11:34:55 +0100] "GET /img/thumb/phpThumb.php?src=/admin/img/1283511116_5135-4001Y-A.JPG&w=148&h=138&zc=1&q=90 HTTP/1.1" 200 9692 "http://www.aziendaitalia.com/attivita-in-vendita/" "Mozilla/4.0 (compatible; MSIE 7.0; Windows NT 6.0; GTB6.6; SLCC1; .NET CLR 2.0.50727; Media Center PC 5.0; .NET CLR 3.0.30618; InfoPath.2)"
95.75.113.237 - - [25/Jan/2011:11:34:55 +0100] "GET /img/thumb/phpThumb.php?src=/admin/img/1295368730_5945-6289D-A.JPG&w=148&h=138&zc=1&q=90 HTTP/1.1" 200 9397 "http://www.aziendaitalia.com/attivita-in-vendita/" "Mozilla/4.0 (compatible; MSIE 7.0; Windows NT 6.0; GTB6.6; SLCC1; .NET CLR 2.0.50727; Media Center PC 5.0; .NET CLR 3.0.30618; InfoPath.2)"
95.75.113.237 - - [25/Jan/2011:11:34:56 +0100] "GET /img/thumb/phpThumb.php?src=/admin/img/1284121274_8018-5308G-A.JPG&w=148&h=138&zc=1&q=90 HTTP/1.1" 200 7134 "http://www.aziendaitalia.com/attivita-in-vendita/" "Mozilla/4.0 (compatible; MSIE 7.0; Windows NT 6.0; GTB6.6; SLCC1; .NET CLR 2.0.50727; Media Center PC 5.0; .NET CLR 3.0.30618; InfoPath.2)"
95.75.113.237 - - [25/Jan/2011:11:34:56 +0100] "GET /img/layout/dot.png HTTP/1.1" 200 2899 "http://www.aziendaitalia.com/attivita-in-vendita/" "Mozilla/4.0 (compatible; MSIE 7.0; Windows NT 6.0; GTB6.6; SLCC1; .NET CLR 2.0.50727; Media Center PC 5.0; .NET CLR 3.0.30618; InfoPath.2)"
82.190.102.62 - - [25/Jan/2011:11:35:11 +0100] "GET /vendere-negozi-firenze.php?gclid=CMCbkKuU1aYCFcoifAod2FLpMw HTTP/1.1" 200 11905 "http://it.ask.com/web?l=sem&ifr=1&qsrc=999&q=negozio%20ricambi%20cucine%20nardi%20firenze&siteid=4093&sq=1&o=4093&ar_uid=4c6712c06d9b8f53c86024d59a07b329a37ad70d" "Mozilla/4.0 (compatible; MSIE 6.0; Windows NT 5.1; SV1; .NET CLR 1.1.4322; .NET CLR 2.0.50727)"
82.190.102.62 - - [25/Jan/2011:11:35:12 +0100] "GET /css/style.css HTTP/1.1" 200 13313 "http://www.aziendaitalia.com/vendere-negozi-firenze.php?gclid=CMCbkKuU1aYCFcoifAod2FLpMw" "Mozilla/4.0 (compatible; MSIE 6.0; Windows NT 5.1; SV1; .NET CLR 1.1.4322; .NET CLR 2.0.50727)"
82.190.102.62 - - [25/Jan/2011:11:35:12 +0100] "GET /js/jquery-1.4.2.min.js HTTP/1.1" 200 72174 "http://www.aziendaitalia.com/vendere-negozi-firenze.php?gclid=CMCbkKuU1aYCFcoifAod2FLpMw" "Mozilla/4.0 (compatible; MSIE 6.0; Windows NT 5.1; SV1; .NET CLR 1.1.4322; .NET CLR 2.0.50727)"
82.190.102.62 - - [25/Jan/2011:11:35:12 +0100] "GET /js/general.js HTTP/1.1" 200 5776 "http://www.aziendaitalia.com/vendere-negozi-firenze.php?gclid=CMCbkKuU1aYCFcoifAod2FLpMw" "Mozilla/4.0 (compatible; MSIE 6.0; Windows NT 5.1; SV1; .NET CLR 1.1.4322; .NET CLR 2.0.50727)"
82.190.102.62 - - [25/Jan/2011:11:35:12 +0100] "GET /img/layout/menubar.gif HTTP/1.1" 200 1302 "http://www.aziendaitalia.com/vendere-negozi-firenze.php?gclid=CMCbkKuU1aYCFcoifAod2FLpMw" "Mozilla/4.0 (compatible; MSIE 6.0; Windows NT 5.1; SV1; .NET CLR 1.1.4322; .NET CLR 2.0.50727)"
82.190.102.62 - - [25/Jan/2011:11:35:12 +0100] "GET /img/icona-negozi.jpg HTTP/1.1" 200 69156 "http://www.aziendaitalia.com/vendere-negozi-firenze.php?gclid=CMCbkKuU1aYCFcoifAod2FLpMw" "Mozilla/4.0 (compatible; MSIE 6.0; Windows NT 5.1; SV1; .NET CLR 1.1.4322; .NET CLR 2.0.50727)"
