151.54.245.26 - - [25/Jan/2011:11:12:29 +0100] "GET /attivita-in-vendita/alberghi-ristoranti-bar-agriturismo-aziende-agricole_a-roma_m1_p53.html?page=3 HTTP/1.1" 200 3994 "http://www.aziendaitalia.com/attivita-in-vendita/alberghi-ristoranti-bar-agriturismo-aziende-agricole_a-roma_m1_p53.html?page=2" "Mozilla/5.0 (Windows; U; Windows NT 5.1; en-US) AppleWebKit/534.10 (KHTML, like Gecko) Chrome/8.0.552.224 Safari/534.10"
151.54.245.26 - - [25/Jan/2011:11:12:30 +0100] "GET /css/style.css HTTP/1.1" 200 3366 "http://www.aziendaitalia.com/attivita-in-vendita/alberghi-ristoranti-bar-agriturismo-aziende-agricole_a-roma_m1_p53.html?page=3" "Mozilla/5.0 (Windows; U; Windows NT 5.1; en-US) AppleWebKit/534.10 (KHTML, like Gecko) Chrome/8.0.552.224 Safari/534.10"
87.28.161.50 - - [25/Jan/2011:11:12:34 +0100] "GET /attivita-in-vendita/alberghi-ristoranti-bar-agriturismo-aziende-agricole_a-milano_m1_p6.html?page=5 HTTP/1.1" 200 4460 "http://www.aziendaitalia.com/attivita-in-vendita/alberghi-ristoranti-bar-agriturismo-aziende-agricole_a-milano_m1_p6.html?page=4" "Mozilla/4.0 (compatible; MSIE 8.0; Windows NT 6.1; WOW64; Trident/4.0; SLCC2; .NET CLR 2.0.50727; .NET CLR 3.5.30729; .NET CLR 3.0.30729; Media Center PC 6.0; OfficeLiveConnector.1.3; OfficeLivePatch.0.0)"
87.28.161.50 - - [25/Jan/2011:11:12:53 +0100] "GET /attivita-in-vendita/a1431.html HTTP/1.1" 200 2586 "http://www.aziendaitalia.com/attivita-in-vendita/alberghi-ristoranti-bar-agriturismo-aziende-agricole_a-milano_m1_p6.html?page=5" "Mozilla/4.0 (compatible; MSIE 8.0; Windows NT 6.1; WOW64; Trident/4.0; SLCC2; .NET CLR 2.0.50727; .NET CLR 3.5.30729; .NET CLR 3.0.30729; Media Center PC 6.0; OfficeLiveConnector.1.3; OfficeLivePatch.0.0)"
93.35.222.202 - - [25/Jan/2011:11:12:56 +0100] "GET /attivita-in-vendita/cerca-3316/1256S.html HTTP/1.1" 200 1749 "-" "Mozilla/4.0 (compatible; MSIE 7.0; Windows NT 6.0; Trident/4.0; GTB6.6; SLCC1; .NET CLR 2.0.50727; Media Center PC 5.0; .NET CLR 3.5.30729; .NET CLR 3.0.30729; OfficeLiveConnector.1.5; OfficeLivePatch.1.3; .NET4.0C)"
93.35.222.202 - - [25/Jan/2011:11:12:57 +0100] "GET /css/style.css HTTP/1.1" 200 3366 "http://www.aziendaitalia.com/attivita-in-vendita/cerca-3316/1256S.html" "Mozilla/4.0 (compatible; MSIE 7.0; Windows NT 6.0; Trident/4.0; GTB6.6; SLCC1; .NET CLR 2.0.50727; Media Center PC 5.0; .NET CLR 3.5.30729; .NET CLR 3.0.30729; OfficeLiveConnector.1.5; OfficeLivePatch.1.3; .NET4.0C)"
93.35.222.202 - - [25/Jan/2011:11:12:57 +0100] "GET /js/jquery-1.4.2.min.js HTTP/1.1" 304 - "http://www.aziendaitalia.com/attivita-in-vendita/cerca-3316/1256S.html" "Mozilla/4.0 (compatible; MSIE 7.0; Windows NT 6.0; Trident/4.0; GTB6.6; SLCC1; .NET CLR 2.0.50727; Media Center PC 5.0; .NET CLR 3.5.30729; .NET CLR 3.0.30729; OfficeLiveConnector.1.5; OfficeLivePatch.1.3; .NET4.0C)"
93.35.222.202 - - [25/Jan/2011:11:12:57 +0100] "GET /js/general.js HTTP/1.1" 304 - "http://www.aziendaitalia.com/attivita-in-vendita/cerca-3316/1256S.html" "Mozilla/4.0 (compatible; MSIE 7.0; Windows NT 6.0; Trident/4.0; GTB6.6; SLCC1; .NET CLR 2.0.50727; Media Center PC 5.0; .NET CLR 3.5.30729; .NET CLR 3.0.30729; OfficeLiveConnector.1.5; OfficeLivePatch.1.3; .NET4.0C)"
93.35.222.202 - - [25/Jan/2011:11:12:57 +0100] "GET /img/layout/menubar.gif HTTP/1.1" 304 - "http://www.aziendaitalia.com/attivita-in-vendita/cerca-3316/1256S.html" "Mozilla/4.0 (compatible; MSIE 7.0; Windows NT 6.0; Trident/4.0; GTB6.6; SLCC1; .NET CLR 2.0.50727; Media Center PC 5.0; .NET CLR 3.5.30729; .NET CLR 3.0.30729; OfficeLiveConnector.1.5; OfficeLivePatch.1.3; .NET4.0C)"
93.35.222.202 - - [25/Jan/2011:11:12:57 +0100] "GET /img/layout/bg_wrapper_sub.gif HTTP/1.1" 200 102 "http://www.aziendaitalia.com/attivita-in-vendita/cerca-3316/1256S.html" "Mozilla/4.0 (compatible; MSIE 7.0; Windows NT 6.0; Trident/4.0; GTB6.6; SLCC1; .NET CLR 2.0.50727; Media Center PC 5.0; .NET CLR 3.5.30729; .NET CLR 3.0.30729; OfficeLiveConnector.1.5; OfficeLivePatch.1.3; .NET4.0C)"
93.35.222.202 - - [25/Jan/2011:11:12:58 +0100] "GET /img/layout/bg_sidebar_separator.gif HTTP/1.1" 200 106 "http://www.aziendaitalia.com/attivita-in-vendita/cerca-3316/1256S.html" "Mozilla/4.0 (compatible; MSIE 7.0; Windows NT 6.0; Trident/4.0; GTB6.6; SLCC1; .NET CLR 2.0.50727; Media Center PC 5.0; .NET CLR 3.5.30729; .NET CLR 3.0.30729; OfficeLiveConnector.1.5; OfficeLivePatch.1.3; .NET4.0C)"
93.35.222.202 - - [25/Jan/2011:11:12:58 +0100] "GET /img/layout/header.gif HTTP/1.1" 304 - "http://www.aziendaitalia.com/attivita-in-vendita/cerca-3316/1256S.html" "Mozilla/4.0 (compatible; MSIE 7.0; Windows NT 6.0; Trident/4.0; GTB6.6; SLCC1; .NET CLR 2.0.50727; Media Center PC 5.0; .NET CLR 3.5.30729; .NET CLR 3.0.30729; OfficeLiveConnector.1.5; OfficeLivePatch.1.3; .NET4.0C)"
95.226.164.96 - - [25/Jan/2011:11:12:58 +0100] "GET /attivita-in-vendita/a2347.html HTTP/1.1" 200 2532 "http://www.aziendaitalia.com/attivita-in-vendita/cerca-industria.html" "Mozilla/4.0 (compatible; MSIE 8.0; Windows NT 5.1; Trident/4.0; GTB6.6; .NET CLR 1.1.4322; .NET CLR 2.0.50727; .NET CLR 3.0.04506.648; .NET CLR 3.5.21022; eSobiSubscriber 2.0.4.16; .NET CLR 3.0.4506.2152; .NET CLR 3.5.30729)"
87.28.161.50 - - [25/Jan/2011:11:13:07 +0100] "GET /img/layout/italia/italyisles.gif HTTP/1.1" 200 3919 "http://www.aziendaitalia.com/attivita-in-vendita/alberghi-ristoranti-bar-agriturismo-aziende-agricole_a-milano_m1_p6.html?page=5" "Mozilla/4.0 (compatible; MSIE 8.0; Windows NT 6.1; WOW64; Trident/4.0; SLCC2; .NET CLR 2.0.50727; .NET CLR 3.5.30729; .NET CLR 3.0.30729; Media Center PC 6.0; OfficeLiveConnector.1.3; OfficeLivePatch.0.0)"
93.35.222.202 - - [25/Jan/2011:11:13:10 +0100] "GET /attivita-in-vendita/a3390.html HTTP/1.1" 200 2901 "http://www.aziendaitalia.com/attivita-in-vendita/cerca-3316/1256S.html" "Mozilla/4.0 (compatible; MSIE 7.0; Windows NT 6.0; Trident/4.0; GTB6.6; SLCC1; .NET CLR 2.0.50727; Media Center PC 5.0; .NET CLR 3.5.30729; .NET CLR 3.0.30729; OfficeLiveConnector.1.5; OfficeLivePatch.1.3; .NET4.0C)"
93.35.222.202 - - [25/Jan/2011:11:13:10 +0100] "GET /img/thumb/phpThumb.php?src=/admin/img/1288975979_3316-1256S-B.jpg&w=148&h=138&zc=1&q=90 HTTP/1.1" 200 9639 "http://www.aziendaitalia.com/attivita-in-vendita/a3390.html" "Mozilla/4.0 (compatible; MSIE 7.0; Windows NT 6.0; Trident/4.0; GTB6.6; SLCC1; .NET CLR 2.0.50727; Media Center PC 5.0; .NET CLR 3.5.30729; .NET CLR 3.0.30729; OfficeLiveConnector.1.5; OfficeLivePatch.1.3; .NET4.0C)"
93.35.222.202 - - [25/Jan/2011:11:13:10 +0100] "GET /img/thumb/phpThumb.php?src=/admin/img/1288975988_3316-1256S-D.jpg&w=148&h=138&zc=1&q=90 HTTP/1.1" 200 10184 "http://www.aziendaitalia.com/attivita-in-vendita/a3390.html" "Mozilla/4.0 (compatible; MSIE 7.0; Windows NT 6.0; Trident/4.0; GTB6.6; SLCC1; .NET CLR 2.0.50727; Media Center PC 5.0; .NET CLR 3.5.30729; .NET CLR 3.0.30729; OfficeLiveConnector.1.5; OfficeLivePatch.1.3; .NET4.0C)"
93.35.222.202 - - [25/Jan/2011:11:13:10 +0100] "GET /img/thumb/phpThumb.php?src=/admin/img/1288975982_3316-1256S-C.jpg&w=148&h=138&zc=1&q=90 HTTP/1.1" 200 8433 "http://www.aziendaitalia.com/attivita-in-vendita/a3390.html" "Mozilla/4.0 (compatible; MSIE 7.0; Windows NT 6.0; Trident/4.0; GTB6.6; SLCC1; .NET CLR 2.0.50727; Media Center PC 5.0; .NET CLR 3.5.30729; .NET CLR 3.0.30729; OfficeLiveConnector.1.5; OfficeLivePatch.1.3; .NET4.0C)"
93.35.222.202 - - [25/Jan/2011:11:13:10 +0100] "GET /img/thumb/phpThumb.php?src=/admin/img/1288975991_3316-1256S-E.jpg&w=148&h=138&zc=1&q=90 HTTP/1.1" 200 10549 "http://www.aziendaitalia.com/attivita-in-vendita/a3390.html" "Mozilla/4.0 (compatible; MSIE 7.0; Windows NT 6.0; Trident/4.0; GTB6.6; SLCC1; .NET CLR 2.0.50727; Media Center PC 5.0; .NET CLR 3.5.30729; .NET CLR 3.0.30729; OfficeLiveConnector.1.5; OfficeLivePatch.1.3; .NET4.0C)"
87.28.161.50 - - [25/Jan/2011:11:13:15 +0100] "GET /attivita-in-vendita/alberghi-ristoranti-bar-agriturismo-aziende-agricole_a-milano_m1_p6.html?page=6 HTTP/1.1" 200 4330 "http://www.aziendaitalia.com/attivita-in-vendita/alberghi-ristoranti-bar-agriturismo-aziende-agricole_a-milano_m1_p6.html?page=5" "Mozilla/4.0 (compatible; MSIE 8.0; Windows NT 6.1; WOW64; Trident/4.0; SLCC2; .NET CLR 2.0.50727; .NET CLR 3.5.30729; .NET CLR 3.0.30729; Media Center PC 6.0; OfficeLiveConnector.1.3; OfficeLivePatch.0.0)"
72.5.230.111 - - [25/Jan/2011:11:13:19 +0100] "HEAD / HTTP/1.1" 200 - "-" "Site 24 X 7"
157.55.16.230 - - [25/Jan/2011:11:13:27 +0100] "GET /bancadati-scheda.php?idreg=&idind=3&idcat=263&idazienda=11497 HTTP/1.1" 404 277 "-" "Mozilla/5.0 (compatible; bingbot/2.0; +http://www.bing.com/bingbot.htm)"
87.28.161.50 - - [25/Jan/2011:11:13:30 +0100] "GET /attivita-in-vendita/a1275.html HTTP/1.1" 200 2554 "http://www.aziendaitalia.com/attivita-in-vendita/alberghi-ristoranti-bar-agriturismo-aziende-agricole_a-milano_m1_p6.html?page=6" "Mozilla/4.0 (compatible; MSIE 8.0; Windows NT 6.1; WOW64; Trident/4.0; SLCC2; .NET CLR 2.0.50727; .NET CLR 3.5.30729; .NET CLR 3.0.30729; Media Center PC 6.0; OfficeLiveConnector.1.3; OfficeLivePatch.0.0)"
159.213.39.15 - - [25/Jan/2011:11:13:38 +0100] "GET /vendere-negozi-firenze.php?gclid=CLGWi8OP1aYCFUYifAodO3vwMw HTTP/1.0" 200 11905 "http://www.google.it/search?hl=it&source=hp&q=NEGOZZI+USATI+A+FIRENZE&meta=&aq=f&aqi=&aql=&oq=" "Mozilla/4.0 (compatible; MSIE 6.0; Windows NT 5.1; SV1; .NET CLR 2.0.50727)"
159.213.39.15 - - [25/Jan/2011:11:13:38 +0100] "GET /css/style.css HTTP/1.0" 200 13313 "http://www.aziendaitalia.com/vendere-negozi-firenze.php?gclid=CLGWi8OP1aYCFUYifAodO3vwMw" "Mozilla/4.0 (compatible; MSIE 6.0; Windows NT 5.1; SV1; .NET CLR 2.0.50727)"
159.213.39.15 - - [25/Jan/2011:11:13:38 +0100] "GET /js/jquery-1.4.2.min.js HTTP/1.0" 200 72174 "http://www.aziendaitalia.com/vendere-negozi-firenze.php?gclid=CLGWi8OP1aYCFUYifAodO3vwMw" "Mozilla/4.0 (compatible; MSIE 6.0; Windows NT 5.1; SV1; .NET CLR 2.0.50727)"
159.213.39.15 - - [25/Jan/2011:11:13:38 +0100] "GET /js/general.js HTTP/1.0" 200 5776 "http://www.aziendaitalia.com/vendere-negozi-firenze.php?gclid=CLGWi8OP1aYCFUYifAodO3vwMw" "Mozilla/4.0 (compatible; MSIE 6.0; Windows NT 5.1; SV1; .NET CLR 2.0.50727)"
159.213.39.15 - - [25/Jan/2011:11:13:38 +0100] "GET /img/icona-negozi.jpg HTTP/1.0" 200 69156 "http://www.aziendaitalia.com/vendere-negozi-firenze.php?gclid=CLGWi8OP1aYCFUYifAodO3vwMw" "Mozilla/4.0 (compatible; MSIE 6.0; Windows NT 5.1; SV1; .NET CLR 2.0.50727)"
159.213.39.15 - - [25/Jan/2011:11:13:38 +0100] "GET /img/layout/bg_wrapper_sub.gif HTTP/1.0" 200 102 "http://www.aziendaitalia.com/vendere-negozi-firenze.php?gclid=CLGWi8OP1aYCFUYifAodO3vwMw" "Mozilla/4.0 (compatible; MSIE 6.0; Windows NT 5.1; SV1; .NET CLR 2.0.50727)"
159.213.39.15 - - [25/Jan/2011:11:13:38 +0100] "GET /img/layout/menubar.gif HTTP/1.0" 200 1302 "http://www.aziendaitalia.com/vendere-negozi-firenze.php?gclid=CLGWi8OP1aYCFUYifAodO3vwMw" "Mozilla/4.0 (compatible; MSIE 6.0; Windows NT 5.1; SV1; .NET CLR 2.0.50727)"
159.213.39.15 - - [25/Jan/2011:11:13:38 +0100] "GET /img/layout/header.gif HTTP/1.0" 200 15655 "http://www.aziendaitalia.com/vendere-negozi-firenze.php?gclid=CLGWi8OP1aYCFUYifAodO3vwMw" "Mozilla/4.0 (compatible; MSIE 6.0; Windows NT 5.1; SV1; .NET CLR 2.0.50727)"
159.213.39.15 - - [25/Jan/2011:11:13:38 +0100] "GET /img/layout/bg_sidebar_separator.gif HTTP/1.0" 200 106 "http://www.aziendaitalia.com/vendere-negozi-firenze.php?gclid=CLGWi8OP1aYCFUYifAodO3vwMw" "Mozilla/4.0 (compatible; MSIE 6.0; Windows NT 5.1; SV1; .NET CLR 2.0.50727)"
94.166.29.4 - - [25/Jan/2011:11:13:46 +0100] "GET /attivita-in-vendita/?gclid=CP_ckseP1aYCFYe_zAodvmVIBw HTTP/1.1" 200 2322 "http://www.google.com/aclk?sa=l&ai=CTfvlUaI-TcS7Ncj6sgaO0swzw_qa1AG7iIawF9nmqjUQAygIUNaInbsGYP2KooTUEqABg5yh_gPIAQGpAuwTJQGo8rY-qgQbT9BuCX4KcQhETEO2A45bta5iejjvzABKhtJ7&num=4&sig=AGiWqtzV4mfkSP_Xdsvtncu2UDCB4Q2VOw&adurl=http://www.aziendaitalia.com/attivita-in-vendita/&rct=j&q=cerco%20negozio%20di%20vendita%20kebab%20x%20vendita%20ativita" "Mozilla/5.0 (Windows; U; Windows NT 5.1; it; rv:1.9.2.13) Gecko/20101203 Firefox/3.6.13 ( .NET CLR 3.5.30729)"
94.166.29.4 - - [25/Jan/2011:11:13:46 +0100] "GET /css/style.css HTTP/1.1" 200 3366 "http://www.aziendaitalia.com/attivita-in-vendita/?gclid=CP_ckseP1aYCFYe_zAodvmVIBw" "Mozilla/5.0 (Windows; U; Windows NT 5.1; it; rv:1.9.2.13) Gecko/20101203 Firefox/3.6.13 ( .NET CLR 3.5.30729)"
94.166.29.4 - - [25/Jan/2011:11:13:47 +0100] "GET /img/thumb/phpThumb.php?src=/admin/img/1283511116_5135-4001Y-A.JPG&w=148&h=138&zc=1&q=90 HTTP/1.1" 200 9692 "http://www.aziendaitalia.com/attivita-in-vendita/?gclid=CP_ckseP1aYCFYe_zAodvmVIBw" "Mozilla/5.0 (Windows; U; Windows NT 5.1; it; rv:1.9.2.13) Gecko/20101203 Firefox/3.6.13 ( .NET CLR 3.5.30729)"
94.166.29.4 - - [25/Jan/2011:11:13:47 +0100] "GET /img/thumb/phpThumb.php?src=/admin/img/1284121274_8018-5308G-A.JPG&w=148&h=138&zc=1&q=90 HTTP/1.1" 200 7134 "http://www.aziendaitalia.com/attivita-in-vendita/?gclid=CP_ckseP1aYCFYe_zAodvmVIBw" "Mozilla/5.0 (Windows; U; Windows NT 5.1; it; rv:1.9.2.13) Gecko/20101203 Firefox/3.6.13 ( .NET CLR 3.5.30729)"
94.166.29.4 - - [25/Jan/2011:11:13:47 +0100] "GET /img/thumb/phpThumb.php?src=/admin/img/1295368730_5945-6289D-A.JPG&w=148&h=138&zc=1&q=90 HTTP/1.1" 200 9397 "http://www.aziendaitalia.com/attivita-in-vendita/?gclid=CP_ckseP1aYCFYe_zAodvmVIBw" "Mozilla/5.0 (Windows; U; Windows NT 5.1; it; rv:1.9.2.13) Gecko/20101203 Firefox/3.6.13 ( .NET CLR 3.5.30729)"
87.28.161.50 - - [25/Jan/2011:11:13:47 +0100] "GET /attivita-in-vendita/alberghi-ristoranti-bar-agriturismo-aziende-agricole_a-milano_m1_p6.html?page=7 HTTP/1.1" 200 4268 "http://www.aziendaitalia.com/attivita-in-vendita/alberghi-ristoranti-bar-agriturismo-aziende-agricole_a-milano_m1_p6.html?page=6" "Mozilla/4.0 (compatible; MSIE 8.0; Windows NT 6.1; WOW64; Trident/4.0; SLCC2; .NET CLR 2.0.50727; .NET CLR 3.5.30729; .NET CLR 3.0.30729; Media Center PC 6.0; OfficeLiveConnector.1.3; OfficeLivePatch.0.0)"
207.46.13.96 - - [25/Jan/2011:11:13:49 +0100] "GET /bancadati-scheda.php?idreg=2&idind=&idcat=&idazienda=9945 HTTP/1.1" 404 277 "-" "Mozilla/5.0 (compatible; bingbot/2.0; +http://www.bing.com/bingbot.htm)"
88.131.106.6 - - [25/Jan/2011:11:13:59 +0100] "GET /bancadati-scheda.php?idreg=1&idind=8&idcat=&idazienda=11902 HTTP/1.0" 404 277 "-" "Mozilla/5.0 (Windows; U; Windows NT 5.1; en-US) Speedy Spider (http://www.entireweb.com/about/search_tech/speedy_spider/)"
159.213.39.15 - - [25/Jan/2011:11:14:00 +0100] "GET /vendere-negozi-firenze.php?gclid=CJ3Q1s2P1aYCFRIRfAodDhH4gA HTTP/1.0" 200 11905 "http://www.google.it/search?q=NEGOZZI+mercatino+dell%27+USATI+A+FIRENZE&btnG=Cerca&hl=it&source=hp&aq=f&aqi=&aql=&oq=" "Mozilla/4.0 (compatible; MSIE 6.0; Windows NT 5.1; SV1; .NET CLR 2.0.50727)"
87.28.161.50 - - [25/Jan/2011:11:14:05 +0100] "GET /attivita-in-vendita/a952.html HTTP/1.1" 200 2446 "http://www.aziendaitalia.com/attivita-in-vendita/alberghi-ristoranti-bar-agriturismo-aziende-agricole_a-milano_m1_p6.html?page=7" "Mozilla/4.0 (compatible; MSIE 8.0; Windows NT 6.1; WOW64; Trident/4.0; SLCC2; .NET CLR 2.0.50727; .NET CLR 3.5.30729; .NET CLR 3.0.30729; Media Center PC 6.0; OfficeLiveConnector.1.3; OfficeLivePatch.0.0)"
109.112.82.82 - - [25/Jan/2011:11:14:07 +0100] "GET /cedere-ristoranti.php?gclid=CIns89CP1aYCFQUTfAodkE3sMw HTTP/1.1" 200 3920 "http://www.google.it/custom?hl=it&safe=active&client=pub-2230178473988682&cof=FORID%3A13%3BAH%3Aleft%3BS%3Ahttp%3A%2F%2Fwww.annuncia.it%3BCX%3AAnnuncia%252Eit%3BL%3Ahttp%3A%2F%2Fwww.annuncia.it%2FImmagini%2FLogo.png%3BLH%3A20%3BLP%3A1%3BLC%3A%230000ff%3BVLC%3A%23663399%3B&adkw=AELymgUwZzJmM0WCuIlwGLFEGbxNrS6YLxBgTwSAPqRdbf6FD2p5skEAJIQm4j6GV-MPd5ep2KyuHwK7tH_KH04JOFCf71mCpuwCcuHVwrvZ9_A7OP-URRY&channel=7717540514&boostcse=0&ie=ISO-8859-1&oe=ISO-8859-1&q=ristorante+pizzeria+latina+vendita&btnG=Cerca&cx=partner-pub-2230178473988682%3A7xag0tkmepj" "Mozilla/4.0 (compatible; MSIE 8.0; Windows NT 5.1; Trident/4.0; GTB6.6; .NET CLR 1.1.4322; .NET CLR 2.0.50727; .NET CLR 3.0.4506.2152; .NET CLR 3.5.30729)"
109.112.82.82 - - [25/Jan/2011:11:14:07 +0100] "GET /css/style.css HTTP/1.1" 200 3366 "http://www.aziendaitalia.com/cedere-ristoranti.php?gclid=CIns89CP1aYCFQUTfAodkE3sMw" "Mozilla/4.0 (compatible; MSIE 8.0; Windows NT 5.1; Trident/4.0; GTB6.6; .NET CLR 1.1.4322; .NET CLR 2.0.50727; .NET CLR 3.0.4506.2152; .NET CLR 3.5.30729)"
109.112.82.82 - - [25/Jan/2011:11:14:07 +0100] "GET /js/jquery-1.4.2.min.js HTTP/1.1" 200 72174 "http://www.aziendaitalia.com/cedere-ristoranti.php?gclid=CIns89CP1aYCFQUTfAodkE3sMw" "Mozilla/4.0 (compatible; MSIE 8.0; Windows NT 5.1; Trident/4.0; GTB6.6; .NET CLR 1.1.4322; .NET CLR 2.0.50727; .NET CLR 3.0.4506.2152; .NET CLR 3.5.30729)"
109.112.82.82 - - [25/Jan/2011:11:14:08 +0100] "GET /js/general.js HTTP/1.1" 200 5776 "http://www.aziendaitalia.com/cedere-ristoranti.php?gclid=CIns89CP1aYCFQUTfAodkE3sMw" "Mozilla/4.0 (compatible; MSIE 8.0; Windows NT 5.1; Trident/4.0; GTB6.6; .NET CLR 1.1.4322; .NET CLR 2.0.50727; .NET CLR 3.0.4506.2152; .NET CLR 3.5.30729)"
109.112.82.82 - - [25/Jan/2011:11:14:08 +0100] "GET /img/icona-ristoranti-bar.jpg HTTP/1.1" 200 74379 "http://www.aziendaitalia.com/cedere-ristoranti.php?gclid=CIns89CP1aYCFQUTfAodkE3sMw" "Mozilla/4.0 (compatible; MSIE 8.0; Windows NT 5.1; Trident/4.0; GTB6.6; .NET CLR 1.1.4322; .NET CLR 2.0.50727; .NET CLR 3.0.4506.2152; .NET CLR 3.5.30729)"
109.112.82.82 - - [25/Jan/2011:11:14:08 +0100] "GET /img/layout/menubar.gif HTTP/1.1" 200 1302 "http://www.aziendaitalia.com/cedere-ristoranti.php?gclid=CIns89CP1aYCFQUTfAodkE3sMw" "Mozilla/4.0 (compatible; MSIE 8.0; Windows NT 5.1; Trident/4.0; GTB6.6; .NET CLR 1.1.4322; .NET CLR 2.0.50727; .NET CLR 3.0.4506.2152; .NET CLR 3.5.30729)"
109.112.82.82 - - [25/Jan/2011:11:14:08 +0100] "GET /img/layout/bg_wrapper_sub.gif HTTP/1.1" 200 102 "http://www.aziendaitalia.com/cedere-ristoranti.php?gclid=CIns89CP1aYCFQUTfAodkE3sMw" "Mozilla/4.0 (compatible; MSIE 8.0; Windows NT 5.1; Trident/4.0; GTB6.6; .NET CLR 1.1.4322; .NET CLR 2.0.50727; .NET CLR 3.0.4506.2152; .NET CLR 3.5.30729)"
109.112.82.82 - - [25/Jan/2011:11:14:08 +0100] "GET /img/layout/header.gif HTTP/1.1" 200 15655 "http://www.aziendaitalia.com/cedere-ristoranti.php?gclid=CIns89CP1aYCFQUTfAodkE3sMw" "Mozilla/4.0 (compatible; MSIE 8.0; Windows NT 5.1; Trident/4.0; GTB6.6; .NET CLR 1.1.4322; .NET CLR 2.0.50727; .NET CLR 3.0.4506.2152; .NET CLR 3.5.30729)"
109.112.82.82 - - [25/Jan/2011:11:14:08 +0100] "GET /img/layout/bg_sidebar_separator.gif HTTP/1.1" 200 106 "http://www.aziendaitalia.com/cedere-ristoranti.php?gclid=CIns89CP1aYCFQUTfAodkE3sMw" "Mozilla/4.0 (compatible; MSIE 8.0; Windows NT 5.1; Trident/4.0; GTB6.6; .NET CLR 1.1.4322; .NET CLR 2.0.50727; .NET CLR 3.0.4506.2152; .NET CLR 3.5.30729)"
109.112.82.82 - - [25/Jan/2011:11:14:09 +0100] "GET /favicon.ico HTTP/1.1" 200 1406 "-" "Mozilla/4.0 (compatible; MSIE 8.0; Windows NT 5.1; Trident/4.0; GTB6.6; .NET CLR 1.1.4322; .NET CLR 2.0.50727; .NET CLR 3.0.4506.2152; .NET CLR 3.5.30729)"
178.154.161.29 - - [25/Jan/2011:11:14:13 +0100] "GET /attivita-in-vendita/leasing-factoring-finanziaria_isole_c39_mr4.html HTTP/1.1" 200 2285 "-" "Mozilla/5.0 (compatible; YandexBot/3.0; +http://yandex.com/bots)"
87.28.161.50 - - [25/Jan/2011:11:14:13 +0100] "GET /attivita-in-vendita/alberghi-ristoranti-bar-agriturismo-aziende-agricole_a-milano_m1_p6.html?page=8 HTTP/1.1" 200 4642 "http://www.aziendaitalia.com/attivita-in-vendita/alberghi-ristoranti-bar-agriturismo-aziende-agricole_a-milano_m1_p6.html?page=7" "Mozilla/4.0 (compatible; MSIE 8.0; Windows NT 6.1; WOW64; Trident/4.0; SLCC2; .NET CLR 2.0.50727; .NET CLR 3.5.30729; .NET CLR 3.0.30729; Media Center PC 6.0; OfficeLiveConnector.1.3; OfficeLivePatch.0.0)"
94.166.29.4 - - [25/Jan/2011:11:14:13 +0100] "GET /attivita-in-vendita/alberghi-ristoranti-bar-agriturismo-aziende-agricole_m1.html HTTP/1.1" 200 3665 "http://www.aziendaitalia.com/attivita-in-vendita/?gclid=CP_ckseP1aYCFYe_zAodvmVIBw" "Mozilla/5.0 (Windows; U; Windows NT 5.1; it; rv:1.9.2.13) Gecko/20101203 Firefox/3.6.13 ( .NET CLR 3.5.30729)"
94.166.29.4 - - [25/Jan/2011:11:14:13 +0100] "GET /css/style.css HTTP/1.1" 200 3366 "http://www.aziendaitalia.com/attivita-in-vendita/alberghi-ristoranti-bar-agriturismo-aziende-agricole_m1.html" "Mozilla/5.0 (Windows; U; Windows NT 5.1; it; rv:1.9.2.13) Gecko/20101203 Firefox/3.6.13 ( .NET CLR 3.5.30729)"
93.40.162.39 - - [25/Jan/2011:11:14:14 +0100] "GET /cedere-attivita/?gclid=CMKswtSP1aYCFcULfAodrDsCNA HTTP/1.1" 200 3990 "http://search.incredimail.com/?q=CESSAZIONE+ATTIVIT%C3%A0+DISDETTA+PARTITA+IVA&lang=italian&source=055025105011" "Mozilla/4.0 (compatible; MSIE 6.0; Windows NT 5.1)"
93.40.162.39 - - [25/Jan/2011:11:14:14 +0100] "GET /css/style.css HTTP/1.1" 200 3366 "http://www.aziendaitalia.com/cedere-attivita/?gclid=CMKswtSP1aYCFcULfAodrDsCNA" "Mozilla/4.0 (compatible; MSIE 6.0; Windows NT 5.1)"
93.40.162.39 - - [25/Jan/2011:11:14:14 +0100] "GET /js/jquery-1.4.2.min.js HTTP/1.1" 200 72174 "http://www.aziendaitalia.com/cedere-attivita/?gclid=CMKswtSP1aYCFcULfAodrDsCNA" "Mozilla/4.0 (compatible; MSIE 6.0; Windows NT 5.1)"
93.40.162.39 - - [25/Jan/2011:11:14:14 +0100] "GET /js/general.js HTTP/1.1" 200 5776 "http://www.aziendaitalia.com/cedere-attivita/?gclid=CMKswtSP1aYCFcULfAodrDsCNA" "Mozilla/4.0 (compatible; MSIE 6.0; Windows NT 5.1)"
93.40.162.39 - - [25/Jan/2011:11:14:15 +0100] "GET /img/layout/menubar.gif HTTP/1.1" 200 1302 "http://www.aziendaitalia.com/cedere-attivita/?gclid=CMKswtSP1aYCFcULfAodrDsCNA" "Mozilla/4.0 (compatible; MSIE 6.0; Windows NT 5.1)"
93.40.162.39 - - [25/Jan/2011:11:14:15 +0100] "GET /img/layout/bg_wrapper_sub.gif HTTP/1.1" 200 102 "http://www.aziendaitalia.com/cedere-attivita/?gclid=CMKswtSP1aYCFcULfAodrDsCNA" "Mozilla/4.0 (compatible; MSIE 6.0; Windows NT 5.1)"
93.40.162.39 - - [25/Jan/2011:11:14:15 +0100] "GET /img/layout/bg_sidebar_separator.gif HTTP/1.1" 200 106 "http://www.aziendaitalia.com/cedere-attivita/?gclid=CMKswtSP1aYCFcULfAodrDsCNA" "Mozilla/4.0 (compatible; MSIE 6.0; Windows NT 5.1)"
93.40.162.39 - - [25/Jan/2011:11:14:15 +0100] "GET /img/layout/header.gif HTTP/1.1" 200 15655 "http://www.aziendaitalia.com/cedere-attivita/?gclid=CMKswtSP1aYCFcULfAodrDsCNA" "Mozilla/4.0 (compatible; MSIE 6.0; Windows NT 5.1)"
72.5.230.111 - - [25/Jan/2011:11:14:20 +0100] "HEAD / HTTP/1.1" 200 - "-" "Site 24 X 7"
67.195.115.117 - - [25/Jan/2011:11:14:21 +0100] "GET /attivita-in-vendita/a3556.html HTTP/1.0" 200 2722 "-" "Mozilla/5.0 (compatible; Yahoo! Slurp; http://help.yahoo.com/help/us/ysearch/slurp)"
66.249.71.212 - - [25/Jan/2011:11:14:27 +0100] "GET /attivita-in-vendita/sport-articoli-rivendita-biciclette_isole_s50_mr4.html?page=35 HTTP/1.1" 200 2587 "-" "Mozilla/5.0 (compatible; Googlebot/2.1; +http://www.google.com/bot.html)"
87.28.161.50 - - [25/Jan/2011:11:14:36 +0100] "GET /attivita-in-vendita/a490.html HTTP/1.1" 200 2676 "http://www.aziendaitalia.com/attivita-in-vendita/alberghi-ristoranti-bar-agriturismo-aziende-agricole_a-milano_m1_p6.html?page=8" "Mozilla/4.0 (compatible; MSIE 8.0; Windows NT 6.1; WOW64; Trident/4.0; SLCC2; .NET CLR 2.0.50727; .NET CLR 3.5.30729; .NET CLR 3.0.30729; Media Center PC 6.0; OfficeLiveConnector.1.3; OfficeLivePatch.0.0)"
67.195.115.117 - - [25/Jan/2011:11:14:45 +0100] "GET /attivita-in-vendita/ristoranti_a-arezzo_s144_p31.html HTTP/1.0" 200 3141 "-" "Mozilla/5.0 (compatible; Yahoo! Slurp; http://help.yahoo.com/help/us/ysearch/slurp)"
109.117.189.223 - - [25/Jan/2011:11:14:55 +0100] "GET /attivita-in-vendita/a3653.html HTTP/1.1" 200 2778 "http://www.aziendaitalia.com/attivita-in-vendita/a-milano_p6.html" "Mozilla/4.0 (compatible; MSIE 8.0; Windows NT 6.1; Trident/4.0; GTB6.6; SLCC2; .NET CLR 2.0.50727; .NET CLR 3.5.30729; .NET CLR 3.0.30729)"
151.54.245.26 - - [25/Jan/2011:11:15:16 +0100] "GET /attivita-in-vendita/a2066.html HTTP/1.1" 200 2704 "http://www.aziendaitalia.com/attivita-in-vendita/alberghi-ristoranti-bar-agriturismo-aziende-agricole_a-roma_m1_p53.html?page=3" "Mozilla/5.0 (Windows; U; Windows NT 5.1; en-US) AppleWebKit/534.10 (KHTML, like Gecko) Chrome/8.0.552.224 Safari/534.10"
151.54.245.26 - - [25/Jan/2011:11:15:16 +0100] "GET /css/style.css HTTP/1.1" 200 3366 "http://www.aziendaitalia.com/attivita-in-vendita/a2066.html" "Mozilla/5.0 (Windows; U; Windows NT 5.1; en-US) AppleWebKit/534.10 (KHTML, like Gecko) Chrome/8.0.552.224 Safari/534.10"
151.54.245.26 - - [25/Jan/2011:11:15:16 +0100] "GET /img/thumb/phpThumb.php?src=/admin/img/1281003009_3036-3296E-A8.jpg&w=148&h=138&zc=1&q=90 HTTP/1.1" 200 7336 "http://www.aziendaitalia.com/attivita-in-vendita/a2066.html" "Mozilla/5.0 (Windows; U; Windows NT 5.1; en-US) AppleWebKit/534.10 (KHTML, like Gecko) Chrome/8.0.552.224 Safari/534.10"
151.54.245.26 - - [25/Jan/2011:11:15:16 +0100] "GET /img/thumb/phpThumb.php?src=/admin/img/1281003014_3036-3296E-B8.jpg&w=148&h=138&zc=1&q=90 HTTP/1.1" 200 7832 "http://www.aziendaitalia.com/attivita-in-vendita/a2066.html" "Mozilla/5.0 (Windows; U; Windows NT 5.1; en-US) AppleWebKit/534.10 (KHTML, like Gecko) Chrome/8.0.552.224 Safari/534.10"
151.54.245.26 - - [25/Jan/2011:11:15:16 +0100] "GET /img/thumb/phpThumb.php?src=/admin/img/1281003020_3036-3296E-C8.jpg&w=148&h=138&zc=1&q=90 HTTP/1.1" 200 8061 "http://www.aziendaitalia.com/attivita-in-vendita/a2066.html" "Mozilla/5.0 (Windows; U; Windows NT 5.1; en-US) AppleWebKit/534.10 (KHTML, like Gecko) Chrome/8.0.552.224 Safari/534.10"
151.54.245.26 - - [25/Jan/2011:11:15:16 +0100] "GET /img/thumb/phpThumb.php?src=/admin/img/1281003025_3036-3296E-D8.jpg&w=148&h=138&zc=1&q=90 HTTP/1.1" 200 7151 "http://www.aziendaitalia.com/attivita-in-vendita/a2066.html" "Mozilla/5.0 (Windows; U; Windows NT 5.1; en-US) AppleWebKit/534.10 (KHTML, like Gecko) Chrome/8.0.552.224 Safari/534.10"
72.5.230.111 - - [25/Jan/2011:11:15:20 +0100] "HEAD / HTTP/1.1" 200 - "-" "Site 24 X 7"
213.229.93.224 - - [25/Jan/2011:11:15:21 +0100] "HEAD / HTTP/1.1" 200 - "-" "Site 24 X 7"
178.77.78.91 - - [25/Jan/2011:11:15:22 +0100] "HEAD / HTTP/1.1" 200 - "-" "Site 24 X 7"
79.99.1.106 - - [25/Jan/2011:11:15:23 +0100] "HEAD / HTTP/1.1" 200 - "-" "Site 24 X 7"
87.98.215.169 - - [25/Jan/2011:11:15:24 +0100] "HEAD / HTTP/1.1" 200 - "-" "Site 24 X 7"
95.141.35.131 - - [25/Jan/2011:11:15:25 +0100] "HEAD / HTTP/1.1" 200 - "-" "Site 24 X 7"
93.48.33.180 - - [25/Jan/2011:11:15:31 +0100] "GET /attivita-in-vendita/?gclid=CN-g3fiP1aYCFYEOfAodl1X6Mw HTTP/1.1" 200 2322 "http://www.google.it/aclk?sa=l&ai=C7n0Nt6I-TaHgBoGNOt3g9T_D-prUAbuIhrAX2eaqNQgAEAEgx5j4BSgDUNaInbsGYP3y_IPcEKABg5yh_gPIAQGpAkeUNEZ957Y-qgQZT9DtJ_a9BjeTl_MxV-e-JXYNA_WgtOCtooAFkE4&sig=AGiWqtyLX7icJ0yzVb7_tSEqtM3-_KfJ5Q&adurl=http://www.aziendaitalia.com/attivita-in-vendita/&rct=j&q=attivta%20da%20vendere" "Mozilla/4.0 (compatible; MSIE 8.0; Windows NT 5.1; Trident/4.0; GTB6.6; InfoPath.2; .NET CLR 2.0.50727; .NET CLR 3.0.04506.648; .NET CLR 3.5.21022; .NET CLR 3.0.4506.2152; .NET CLR 3.5.30729; .NET CLR 1.1.4322)"
93.48.33.180 - - [25/Jan/2011:11:15:31 +0100] "GET /js/jquery-1.4.2.min.js HTTP/1.1" 200 72174 "http://www.aziendaitalia.com/attivita-in-vendita/?gclid=CN-g3fiP1aYCFYEOfAodl1X6Mw" "Mozilla/4.0 (compatible; MSIE 8.0; Windows NT 5.1; Trident/4.0; GTB6.6; InfoPath.2; .NET CLR 2.0.50727; .NET CLR 3.0.04506.648; .NET CLR 3.5.21022; .NET CLR 3.0.4506.2152; .NET CLR 3.5.30729; .NET CLR 1.1.4322)"
93.48.33.180 - - [25/Jan/2011:11:15:31 +0100] "GET /css/style.css HTTP/1.1" 200 3366 "http://www.aziendaitalia.com/attivita-in-vendita/?gclid=CN-g3fiP1aYCFYEOfAodl1X6Mw" "Mozilla/4.0 (compatible; MSIE 8.0; Windows NT 5.1; Trident/4.0; GTB6.6; InfoPath.2; .NET CLR 2.0.50727; .NET CLR 3.0.04506.648; .NET CLR 3.5.21022; .NET CLR 3.0.4506.2152; .NET CLR 3.5.30729; .NET CLR 1.1.4322)"
93.48.33.180 - - [25/Jan/2011:11:15:31 +0100] "GET /js/jquery-1.4.2.min.js HTTP/1.1" 200 72174 "http://www.aziendaitalia.com/attivita-in-vendita/?gclid=CN-g3fiP1aYCFYEOfAodl1X6Mw" "Mozilla/4.0 (compatible; MSIE 8.0; Windows NT 5.1; Trident/4.0; GTB6.6; InfoPath.2; .NET CLR 2.0.50727; .NET CLR 3.0.04506.648; .NET CLR 3.5.21022; .NET CLR 3.0.4506.2152; .NET CLR 3.5.30729; .NET CLR 1.1.4322)"
93.48.33.180 - - [25/Jan/2011:11:15:31 +0100] "GET /js/general.js HTTP/1.1" 200 5776 "http://www.aziendaitalia.com/attivita-in-vendita/?gclid=CN-g3fiP1aYCFYEOfAodl1X6Mw" "Mozilla/4.0 (compatible; MSIE 8.0; Windows NT 5.1; Trident/4.0; GTB6.6; InfoPath.2; .NET CLR 2.0.50727; .NET CLR 3.0.04506.648; .NET CLR 3.5.21022; .NET CLR 3.0.4506.2152; .NET CLR 3.5.30729; .NET CLR 1.1.4322)"
93.48.33.180 - - [25/Jan/2011:11:15:32 +0100] "GET /img/layout/menubar.gif HTTP/1.1" 200 1302 "http://www.aziendaitalia.com/attivita-in-vendita/?gclid=CN-g3fiP1aYCFYEOfAodl1X6Mw" "Mozilla/4.0 (compatible; MSIE 8.0; Windows NT 5.1; Trident/4.0; GTB6.6; InfoPath.2; .NET CLR 2.0.50727; .NET CLR 3.0.04506.648; .NET CLR 3.5.21022; .NET CLR 3.0.4506.2152; .NET CLR 3.5.30729; .NET CLR 1.1.4322)"
93.48.33.180 - - [25/Jan/2011:11:15:32 +0100] "GET /img/thumb/phpThumb.php?src=/admin/img/1283511116_5135-4001Y-A.JPG&w=148&h=138&zc=1&q=90 HTTP/1.1" 200 9692 "http://www.aziendaitalia.com/attivita-in-vendita/?gclid=CN-g3fiP1aYCFYEOfAodl1X6Mw" "Mozilla/4.0 (compatible; MSIE 8.0; Windows NT 5.1; Trident/4.0; GTB6.6; InfoPath.2; .NET CLR 2.0.50727; .NET CLR 3.0.04506.648; .NET CLR 3.5.21022; .NET CLR 3.0.4506.2152; .NET CLR 3.5.30729; .NET CLR 1.1.4322)"
93.48.33.180 - - [25/Jan/2011:11:15:32 +0100] "GET /img/layout/header.gif HTTP/1.1" 200 15655 "http://www.aziendaitalia.com/attivita-in-vendita/?gclid=CN-g3fiP1aYCFYEOfAodl1X6Mw" "Mozilla/4.0 (compatible; MSIE 8.0; Windows NT 5.1; Trident/4.0; GTB6.6; InfoPath.2; .NET CLR 2.0.50727; .NET CLR 3.0.04506.648; .NET CLR 3.5.21022; .NET CLR 3.0.4506.2152; .NET CLR 3.5.30729; .NET CLR 1.1.4322)"
93.48.33.180 - - [25/Jan/2011:11:15:32 +0100] "GET /img/thumb/phpThumb.php?src=/admin/img/1284121274_8018-5308G-A.JPG&w=148&h=138&zc=1&q=90 HTTP/1.1" 200 7134 "http://www.aziendaitalia.com/attivita-in-vendita/?gclid=CN-g3fiP1aYCFYEOfAodl1X6Mw" "Mozilla/4.0 (compatible; MSIE 8.0; Windows NT 5.1; Trident/4.0; GTB6.6; InfoPath.2; .NET CLR 2.0.50727; .NET CLR 3.0.04506.648; .NET CLR 3.5.21022; .NET CLR 3.0.4506.2152; .NET CLR 3.5.30729; .NET CLR 1.1.4322)"
93.48.33.180 - - [25/Jan/2011:11:15:33 +0100] "GET /img/layout/bg_wrapper_sub.gif HTTP/1.1" 200 102 "http://www.aziendaitalia.com/attivita-in-vendita/?gclid=CN-g3fiP1aYCFYEOfAodl1X6Mw" "Mozilla/4.0 (compatible; MSIE 8.0; Windows NT 5.1; Trident/4.0; GTB6.6; InfoPath.2; .NET CLR 2.0.50727; .NET CLR 3.0.04506.648; .NET CLR 3.5.21022; .NET CLR 3.0.4506.2152; .NET CLR 3.5.30729; .NET CLR 1.1.4322)"
93.48.33.180 - - [25/Jan/2011:11:15:33 +0100] "GET /img/thumb/phpThumb.php?src=/admin/img/1295368730_5945-6289D-A.JPG&w=148&h=138&zc=1&q=90 HTTP/1.1" 200 9397 "http://www.aziendaitalia.com/attivita-in-vendita/?gclid=CN-g3fiP1aYCFYEOfAodl1X6Mw" "Mozilla/4.0 (compatible; MSIE 8.0; Windows NT 5.1; Trident/4.0; GTB6.6; InfoPath.2; .NET CLR 2.0.50727; .NET CLR 3.0.04506.648; .NET CLR 3.5.21022; .NET CLR 3.0.4506.2152; .NET CLR 3.5.30729; .NET CLR 1.1.4322)"
93.48.33.180 - - [25/Jan/2011:11:15:33 +0100] "GET /img/layout/bg_sidebar_separator.gif HTTP/1.1" 200 106 "http://www.aziendaitalia.com/attivita-in-vendita/?gclid=CN-g3fiP1aYCFYEOfAodl1X6Mw" "Mozilla/4.0 (compatible; MSIE 8.0; Windows NT 5.1; Trident/4.0; GTB6.6; InfoPath.2; .NET CLR 2.0.50727; .NET CLR 3.0.04506.648; .NET CLR 3.5.21022; .NET CLR 3.0.4506.2152; .NET CLR 3.5.30729; .NET CLR 1.1.4322)"
93.48.33.180 - - [25/Jan/2011:11:15:33 +0100] "GET /img/layout/dot.png HTTP/1.1" 200 2899 "http://www.aziendaitalia.com/attivita-in-vendita/?gclid=CN-g3fiP1aYCFYEOfAodl1X6Mw" "Mozilla/4.0 (compatible; MSIE 8.0; Windows NT 5.1; Trident/4.0; GTB6.6; InfoPath.2; .NET CLR 2.0.50727; .NET CLR 3.0.04506.648; .NET CLR 3.5.21022; .NET CLR 3.0.4506.2152; .NET CLR 3.5.30729; .NET CLR 1.1.4322)"
93.48.33.180 - - [25/Jan/2011:11:15:33 +0100] "GET /favicon.ico HTTP/1.1" 200 1406 "-" "Mozilla/4.0 (compatible; MSIE 8.0; Windows NT 5.1; Trident/4.0; GTB6.6; InfoPath.2; .NET CLR 2.0.50727; .NET CLR 3.0.04506.648; .NET CLR 3.5.21022; .NET CLR 3.0.4506.2152; .NET CLR 3.5.30729; .NET CLR 1.1.4322)"
87.28.161.50 - - [25/Jan/2011:11:15:38 +0100] "GET /attivita-in-vendita/alberghi-ristoranti-bar-agriturismo-aziende-agricole_a-milano_m1_p6.html?page=9 HTTP/1.1" 200 4124 "http://www.aziendaitalia.com/attivita-in-vendita/alberghi-ristoranti-bar-agriturismo-aziende-agricole_a-milano_m1_p6.html?page=8" "Mozilla/4.0 (compatible; MSIE 8.0; Windows NT 6.1; WOW64; Trident/4.0; SLCC2; .NET CLR 2.0.50727; .NET CLR 3.5.30729; .NET CLR 3.0.30729; Media Center PC 6.0; OfficeLiveConnector.1.3; OfficeLivePatch.0.0)"
93.48.33.180 - - [25/Jan/2011:11:15:41 +0100] "GET /attivita-in-vendita/a-bologna_p137.html HTTP/1.1" 200 4351 "http://www.aziendaitalia.com/attivita-in-vendita/?gclid=CN-g3fiP1aYCFYEOfAodl1X6Mw" "Mozilla/4.0 (compatible; MSIE 8.0; Windows NT 5.1; Trident/4.0; GTB6.6; InfoPath.2; .NET CLR 2.0.50727; .NET CLR 3.0.04506.648; .NET CLR 3.5.21022; .NET CLR 3.0.4506.2152; .NET CLR 3.5.30729; .NET CLR 1.1.4322)"
93.48.33.180 - - [25/Jan/2011:11:15:42 +0100] "GET /img/layout/italia/italynorth.gif HTTP/1.1" 200 3837 "http://www.aziendaitalia.com/attivita-in-vendita/a-bologna_p137.html" "Mozilla/4.0 (compatible; MSIE 8.0; Windows NT 5.1; Trident/4.0; GTB6.6; InfoPath.2; .NET CLR 2.0.50727; .NET CLR 3.0.04506.648; .NET CLR 3.5.21022; .NET CLR 3.0.4506.2152; .NET CLR 3.5.30729; .NET CLR 1.1.4322)"
151.60.153.87 - - [25/Jan/2011:11:15:45 +0100] "GET / HTTP/1.1" 200 2648 "http://www.google.it/search?hl=it&source=hp&q=azienda+italia&aq=0&aqi=g10&aql=f&oq=azienda+ita" "Opera/9.80 (Windows NT 5.1; U; it) Presto/2.7.62 Version/11.00"
151.60.153.87 - - [25/Jan/2011:11:15:45 +0100] "GET /css/style.css HTTP/1.1" 200 3366 "http://www.aziendaitalia.com/" "Opera/9.80 (Windows NT 5.1; U; it) Presto/2.7.62 Version/11.00"
151.60.153.87 - - [25/Jan/2011:11:15:45 +0100] "GET /js/jquery-1.4.2.min.js HTTP/1.1" 200 72174 "http://www.aziendaitalia.com/" "Opera/9.80 (Windows NT 5.1; U; it) Presto/2.7.62 Version/11.00"
151.60.153.87 - - [25/Jan/2011:11:15:45 +0100] "GET /js/jquery.pngfix.pack.js HTTP/1.1" 200 2485 "http://www.aziendaitalia.com/" "Opera/9.80 (Windows NT 5.1; U; it) Presto/2.7.62 Version/11.00"
151.60.153.87 - - [25/Jan/2011:11:15:45 +0100] "GET /js/general.js HTTP/1.1" 200 5776 "http://www.aziendaitalia.com/" "Opera/9.80 (Windows NT 5.1; U; it) Presto/2.7.62 Version/11.00"
151.60.153.87 - - [25/Jan/2011:11:15:46 +0100] "GET /favicon.ico HTTP/1.1" 200 1406 "http://www.aziendaitalia.com/" "Opera/9.80 (Windows NT 5.1; U; it) Presto/2.7.62 Version/11.00"
151.60.153.87 - - [25/Jan/2011:11:15:46 +0100] "GET /img/layout/header.gif HTTP/1.1" 200 15655 "http://www.aziendaitalia.com/" "Opera/9.80 (Windows NT 5.1; U; it) Presto/2.7.62 Version/11.00"
151.60.153.87 - - [25/Jan/2011:11:15:46 +0100] "GET /img/layout/menubar.gif HTTP/1.1" 200 1302 "http://www.aziendaitalia.com/" "Opera/9.80 (Windows NT 5.1; U; it) Presto/2.7.62 Version/11.00"
151.60.153.87 - - [25/Jan/2011:11:15:46 +0100] "GET /img/layout/content_bg.gif HTTP/1.1" 200 238 "http://www.aziendaitalia.com/" "Opera/9.80 (Windows NT 5.1; U; it) Presto/2.7.62 Version/11.00"
151.60.153.87 - - [25/Jan/2011:11:15:46 +0100] "GET /img/layout/bg_button_search.gif HTTP/1.1" 200 614 "http://www.aziendaitalia.com/" "Opera/9.80 (Windows NT 5.1; U; it) Presto/2.7.62 Version/11.00"
151.60.153.87 - - [25/Jan/2011:11:15:46 +0100] "GET /img/layout/bg_homepage_category_buttons.gif HTTP/1.1" 200 23956 "http://www.aziendaitalia.com/" "Opera/9.80 (Windows NT 5.1; U; it) Presto/2.7.62 Version/11.00"
151.60.153.87 - - [25/Jan/2011:11:15:50 +0100] "GET /img/layout/tooltip.png HTTP/1.1" 200 3337 "http://www.aziendaitalia.com/" "Opera/9.80 (Windows NT 5.1; U; it) Presto/2.7.62 Version/11.00"
151.60.153.87 - - [25/Jan/2011:11:15:54 +0100] "GET /attivita-in-vendita/rivendita-negozi_m2.html HTTP/1.1" 200 3793 "http://www.aziendaitalia.com/" "Opera/9.80 (Windows NT 5.1; U; it) Presto/2.7.62 Version/11.00"
151.60.153.87 - - [25/Jan/2011:11:15:54 +0100] "GET /css/style.css HTTP/1.1" 200 3366 "http://www.aziendaitalia.com/attivita-in-vendita/rivendita-negozi_m2.html" "Opera/9.80 (Windows NT 5.1; U; it) Presto/2.7.62 Version/11.00"
151.60.153.87 - - [25/Jan/2011:11:15:54 +0100] "GET /img/layout/bg_wrapper_sub.gif HTTP/1.1" 200 102 "http://www.aziendaitalia.com/attivita-in-vendita/rivendita-negozi_m2.html" "Opera/9.80 (Windows NT 5.1; U; it) Presto/2.7.62 Version/11.00"
151.60.153.87 - - [25/Jan/2011:11:15:54 +0100] "GET /img/layout/bg_sidebar_separator.gif HTTP/1.1" 200 106 "http://www.aziendaitalia.com/attivita-in-vendita/rivendita-negozi_m2.html" "Opera/9.80 (Windows NT 5.1; U; it) Presto/2.7.62 Version/11.00"
151.60.153.87 - - [25/Jan/2011:11:15:54 +0100] "GET /img/layout/dot.png HTTP/1.1" 200 2899 "http://www.aziendaitalia.com/attivita-in-vendita/rivendita-negozi_m2.html" "Opera/9.80 (Windows NT 5.1; U; it) Presto/2.7.62 Version/11.00"
151.60.153.87 - - [25/Jan/2011:11:16:03 +0100] "GET /attivita-in-vendita/a-roma_p53.html HTTP/1.1" 200 4240 "http://www.aziendaitalia.com/attivita-in-vendita/rivendita-negozi_m2.html" "Opera/9.80 (Windows NT 5.1; U; it) Presto/2.7.62 Version/11.00"
151.60.153.87 - - [25/Jan/2011:11:16:03 +0100] "GET /css/style.css HTTP/1.1" 200 3366 "http://www.aziendaitalia.com/attivita-in-vendita/a-roma_p53.html" "Opera/9.80 (Windows NT 5.1; U; it) Presto/2.7.62 Version/11.00"
151.60.153.87 - - [25/Jan/2011:11:16:03 +0100] "GET /img/layout/italia/italycenter.gif HTTP/1.1" 200 3933 "http://www.aziendaitalia.com/attivita-in-vendita/a-roma_p53.html" "Opera/9.80 (Windows NT 5.1; U; it) Presto/2.7.62 Version/11.00"
93.48.33.180 - - [25/Jan/2011:11:16:04 +0100] "GET /attivita-in-vendita/rivendita-negozi_a-bologna_m2_p137.html HTTP/1.1" 200 3743 "http://www.aziendaitalia.com/attivita-in-vendita/a-bologna_p137.html" "Mozilla/4.0 (compatible; MSIE 8.0; Windows NT 5.1; Trident/4.0; GTB6.6; InfoPath.2; .NET CLR 2.0.50727; .NET CLR 3.0.04506.648; .NET CLR 3.5.21022; .NET CLR 3.0.4506.2152; .NET CLR 3.5.30729; .NET CLR 1.1.4322)"
93.48.33.180 - - [25/Jan/2011:11:16:04 +0100] "GET /css/style.css HTTP/1.1" 200 3366 "http://www.aziendaitalia.com/attivita-in-vendita/rivendita-negozi_a-bologna_m2_p137.html" "Mozilla/4.0 (compatible; MSIE 8.0; Windows NT 5.1; Trident/4.0; GTB6.6; InfoPath.2; .NET CLR 2.0.50727; .NET CLR 3.0.04506.648; .NET CLR 3.5.21022; .NET CLR 3.0.4506.2152; .NET CLR 3.5.30729; .NET CLR 1.1.4322)"
151.60.153.87 - - [25/Jan/2011:11:16:05 +0100] "GET /attivita-in-vendita/a-roma_p53.html HTTP/1.1" 200 4240 "http://www.aziendaitalia.com/attivita-in-vendita/a-roma_p53.html" "Opera/9.80 (Windows NT 5.1; U; it) Presto/2.7.62 Version/11.00"
151.60.153.87 - - [25/Jan/2011:11:16:05 +0100] "GET /css/style.css HTTP/1.1" 200 3366 "http://www.aziendaitalia.com/attivita-in-vendita/a-roma_p53.html" "Opera/9.80 (Windows NT 5.1; U; it) Presto/2.7.62 Version/11.00"
87.8.165.13 - - [25/Jan/2011:11:16:09 +0100] "GET /attivita-in-vendita/cerca-ristorante.html?gclid=CJvsn4uQ1aYCFUEOfAod7Vj_Mw HTTP/1.1" 200 5386 "http://www.google.it/search?sourceid=navclient&hl=it&ie=UTF-8&rlz=1T4SUNC_itIT360IT360&q=compro+pizzeria" "Mozilla/4.0 (compatible; MSIE 8.0; Windows NT 6.1; WOW64; Trident/4.0; GTB6.6; SLCC2; .NET CLR 2.0.50727; .NET CLR 3.5.30729; .NET CLR 3.0.30729; Media Center PC 6.0; .NET4.0C; AskTbIMB/5.9.1.14019)"
87.8.165.13 - - [25/Jan/2011:11:16:09 +0100] "GET /css/style.css HTTP/1.1" 200 3366 "http://www.aziendaitalia.com/attivita-in-vendita/cerca-ristorante.html?gclid=CJvsn4uQ1aYCFUEOfAod7Vj_Mw" "Mozilla/4.0 (compatible; MSIE 8.0; Windows NT 6.1; WOW64; Trident/4.0; GTB6.6; SLCC2; .NET CLR 2.0.50727; .NET CLR 3.5.30729; .NET CLR 3.0.30729; Media Center PC 6.0; .NET4.0C; AskTbIMB/5.9.1.14019)"
87.8.165.13 - - [25/Jan/2011:11:16:09 +0100] "GET /js/jquery-1.4.2.min.js HTTP/1.1" 200 72174 "http://www.aziendaitalia.com/attivita-in-vendita/cerca-ristorante.html?gclid=CJvsn4uQ1aYCFUEOfAod7Vj_Mw" "Mozilla/4.0 (compatible; MSIE 8.0; Windows NT 6.1; WOW64; Trident/4.0; GTB6.6; SLCC2; .NET CLR 2.0.50727; .NET CLR 3.5.30729; .NET CLR 3.0.30729; Media Center PC 6.0; .NET4.0C; AskTbIMB/5.9.1.14019)"
151.81.85.185 - - [25/Jan/2011:11:16:10 +0100] "GET /vendere-negozi-firenze.php?gclid=CN7ezouQ1aYCFdERfAodcjTrMw HTTP/1.1" 200 3969 "http://www.google.it/search?hl=it&rlz=1T4SUNC_itIT355IT355&&sa=X&ei=oaI-Tb7NDoPDswb8h4HyBA&ved=0CCAQBSgA&q=brother+da+maglieria+negozi+a+firenze&spell=1" "Mozilla/4.0 (compatible; MSIE 8.0; Windows NT 6.0; Trident/4.0; GTB6.6; SLCC1; .NET CLR 2.0.50727; Media Center PC 5.0; .NET CLR 3.5.30729; .NET CLR 1.1.4322; .NET CLR 3.5.21022; PTVWD; PTVWD ; PTV ; TV ; .NET CLR 3.0.30729; .NET CLR 3.0.30618; OfficeLiveConnector.1.5; OfficeLivePatch.1.3; .NET4.0C)"
87.8.165.13 - - [25/Jan/2011:11:16:10 +0100] "GET /js/general.js HTTP/1.1" 200 5776 "http://www.aziendaitalia.com/attivita-in-vendita/cerca-ristorante.html?gclid=CJvsn4uQ1aYCFUEOfAod7Vj_Mw" "Mozilla/4.0 (compatible; MSIE 8.0; Windows NT 6.1; WOW64; Trident/4.0; GTB6.6; SLCC2; .NET CLR 2.0.50727; .NET CLR 3.5.30729; .NET CLR 3.0.30729; Media Center PC 6.0; .NET4.0C; AskTbIMB/5.9.1.14019)"
151.81.85.185 - - [25/Jan/2011:11:16:10 +0100] "GET /css/style.css HTTP/1.1" 200 3366 "http://www.aziendaitalia.com/vendere-negozi-firenze.php?gclid=CN7ezouQ1aYCFdERfAodcjTrMw" "Mozilla/4.0 (compatible; MSIE 8.0; Windows NT 6.0; Trident/4.0; GTB6.6; SLCC1; .NET CLR 2.0.50727; Media Center PC 5.0; .NET CLR 3.5.30729; .NET CLR 1.1.4322; .NET CLR 3.5.21022; PTVWD; PTVWD ; PTV ; TV ; .NET CLR 3.0.30729; .NET CLR 3.0.30618; OfficeLiveConnector.1.5; OfficeLivePatch.1.3; .NET4.0C)"
87.8.165.13 - - [25/Jan/2011:11:16:11 +0100] "GET /img/layout/menubar.gif HTTP/1.1" 200 1302 "http://www.aziendaitalia.com/attivita-in-vendita/cerca-ristorante.html?gclid=CJvsn4uQ1aYCFUEOfAod7Vj_Mw" "Mozilla/4.0 (compatible; MSIE 8.0; Windows NT 6.1; WOW64; Trident/4.0; GTB6.6; SLCC2; .NET CLR 2.0.50727; .NET CLR 3.5.30729; .NET CLR 3.0.30729; Media Center PC 6.0; .NET4.0C; AskTbIMB/5.9.1.14019)"
87.8.165.13 - - [25/Jan/2011:11:16:11 +0100] "GET /img/layout/bg_wrapper_sub.gif HTTP/1.1" 200 102 "http://www.aziendaitalia.com/attivita-in-vendita/cerca-ristorante.html?gclid=CJvsn4uQ1aYCFUEOfAod7Vj_Mw" "Mozilla/4.0 (compatible; MSIE 8.0; Windows NT 6.1; WOW64; Trident/4.0; GTB6.6; SLCC2; .NET CLR 2.0.50727; .NET CLR 3.5.30729; .NET CLR 3.0.30729; Media Center PC 6.0; .NET4.0C; AskTbIMB/5.9.1.14019)"
87.8.165.13 - - [25/Jan/2011:11:16:11 +0100] "GET /img/layout/header.gif HTTP/1.1" 200 15655 "http://www.aziendaitalia.com/attivita-in-vendita/cerca-ristorante.html?gclid=CJvsn4uQ1aYCFUEOfAod7Vj_Mw" "Mozilla/4.0 (compatible; MSIE 8.0; Windows NT 6.1; WOW64; Trident/4.0; GTB6.6; SLCC2; .NET CLR 2.0.50727; .NET CLR 3.5.30729; .NET CLR 3.0.30729; Media Center PC 6.0; .NET4.0C; AskTbIMB/5.9.1.14019)"
151.81.85.185 - - [25/Jan/2011:11:16:11 +0100] "GET /css/style.css HTTP/1.1" 200 3366 "http://www.aziendaitalia.com/vendere-negozi-firenze.php?gclid=CN7ezouQ1aYCFdERfAodcjTrMw" "Mozilla/4.0 (compatible; MSIE 8.0; Windows NT 6.0; Trident/4.0; GTB6.6; SLCC1; .NET CLR 2.0.50727; Media Center PC 5.0; .NET CLR 3.5.30729; .NET CLR 1.1.4322; .NET CLR 3.5.21022; PTVWD; PTVWD ; PTV ; TV ; .NET CLR 3.0.30729; .NET CLR 3.0.30618; OfficeLiveConnector.1.5; OfficeLivePatch.1.3; .NET4.0C)"
87.8.165.13 - - [25/Jan/2011:11:16:11 +0100] "GET /img/layout/bg_sidebar_separator.gif HTTP/1.1" 200 106 "http://www.aziendaitalia.com/attivita-in-vendita/cerca-ristorante.html?gclid=CJvsn4uQ1aYCFUEOfAod7Vj_Mw" "Mozilla/4.0 (compatible; MSIE 8.0; Windows NT 6.1; WOW64; Trident/4.0; GTB6.6; SLCC2; .NET CLR 2.0.50727; .NET CLR 3.5.30729; .NET CLR 3.0.30729; Media Center PC 6.0; .NET4.0C; AskTbIMB/5.9.1.14019)"
87.8.165.13 - - [25/Jan/2011:11:16:11 +0100] "GET /favicon.ico HTTP/1.1" 200 1406 "-" "Mozilla/4.0 (compatible; MSIE 8.0; Windows NT 6.1; WOW64; Trident/4.0; GTB6.6; SLCC2; .NET CLR 2.0.50727; .NET CLR 3.5.30729; .NET CLR 3.0.30729; Media Center PC 6.0; .NET4.0C; AskTbIMB/5.9.1.14019)"
151.81.85.185 - - [25/Jan/2011:11:16:11 +0100] "GET /js/jquery-1.4.2.min.js HTTP/1.1" 200 72174 "http://www.aziendaitalia.com/vendere-negozi-firenze.php?gclid=CN7ezouQ1aYCFdERfAodcjTrMw" "Mozilla/4.0 (compatible; MSIE 8.0; Windows NT 6.0; Trident/4.0; GTB6.6; SLCC1; .NET CLR 2.0.50727; Media Center PC 5.0; .NET CLR 3.5.30729; .NET CLR 1.1.4322; .NET CLR 3.5.21022; PTVWD; PTVWD ; PTV ; TV ; .NET CLR 3.0.30729; .NET CLR 3.0.30618; OfficeLiveConnector.1.5; OfficeLivePatch.1.3; .NET4.0C)"
151.81.85.185 - - [25/Jan/2011:11:16:12 +0100] "GET /js/general.js HTTP/1.1" 200 5776 "http://www.aziendaitalia.com/vendere-negozi-firenze.php?gclid=CN7ezouQ1aYCFdERfAodcjTrMw" "Mozilla/4.0 (compatible; MSIE 8.0; Windows NT 6.0; Trident/4.0; GTB6.6; SLCC1; .NET CLR 2.0.50727; Media Center PC 5.0; .NET CLR 3.5.30729; .NET CLR 1.1.4322; .NET CLR 3.5.21022; PTVWD; PTVWD ; PTV ; TV ; .NET CLR 3.0.30729; .NET CLR 3.0.30618; OfficeLiveConnector.1.5; OfficeLivePatch.1.3; .NET4.0C)"
151.81.85.185 - - [25/Jan/2011:11:16:13 +0100] "GET /img/layout/menubar.gif HTTP/1.1" 200 1302 "http://www.aziendaitalia.com/vendere-negozi-firenze.php?gclid=CN7ezouQ1aYCFdERfAodcjTrMw" "Mozilla/4.0 (compatible; MSIE 8.0; Windows NT 6.0; Trident/4.0; GTB6.6; SLCC1; .NET CLR 2.0.50727; Media Center PC 5.0; .NET CLR 3.5.30729; .NET CLR 1.1.4322; .NET CLR 3.5.21022; PTVWD; PTVWD ; PTV ; TV ; .NET CLR 3.0.30729; .NET CLR 3.0.30618; OfficeLiveConnector.1.5; OfficeLivePatch.1.3; .NET4.0C)"
151.81.85.185 - - [25/Jan/2011:11:16:13 +0100] "GET /img/layout/bg_wrapper_sub.gif HTTP/1.1" 200 102 "http://www.aziendaitalia.com/vendere-negozi-firenze.php?gclid=CN7ezouQ1aYCFdERfAodcjTrMw" "Mozilla/4.0 (compatible; MSIE 8.0; Windows NT 6.0; Trident/4.0; GTB6.6; SLCC1; .NET CLR 2.0.50727; Media Center PC 5.0; .NET CLR 3.5.30729; .NET CLR 1.1.4322; .NET CLR 3.5.21022; PTVWD; PTVWD ; PTV ; TV ; .NET CLR 3.0.30729; .NET CLR 3.0.30618; OfficeLiveConnector.1.5; OfficeLivePatch.1.3; .NET4.0C)"
151.81.85.185 - - [25/Jan/2011:11:16:13 +0100] "GET /img/icona-negozi.jpg HTTP/1.1" 200 69156 "http://www.aziendaitalia.com/vendere-negozi-firenze.php?gclid=CN7ezouQ1aYCFdERfAodcjTrMw" "Mozilla/4.0 (compatible; MSIE 8.0; Windows NT 6.0; Trident/4.0; GTB6.6; SLCC1; .NET CLR 2.0.50727; Media Center PC 5.0; .NET CLR 3.5.30729; .NET CLR 1.1.4322; .NET CLR 3.5.21022; PTVWD; PTVWD ; PTV ; TV ; .NET CLR 3.0.30729; .NET CLR 3.0.30618; OfficeLiveConnector.1.5; OfficeLivePatch.1.3; .NET4.0C)"
151.81.85.185 - - [25/Jan/2011:11:16:13 +0100] "GET /img/layout/header.gif HTTP/1.1" 200 15655 "http://www.aziendaitalia.com/vendere-negozi-firenze.php?gclid=CN7ezouQ1aYCFdERfAodcjTrMw" "Mozilla/4.0 (compatible; MSIE 8.0; Windows NT 6.0; Trident/4.0; GTB6.6; SLCC1; .NET CLR 2.0.50727; Media Center PC 5.0; .NET CLR 3.5.30729; .NET CLR 1.1.4322; .NET CLR 3.5.21022; PTVWD; PTVWD ; PTV ; TV ; .NET CLR 3.0.30729; .NET CLR 3.0.30618; OfficeLiveConnector.1.5; OfficeLivePatch.1.3; .NET4.0C)"
151.81.85.185 - - [25/Jan/2011:11:16:14 +0100] "GET /img/layout/bg_sidebar_separator.gif HTTP/1.1" 200 106 "http://www.aziendaitalia.com/vendere-negozi-firenze.php?gclid=CN7ezouQ1aYCFdERfAodcjTrMw" "Mozilla/4.0 (compatible; MSIE 8.0; Windows NT 6.0; Trident/4.0; GTB6.6; SLCC1; .NET CLR 2.0.50727; Media Center PC 5.0; .NET CLR 3.5.30729; .NET CLR 1.1.4322; .NET CLR 3.5.21022; PTVWD; PTVWD ; PTV ; TV ; .NET CLR 3.0.30729; .NET CLR 3.0.30618; OfficeLiveConnector.1.5; OfficeLivePatch.1.3; .NET4.0C)"
151.81.85.185 - - [25/Jan/2011:11:16:15 +0100] "GET /favicon.ico HTTP/1.1" 200 1406 "-" "Mozilla/4.0 (compatible; MSIE 8.0; Windows NT 6.0; Trident/4.0; GTB6.6; SLCC1; .NET CLR 2.0.50727; Media Center PC 5.0; .NET CLR 3.5.30729; .NET CLR 1.1.4322; .NET CLR 3.5.21022; PTVWD; PTVWD ; PTV ; TV ; .NET CLR 3.0.30729; .NET CLR 3.0.30618; OfficeLiveConnector.1.5; OfficeLivePatch.1.3; .NET4.0C)"
66.249.71.212 - - [25/Jan/2011:11:16:16 +0100] "GET /attivita-in-vendita/pulitura-lucidatura-metalli_isole_s442_mr4.html?page=35 HTTP/1.1" 200 2324 "-" "Mozilla/5.0 (compatible; Googlebot/2.1; +http://www.google.com/bot.html)"
93.48.33.180 - - [25/Jan/2011:11:16:17 +0100] "GET /attivita-in-vendita/commercio-abbigliamento-ed-accessori_a-bologna_c5_p137.html HTTP/1.1" 200 3162 "http://www.aziendaitalia.com/attivita-in-vendita/rivendita-negozi_a-bologna_m2_p137.html" "Mozilla/4.0 (compatible; MSIE 8.0; Windows NT 5.1; Trident/4.0; GTB6.6; InfoPath.2; .NET CLR 2.0.50727; .NET CLR 3.0.04506.648; .NET CLR 3.5.21022; .NET CLR 3.0.4506.2152; .NET CLR 3.5.30729; .NET CLR 1.1.4322)"
78.5.138.196 - - [25/Jan/2011:11:16:18 +0100] "GET /rilevare-attivita/?gclid=CJGZo46Q1aYCFYIlfAod_grLOQ HTTP/1.1" 200 10860 "http://www.google.it/" "Mozilla/4.0 (compatible; MSIE 8.0; Windows NT 5.1; Trident/4.0; .NET CLR 1.1.4322; .NET CLR 2.0.50727; .NET CLR 3.0.04506.648; .NET CLR 3.5.21022; .NET4.0C; .NET CLR 3.0.4506.2152; .NET CLR 3.5.30729)"
151.60.153.87 - - [25/Jan/2011:11:16:19 +0100] "GET /attivita-in-vendita/a-roma_p53.html?page=2 HTTP/1.1" 200 4314 "http://www.aziendaitalia.com/attivita-in-vendita/a-roma_p53.html" "Opera/9.80 (Windows NT 5.1; U; it) Presto/2.7.62 Version/11.00"
87.8.165.13 - - [25/Jan/2011:11:16:19 +0100] "GET /rilevare-attivita/ HTTP/1.1" 200 3679 "http://www.aziendaitalia.com/attivita-in-vendita/cerca-ristorante.html?gclid=CJvsn4uQ1aYCFUEOfAod7Vj_Mw" "Mozilla/4.0 (compatible; MSIE 8.0; Windows NT 6.1; WOW64; Trident/4.0; GTB6.6; SLCC2; .NET CLR 2.0.50727; .NET CLR 3.5.30729; .NET CLR 3.0.30729; Media Center PC 6.0; .NET4.0C; AskTbIMB/5.9.1.14019)"
78.5.138.196 - - [25/Jan/2011:11:16:19 +0100] "GET /css/style.css HTTP/1.1" 200 13313 "http://www.aziendaitalia.com/rilevare-attivita/?gclid=CJGZo46Q1aYCFYIlfAod_grLOQ" "Mozilla/4.0 (compatible; MSIE 8.0; Windows NT 5.1; Trident/4.0; .NET CLR 1.1.4322; .NET CLR 2.0.50727; .NET CLR 3.0.04506.648; .NET CLR 3.5.21022; .NET4.0C; .NET CLR 3.0.4506.2152; .NET CLR 3.5.30729)"
151.60.153.87 - - [25/Jan/2011:11:16:19 +0100] "GET /css/style.css HTTP/1.1" 200 3366 "http://www.aziendaitalia.com/attivita-in-vendita/a-roma_p53.html?page=2" "Opera/9.80 (Windows NT 5.1; U; it) Presto/2.7.62 Version/11.00"
